[INFO] fetching crate bounded-registers 0.1.1...
[INFO] checking bounded-registers-0.1.1 against 1.55.0 for beta-1.56-3
[INFO] extracting crate bounded-registers 0.1.1 into /workspace/builds/worker-25/source
[INFO] validating manifest of crates.io crate bounded-registers 0.1.1 on toolchain 1.55.0
[INFO] running `Command { std: "/workspace/cargo-home/bin/cargo" "+1.55.0" "metadata" "--manifest-path" "Cargo.toml" "--no-deps", kill_on_drop: false }`
[INFO] started tweaking crates.io crate bounded-registers 0.1.1
[INFO] finished tweaking crates.io crate bounded-registers 0.1.1
[INFO] tweaked toml for crates.io crate bounded-registers 0.1.1 written to /workspace/builds/worker-25/source/Cargo.toml
[INFO] running `Command { std: "/workspace/cargo-home/bin/cargo" "+1.55.0" "generate-lockfile" "--manifest-path" "Cargo.toml" "-Zno-index-update", kill_on_drop: false }`
[INFO] running `Command { std: "/workspace/cargo-home/bin/cargo" "+1.55.0" "fetch" "--manifest-path" "Cargo.toml", kill_on_drop: false }`
[INFO] [stderr]     Blocking waiting for file lock on package cache
[INFO] [stderr]     Blocking waiting for file lock on package cache
[INFO] running `Command { std: "docker" "create" "-v" "/var/lib/crater-agent-workspace/builds/worker-25/target:/opt/rustwide/target:rw,Z" "-v" "/var/lib/crater-agent-workspace/builds/worker-25/source:/opt/rustwide/workdir:ro,Z" "-v" "/var/lib/crater-agent-workspace/cargo-home:/opt/rustwide/cargo-home:ro,Z" "-v" "/var/lib/crater-agent-workspace/rustup-home:/opt/rustwide/rustup-home:ro,Z" "-e" "SOURCE_DIR=/opt/rustwide/workdir" "-e" "CARGO_TARGET_DIR=/opt/rustwide/target" "-e" "CARGO_HOME=/opt/rustwide/cargo-home" "-e" "RUSTUP_HOME=/opt/rustwide/rustup-home" "-w" "/opt/rustwide/workdir" "-m" "1610612736" "--user" "0:0" "--network" "none" "ghcr.io/rust-lang/crates-build-env/linux@sha256:a89201d6b5b9fd45c15d5952ece0a0129e7e80cb26ec023fd59cf09bc26f1604" "/opt/rustwide/cargo-home/bin/cargo" "+1.55.0" "metadata" "--no-deps" "--format-version=1", kill_on_drop: false }`
[INFO] [stdout] 5057a9ef8d65a07e19c5764cf3002ef4bbc2e27b62361f6e9a488b1279276a1d
[INFO] running `Command { std: "docker" "start" "-a" "5057a9ef8d65a07e19c5764cf3002ef4bbc2e27b62361f6e9a488b1279276a1d", kill_on_drop: false }`
[INFO] running `Command { std: "docker" "inspect" "5057a9ef8d65a07e19c5764cf3002ef4bbc2e27b62361f6e9a488b1279276a1d", kill_on_drop: false }`
[INFO] running `Command { std: "docker" "rm" "-f" "5057a9ef8d65a07e19c5764cf3002ef4bbc2e27b62361f6e9a488b1279276a1d", kill_on_drop: false }`
[INFO] [stdout] 5057a9ef8d65a07e19c5764cf3002ef4bbc2e27b62361f6e9a488b1279276a1d
[INFO] running `Command { std: "docker" "create" "-v" "/var/lib/crater-agent-workspace/builds/worker-25/target:/opt/rustwide/target:rw,Z" "-v" "/var/lib/crater-agent-workspace/builds/worker-25/source:/opt/rustwide/workdir:ro,Z" "-v" "/var/lib/crater-agent-workspace/cargo-home:/opt/rustwide/cargo-home:ro,Z" "-v" "/var/lib/crater-agent-workspace/rustup-home:/opt/rustwide/rustup-home:ro,Z" "-e" "SOURCE_DIR=/opt/rustwide/workdir" "-e" "CARGO_TARGET_DIR=/opt/rustwide/target" "-e" "CARGO_INCREMENTAL=0" "-e" "RUST_BACKTRACE=full" "-e" "RUSTFLAGS=--cap-lints=warn" "-e" "CARGO_HOME=/opt/rustwide/cargo-home" "-e" "RUSTUP_HOME=/opt/rustwide/rustup-home" "-w" "/opt/rustwide/workdir" "-m" "1610612736" "--user" "0:0" "--network" "none" "ghcr.io/rust-lang/crates-build-env/linux@sha256:a89201d6b5b9fd45c15d5952ece0a0129e7e80cb26ec023fd59cf09bc26f1604" "/opt/rustwide/cargo-home/bin/cargo" "+1.55.0" "check" "--frozen" "--all" "--all-targets" "--message-format=json", kill_on_drop: false }`
[INFO] [stdout] 9620966d09e0f5a13f198f33e8e6427aab0bd3728c763a1548df4d2a1ac955f5
[INFO] running `Command { std: "docker" "start" "-a" "9620966d09e0f5a13f198f33e8e6427aab0bd3728c763a1548df4d2a1ac955f5", kill_on_drop: false }`
[INFO] [stderr]     Blocking waiting for file lock on package cache
[INFO] [stderr]    Compiling typenum v1.14.0
[INFO] [stderr]     Checking bounded-registers v0.1.1 (/opt/rustwide/workdir)
[INFO] [stdout] error[E0557]: feature has been removed
[INFO] [stdout]    --> src/lib.rs:315:12
[INFO] [stdout]     |
[INFO] [stdout] 315 | #![feature(const_fn)]
[INFO] [stdout]     |            ^^^^^^^^ feature has been removed
[INFO] [stdout]     |
[INFO] [stdout]     = note: split into finer-grained feature gates
[INFO] [stdout] 
[INFO] [stdout] 
[INFO] [stdout] error[E0557]: feature has been removed
[INFO] [stdout]    --> src/lib.rs:315:12
[INFO] [stdout]     |
[INFO] [stdout] 315 | #![feature(const_fn)]
[INFO] [stdout]     |            ^^^^^^^^ feature has been removed
[INFO] [stdout]     |
[INFO] [stdout]     = note: split into finer-grained feature gates
[INFO] [stdout] 
[INFO] [stdout] 
[INFO] [stdout] error[E0554]: `#![feature]` may not be used on the stable release channel
[INFO] [stdout]    --> src/lib.rs:315:1
[INFO] [stdout]     |
[INFO] [stdout] 315 | #![feature(const_fn)]
[INFO] [stdout]     | ^^^^^^^^^^^^^^^^^^^^^
[INFO] [stdout] 
[INFO] [stdout] 
[INFO] [stdout] error: aborting due to 2 previous errors
[INFO] [stdout] 
[INFO] [stdout] 
[INFO] [stdout] Some errors have detailed explanations: E0554, E0557.
[INFO] [stdout] 
[INFO] [stdout] For more information about an error, try `rustc --explain E0554`.
[INFO] [stdout] 
[INFO] [stderr] error: could not compile `bounded-registers` due to 3 previous errors
[INFO] [stderr] warning: build failed, waiting for other jobs to finish...
[INFO] [stdout] error[E0554]: `#![feature]` may not be used on the stable release channel
[INFO] [stdout]    --> src/lib.rs:315:1
[INFO] [stdout]     |
[INFO] [stdout] 315 | #![feature(const_fn)]
[INFO] [stdout]     | ^^^^^^^^^^^^^^^^^^^^^
[INFO] [stdout] 
[INFO] [stdout] 
[INFO] [stdout] warning: unused doc comment
[INFO] [stdout]    --> src/macros.rs:140:13
[INFO] [stdout]     |
[INFO] [stdout] 140 |               /// Constants mapping the enum-like field names to values.
[INFO] [stdout]     |               ^^^^^^^^^^^^^^^^^^^^^^^^^^^^^^^^^^^^^^^^^^^^^^^^^^^^^^^^^^ rustdoc does not generate documentation for macro invocations
[INFO] [stdout] ...
[INFO] [stdout] 401 | /     register! {
[INFO] [stdout] 402 | |         /// The status register
[INFO] [stdout] 403 | |         #[derive(Debug)]
[INFO] [stdout] 404 | |         Status,
[INFO] [stdout] ...   |
[INFO] [stdout] 419 | |         ]
[INFO] [stdout] 420 | |     }
[INFO] [stdout]     | |_____- in this macro invocation
[INFO] [stdout]     |
[INFO] [stdout]     = note: `#[warn(unused_doc_comments)]` on by default
[INFO] [stdout]     = help: to document an item produced by a macro, the macro must produce the documentation as part of its expansion
[INFO] [stdout]     = note: this warning originates in the macro `fields` (in Nightly builds, run with -Z macro-backtrace for more info)
[INFO] [stdout] 
[INFO] [stdout] 
[INFO] [stdout] warning: unused doc comment
[INFO] [stdout]    --> src/macros.rs:140:13
[INFO] [stdout]     |
[INFO] [stdout] 140 |               /// Constants mapping the enum-like field names to values.
[INFO] [stdout]     |               ^^^^^^^^^^^^^^^^^^^^^^^^^^^^^^^^^^^^^^^^^^^^^^^^^^^^^^^^^^ rustdoc does not generate documentation for macro invocations
[INFO] [stdout] ...
[INFO] [stdout] 447 | /     register! {
[INFO] [stdout] 448 | |         ///  A random number generator
[INFO] [stdout] 449 | |         #[derive(Debug)]
[INFO] [stdout] 450 | |         RNG,
[INFO] [stdout] ...   |
[INFO] [stdout] 462 | |         ]
[INFO] [stdout] 463 | |     }
[INFO] [stdout]     | |_____- in this macro invocation
[INFO] [stdout]     |
[INFO] [stdout]     = help: to document an item produced by a macro, the macro must produce the documentation as part of its expansion
[INFO] [stdout]     = note: this warning originates in the macro `fields` (in Nightly builds, run with -Z macro-backtrace for more info)
[INFO] [stdout] 
[INFO] [stdout] 
[INFO] [stdout] error: aborting due to 2 previous errors; 2 warnings emitted
[INFO] [stdout] 
[INFO] [stdout] 
[INFO] [stdout] Some errors have detailed explanations: E0554, E0557.
[INFO] [stdout] 
[INFO] [stdout] For more information about an error, try `rustc --explain E0554`.
[INFO] [stdout] 
[INFO] [stderr] error: build failed
[INFO] running `Command { std: "docker" "inspect" "9620966d09e0f5a13f198f33e8e6427aab0bd3728c763a1548df4d2a1ac955f5", kill_on_drop: false }`
[INFO] running `Command { std: "docker" "rm" "-f" "9620966d09e0f5a13f198f33e8e6427aab0bd3728c763a1548df4d2a1ac955f5", kill_on_drop: false }`
[INFO] [stdout] 9620966d09e0f5a13f198f33e8e6427aab0bd3728c763a1548df4d2a1ac955f5
