[INFO] fetching crate bottleos 0.2.0...
[INFO] checking bottleos-0.2.0 against beta-2021-10-15 for beta-1.56-3
[INFO] extracting crate bottleos 0.2.0 into /workspace/builds/worker-93/source
[INFO] validating manifest of crates.io crate bottleos 0.2.0 on toolchain beta-2021-10-15
[INFO] running `Command { std: "/workspace/cargo-home/bin/cargo" "+beta-2021-10-15" "metadata" "--manifest-path" "Cargo.toml" "--no-deps", kill_on_drop: false }`
[INFO] removed /workspace/builds/worker-93/source/.cargo/config.toml
[INFO] started tweaking crates.io crate bottleos 0.2.0
[INFO] removed 0 missing tests
[INFO] finished tweaking crates.io crate bottleos 0.2.0
[INFO] tweaked toml for crates.io crate bottleos 0.2.0 written to /workspace/builds/worker-93/source/Cargo.toml
[INFO] crate crates.io crate bottleos 0.2.0 already has a lockfile, it will not be regenerated
[INFO] running `Command { std: "/workspace/cargo-home/bin/cargo" "+beta-2021-10-15" "fetch" "--manifest-path" "Cargo.toml", kill_on_drop: false }`
[INFO] [stderr]     Blocking waiting for file lock on package cache
[INFO] [stderr]     Blocking waiting for file lock on package cache
[INFO] running `Command { std: "docker" "create" "-v" "/var/lib/crater-agent-workspace/builds/worker-93/target:/opt/rustwide/target:rw,Z" "-v" "/var/lib/crater-agent-workspace/builds/worker-93/source:/opt/rustwide/workdir:ro,Z" "-v" "/var/lib/crater-agent-workspace/cargo-home:/opt/rustwide/cargo-home:ro,Z" "-v" "/var/lib/crater-agent-workspace/rustup-home:/opt/rustwide/rustup-home:ro,Z" "-e" "SOURCE_DIR=/opt/rustwide/workdir" "-e" "CARGO_TARGET_DIR=/opt/rustwide/target" "-e" "CARGO_HOME=/opt/rustwide/cargo-home" "-e" "RUSTUP_HOME=/opt/rustwide/rustup-home" "-w" "/opt/rustwide/workdir" "-m" "1610612736" "--user" "0:0" "--network" "none" "ghcr.io/rust-lang/crates-build-env/linux@sha256:a89201d6b5b9fd45c15d5952ece0a0129e7e80cb26ec023fd59cf09bc26f1604" "/opt/rustwide/cargo-home/bin/cargo" "+beta-2021-10-15" "metadata" "--no-deps" "--format-version=1", kill_on_drop: false }`
[INFO] [stdout] 30c948b3cc8a01626278ac661f4d7add4cb8e6a1e1b303d247295ba4003af563
[INFO] running `Command { std: "docker" "start" "-a" "30c948b3cc8a01626278ac661f4d7add4cb8e6a1e1b303d247295ba4003af563", kill_on_drop: false }`
[INFO] running `Command { std: "docker" "inspect" "30c948b3cc8a01626278ac661f4d7add4cb8e6a1e1b303d247295ba4003af563", kill_on_drop: false }`
[INFO] running `Command { std: "docker" "rm" "-f" "30c948b3cc8a01626278ac661f4d7add4cb8e6a1e1b303d247295ba4003af563", kill_on_drop: false }`
[INFO] [stdout] 30c948b3cc8a01626278ac661f4d7add4cb8e6a1e1b303d247295ba4003af563
[INFO] running `Command { std: "docker" "create" "-v" "/var/lib/crater-agent-workspace/builds/worker-93/target:/opt/rustwide/target:rw,Z" "-v" "/var/lib/crater-agent-workspace/builds/worker-93/source:/opt/rustwide/workdir:ro,Z" "-v" "/var/lib/crater-agent-workspace/cargo-home:/opt/rustwide/cargo-home:ro,Z" "-v" "/var/lib/crater-agent-workspace/rustup-home:/opt/rustwide/rustup-home:ro,Z" "-e" "SOURCE_DIR=/opt/rustwide/workdir" "-e" "CARGO_TARGET_DIR=/opt/rustwide/target" "-e" "CARGO_INCREMENTAL=0" "-e" "RUST_BACKTRACE=full" "-e" "RUSTFLAGS=--cap-lints=warn" "-e" "CARGO_HOME=/opt/rustwide/cargo-home" "-e" "RUSTUP_HOME=/opt/rustwide/rustup-home" "-w" "/opt/rustwide/workdir" "-m" "1610612736" "--user" "0:0" "--network" "none" "ghcr.io/rust-lang/crates-build-env/linux@sha256:a89201d6b5b9fd45c15d5952ece0a0129e7e80cb26ec023fd59cf09bc26f1604" "/opt/rustwide/cargo-home/bin/cargo" "+beta-2021-10-15" "check" "--frozen" "--all" "--all-targets" "--message-format=json", kill_on_drop: false }`
[INFO] [stdout] ee1c5ba4d992e6bc3a0b912162b621462ae4be07d88c1839736c7d597a61d6b4
[INFO] running `Command { std: "docker" "start" "-a" "ee1c5ba4d992e6bc3a0b912162b621462ae4be07d88c1839736c7d597a61d6b4", kill_on_drop: false }`
[INFO] [stderr]     Blocking waiting for file lock on package cache
[INFO] [stderr]    Compiling bitflags v1.2.1
[INFO] [stderr]    Compiling x86_64 v0.13.2
[INFO] [stderr]     Checking scopeguard v1.1.0
[INFO] [stderr]     Checking bit_field v0.9.0
[INFO] [stderr]    Compiling bootloader v0.9.12
[INFO] [stderr]     Checking cpuio v0.3.0
[INFO] [stderr]     Checking spin v0.5.2
[INFO] [stderr]     Checking pc-keyboard v0.5.1
[INFO] [stderr]     Checking volatile v0.2.7
[INFO] [stderr]     Checking lock_api v0.3.4
[INFO] [stderr]     Checking lazy_static v1.4.0
[INFO] [stdout] error[E0557]: feature has been removed
[INFO] [stdout]  --> /opt/rustwide/cargo-home/registry/src/github.com-1ecc6299db9ec823/cpuio-0.3.0/src/lib.rs:4:22
[INFO] [stdout]   |
[INFO] [stdout] 4 | #![feature(llvm_asm, const_fn)]
[INFO] [stdout]   |                      ^^^^^^^^ feature has been removed
[INFO] [stdout]   |
[INFO] [stdout]   = note: split into finer-grained feature gates
[INFO] [stdout] 
[INFO] [stdout] 
[INFO] [stdout] error[E0554]: `#![feature]` may not be used on the beta release channel
[INFO] [stdout]  --> /opt/rustwide/cargo-home/registry/src/github.com-1ecc6299db9ec823/cpuio-0.3.0/src/lib.rs:4:1
[INFO] [stdout]   |
[INFO] [stdout] 4 | #![feature(llvm_asm, const_fn)]
[INFO] [stdout]   | ^^^^^^^^^^^^^^^^^^^^^^^^^^^^^^^
[INFO] [stdout] 
[INFO] [stdout] 
[INFO] [stderr] error: could not compile `cpuio` due to 3 previous errors
[INFO] [stdout] error: aborting due to 2 previous errors
[INFO] [stdout] 
[INFO] [stdout] 
[INFO] [stderr] warning: build failed, waiting for other jobs to finish...
[INFO] [stdout] Some errors have detailed explanations: E0554, E0557.
[INFO] [stdout] 
[INFO] [stdout] For more information about an error, try `rustc --explain E0554`.
[INFO] [stdout] 
[INFO] [stdout] error[E0557]: feature has been removed
[INFO] [stdout]   --> /opt/rustwide/cargo-home/registry/src/github.com-1ecc6299db9ec823/lock_api-0.3.4/src/lib.rs:91:42
[INFO] [stdout]    |
[INFO] [stdout] 91 | #![cfg_attr(feature = "nightly", feature(const_fn))]
[INFO] [stdout]    |                                          ^^^^^^^^ feature has been removed
[INFO] [stdout]    |
[INFO] [stdout]    = note: split into finer-grained feature gates
[INFO] [stdout] 
[INFO] [stdout] 
[INFO] [stdout] error[E0554]: `#![feature]` may not be used on the beta release channel
[INFO] [stdout]   --> /opt/rustwide/cargo-home/registry/src/github.com-1ecc6299db9ec823/lock_api-0.3.4/src/lib.rs:91:34
[INFO] [stdout]    |
[INFO] [stdout] 91 | #![cfg_attr(feature = "nightly", feature(const_fn))]
[INFO] [stdout]    |                                  ^^^^^^^^^^^^^^^^^
[INFO] [stdout] 
[INFO] [stdout] 
[INFO] [stdout] error: aborting due to 2 previous errors
[INFO] [stdout] 
[INFO] [stdout] 
[INFO] [stdout] Some errors have detailed explanations: E0554, E0557.
[INFO] [stdout] 
[INFO] [stdout] For more information about an error, try `rustc --explain E0554`.
[INFO] [stdout] 
[INFO] [stderr] error: build failed
[INFO] running `Command { std: "docker" "inspect" "ee1c5ba4d992e6bc3a0b912162b621462ae4be07d88c1839736c7d597a61d6b4", kill_on_drop: false }`
[INFO] running `Command { std: "docker" "rm" "-f" "ee1c5ba4d992e6bc3a0b912162b621462ae4be07d88c1839736c7d597a61d6b4", kill_on_drop: false }`
[INFO] [stdout] ee1c5ba4d992e6bc3a0b912162b621462ae4be07d88c1839736c7d597a61d6b4
