[INFO] fetching crate bookbinder 0.1.0...
[INFO] checking bookbinder-0.1.0 against beta-2021-10-15 for beta-1.56-3
[INFO] extracting crate bookbinder 0.1.0 into /workspace/builds/worker-88/source
[INFO] validating manifest of crates.io crate bookbinder 0.1.0 on toolchain beta-2021-10-15
[INFO] running `Command { std: "/workspace/cargo-home/bin/cargo" "+beta-2021-10-15" "metadata" "--manifest-path" "Cargo.toml" "--no-deps", kill_on_drop: false }`
[INFO] started tweaking crates.io crate bookbinder 0.1.0
[INFO] finished tweaking crates.io crate bookbinder 0.1.0
[INFO] tweaked toml for crates.io crate bookbinder 0.1.0 written to /workspace/builds/worker-88/source/Cargo.toml
[INFO] crate crates.io crate bookbinder 0.1.0 already has a lockfile, it will not be regenerated
[INFO] running `Command { std: "/workspace/cargo-home/bin/cargo" "+beta-2021-10-15" "fetch" "--manifest-path" "Cargo.toml", kill_on_drop: false }`
[INFO] [stderr]     Blocking waiting for file lock on package cache
[INFO] [stderr]     Blocking waiting for file lock on package cache
[INFO] running `Command { std: "docker" "create" "-v" "/var/lib/crater-agent-workspace/builds/worker-88/target:/opt/rustwide/target:rw,Z" "-v" "/var/lib/crater-agent-workspace/builds/worker-88/source:/opt/rustwide/workdir:ro,Z" "-v" "/var/lib/crater-agent-workspace/cargo-home:/opt/rustwide/cargo-home:ro,Z" "-v" "/var/lib/crater-agent-workspace/rustup-home:/opt/rustwide/rustup-home:ro,Z" "-e" "SOURCE_DIR=/opt/rustwide/workdir" "-e" "CARGO_TARGET_DIR=/opt/rustwide/target" "-e" "CARGO_HOME=/opt/rustwide/cargo-home" "-e" "RUSTUP_HOME=/opt/rustwide/rustup-home" "-w" "/opt/rustwide/workdir" "-m" "1610612736" "--user" "0:0" "--network" "none" "ghcr.io/rust-lang/crates-build-env/linux@sha256:a89201d6b5b9fd45c15d5952ece0a0129e7e80cb26ec023fd59cf09bc26f1604" "/opt/rustwide/cargo-home/bin/cargo" "+beta-2021-10-15" "metadata" "--no-deps" "--format-version=1", kill_on_drop: false }`
[INFO] [stdout] 63c153a276703d467cec993d647aa3d79e37a46bb10389a435dc2caa21acb6c6
[INFO] running `Command { std: "docker" "start" "-a" "63c153a276703d467cec993d647aa3d79e37a46bb10389a435dc2caa21acb6c6", kill_on_drop: false }`
[INFO] running `Command { std: "docker" "inspect" "63c153a276703d467cec993d647aa3d79e37a46bb10389a435dc2caa21acb6c6", kill_on_drop: false }`
[INFO] running `Command { std: "docker" "rm" "-f" "63c153a276703d467cec993d647aa3d79e37a46bb10389a435dc2caa21acb6c6", kill_on_drop: false }`
[INFO] [stdout] 63c153a276703d467cec993d647aa3d79e37a46bb10389a435dc2caa21acb6c6
[INFO] running `Command { std: "docker" "create" "-v" "/var/lib/crater-agent-workspace/builds/worker-88/target:/opt/rustwide/target:rw,Z" "-v" "/var/lib/crater-agent-workspace/builds/worker-88/source:/opt/rustwide/workdir:ro,Z" "-v" "/var/lib/crater-agent-workspace/cargo-home:/opt/rustwide/cargo-home:ro,Z" "-v" "/var/lib/crater-agent-workspace/rustup-home:/opt/rustwide/rustup-home:ro,Z" "-e" "SOURCE_DIR=/opt/rustwide/workdir" "-e" "CARGO_TARGET_DIR=/opt/rustwide/target" "-e" "CARGO_INCREMENTAL=0" "-e" "RUST_BACKTRACE=full" "-e" "RUSTFLAGS=--cap-lints=warn" "-e" "CARGO_HOME=/opt/rustwide/cargo-home" "-e" "RUSTUP_HOME=/opt/rustwide/rustup-home" "-w" "/opt/rustwide/workdir" "-m" "1610612736" "--user" "0:0" "--network" "none" "ghcr.io/rust-lang/crates-build-env/linux@sha256:a89201d6b5b9fd45c15d5952ece0a0129e7e80cb26ec023fd59cf09bc26f1604" "/opt/rustwide/cargo-home/bin/cargo" "+beta-2021-10-15" "check" "--frozen" "--all" "--all-targets" "--message-format=json", kill_on_drop: false }`
[INFO] [stdout] 75e32d5cdcb0e61e3fb5a2f40bb417986aff3dd2c026361bf56df85b13aa3d7a
[INFO] running `Command { std: "docker" "start" "-a" "75e32d5cdcb0e61e3fb5a2f40bb417986aff3dd2c026361bf56df85b13aa3d7a", kill_on_drop: false }`
[INFO] [stderr]     Blocking waiting for file lock on package cache
[INFO] [stderr]    Compiling libc v0.2.79
[INFO] [stderr]    Compiling syn v1.0.46
[INFO] [stderr]    Compiling const_fn v0.4.2
[INFO] [stderr]     Checking cfg-if v0.1.10
[INFO] [stderr]    Compiling version_check v0.9.2
[INFO] [stderr]    Compiling getrandom v0.1.15
[INFO] [stderr]    Compiling byteorder v1.3.4
[INFO] [stderr]    Compiling crc32fast v1.2.1
[INFO] [stderr]    Compiling log v0.4.11
[INFO] [stderr]    Compiling rayon-core v1.9.0
[INFO] [stderr]     Checking adler32 v1.2.0
[INFO] [stderr]     Checking ppv-lite86 v0.2.9
[INFO] [stderr]    Compiling serde_derive v1.0.117
[INFO] [stderr]    Compiling memchr v2.3.3
[INFO] [stderr]    Compiling serde v1.0.117
[INFO] [stderr]     Checking adler v0.2.3
[INFO] [stderr]     Checking bytemuck v1.4.1
[INFO] [stderr]     Checking float-cmp v0.5.3
[INFO] [stderr]     Checking either v1.6.1
[INFO] [stderr]     Checking siphasher v0.2.3
[INFO] [stderr]     Checking lzw v0.10.0
[INFO] [stderr]     Checking xmlparser v0.13.3
[INFO] [stderr]     Checking ttf-parser v0.6.2
[INFO] [stderr]     Checking arrayvec v0.5.1
[INFO] [stderr]     Checking unicode-script v0.5.2
[INFO] [stderr]     Checking rctree v0.3.3
[INFO] [stderr]     Checking base64 v0.12.3
[INFO] [stderr]     Checking color_quant v1.1.0
[INFO] [stderr]     Checking weezl v0.1.1
[INFO] [stderr]     Checking unicode-vo v0.1.0
[INFO] [stderr]     Checking xmlwriter v0.1.0
[INFO] [stderr]     Checking pico-args v0.3.4
[INFO] [stderr]     Checking ttf-parser v0.8.2
[INFO] [stderr]    Compiling pulldown-cmark v0.8.0
[INFO] [stderr]     Checking regex-syntax v0.6.20
[INFO] [stderr]     Checking scoped_threadpool v0.1.9
[INFO] [stderr]     Checking unicode-width v0.1.8
[INFO] [stderr]     Checking encoding_index_tests v0.1.4
[INFO] [stderr]     Checking temp_file_name v0.1.0
[INFO] [stderr]    Compiling unicode-general-category v0.2.0
[INFO] [stderr]    Compiling proc-macro-hack v0.5.18
[INFO] [stderr]     Checking unicode-ccc v0.1.0
[INFO] [stderr]    Compiling serde_json v1.0.59
[INFO] [stderr]     Checking smallvec v1.4.2
[INFO] [stderr]     Checking unicode-bidi-mirroring v0.1.0
[INFO] [stderr]     Checking itoa v0.4.6
[INFO] [stderr]     Checking dtoa v0.4.6
[INFO] [stderr]     Checking linked-hash-map v0.5.3
[INFO] [stderr]     Checking pom v3.2.0
[INFO] [stderr]    Compiling crossbeam-utils v0.8.0
[INFO] [stderr]    Compiling memoffset v0.5.6
[INFO] [stderr]    Compiling num-traits v0.2.12
[INFO] [stderr]    Compiling num-integer v0.1.43
[INFO] [stderr]    Compiling miniz_oxide v0.4.3
[INFO] [stderr]    Compiling rayon v1.5.0
[INFO] [stderr]    Compiling num-rational v0.3.0
[INFO] [stderr]    Compiling num-iter v0.1.41
[INFO] [stderr]     Checking data-url v0.1.0
[INFO] [stderr]     Checking thread_local v1.0.1
[INFO] [stderr]    Compiling quote v1.0.7
[INFO] [stderr]     Checking miniz_oxide v0.3.7
[INFO] [stderr]     Checking getopts v0.2.21
[INFO] [stderr]     Checking rgb v0.8.25
[INFO] [stderr]     Checking encoding-index-korean v1.20141219.5
[INFO] [stderr]     Checking encoding-index-japanese v1.20141219.5
[INFO] [stderr]     Checking encoding-index-singlebyte v1.20141219.5
[INFO] [stderr]     Checking encoding-index-tradchinese v1.20141219.5
[INFO] [stderr]     Checking encoding-index-simpchinese v1.20141219.5
[INFO] [stderr]     Checking kurbo v0.6.3
[INFO] [stderr]     Checking svgtypes v0.5.0
[INFO] [stderr]     Checking gif v0.11.1
[INFO] [stderr]     Checking roxmltree v0.13.0
[INFO] [stderr]    Compiling unicase v2.6.0
[INFO] [stderr]    Compiling standback v0.2.11
[INFO] [stderr]    Compiling time v0.2.22
[INFO] [stderr]     Checking svgfilters v0.2.0
[INFO] [stderr]     Checking deflate v0.8.6
[INFO] [stderr]     Checking tiff v0.5.0
[INFO] [stderr]     Checking simplecss v0.2.0
[INFO] [stderr]     Checking encoding v0.2.33
[INFO] [stderr]    Compiling jobserver v0.1.21
[INFO] [stderr]     Checking aho-corasick v0.7.14
[INFO] [stderr]     Checking png v0.16.7
[INFO] [stderr]    Compiling cc v1.0.61
[INFO] [stderr]     Checking num_cpus v1.13.0
[INFO] [stderr]     Checking memmap2 v0.1.0
[INFO] [stderr]     Checking time v0.1.44
[INFO] [stderr]     Checking flate2 v1.0.18
[INFO] [stderr]     Checking rand_core v0.5.1
[INFO] [stderr]     Checking rand_chacha v0.2.2
[INFO] [stderr]     Checking regex v1.4.1
[INFO] [stderr]     Checking crossbeam-epoch v0.9.0
[INFO] [stderr]     Checking crossbeam-channel v0.5.0
[INFO] [stderr]     Checking rand v0.7.3
[INFO] [stderr]     Checking crossbeam-deque v0.8.0
[INFO] [stderr]    Compiling rustybuzz v0.1.1
[INFO] [stderr]    Compiling tiny-skia v0.1.0
[INFO] [stderr]    Compiling rustybuzz v0.2.0
[INFO] [stderr]     Checking chrono v0.4.19
[INFO] [stderr]     Checking uuid v0.8.1
[INFO] [stderr]     Checking extended_pulldown v0.1.0
[INFO] [stderr]     Checking fontdb v0.1.0
[INFO] [stderr] error: could not compile `syn`
[INFO] [stderr] 
[INFO] [stderr] Caused by:
[INFO] [stderr]   process didn't exit successfully: `rustc --crate-name syn --edition=2018 /opt/rustwide/cargo-home/registry/src/github.com-1ecc6299db9ec823/syn-1.0.46/src/lib.rs --error-format=json --json=diagnostic-rendered-ansi --crate-type lib --emit=dep-info,metadata,link -C embed-bitcode=no -C debuginfo=2 --cfg 'feature="clone-impls"' --cfg 'feature="default"' --cfg 'feature="derive"' --cfg 'feature="full"' --cfg 'feature="parsing"' --cfg 'feature="printing"' --cfg 'feature="proc-macro"' --cfg 'feature="quote"' --cfg 'feature="visit"' -C metadata=896692078b09251e -C extra-filename=-896692078b09251e --out-dir /opt/rustwide/target/debug/deps -L dependency=/opt/rustwide/target/debug/deps --extern proc_macro2=/opt/rustwide/target/debug/deps/libproc_macro2-4d038e1ab37629ce.rmeta --extern quote=/opt/rustwide/target/debug/deps/libquote-f69ce0b9554421d1.rmeta --extern unicode_xid=/opt/rustwide/target/debug/deps/libunicode_xid-a00294059a9d31c4.rmeta --cap-lints allow --cap-lints=warn --cfg syn_disable_nightly_tests` (signal: 9, SIGKILL: kill)
[INFO] [stderr] warning: build failed, waiting for other jobs to finish...
[INFO] [stderr] The following warnings were emitted during compilation:
[INFO] [stderr] 
[INFO] [stderr] warning: c++: fatal error: Killed signal terminated program cc1plus
[INFO] [stderr] warning: compilation terminated.
[INFO] [stderr] warning: c++: fatal error: Killed signal terminated program cc1plus
[INFO] [stderr] warning: compilation terminated.
[INFO] [stderr] warning: c++: fatal error: Killed signal terminated program cc1plus
[INFO] [stderr] warning: compilation terminated.
[INFO] [stderr] warning: c++: fatal error: Killed signal terminated program cc1plus
[INFO] [stderr] warning: compilation terminated.
[INFO] [stderr] warning: c++: fatal error: Killed signal terminated program cc1plus
[INFO] [stderr] warning: compilation terminated.
[INFO] [stderr] 
[INFO] [stderr] The following warnings were emitted during compilation:
[INFO] [stderr] 
[INFO] [stderr] warning: c++: fatal error: Killed signal terminated program cc1plus
[INFO] [stderr] warning: compilation terminated.
[INFO] [stderr] warning: c++: fatal error: Killed signal terminated program cc1plus
[INFO] [stderr] warning: compilation terminated.
[INFO] [stderr] warning: cargo:warning=c++: fatal error: Killed signal terminated program cc1plusc++: fatal error: Killed signal terminated program cc1plus
[INFO] [stderr] warning: compilation terminated.
[INFO] [stderr] warning: c++: fatal error: Killed signal terminated program cc1plus
[INFO] [stderr] warning: compilation terminated.
[INFO] [stderr] warning: compilation terminated.
[INFO] [stderr] warning: cargo:warning=c++: fatal error: Killed signal terminated program cc1plus
[INFO] [stderr] warning: compilation terminated.
[INFO] [stderr] warning: compilation terminated.
[INFO] [stderr] warning: c++: fatal error: Killed signal terminated program cc1plus
[INFO] [stderr] warning: compilation terminated.
[INFO] [stderr] 
[INFO] [stderr] error: build failed
[INFO] running `Command { std: "docker" "inspect" "75e32d5cdcb0e61e3fb5a2f40bb417986aff3dd2c026361bf56df85b13aa3d7a", kill_on_drop: false }`
[INFO] running `Command { std: "docker" "rm" "-f" "75e32d5cdcb0e61e3fb5a2f40bb417986aff3dd2c026361bf56df85b13aa3d7a", kill_on_drop: false }`
[INFO] [stdout] 75e32d5cdcb0e61e3fb5a2f40bb417986aff3dd2c026361bf56df85b13aa3d7a
