[INFO] fetching crate bitterlemon 0.2.3...
[INFO] checking bitterlemon-0.2.3 against beta-2021-10-15 for beta-1.56-3
[INFO] extracting crate bitterlemon 0.2.3 into /workspace/builds/worker-91/source
[INFO] validating manifest of crates.io crate bitterlemon 0.2.3 on toolchain beta-2021-10-15
[INFO] running `Command { std: "/workspace/cargo-home/bin/cargo" "+beta-2021-10-15" "metadata" "--manifest-path" "Cargo.toml" "--no-deps", kill_on_drop: false }`
[INFO] started tweaking crates.io crate bitterlemon 0.2.3
[INFO] finished tweaking crates.io crate bitterlemon 0.2.3
[INFO] tweaked toml for crates.io crate bitterlemon 0.2.3 written to /workspace/builds/worker-91/source/Cargo.toml
[INFO] running `Command { std: "/workspace/cargo-home/bin/cargo" "+beta-2021-10-15" "generate-lockfile" "--manifest-path" "Cargo.toml" "-Zno-index-update", kill_on_drop: false }`
[INFO] [stderr]     Blocking waiting for file lock on package cache
[INFO] running `Command { std: "/workspace/cargo-home/bin/cargo" "+beta-2021-10-15" "fetch" "--manifest-path" "Cargo.toml", kill_on_drop: false }`
[INFO] [stderr]     Blocking waiting for file lock on package cache
[INFO] [stderr]     Blocking waiting for file lock on package cache
[INFO] running `Command { std: "docker" "create" "-v" "/var/lib/crater-agent-workspace/builds/worker-91/target:/opt/rustwide/target:rw,Z" "-v" "/var/lib/crater-agent-workspace/builds/worker-91/source:/opt/rustwide/workdir:ro,Z" "-v" "/var/lib/crater-agent-workspace/cargo-home:/opt/rustwide/cargo-home:ro,Z" "-v" "/var/lib/crater-agent-workspace/rustup-home:/opt/rustwide/rustup-home:ro,Z" "-e" "SOURCE_DIR=/opt/rustwide/workdir" "-e" "CARGO_TARGET_DIR=/opt/rustwide/target" "-e" "CARGO_HOME=/opt/rustwide/cargo-home" "-e" "RUSTUP_HOME=/opt/rustwide/rustup-home" "-w" "/opt/rustwide/workdir" "-m" "1610612736" "--user" "0:0" "--network" "none" "ghcr.io/rust-lang/crates-build-env/linux@sha256:a89201d6b5b9fd45c15d5952ece0a0129e7e80cb26ec023fd59cf09bc26f1604" "/opt/rustwide/cargo-home/bin/cargo" "+beta-2021-10-15" "metadata" "--no-deps" "--format-version=1", kill_on_drop: false }`
[INFO] [stdout] 75669b9f60f2efa5603511b2aa5b8480688bce505a9ad3b58e7fcef6a20daf01
[INFO] running `Command { std: "docker" "start" "-a" "75669b9f60f2efa5603511b2aa5b8480688bce505a9ad3b58e7fcef6a20daf01", kill_on_drop: false }`
[INFO] running `Command { std: "docker" "inspect" "75669b9f60f2efa5603511b2aa5b8480688bce505a9ad3b58e7fcef6a20daf01", kill_on_drop: false }`
[INFO] running `Command { std: "docker" "rm" "-f" "75669b9f60f2efa5603511b2aa5b8480688bce505a9ad3b58e7fcef6a20daf01", kill_on_drop: false }`
[INFO] [stdout] 75669b9f60f2efa5603511b2aa5b8480688bce505a9ad3b58e7fcef6a20daf01
[INFO] running `Command { std: "docker" "create" "-v" "/var/lib/crater-agent-workspace/builds/worker-91/target:/opt/rustwide/target:rw,Z" "-v" "/var/lib/crater-agent-workspace/builds/worker-91/source:/opt/rustwide/workdir:ro,Z" "-v" "/var/lib/crater-agent-workspace/cargo-home:/opt/rustwide/cargo-home:ro,Z" "-v" "/var/lib/crater-agent-workspace/rustup-home:/opt/rustwide/rustup-home:ro,Z" "-e" "SOURCE_DIR=/opt/rustwide/workdir" "-e" "CARGO_TARGET_DIR=/opt/rustwide/target" "-e" "CARGO_INCREMENTAL=0" "-e" "RUST_BACKTRACE=full" "-e" "RUSTFLAGS=--cap-lints=warn" "-e" "CARGO_HOME=/opt/rustwide/cargo-home" "-e" "RUSTUP_HOME=/opt/rustwide/rustup-home" "-w" "/opt/rustwide/workdir" "-m" "1610612736" "--user" "0:0" "--network" "none" "ghcr.io/rust-lang/crates-build-env/linux@sha256:a89201d6b5b9fd45c15d5952ece0a0129e7e80cb26ec023fd59cf09bc26f1604" "/opt/rustwide/cargo-home/bin/cargo" "+beta-2021-10-15" "check" "--frozen" "--all" "--all-targets" "--message-format=json", kill_on_drop: false }`
[INFO] [stdout] 2599b881f1a9b6b46f659a1ea0615d46d174cb2ddec31aa963851deaa05d5589
[INFO] running `Command { std: "docker" "start" "-a" "2599b881f1a9b6b46f659a1ea0615d46d174cb2ddec31aa963851deaa05d5589", kill_on_drop: false }`
[INFO] [stderr]     Blocking waiting for file lock on package cache
[INFO] [stderr]     Blocking waiting for file lock on package cache
[INFO] [stderr]     Checking random v0.12.2
[INFO] [stderr]     Checking bitterlemon v0.2.3 (/opt/rustwide/workdir)
[INFO] [stdout] error[E0107]: this struct takes 2 generic arguments but 1 generic argument was supplied
[INFO] [stdout]    --> src/encode.rs:279:29
[INFO] [stdout]     |
[INFO] [stdout] 279 | type RunHolding = arrayvec::ArrayVec<[Run; 128]>;
[INFO] [stdout]     |                             ^^^^^^^^ ---------- supplied 1 generic argument
[INFO] [stdout]     |                             |
[INFO] [stdout]     |                             expected 2 generic arguments
[INFO] [stdout]     |
[INFO] [stdout] note: struct defined here, with 2 generic parameters: `T`, `CAP`
[INFO] [stdout]    --> /opt/rustwide/cargo-home/registry/src/github.com-1ecc6299db9ec823/arrayvec-0.7.1/src/arrayvec.rs:42:12
[INFO] [stdout]     |
[INFO] [stdout] 42  | pub struct ArrayVec<T, const CAP: usize> {
[INFO] [stdout]     |            ^^^^^^^^ -        ---
[INFO] [stdout] help: add missing generic argument
[INFO] [stdout]     |
[INFO] [stdout] 279 | type RunHolding = arrayvec::ArrayVec<[Run; 128], CAP>;
[INFO] [stdout]     |                                                +++++
[INFO] [stdout] 
[INFO] [stdout] 
[INFO] [stdout] error: aborting due to previous error
[INFO] [stdout] 
[INFO] [stdout] 
[INFO] [stdout] For more information about this error, try `rustc --explain E0107`.
[INFO] [stdout] 
[INFO] [stderr] error: could not compile `bitterlemon` due to 2 previous errors
[INFO] [stderr] warning: build failed, waiting for other jobs to finish...
[INFO] [stdout] error[E0107]: this struct takes 2 generic arguments but 1 generic argument was supplied
[INFO] [stdout]    --> src/encode.rs:279:29
[INFO] [stdout]     |
[INFO] [stdout] 279 | type RunHolding = arrayvec::ArrayVec<[Run; 128]>;
[INFO] [stdout]     |                             ^^^^^^^^ ---------- supplied 1 generic argument
[INFO] [stdout]     |                             |
[INFO] [stdout]     |                             expected 2 generic arguments
[INFO] [stdout]     |
[INFO] [stdout] note: struct defined here, with 2 generic parameters: `T`, `CAP`
[INFO] [stdout]    --> /opt/rustwide/cargo-home/registry/src/github.com-1ecc6299db9ec823/arrayvec-0.7.1/src/arrayvec.rs:42:12
[INFO] [stdout]     |
[INFO] [stdout] 42  | pub struct ArrayVec<T, const CAP: usize> {
[INFO] [stdout]     |            ^^^^^^^^ -        ---
[INFO] [stdout] help: add missing generic argument
[INFO] [stdout]     |
[INFO] [stdout] 279 | type RunHolding = arrayvec::ArrayVec<[Run; 128], CAP>;
[INFO] [stdout]     |                                                +++++
[INFO] [stdout] 
[INFO] [stdout] 
[INFO] [stdout] error[E0107]: this struct takes 2 generic arguments but 1 generic argument was supplied
[INFO] [stdout]   --> src/test_encode_round_trip.rs:47:30
[INFO] [stdout]    |
[INFO] [stdout] 47 |         let mut source = arrayvec::ArrayVec::<[_; DATA_SIZE]>::new();
[INFO] [stdout]    |                                    ^^^^^^^^   -------------- supplied 1 generic argument
[INFO] [stdout]    |                                    |
[INFO] [stdout]    |                                    expected 2 generic arguments
[INFO] [stdout]    |
[INFO] [stdout] note: struct defined here, with 2 generic parameters: `T`, `CAP`
[INFO] [stdout]   --> /opt/rustwide/cargo-home/registry/src/github.com-1ecc6299db9ec823/arrayvec-0.7.1/src/arrayvec.rs:42:12
[INFO] [stdout]    |
[INFO] [stdout] 42 | pub struct ArrayVec<T, const CAP: usize> {
[INFO] [stdout]    |            ^^^^^^^^ -        ---
[INFO] [stdout] help: add missing generic argument
[INFO] [stdout]    |
[INFO] [stdout] 47 |         let mut source = arrayvec::ArrayVec::<[_; DATA_SIZE], CAP>::new();
[INFO] [stdout]    |                                                             +++++
[INFO] [stdout] 
[INFO] [stdout] 
[INFO] [stdout] error: aborting due to 2 previous errors
[INFO] [stdout] 
[INFO] [stdout] 
[INFO] [stdout] For more information about this error, try `rustc --explain E0107`.
[INFO] [stdout] 
[INFO] [stderr] error: build failed
[INFO] running `Command { std: "docker" "inspect" "2599b881f1a9b6b46f659a1ea0615d46d174cb2ddec31aa963851deaa05d5589", kill_on_drop: false }`
[INFO] running `Command { std: "docker" "rm" "-f" "2599b881f1a9b6b46f659a1ea0615d46d174cb2ddec31aa963851deaa05d5589", kill_on_drop: false }`
[INFO] [stdout] 2599b881f1a9b6b46f659a1ea0615d46d174cb2ddec31aa963851deaa05d5589
