[INFO] fetching crate bitfield-register-macro 0.2.1...
[INFO] checking bitfield-register-macro-0.2.1 against 1.55.0 for beta-1.56-3
[INFO] extracting crate bitfield-register-macro 0.2.1 into /workspace/builds/worker-72/source
[INFO] validating manifest of crates.io crate bitfield-register-macro 0.2.1 on toolchain 1.55.0
[INFO] running `Command { std: "/workspace/cargo-home/bin/cargo" "+1.55.0" "metadata" "--manifest-path" "Cargo.toml" "--no-deps", kill_on_drop: false }`
[INFO] started tweaking crates.io crate bitfield-register-macro 0.2.1
[INFO] finished tweaking crates.io crate bitfield-register-macro 0.2.1
[INFO] tweaked toml for crates.io crate bitfield-register-macro 0.2.1 written to /workspace/builds/worker-72/source/Cargo.toml
[INFO] running `Command { std: "/workspace/cargo-home/bin/cargo" "+1.55.0" "generate-lockfile" "--manifest-path" "Cargo.toml" "-Zno-index-update", kill_on_drop: false }`
[INFO] [stderr]     Blocking waiting for file lock on package cache
[INFO] running `Command { std: "/workspace/cargo-home/bin/cargo" "+1.55.0" "fetch" "--manifest-path" "Cargo.toml", kill_on_drop: false }`
[INFO] [stderr]     Blocking waiting for file lock on package cache
[INFO] running `Command { std: "docker" "create" "-v" "/var/lib/crater-agent-workspace/builds/worker-72/target:/opt/rustwide/target:rw,Z" "-v" "/var/lib/crater-agent-workspace/builds/worker-72/source:/opt/rustwide/workdir:ro,Z" "-v" "/var/lib/crater-agent-workspace/cargo-home:/opt/rustwide/cargo-home:ro,Z" "-v" "/var/lib/crater-agent-workspace/rustup-home:/opt/rustwide/rustup-home:ro,Z" "-e" "SOURCE_DIR=/opt/rustwide/workdir" "-e" "CARGO_TARGET_DIR=/opt/rustwide/target" "-e" "CARGO_HOME=/opt/rustwide/cargo-home" "-e" "RUSTUP_HOME=/opt/rustwide/rustup-home" "-w" "/opt/rustwide/workdir" "-m" "1610612736" "--user" "0:0" "--network" "none" "ghcr.io/rust-lang/crates-build-env/linux@sha256:a89201d6b5b9fd45c15d5952ece0a0129e7e80cb26ec023fd59cf09bc26f1604" "/opt/rustwide/cargo-home/bin/cargo" "+1.55.0" "metadata" "--no-deps" "--format-version=1", kill_on_drop: false }`
[INFO] [stdout] 7921b3d1a36c0ff9c700d9d324006a00643b1d26a512e7bbd833b170db32dd32
[INFO] running `Command { std: "docker" "start" "-a" "7921b3d1a36c0ff9c700d9d324006a00643b1d26a512e7bbd833b170db32dd32", kill_on_drop: false }`
[INFO] running `Command { std: "docker" "inspect" "7921b3d1a36c0ff9c700d9d324006a00643b1d26a512e7bbd833b170db32dd32", kill_on_drop: false }`
[INFO] running `Command { std: "docker" "rm" "-f" "7921b3d1a36c0ff9c700d9d324006a00643b1d26a512e7bbd833b170db32dd32", kill_on_drop: false }`
[INFO] [stdout] 7921b3d1a36c0ff9c700d9d324006a00643b1d26a512e7bbd833b170db32dd32
[INFO] running `Command { std: "docker" "create" "-v" "/var/lib/crater-agent-workspace/builds/worker-72/target:/opt/rustwide/target:rw,Z" "-v" "/var/lib/crater-agent-workspace/builds/worker-72/source:/opt/rustwide/workdir:ro,Z" "-v" "/var/lib/crater-agent-workspace/cargo-home:/opt/rustwide/cargo-home:ro,Z" "-v" "/var/lib/crater-agent-workspace/rustup-home:/opt/rustwide/rustup-home:ro,Z" "-e" "SOURCE_DIR=/opt/rustwide/workdir" "-e" "CARGO_TARGET_DIR=/opt/rustwide/target" "-e" "CARGO_INCREMENTAL=0" "-e" "RUST_BACKTRACE=full" "-e" "RUSTFLAGS=--cap-lints=warn" "-e" "CARGO_HOME=/opt/rustwide/cargo-home" "-e" "RUSTUP_HOME=/opt/rustwide/rustup-home" "-w" "/opt/rustwide/workdir" "-m" "1610612736" "--user" "0:0" "--network" "none" "ghcr.io/rust-lang/crates-build-env/linux@sha256:a89201d6b5b9fd45c15d5952ece0a0129e7e80cb26ec023fd59cf09bc26f1604" "/opt/rustwide/cargo-home/bin/cargo" "+1.55.0" "check" "--frozen" "--all" "--all-targets" "--message-format=json", kill_on_drop: false }`
[INFO] [stdout] c14a755716f697c2475802079b2ba7fd3934fdefa3f3f1c54ccb61b0e41b4104
[INFO] running `Command { std: "docker" "start" "-a" "c14a755716f697c2475802079b2ba7fd3934fdefa3f3f1c54ccb61b0e41b4104", kill_on_drop: false }`
[INFO] [stderr]     Blocking waiting for file lock on package cache
[INFO] [stderr]     Checking synom v0.11.3
[INFO] [stderr]     Checking syn v0.11.11
[INFO] [stderr]     Checking bitfield-register-macro v0.2.1 (/opt/rustwide/workdir)
[INFO] [stdout] error[E0774]: `derive` may only be applied to `struct`s, `enum`s and `union`s
[INFO] [stdout]    --> src/lib.rs:337:5
[INFO] [stdout]     |
[INFO] [stdout] 337 |     #[derive(Debug)]
[INFO] [stdout]     |     ^^^^^^^^^^^^^^^^ not applicable here
[INFO] [stdout] 338 |     let mut bitfields: Vec<BitField> = vec![];
[INFO] [stdout]     |     ------------------------------------------ not a `struct`, `enum` or `union`
[INFO] [stdout] 
[INFO] [stdout] 
[INFO] [stdout] error[E0774]: `derive` may only be applied to `struct`s, `enum`s and `union`s
[INFO] [stdout]    --> src/lib.rs:337:5
[INFO] [stdout]     |
[INFO] [stdout] 337 |     #[derive(Debug)]
[INFO] [stdout]     |     ^^^^^^^^^^^^^^^^ not applicable here
[INFO] [stdout] 338 |     let mut bitfields: Vec<BitField> = vec![];
[INFO] [stdout]     |     ------------------------------------------ not a `struct`, `enum` or `union`
[INFO] [stdout] 
[INFO] [stdout] 
[INFO] [stdout] error[E0554]: `#![feature]` may not be used on the stable release channel
[INFO] [stdout]  --> src/lib.rs:1:1
[INFO] [stdout]   |
[INFO] [stdout] 1 | #![feature(proc_macro)]
[INFO] [stdout]   | ^^^^^^^^^^^^^^^^^^^^^^^ help: remove the attribute
[INFO] [stdout]   |
[INFO] [stdout]   = help: the feature `proc_macro` has been stable since 1.29.0 and no longer requires an attribute to enable
[INFO] [stdout] 
[INFO] [stdout] 
[INFO] [stdout] error[E0554]: `#![feature]` may not be used on the stable release channel
[INFO] [stdout]  --> src/lib.rs:1:1
[INFO] [stdout]   |
[INFO] [stdout] 1 | #![feature(proc_macro)]
[INFO] [stdout]   | ^^^^^^^^^^^^^^^^^^^^^^^ help: remove the attribute
[INFO] [stdout]   |
[INFO] [stdout]   = help: the feature `proc_macro` has been stable since 1.29.0 and no longer requires an attribute to enable
[INFO] [stdout] 
[INFO] [stdout] 
[INFO] [stdout] error: aborting due to 2 previous errors
[INFO] [stdout] 
[INFO] [stdout] 
[INFO] [stdout] Some errors have detailed explanations: E0554, E0774.
[INFO] [stdout] 
[INFO] [stdout] For more information about an error, try `rustc --explain E0554`.
[INFO] [stdout] 
[INFO] [stderr] error: could not compile `bitfield-register-macro` due to 3 previous errors
[INFO] [stderr] warning: build failed, waiting for other jobs to finish...
[INFO] [stdout] error: aborting due to 2 previous errors
[INFO] [stdout] 
[INFO] [stdout] 
[INFO] [stdout] Some errors have detailed explanations: E0554, E0774.
[INFO] [stdout] 
[INFO] [stdout] For more information about an error, try `rustc --explain E0554`.
[INFO] [stdout] 
[INFO] [stderr] error: build failed
[INFO] running `Command { std: "docker" "inspect" "c14a755716f697c2475802079b2ba7fd3934fdefa3f3f1c54ccb61b0e41b4104", kill_on_drop: false }`
[INFO] running `Command { std: "docker" "rm" "-f" "c14a755716f697c2475802079b2ba7fd3934fdefa3f3f1c54ccb61b0e41b4104", kill_on_drop: false }`
[INFO] [stdout] c14a755716f697c2475802079b2ba7fd3934fdefa3f3f1c54ccb61b0e41b4104
