[INFO] fetching crate bitcoin_scripts 0.5.0-alpha.3...
[INFO] checking bitcoin_scripts-0.5.0-alpha.3 against 1.55.0 for beta-1.56-3
[INFO] extracting crate bitcoin_scripts 0.5.0-alpha.3 into /workspace/builds/worker-83/source
[INFO] validating manifest of crates.io crate bitcoin_scripts 0.5.0-alpha.3 on toolchain 1.55.0
[INFO] running `Command { std: "/workspace/cargo-home/bin/cargo" "+1.55.0" "metadata" "--manifest-path" "Cargo.toml" "--no-deps", kill_on_drop: false }`
[INFO] started tweaking crates.io crate bitcoin_scripts 0.5.0-alpha.3
[INFO] finished tweaking crates.io crate bitcoin_scripts 0.5.0-alpha.3
[INFO] tweaked toml for crates.io crate bitcoin_scripts 0.5.0-alpha.3 written to /workspace/builds/worker-83/source/Cargo.toml
[INFO] running `Command { std: "/workspace/cargo-home/bin/cargo" "+1.55.0" "generate-lockfile" "--manifest-path" "Cargo.toml" "-Zno-index-update", kill_on_drop: false }`
[INFO] [stderr]     Blocking waiting for file lock on package cache
[INFO] running `Command { std: "/workspace/cargo-home/bin/cargo" "+1.55.0" "fetch" "--manifest-path" "Cargo.toml", kill_on_drop: false }`
[INFO] [stderr]     Blocking waiting for file lock on package cache
[INFO] [stderr]     Blocking waiting for file lock on package cache
[INFO] [stderr]  Downloading crates ...
[INFO] [stderr]   Downloaded darling_macro v0.13.0
[INFO] [stderr]   Downloaded serde_with v1.10.0
[INFO] [stderr]   Downloaded darling v0.13.0
[INFO] [stderr]   Downloaded paste v1.0.5
[INFO] [stderr]   Downloaded darling_core v0.13.0
[INFO] [stderr]   Downloaded amplify_derive v2.9.0
[INFO] [stderr]   Downloaded yaml-rust v0.4.5
[INFO] [stderr]   Downloaded miniscript v6.0.1
[INFO] [stderr]   Downloaded amplify_num v0.2.2
[INFO] [stderr]   Downloaded serde_with_macros v1.5.0
[INFO] [stderr]   Downloaded strict_encoding_derive v1.7.4
[INFO] [stderr]   Downloaded amplify_syn v1.1.6
[INFO] [stderr]   Downloaded encoding_derive_helpers v1.7.4
[INFO] [stderr]   Downloaded strict_encoding v1.7.4
[INFO] [stderr]   Downloaded serde_yaml v0.8.21
[INFO] [stderr]   Downloaded serde_str_helpers v0.1.2
[INFO] [stderr]   Downloaded amplify v3.9.1
[INFO] [stderr]   Downloaded stringly_conversions v0.1.1
[INFO] running `Command { std: "docker" "create" "-v" "/var/lib/crater-agent-workspace/builds/worker-83/target:/opt/rustwide/target:rw,Z" "-v" "/var/lib/crater-agent-workspace/builds/worker-83/source:/opt/rustwide/workdir:ro,Z" "-v" "/var/lib/crater-agent-workspace/cargo-home:/opt/rustwide/cargo-home:ro,Z" "-v" "/var/lib/crater-agent-workspace/rustup-home:/opt/rustwide/rustup-home:ro,Z" "-e" "SOURCE_DIR=/opt/rustwide/workdir" "-e" "CARGO_TARGET_DIR=/opt/rustwide/target" "-e" "CARGO_HOME=/opt/rustwide/cargo-home" "-e" "RUSTUP_HOME=/opt/rustwide/rustup-home" "-w" "/opt/rustwide/workdir" "-m" "1610612736" "--user" "0:0" "--network" "none" "ghcr.io/rust-lang/crates-build-env/linux@sha256:a89201d6b5b9fd45c15d5952ece0a0129e7e80cb26ec023fd59cf09bc26f1604" "/opt/rustwide/cargo-home/bin/cargo" "+1.55.0" "metadata" "--no-deps" "--format-version=1", kill_on_drop: false }`
[INFO] [stdout] ab34b20c883022d94791167033bb1be028f0386d31247de7217130dd4adcb179
[INFO] running `Command { std: "docker" "start" "-a" "ab34b20c883022d94791167033bb1be028f0386d31247de7217130dd4adcb179", kill_on_drop: false }`
[INFO] running `Command { std: "docker" "inspect" "ab34b20c883022d94791167033bb1be028f0386d31247de7217130dd4adcb179", kill_on_drop: false }`
[INFO] running `Command { std: "docker" "rm" "-f" "ab34b20c883022d94791167033bb1be028f0386d31247de7217130dd4adcb179", kill_on_drop: false }`
[INFO] [stdout] ab34b20c883022d94791167033bb1be028f0386d31247de7217130dd4adcb179
[INFO] running `Command { std: "docker" "create" "-v" "/var/lib/crater-agent-workspace/builds/worker-83/target:/opt/rustwide/target:rw,Z" "-v" "/var/lib/crater-agent-workspace/builds/worker-83/source:/opt/rustwide/workdir:ro,Z" "-v" "/var/lib/crater-agent-workspace/cargo-home:/opt/rustwide/cargo-home:ro,Z" "-v" "/var/lib/crater-agent-workspace/rustup-home:/opt/rustwide/rustup-home:ro,Z" "-e" "SOURCE_DIR=/opt/rustwide/workdir" "-e" "CARGO_TARGET_DIR=/opt/rustwide/target" "-e" "CARGO_INCREMENTAL=0" "-e" "RUST_BACKTRACE=full" "-e" "RUSTFLAGS=--cap-lints=warn" "-e" "CARGO_HOME=/opt/rustwide/cargo-home" "-e" "RUSTUP_HOME=/opt/rustwide/rustup-home" "-w" "/opt/rustwide/workdir" "-m" "1610612736" "--user" "0:0" "--network" "none" "ghcr.io/rust-lang/crates-build-env/linux@sha256:a89201d6b5b9fd45c15d5952ece0a0129e7e80cb26ec023fd59cf09bc26f1604" "/opt/rustwide/cargo-home/bin/cargo" "+1.55.0" "check" "--frozen" "--all" "--all-targets" "--message-format=json", kill_on_drop: false }`
[INFO] [stdout] 089b09d13663888f77526a38a195cf70413de912d4f529b59454008f7de271c9
[INFO] running `Command { std: "docker" "start" "-a" "089b09d13663888f77526a38a195cf70413de912d4f529b59454008f7de271c9", kill_on_drop: false }`
[INFO] [stderr]     Blocking waiting for file lock on package cache
[INFO] [stderr]    Compiling amplify_num v0.2.2
[INFO] [stderr]     Checking bech32 v0.8.1
[INFO] [stderr]     Checking bitcoin_hashes v0.10.0
[INFO] [stderr]    Compiling secp256k1-sys v0.4.1
[INFO] [stderr]    Compiling amplify_syn v1.1.6
[INFO] [stderr]    Compiling amplify_derive v2.9.0
[INFO] [stderr]     Checking secp256k1 v0.20.3
[INFO] [stderr]     Checking bitcoin v0.27.1
[INFO] [stderr]    Compiling amplify v3.9.1
[INFO] [stderr]    Compiling encoding_derive_helpers v1.7.4
[INFO] [stderr]     Checking miniscript v6.0.1
[INFO] [stderr]    Compiling strict_encoding_derive v1.7.4
[INFO] [stderr]     Checking strict_encoding v1.7.4
[INFO] [stderr]     Checking bitcoin_scripts v0.5.0-alpha.3 (/opt/rustwide/workdir)
[INFO] [stdout] error[E0599]: no method named `compile` found for enum `Concrete` in the current scope
[INFO] [stdout]    --> src/parser.rs:172:134
[INFO] [stdout]     |
[INFO] [stdout] 172 | ...$($arg:tt)*) => (LockScript::from(miniscript::policy::Concrete::<bitcoin::PublicKey>::from_str(&format!($($arg)*)).unwrap().compile::<...
[INFO] [stdout]     |                                                                                                                                ^^^^^^^ method not found in `Concrete<bitcoin::PublicKey>`
[INFO] [stdout] ...
[INFO] [stdout] 267 | ...   policy_str!("thresh(2,pk({}),pk({}))", keys[0], keys[1]),
[INFO] [stdout]     |       -------------------------------------------------------- in this macro invocation
[INFO] [stdout]     |
[INFO] [stdout]     = note: this error originates in the macro `policy_str` (in Nightly builds, run with -Z macro-backtrace for more info)
[INFO] [stdout] 
[INFO] [stdout] 
[INFO] [stdout] error[E0599]: no method named `compile` found for enum `Concrete` in the current scope
[INFO] [stdout]    --> src/parser.rs:172:134
[INFO] [stdout]     |
[INFO] [stdout] 172 |           ($($arg:tt)*) => (LockScript::from(miniscript::policy::Concrete::<bitcoin::PublicKey>::from_str(&format!($($arg)*)).unwrap().compile::<...
[INFO] [stdout]     |                                                                                                                                        ^^^^^^^ method not found in `Concrete<bitcoin::PublicKey>`
[INFO] [stdout] ...
[INFO] [stdout] 271 | /             policy_str!(
[INFO] [stdout] 272 | |                 "thresh(3,pk({}),pk({}),pk({}),pk({}),pk({}))",
[INFO] [stdout] 273 | |                 keys[0],
[INFO] [stdout] 274 | |                 keys[1],
[INFO] [stdout] ...   |
[INFO] [stdout] 277 | |                 keys[4]
[INFO] [stdout] 278 | |             ),
[INFO] [stdout]     | |_____________- in this macro invocation
[INFO] [stdout]     |
[INFO] [stdout]     = note: this error originates in the macro `policy_str` (in Nightly builds, run with -Z macro-backtrace for more info)
[INFO] [stdout] 
[INFO] [stdout] 
[INFO] [stdout] error[E0599]: no method named `compile` found for enum `Concrete` in the current scope
[INFO] [stdout]    --> src/parser.rs:172:134
[INFO] [stdout]     |
[INFO] [stdout] 172 | ...$($arg:tt)*) => (LockScript::from(miniscript::policy::Concrete::<bitcoin::PublicKey>::from_str(&format!($($arg)*)).unwrap().compile::<...
[INFO] [stdout]     |                                                                                                                                ^^^^^^^ method not found in `Concrete<bitcoin::PublicKey>`
[INFO] [stdout] ...
[INFO] [stdout] 288 | ...   policy_str!("thresh(2,pk({}),pk({}))", keys[0], keys[1]),
[INFO] [stdout]     |       -------------------------------------------------------- in this macro invocation
[INFO] [stdout]     |
[INFO] [stdout]     = note: this error originates in the macro `policy_str` (in Nightly builds, run with -Z macro-backtrace for more info)
[INFO] [stdout] 
[INFO] [stdout] 
[INFO] [stdout] error[E0599]: no method named `compile` found for enum `Concrete` in the current scope
[INFO] [stdout]    --> src/parser.rs:172:134
[INFO] [stdout]     |
[INFO] [stdout] 172 |           ($($arg:tt)*) => (LockScript::from(miniscript::policy::Concrete::<bitcoin::PublicKey>::from_str(&format!($($arg)*)).unwrap().compile::<...
[INFO] [stdout]     |                                                                                                                                        ^^^^^^^ method not found in `Concrete<bitcoin::PublicKey>`
[INFO] [stdout] ...
[INFO] [stdout] 292 | /             policy_str!(
[INFO] [stdout] 293 | |                 "thresh(3,pk({}),pk({}),pk({}),pk({}),pk({}))",
[INFO] [stdout] 294 | |                 keys[0],
[INFO] [stdout] 295 | |                 keys[1],
[INFO] [stdout] ...   |
[INFO] [stdout] 298 | |                 keys[4]
[INFO] [stdout] 299 | |             ),
[INFO] [stdout]     | |_____________- in this macro invocation
[INFO] [stdout]     |
[INFO] [stdout]     = note: this error originates in the macro `policy_str` (in Nightly builds, run with -Z macro-backtrace for more info)
[INFO] [stdout] 
[INFO] [stdout] 
[INFO] [stdout] error[E0599]: no method named `compile` found for enum `Concrete` in the current scope
[INFO] [stdout]    --> src/parser.rs:172:134
[INFO] [stdout]     |
[INFO] [stdout] 172 |           ($($arg:tt)*) => (LockScript::from(miniscript::policy::Concrete::<bitcoin::PublicKey>::from_str(&format!($($arg)*)).unwrap().compile::<...
[INFO] [stdout]     |                                                                                                                                        ^^^^^^^ method not found in `Concrete<bitcoin::PublicKey>`
[INFO] [stdout] ...
[INFO] [stdout] 309 | /             policy_str!(
[INFO] [stdout] 310 | |                 "or(thresh(3,pk({}),pk({}),pk({})),and(thresh(2,pk({}),\
[INFO] [stdout] 311 | |                  pk({})),older(10000)))",
[INFO] [stdout] 312 | |                 keys[0],
[INFO] [stdout] ...   |
[INFO] [stdout] 316 | |                 keys[4]
[INFO] [stdout] 317 | |             ),
[INFO] [stdout]     | |_____________- in this macro invocation
[INFO] [stdout]     |
[INFO] [stdout]     = note: this error originates in the macro `policy_str` (in Nightly builds, run with -Z macro-backtrace for more info)
[INFO] [stdout] 
[INFO] [stdout] 
[INFO] [stdout] error[E0599]: no method named `compile` found for enum `Concrete` in the current scope
[INFO] [stdout]    --> src/parser.rs:172:134
[INFO] [stdout]     |
[INFO] [stdout] 172 |           ($($arg:tt)*) => (LockScript::from(miniscript::policy::Concrete::<bitcoin::PublicKey>::from_str(&format!($($arg)*)).unwrap().compile::<...
[INFO] [stdout]     |                                                                                                                                        ^^^^^^^ method not found in `Concrete<bitcoin::PublicKey>`
[INFO] [stdout] ...
[INFO] [stdout] 321 | /             policy_str!(
[INFO] [stdout] 322 | |                 "or(thresh(3,pk({}),pk({}),pk({})),and(thresh(2,pk({}),\
[INFO] [stdout] 323 | |                  pk({})),older(10000)))",
[INFO] [stdout] 324 | |                 keys[0],
[INFO] [stdout] ...   |
[INFO] [stdout] 328 | |                 keys[4]
[INFO] [stdout] 329 | |             ),
[INFO] [stdout]     | |_____________- in this macro invocation
[INFO] [stdout]     |
[INFO] [stdout]     = note: this error originates in the macro `policy_str` (in Nightly builds, run with -Z macro-backtrace for more info)
[INFO] [stdout] 
[INFO] [stdout] 
[INFO] [stdout] error: aborting due to 6 previous errors
[INFO] [stdout] 
[INFO] [stdout] 
[INFO] [stdout] For more information about this error, try `rustc --explain E0599`.
[INFO] [stdout] 
[INFO] [stderr] error: could not compile `bitcoin_scripts` due to 7 previous errors
[INFO] running `Command { std: "docker" "inspect" "089b09d13663888f77526a38a195cf70413de912d4f529b59454008f7de271c9", kill_on_drop: false }`
[INFO] running `Command { std: "docker" "rm" "-f" "089b09d13663888f77526a38a195cf70413de912d4f529b59454008f7de271c9", kill_on_drop: false }`
[INFO] [stdout] 089b09d13663888f77526a38a195cf70413de912d4f529b59454008f7de271c9
