[INFO] fetching crate bip 0.1.0...
[INFO] checking bip-0.1.0 against 1.55.0 for beta-1.56-3
[INFO] extracting crate bip 0.1.0 into /workspace/builds/worker-29/source
[INFO] validating manifest of crates.io crate bip 0.1.0 on toolchain 1.55.0
[INFO] running `Command { std: "/workspace/cargo-home/bin/cargo" "+1.55.0" "metadata" "--manifest-path" "Cargo.toml" "--no-deps", kill_on_drop: false }`
[INFO] started tweaking crates.io crate bip 0.1.0
[INFO] finished tweaking crates.io crate bip 0.1.0
[INFO] tweaked toml for crates.io crate bip 0.1.0 written to /workspace/builds/worker-29/source/Cargo.toml
[INFO] running `Command { std: "/workspace/cargo-home/bin/cargo" "+1.55.0" "generate-lockfile" "--manifest-path" "Cargo.toml" "-Zno-index-update", kill_on_drop: false }`
[INFO] [stderr]     Blocking waiting for file lock on package cache
[INFO] running `Command { std: "/workspace/cargo-home/bin/cargo" "+1.55.0" "fetch" "--manifest-path" "Cargo.toml", kill_on_drop: false }`
[INFO] [stderr]     Blocking waiting for file lock on package cache
[INFO] [stderr]     Blocking waiting for file lock on package cache
[INFO] running `Command { std: "docker" "create" "-v" "/var/lib/crater-agent-workspace/builds/worker-29/target:/opt/rustwide/target:rw,Z" "-v" "/var/lib/crater-agent-workspace/builds/worker-29/source:/opt/rustwide/workdir:ro,Z" "-v" "/var/lib/crater-agent-workspace/cargo-home:/opt/rustwide/cargo-home:ro,Z" "-v" "/var/lib/crater-agent-workspace/rustup-home:/opt/rustwide/rustup-home:ro,Z" "-e" "SOURCE_DIR=/opt/rustwide/workdir" "-e" "CARGO_TARGET_DIR=/opt/rustwide/target" "-e" "CARGO_HOME=/opt/rustwide/cargo-home" "-e" "RUSTUP_HOME=/opt/rustwide/rustup-home" "-w" "/opt/rustwide/workdir" "-m" "1610612736" "--user" "0:0" "--network" "none" "ghcr.io/rust-lang/crates-build-env/linux@sha256:a89201d6b5b9fd45c15d5952ece0a0129e7e80cb26ec023fd59cf09bc26f1604" "/opt/rustwide/cargo-home/bin/cargo" "+1.55.0" "metadata" "--no-deps" "--format-version=1", kill_on_drop: false }`
[INFO] [stdout] 18a2b0454e3922109351bfca71948b8c68d319f92e1a71369cf8fc1c314790c4
[INFO] running `Command { std: "docker" "start" "-a" "18a2b0454e3922109351bfca71948b8c68d319f92e1a71369cf8fc1c314790c4", kill_on_drop: false }`
[INFO] running `Command { std: "docker" "inspect" "18a2b0454e3922109351bfca71948b8c68d319f92e1a71369cf8fc1c314790c4", kill_on_drop: false }`
[INFO] running `Command { std: "docker" "rm" "-f" "18a2b0454e3922109351bfca71948b8c68d319f92e1a71369cf8fc1c314790c4", kill_on_drop: false }`
[INFO] [stdout] 18a2b0454e3922109351bfca71948b8c68d319f92e1a71369cf8fc1c314790c4
[INFO] running `Command { std: "docker" "create" "-v" "/var/lib/crater-agent-workspace/builds/worker-29/target:/opt/rustwide/target:rw,Z" "-v" "/var/lib/crater-agent-workspace/builds/worker-29/source:/opt/rustwide/workdir:ro,Z" "-v" "/var/lib/crater-agent-workspace/cargo-home:/opt/rustwide/cargo-home:ro,Z" "-v" "/var/lib/crater-agent-workspace/rustup-home:/opt/rustwide/rustup-home:ro,Z" "-e" "SOURCE_DIR=/opt/rustwide/workdir" "-e" "CARGO_TARGET_DIR=/opt/rustwide/target" "-e" "CARGO_INCREMENTAL=0" "-e" "RUST_BACKTRACE=full" "-e" "RUSTFLAGS=--cap-lints=warn" "-e" "CARGO_HOME=/opt/rustwide/cargo-home" "-e" "RUSTUP_HOME=/opt/rustwide/rustup-home" "-w" "/opt/rustwide/workdir" "-m" "1610612736" "--user" "0:0" "--network" "none" "ghcr.io/rust-lang/crates-build-env/linux@sha256:a89201d6b5b9fd45c15d5952ece0a0129e7e80cb26ec023fd59cf09bc26f1604" "/opt/rustwide/cargo-home/bin/cargo" "+1.55.0" "check" "--frozen" "--all" "--all-targets" "--message-format=json", kill_on_drop: false }`
[INFO] [stdout] 6fc4fb994bda6763cb501034f6da34387e8c5fd48a84cc17df30c873d04b08f0
[INFO] running `Command { std: "docker" "start" "-a" "6fc4fb994bda6763cb501034f6da34387e8c5fd48a84cc17df30c873d04b08f0", kill_on_drop: false }`
[INFO] [stderr]     Blocking waiting for file lock on package cache
[INFO] [stderr]     Checking bip v0.1.0 (/opt/rustwide/workdir)
[INFO] [stdout] error[E0432]: unresolved import `std::rt::heap`
[INFO] [stdout]  --> src/lib.rs:9:5
[INFO] [stdout]   |
[INFO] [stdout] 9 | use std::rt::heap;
[INFO] [stdout]   |     ^^^^^^^^^^^^^ no `heap` in `rt`
[INFO] [stdout] 
[INFO] [stdout] 
[INFO] [stdout] error[E0432]: unresolved import `std::rt::heap`
[INFO] [stdout]  --> src/lib.rs:9:5
[INFO] [stdout]   |
[INFO] [stdout] 9 | use std::rt::heap;
[INFO] [stdout]   |     ^^^^^^^^^^^^^ no `heap` in `rt`
[INFO] [stdout] 
[INFO] [stdout] 
[INFO] [stdout] error[E0554]: `#![feature]` may not be used on the stable release channel
[INFO] [stdout]  --> src/lib.rs:7:1
[INFO] [stdout]   |
[INFO] [stdout] 7 | #![feature(alloc)]
[INFO] [stdout]   | ^^^^^^^^^^^^^^^^^^
[INFO] [stdout] 
[INFO] [stdout] 
[INFO] [stdout] error[E0554]: `#![feature]` may not be used on the stable release channel
[INFO] [stdout]  --> src/lib.rs:7:1
[INFO] [stdout]   |
[INFO] [stdout] 7 | #![feature(alloc)]
[INFO] [stdout]   | ^^^^^^^^^^^^^^^^^^
[INFO] [stdout] 
[INFO] [stdout] 
[INFO] [stdout] error: aborting due to 2 previous errors
[INFO] [stdout] 
[INFO] [stdout] 
[INFO] [stdout] Some errors have detailed explanations: E0432, E0554.
[INFO] [stdout] 
[INFO] [stdout] For more information about an error, try `rustc --explain E0432`.
[INFO] [stdout] 
[INFO] [stdout] warning: use of deprecated constant `std::sync::atomic::ATOMIC_USIZE_INIT`: the `new` function is now preferred
[INFO] [stdout]   --> src/lib.rs:74:42
[INFO] [stdout]    |
[INFO] [stdout] 74 |     use std::sync::atomic::{AtomicUsize, ATOMIC_USIZE_INIT, Ordering};
[INFO] [stdout]    |                                          ^^^^^^^^^^^^^^^^^
[INFO] [stdout]    |
[INFO] [stdout]    = note: `#[warn(deprecated)]` on by default
[INFO] [stdout] 
[INFO] [stdout] 
[INFO] [stdout] warning: use of deprecated constant `std::sync::atomic::ATOMIC_USIZE_INIT`: the `new` function is now preferred
[INFO] [stdout]   --> src/lib.rs:99:37
[INFO] [stdout]    |
[INFO] [stdout] 99 |         static COUNT: AtomicUsize = ATOMIC_USIZE_INIT;
[INFO] [stdout]    |                                     ^^^^^^^^^^^^^^^^^ help: replace the use of the deprecated constant: `AtomicUsize::new(0)`
[INFO] [stdout] 
[INFO] [stdout] 
[INFO] [stderr] error: could not compile `bip` due to 3 previous errors
[INFO] [stderr] warning: build failed, waiting for other jobs to finish...
[INFO] [stdout] error: aborting due to 2 previous errors; 2 warnings emitted
[INFO] [stdout] 
[INFO] [stdout] 
[INFO] [stdout] Some errors have detailed explanations: E0432, E0554.
[INFO] [stdout] 
[INFO] [stdout] For more information about an error, try `rustc --explain E0432`.
[INFO] [stdout] 
[INFO] [stderr] error: build failed
[INFO] running `Command { std: "docker" "inspect" "6fc4fb994bda6763cb501034f6da34387e8c5fd48a84cc17df30c873d04b08f0", kill_on_drop: false }`
[INFO] running `Command { std: "docker" "rm" "-f" "6fc4fb994bda6763cb501034f6da34387e8c5fd48a84cc17df30c873d04b08f0", kill_on_drop: false }`
[INFO] [stdout] 6fc4fb994bda6763cb501034f6da34387e8c5fd48a84cc17df30c873d04b08f0
