[INFO] fetching crate bigbang 0.0.11...
[INFO] checking bigbang-0.0.11 against 1.55.0 for beta-1.56-3
[INFO] extracting crate bigbang 0.0.11 into /workspace/builds/worker-47/source
[INFO] validating manifest of crates.io crate bigbang 0.0.11 on toolchain 1.55.0
[INFO] running `Command { std: "/workspace/cargo-home/bin/cargo" "+1.55.0" "metadata" "--manifest-path" "Cargo.toml" "--no-deps", kill_on_drop: false }`
[INFO] started tweaking crates.io crate bigbang 0.0.11
[INFO] finished tweaking crates.io crate bigbang 0.0.11
[INFO] tweaked toml for crates.io crate bigbang 0.0.11 written to /workspace/builds/worker-47/source/Cargo.toml
[INFO] running `Command { std: "/workspace/cargo-home/bin/cargo" "+1.55.0" "generate-lockfile" "--manifest-path" "Cargo.toml" "-Zno-index-update", kill_on_drop: false }`
[INFO] [stderr]     Blocking waiting for file lock on package cache
[INFO] running `Command { std: "/workspace/cargo-home/bin/cargo" "+1.55.0" "fetch" "--manifest-path" "Cargo.toml", kill_on_drop: false }`
[INFO] [stderr]     Blocking waiting for file lock on package cache
[INFO] [stderr]     Blocking waiting for file lock on package cache
[INFO] running `Command { std: "docker" "create" "-v" "/var/lib/crater-agent-workspace/builds/worker-47/target:/opt/rustwide/target:rw,Z" "-v" "/var/lib/crater-agent-workspace/builds/worker-47/source:/opt/rustwide/workdir:ro,Z" "-v" "/var/lib/crater-agent-workspace/cargo-home:/opt/rustwide/cargo-home:ro,Z" "-v" "/var/lib/crater-agent-workspace/rustup-home:/opt/rustwide/rustup-home:ro,Z" "-e" "SOURCE_DIR=/opt/rustwide/workdir" "-e" "CARGO_TARGET_DIR=/opt/rustwide/target" "-e" "CARGO_HOME=/opt/rustwide/cargo-home" "-e" "RUSTUP_HOME=/opt/rustwide/rustup-home" "-w" "/opt/rustwide/workdir" "-m" "1610612736" "--user" "0:0" "--network" "none" "ghcr.io/rust-lang/crates-build-env/linux@sha256:a89201d6b5b9fd45c15d5952ece0a0129e7e80cb26ec023fd59cf09bc26f1604" "/opt/rustwide/cargo-home/bin/cargo" "+1.55.0" "metadata" "--no-deps" "--format-version=1", kill_on_drop: false }`
[INFO] [stdout] 8698a45c9902aca72fe16d2f75b378deab781d5b9e72a11a22a1d58de6894b26
[INFO] running `Command { std: "docker" "start" "-a" "8698a45c9902aca72fe16d2f75b378deab781d5b9e72a11a22a1d58de6894b26", kill_on_drop: false }`
[INFO] running `Command { std: "docker" "inspect" "8698a45c9902aca72fe16d2f75b378deab781d5b9e72a11a22a1d58de6894b26", kill_on_drop: false }`
[INFO] running `Command { std: "docker" "rm" "-f" "8698a45c9902aca72fe16d2f75b378deab781d5b9e72a11a22a1d58de6894b26", kill_on_drop: false }`
[INFO] [stdout] 8698a45c9902aca72fe16d2f75b378deab781d5b9e72a11a22a1d58de6894b26
[INFO] running `Command { std: "docker" "create" "-v" "/var/lib/crater-agent-workspace/builds/worker-47/target:/opt/rustwide/target:rw,Z" "-v" "/var/lib/crater-agent-workspace/builds/worker-47/source:/opt/rustwide/workdir:ro,Z" "-v" "/var/lib/crater-agent-workspace/cargo-home:/opt/rustwide/cargo-home:ro,Z" "-v" "/var/lib/crater-agent-workspace/rustup-home:/opt/rustwide/rustup-home:ro,Z" "-e" "SOURCE_DIR=/opt/rustwide/workdir" "-e" "CARGO_TARGET_DIR=/opt/rustwide/target" "-e" "CARGO_INCREMENTAL=0" "-e" "RUST_BACKTRACE=full" "-e" "RUSTFLAGS=--cap-lints=warn" "-e" "CARGO_HOME=/opt/rustwide/cargo-home" "-e" "RUSTUP_HOME=/opt/rustwide/rustup-home" "-w" "/opt/rustwide/workdir" "-m" "1610612736" "--user" "0:0" "--network" "none" "ghcr.io/rust-lang/crates-build-env/linux@sha256:a89201d6b5b9fd45c15d5952ece0a0129e7e80cb26ec023fd59cf09bc26f1604" "/opt/rustwide/cargo-home/bin/cargo" "+1.55.0" "check" "--frozen" "--all" "--all-targets" "--message-format=json", kill_on_drop: false }`
[INFO] [stdout] f21c5e2b1ecd8409c6f3eb5c1a276a6da2bc917a5033cc2b121fb8aa18f5b4cf
[INFO] running `Command { std: "docker" "start" "-a" "f21c5e2b1ecd8409c6f3eb5c1a276a6da2bc917a5033cc2b121fb8aa18f5b4cf", kill_on_drop: false }`
[INFO] [stderr]    Compiling semver v1.0.4
[INFO] [stderr]    Compiling memchr v2.4.1
[INFO] [stderr]    Compiling rayon-core v1.9.1
[INFO] [stderr]     Checking regex-automata v0.1.10
[INFO] [stderr]     Checking plotters-backend v0.3.2
[INFO] [stderr]     Checking unicode-width v0.1.9
[INFO] [stderr]     Checking same-file v1.0.6
[INFO] [stderr]     Checking half v1.8.0
[INFO] [stderr]     Checking regex-syntax v0.6.25
[INFO] [stderr]     Checking oorandom v11.1.3
[INFO] [stderr]    Compiling num-traits v0.2.14
[INFO] [stderr]    Compiling rayon v1.5.1
[INFO] [stderr]     Checking itertools v0.10.1
[INFO] [stderr]     Checking memoffset v0.6.4
[INFO] [stderr]     Checking crossbeam-channel v0.5.1
[INFO] [stderr]     Checking getrandom v0.1.16
[INFO] [stderr]    Compiling bigbang_derive v0.1.0
[INFO] [stderr]     Checking serde_json v1.0.68
[INFO] [stderr]     Checking crossbeam-epoch v0.9.5
[INFO] [stderr]     Checking textwrap v0.11.0
[INFO] [stderr]     Checking plotters-svg v0.3.1
[INFO] [stderr]     Checking rand_core v0.5.1
[INFO] [stderr]     Checking walkdir v2.3.2
[INFO] [stderr]     Checking clap v2.33.3
[INFO] [stderr]     Checking serde_cbor v0.11.2
[INFO] [stderr]     Checking crossbeam-deque v0.8.1
[INFO] [stderr]     Checking rand_chacha v0.2.2
[INFO] [stderr]     Checking tinytemplate v1.2.1
[INFO] [stderr]     Checking bstr v0.2.17
[INFO] [stderr]     Checking csv-core v0.1.10
[INFO] [stderr]     Checking rand v0.7.3
[INFO] [stderr]     Checking csv v1.1.6
[INFO] [stderr]    Compiling rustc_version v0.4.0
[INFO] [stderr]     Checking regex v1.5.4
[INFO] [stderr]    Compiling cast v0.2.7
[INFO] [stderr]     Checking plotters v0.3.1
[INFO] [stderr]     Checking criterion-plot v0.4.4
[INFO] [stderr]     Checking criterion v0.3.5
[INFO] [stderr]     Checking bigbang v0.0.11 (/opt/rustwide/workdir)
[INFO] [stdout] warning: unused import: `Entity`
[INFO] [stdout]  --> tests/correctness.rs:9:48
[INFO] [stdout]   |
[INFO] [stdout] 9 | use bigbang::{collisions::soft_body, AsEntity, Entity, GravTree, Responsive, SimulationResult};
[INFO] [stdout]   |                                                ^^^^^^
[INFO] [stdout]   |
[INFO] [stdout]   = note: `#[warn(unused_imports)]` on by default
[INFO] [stdout] 
[INFO] [stdout] 
[INFO] [stdout] error[E0061]: this function takes 5 arguments but 4 arguments were supplied
[INFO] [stdout]   --> tests/correctness.rs:80:21
[INFO] [stdout]    |
[INFO] [stdout] 80 |     let test_tree = GravTree::new(&vec_that_wants_to_be_a_kdtree, 0.2, 3, 0.2);
[INFO] [stdout]    |                     ^^^^^^^^^^^^^ ------------------------------  ---  -  --- supplied 4 arguments
[INFO] [stdout]    |                     |
[INFO] [stdout]    |                     expected 5 arguments
[INFO] [stdout]    |
[INFO] [stdout] note: associated function defined here
[INFO] [stdout]   --> /opt/rustwide/workdir/src/grav_tree.rs:37:12
[INFO] [stdout]    |
[INFO] [stdout] 37 |     pub fn new(
[INFO] [stdout]    |            ^^^
[INFO] [stdout] 
[INFO] [stdout] 
[INFO] [stdout] error[E0061]: this function takes 5 arguments but 4 arguments were supplied
[INFO] [stdout]   --> benches/theta.rs:83:5
[INFO] [stdout]    |
[INFO] [stdout] 83 |     GravTree::new(&mut data, time_step, max_entities, theta)
[INFO] [stdout]    |     ^^^^^^^^^^^^^ ---------  ---------  ------------  ----- supplied 4 arguments
[INFO] [stdout]    |     |
[INFO] [stdout]    |     expected 5 arguments
[INFO] [stdout]    |
[INFO] [stdout] note: associated function defined here
[INFO] [stdout]   --> /opt/rustwide/workdir/src/grav_tree.rs:37:12
[INFO] [stdout]    |
[INFO] [stdout] 37 |     pub fn new(
[INFO] [stdout]    |            ^^^
[INFO] [stdout] 
[INFO] [stdout] 
[INFO] [stdout] error[E0061]: this function takes 5 arguments but 4 arguments were supplied
[INFO] [stdout]   --> tests/test.rs:81:16
[INFO] [stdout]    |
[INFO] [stdout] 81 |     let tree = GravTree::new(&vec, 0.2, 3, 0.2);
[INFO] [stdout]    |                ^^^^^^^^^^^^^ ----  ---  -  --- supplied 4 arguments
[INFO] [stdout]    |                |
[INFO] [stdout]    |                expected 5 arguments
[INFO] [stdout]    |
[INFO] [stdout] note: associated function defined here
[INFO] [stdout]   --> /opt/rustwide/workdir/src/grav_tree.rs:37:12
[INFO] [stdout]    |
[INFO] [stdout] 37 |     pub fn new(
[INFO] [stdout]    |            ^^^
[INFO] [stdout] 
[INFO] [stdout] 
[INFO] [stdout] error[E0061]: this function takes 5 arguments but 4 arguments were supplied
[INFO] [stdout]   --> benches/theta.rs:92:24
[INFO] [stdout]    |
[INFO] [stdout] 92 |             |mut data| GravTree::new(&mut data, 0.2, 3, 0.2),
[INFO] [stdout]    |                        ^^^^^^^^^^^^^ ---------  ---  -  --- supplied 4 arguments
[INFO] [stdout]    |                        |
[INFO] [stdout]    |                        expected 5 arguments
[INFO] [stdout]    |
[INFO] [stdout] note: associated function defined here
[INFO] [stdout]   --> /opt/rustwide/workdir/src/grav_tree.rs:37:12
[INFO] [stdout]    |
[INFO] [stdout] 37 |     pub fn new(
[INFO] [stdout]    |            ^^^
[INFO] [stdout] 
[INFO] [stdout] 
[INFO] [stdout] error[E0061]: this function takes 5 arguments but 4 arguments were supplied
[INFO] [stdout]   --> benches/theta.rs:99:24
[INFO] [stdout]    |
[INFO] [stdout] 99 |             |mut data| GravTree::new(&mut data, 0.2, 3, 0.2),
[INFO] [stdout]    |                        ^^^^^^^^^^^^^ ---------  ---  -  --- supplied 4 arguments
[INFO] [stdout]    |                        |
[INFO] [stdout]    |                        expected 5 arguments
[INFO] [stdout]    |
[INFO] [stdout] note: associated function defined here
[INFO] [stdout]   --> /opt/rustwide/workdir/src/grav_tree.rs:37:12
[INFO] [stdout]    |
[INFO] [stdout] 37 |     pub fn new(
[INFO] [stdout]    |            ^^^
[INFO] [stdout] 
[INFO] [stdout] 
[INFO] [stdout] error[E0061]: this function takes 5 arguments but 4 arguments were supplied
[INFO] [stdout]    --> tests/test.rs:101:21
[INFO] [stdout]     |
[INFO] [stdout] 101 |     let test_tree = GravTree::new(&vec_that_wants_to_be_a_kdtree, 0.2, 3, 0.2);
[INFO] [stdout]     |                     ^^^^^^^^^^^^^ ------------------------------  ---  -  --- supplied 4 arguments
[INFO] [stdout]     |                     |
[INFO] [stdout]     |                     expected 5 arguments
[INFO] [stdout]     |
[INFO] [stdout] note: associated function defined here
[INFO] [stdout]    --> /opt/rustwide/workdir/src/grav_tree.rs:37:12
[INFO] [stdout]     |
[INFO] [stdout] 37  |     pub fn new(
[INFO] [stdout]     |            ^^^
[INFO] [stdout] 
[INFO] [stdout] 
[INFO] [stdout] error[E0061]: this function takes 5 arguments but 4 arguments were supplied
[INFO] [stdout]    --> benches/theta.rs:107:24
[INFO] [stdout]     |
[INFO] [stdout] 107 |             |mut data| GravTree::new(&mut data, 0.2, 3, 0.2),
[INFO] [stdout]     |                        ^^^^^^^^^^^^^ ---------  ---  -  --- supplied 4 arguments
[INFO] [stdout]     |                        |
[INFO] [stdout]     |                        expected 5 arguments
[INFO] [stdout]     |
[INFO] [stdout] note: associated function defined here
[INFO] [stdout]    --> /opt/rustwide/workdir/src/grav_tree.rs:37:12
[INFO] [stdout]     |
[INFO] [stdout] 37  |     pub fn new(
[INFO] [stdout]     |            ^^^
[INFO] [stdout] 
[INFO] [stdout] 
[INFO] [stdout] error: aborting due to 2 previous errors
[INFO] [stdout] 
[INFO] [stdout] 
[INFO] [stdout] For more information about this error, try `rustc --explain E0061`.
[INFO] [stdout] 
[INFO] [stderr] error: could not compile `bigbang` due to 3 previous errors
[INFO] [stdout] error: aborting due to 4 previous errors
[INFO] [stdout] 
[INFO] [stdout] 
[INFO] [stderr] warning: build failed, waiting for other jobs to finish...
[INFO] [stdout] For more information about this error, try `rustc --explain E0061`.
[INFO] [stdout] 
[INFO] [stdout] error[E0061]: this function takes 5 arguments but 4 arguments were supplied
[INFO] [stdout]   --> tests/correctness.rs:96:21
[INFO] [stdout]    |
[INFO] [stdout] 96 |     let test_tree = GravTree::new(&vec_that_wants_to_be_a_kdtree, 0.2, 3, 0.2);
[INFO] [stdout]    |                     ^^^^^^^^^^^^^ ------------------------------  ---  -  --- supplied 4 arguments
[INFO] [stdout]    |                     |
[INFO] [stdout]    |                     expected 5 arguments
[INFO] [stdout]    |
[INFO] [stdout] note: associated function defined here
[INFO] [stdout]   --> /opt/rustwide/workdir/src/grav_tree.rs:37:12
[INFO] [stdout]    |
[INFO] [stdout] 37 |     pub fn new(
[INFO] [stdout]    |            ^^^
[INFO] [stdout] 
[INFO] [stdout] 
[INFO] [stdout] error[E0061]: this function takes 5 arguments but 4 arguments were supplied
[INFO] [stdout]    --> tests/correctness.rs:111:21
[INFO] [stdout]     |
[INFO] [stdout] 111 |     let test_tree = GravTree::new(&vec_that_wants_to_be_a_kdtree, 0.3, 3, 0.2);
[INFO] [stdout]     |                     ^^^^^^^^^^^^^ ------------------------------  ---  -  --- supplied 4 arguments
[INFO] [stdout]     |                     |
[INFO] [stdout]     |                     expected 5 arguments
[INFO] [stdout]     |
[INFO] [stdout] note: associated function defined here
[INFO] [stdout]    --> /opt/rustwide/workdir/src/grav_tree.rs:37:12
[INFO] [stdout]     |
[INFO] [stdout] 37  |     pub fn new(
[INFO] [stdout]     |            ^^^
[INFO] [stdout] 
[INFO] [stdout] 
[INFO] [stdout] error[E0061]: this function takes 5 arguments but 4 arguments were supplied
[INFO] [stdout]    --> tests/correctness.rs:158:21
[INFO] [stdout]     |
[INFO] [stdout] 158 |     let test_tree = GravTree::new(&vec_that_wants_to_be_a_kdtree, 0.2, 3, 0.2);
[INFO] [stdout]     |                     ^^^^^^^^^^^^^ ------------------------------  ---  -  --- supplied 4 arguments
[INFO] [stdout]     |                     |
[INFO] [stdout]     |                     expected 5 arguments
[INFO] [stdout]     |
[INFO] [stdout] note: associated function defined here
[INFO] [stdout]    --> /opt/rustwide/workdir/src/grav_tree.rs:37:12
[INFO] [stdout]     |
[INFO] [stdout] 37  |     pub fn new(
[INFO] [stdout]     |            ^^^
[INFO] [stdout] 
[INFO] [stdout] 
[INFO] [stdout] error[E0061]: this function takes 5 arguments but 4 arguments were supplied
[INFO] [stdout]    --> tests/correctness.rs:180:21
[INFO] [stdout]     |
[INFO] [stdout] 180 |     let test_tree = GravTree::new(&vec_that_wants_to_be_a_kdtree, 0.3, 3, 0.2);
[INFO] [stdout]     |                     ^^^^^^^^^^^^^ ------------------------------  ---  -  --- supplied 4 arguments
[INFO] [stdout]     |                     |
[INFO] [stdout]     |                     expected 5 arguments
[INFO] [stdout]     |
[INFO] [stdout] note: associated function defined here
[INFO] [stdout]    --> /opt/rustwide/workdir/src/grav_tree.rs:37:12
[INFO] [stdout]     |
[INFO] [stdout] 37  |     pub fn new(
[INFO] [stdout]     |            ^^^
[INFO] [stdout] 
[INFO] [stdout] 
[INFO] [stdout] error[E0061]: this function takes 5 arguments but 4 arguments were supplied
[INFO] [stdout]    --> src/node.rs:297:16
[INFO] [stdout]     |
[INFO] [stdout] 297 |     let tree = crate::GravTree::new(&test_vec, 0.2, 3, 0.2);
[INFO] [stdout]     |                ^^^^^^^^^^^^^^^^^^^^ ---------  ---  -  --- supplied 4 arguments
[INFO] [stdout]     |                |
[INFO] [stdout]     |                expected 5 arguments
[INFO] [stdout]     |
[INFO] [stdout] note: associated function defined here
[INFO] [stdout]    --> src/grav_tree.rs:37:12
[INFO] [stdout]     |
[INFO] [stdout] 37  |     pub fn new(
[INFO] [stdout]     |            ^^^
[INFO] [stdout] 38  |         pts: &[T],
[INFO] [stdout]     |         ---------
[INFO] [stdout] 39  |         time_step: f64,
[INFO] [stdout]     |         --------------
[INFO] [stdout] 40  |         max_entities: i32,
[INFO] [stdout]     |         -----------------
[INFO] [stdout] 41  |         theta: f64,
[INFO] [stdout]     |         ----------
[INFO] [stdout] 42  |         calculate_collisions: CalculateCollisions,
[INFO] [stdout]     |         -----------------------------------------
[INFO] [stdout] 
[INFO] [stdout] 
[INFO] [stdout] error: aborting due to 5 previous errors; 1 warning emitted
[INFO] [stdout] 
[INFO] [stdout] 
[INFO] [stdout] For more information about this error, try `rustc --explain E0061`.
[INFO] [stdout] 
[INFO] [stdout] error: aborting due to previous error
[INFO] [stdout] 
[INFO] [stdout] 
[INFO] [stdout] For more information about this error, try `rustc --explain E0061`.
[INFO] [stdout] 
[INFO] [stderr] error: build failed
[INFO] running `Command { std: "docker" "inspect" "f21c5e2b1ecd8409c6f3eb5c1a276a6da2bc917a5033cc2b121fb8aa18f5b4cf", kill_on_drop: false }`
[INFO] running `Command { std: "docker" "rm" "-f" "f21c5e2b1ecd8409c6f3eb5c1a276a6da2bc917a5033cc2b121fb8aa18f5b4cf", kill_on_drop: false }`
[INFO] [stdout] f21c5e2b1ecd8409c6f3eb5c1a276a6da2bc917a5033cc2b121fb8aa18f5b4cf
