[INFO] fetching crate bian-proc 0.2.0...
[INFO] checking bian-proc-0.2.0 against 1.55.0 for beta-1.56-3
[INFO] extracting crate bian-proc 0.2.0 into /workspace/builds/worker-12/source
[INFO] validating manifest of crates.io crate bian-proc 0.2.0 on toolchain 1.55.0
[INFO] running `Command { std: "/workspace/cargo-home/bin/cargo" "+1.55.0" "metadata" "--manifest-path" "Cargo.toml" "--no-deps", kill_on_drop: false }`
[INFO] started tweaking crates.io crate bian-proc 0.2.0
[INFO] finished tweaking crates.io crate bian-proc 0.2.0
[INFO] tweaked toml for crates.io crate bian-proc 0.2.0 written to /workspace/builds/worker-12/source/Cargo.toml
[INFO] running `Command { std: "/workspace/cargo-home/bin/cargo" "+1.55.0" "generate-lockfile" "--manifest-path" "Cargo.toml" "-Zno-index-update", kill_on_drop: false }`
[INFO] [stderr]     Blocking waiting for file lock on package cache
[INFO] running `Command { std: "/workspace/cargo-home/bin/cargo" "+1.55.0" "fetch" "--manifest-path" "Cargo.toml", kill_on_drop: false }`
[INFO] [stderr]     Blocking waiting for file lock on package cache
[INFO] [stderr]     Blocking waiting for file lock on package cache
[INFO] running `Command { std: "docker" "create" "-v" "/var/lib/crater-agent-workspace/builds/worker-12/target:/opt/rustwide/target:rw,Z" "-v" "/var/lib/crater-agent-workspace/builds/worker-12/source:/opt/rustwide/workdir:ro,Z" "-v" "/var/lib/crater-agent-workspace/cargo-home:/opt/rustwide/cargo-home:ro,Z" "-v" "/var/lib/crater-agent-workspace/rustup-home:/opt/rustwide/rustup-home:ro,Z" "-e" "SOURCE_DIR=/opt/rustwide/workdir" "-e" "CARGO_TARGET_DIR=/opt/rustwide/target" "-e" "CARGO_HOME=/opt/rustwide/cargo-home" "-e" "RUSTUP_HOME=/opt/rustwide/rustup-home" "-w" "/opt/rustwide/workdir" "-m" "1610612736" "--user" "0:0" "--network" "none" "ghcr.io/rust-lang/crates-build-env/linux@sha256:a89201d6b5b9fd45c15d5952ece0a0129e7e80cb26ec023fd59cf09bc26f1604" "/opt/rustwide/cargo-home/bin/cargo" "+1.55.0" "metadata" "--no-deps" "--format-version=1", kill_on_drop: false }`
[INFO] [stdout] d14fce717573df6f8089c4137ab1371eab7d0453ad3869aeee24e45c0244bfce
[INFO] running `Command { std: "docker" "start" "-a" "d14fce717573df6f8089c4137ab1371eab7d0453ad3869aeee24e45c0244bfce", kill_on_drop: false }`
[INFO] running `Command { std: "docker" "inspect" "d14fce717573df6f8089c4137ab1371eab7d0453ad3869aeee24e45c0244bfce", kill_on_drop: false }`
[INFO] running `Command { std: "docker" "rm" "-f" "d14fce717573df6f8089c4137ab1371eab7d0453ad3869aeee24e45c0244bfce", kill_on_drop: false }`
[INFO] [stdout] d14fce717573df6f8089c4137ab1371eab7d0453ad3869aeee24e45c0244bfce
[INFO] running `Command { std: "docker" "create" "-v" "/var/lib/crater-agent-workspace/builds/worker-12/target:/opt/rustwide/target:rw,Z" "-v" "/var/lib/crater-agent-workspace/builds/worker-12/source:/opt/rustwide/workdir:ro,Z" "-v" "/var/lib/crater-agent-workspace/cargo-home:/opt/rustwide/cargo-home:ro,Z" "-v" "/var/lib/crater-agent-workspace/rustup-home:/opt/rustwide/rustup-home:ro,Z" "-e" "SOURCE_DIR=/opt/rustwide/workdir" "-e" "CARGO_TARGET_DIR=/opt/rustwide/target" "-e" "CARGO_INCREMENTAL=0" "-e" "RUST_BACKTRACE=full" "-e" "RUSTFLAGS=--cap-lints=warn" "-e" "CARGO_HOME=/opt/rustwide/cargo-home" "-e" "RUSTUP_HOME=/opt/rustwide/rustup-home" "-w" "/opt/rustwide/workdir" "-m" "1610612736" "--user" "0:0" "--network" "none" "ghcr.io/rust-lang/crates-build-env/linux@sha256:a89201d6b5b9fd45c15d5952ece0a0129e7e80cb26ec023fd59cf09bc26f1604" "/opt/rustwide/cargo-home/bin/cargo" "+1.55.0" "check" "--frozen" "--all" "--all-targets" "--message-format=json", kill_on_drop: false }`
[INFO] [stdout] 7073a1f38aad904995d234f90d8a5692b2d2c8edcf0fd6c896d5c4c9474bab53
[INFO] running `Command { std: "docker" "start" "-a" "7073a1f38aad904995d234f90d8a5692b2d2c8edcf0fd6c896d5c4c9474bab53", kill_on_drop: false }`
[INFO] [stderr]     Blocking waiting for file lock on package cache
[INFO] [stderr]    Compiling syn v1.0.80
[INFO] [stderr]     Checking proc-macro2 v1.0.30
[INFO] [stderr]     Checking quote v1.0.10
[INFO] [stderr]     Checking bian-proc v0.2.0 (/opt/rustwide/workdir)
[INFO] [stdout] error[E0432]: unresolved imports `syn::FnArg`, `syn::Pat`
[INFO] [stdout]  --> src/lib.rs:3:30
[INFO] [stdout]   |
[INFO] [stdout] 3 | use syn::{parse_macro_input, FnArg, Pat};
[INFO] [stdout]   |                              ^^^^^  ^^^
[INFO] [stdout]   |                              |      |
[INFO] [stdout]   |                              |      no `Pat` in the root
[INFO] [stdout]   |                              |      help: a similar name exists in the module: `Path`
[INFO] [stdout]   |                              no `FnArg` in the root
[INFO] [stdout] 
[INFO] [stdout] 
[INFO] [stdout] error[E0412]: cannot find type `ItemFn` in crate `syn`
[INFO] [stdout]   --> src/lib.rs:21:54
[INFO] [stdout]    |
[INFO] [stdout] 21 |     let mut api_fn = parse_macro_input!(item as syn::ItemFn);
[INFO] [stdout]    |                                                      ^^^^^^ not found in `syn`
[INFO] [stdout] 
[INFO] [stdout] 
[INFO] [stdout] error[E0432]: unresolved imports `syn::FnArg`, `syn::Pat`
[INFO] [stdout]  --> src/lib.rs:3:30
[INFO] [stdout]   |
[INFO] [stdout] 3 | use syn::{parse_macro_input, FnArg, Pat};
[INFO] [stdout]   |                              ^^^^^  ^^^
[INFO] [stdout]   |                              |      |
[INFO] [stdout]   |                              |      no `Pat` in the root
[INFO] [stdout]   |                              |      help: a similar name exists in the module: `Path`
[INFO] [stdout]   |                              no `FnArg` in the root
[INFO] [stdout] 
[INFO] [stdout] 
[INFO] [stdout] error[E0412]: cannot find type `ItemFn` in crate `syn`
[INFO] [stdout]   --> src/lib.rs:21:54
[INFO] [stdout]    |
[INFO] [stdout] 21 |     let mut api_fn = parse_macro_input!(item as syn::ItemFn);
[INFO] [stdout]    |                                                      ^^^^^^ not found in `syn`
[INFO] [stdout] 
[INFO] [stdout] 
[INFO] [stdout] error: aborting due to 2 previous errors
[INFO] [stdout] 
[INFO] [stdout] 
[INFO] [stdout] Some errors have detailed explanations: E0412, E0432.
[INFO] [stdout] 
[INFO] [stdout] For more information about an error, try `rustc --explain E0412`.
[INFO] [stdout] 
[INFO] [stderr] error: could not compile `bian-proc` due to 3 previous errors
[INFO] [stderr] warning: build failed, waiting for other jobs to finish...
[INFO] [stdout] error: aborting due to 2 previous errors
[INFO] [stdout] 
[INFO] [stdout] 
[INFO] [stdout] Some errors have detailed explanations: E0412, E0432.
[INFO] [stdout] 
[INFO] [stdout] For more information about an error, try `rustc --explain E0412`.
[INFO] [stdout] 
[INFO] [stderr] error: build failed
[INFO] running `Command { std: "docker" "inspect" "7073a1f38aad904995d234f90d8a5692b2d2c8edcf0fd6c896d5c4c9474bab53", kill_on_drop: false }`
[INFO] running `Command { std: "docker" "rm" "-f" "7073a1f38aad904995d234f90d8a5692b2d2c8edcf0fd6c896d5c4c9474bab53", kill_on_drop: false }`
[INFO] [stdout] 7073a1f38aad904995d234f90d8a5692b2d2c8edcf0fd6c896d5c4c9474bab53
