[INFO] fetching crate bevy_webgl2 0.5.2...
[INFO] checking bevy_webgl2-0.5.2 against beta-2021-10-15 for beta-1.56-3
[INFO] extracting crate bevy_webgl2 0.5.2 into /workspace/builds/worker-64/source
[INFO] validating manifest of crates.io crate bevy_webgl2 0.5.2 on toolchain beta-2021-10-15
[INFO] running `Command { std: "/workspace/cargo-home/bin/cargo" "+beta-2021-10-15" "metadata" "--manifest-path" "Cargo.toml" "--no-deps", kill_on_drop: false }`
[INFO] removed /workspace/builds/worker-64/source/.cargo/config.toml
[INFO] started tweaking crates.io crate bevy_webgl2 0.5.2
[INFO] removed 0 missing examples
[INFO] finished tweaking crates.io crate bevy_webgl2 0.5.2
[INFO] tweaked toml for crates.io crate bevy_webgl2 0.5.2 written to /workspace/builds/worker-64/source/Cargo.toml
[INFO] crate crates.io crate bevy_webgl2 0.5.2 already has a lockfile, it will not be regenerated
[INFO] running `Command { std: "/workspace/cargo-home/bin/cargo" "+beta-2021-10-15" "fetch" "--manifest-path" "Cargo.toml", kill_on_drop: false }`
[INFO] [stderr]     Blocking waiting for file lock on package cache
[INFO] [stderr]     Blocking waiting for file lock on package cache
[INFO] [stderr]  Downloading crates ...
[INFO] [stderr]   Downloaded erased-serde v0.3.13
[INFO] [stderr]   Downloaded anymap v0.12.1
[INFO] [stderr]   Downloaded async-executor v1.4.0
[INFO] [stderr]   Downloaded fsevent v2.0.2
[INFO] [stderr]   Downloaded fsevent-sys v3.0.2
[INFO] [stderr]   Downloaded guillotiere v0.6.0
[INFO] [stderr]   Downloaded euclid v0.22.3
[INFO] [stderr]   Downloaded fastrand v1.4.0
[INFO] [stderr]   Downloaded ttf-parser v0.12.0
[INFO] [stderr]   Downloaded ab_glyph v0.2.10
[INFO] [stderr]   Downloaded glyph_brush_layout v0.2.1
[INFO] [stderr]   Downloaded tracing-subscriber v0.2.17
[INFO] [stderr]   Downloaded inotify v0.9.2
[INFO] [stderr]   Downloaded vec-arena v1.1.0
[INFO] [stderr]   Downloaded futures-io v0.3.13
[INFO] [stderr]   Downloaded futures-core v0.3.13
[INFO] [stderr]   Downloaded lock_api v0.4.3
[INFO] [stderr]   Downloaded spirv-std-macros v0.4.0-alpha.4
[INFO] [stderr]   Downloaded spirv-std v0.4.0-alpha.4
[INFO] [stderr]   Downloaded hexasphere v3.2.0
[INFO] [stderr]   Downloaded notify v5.0.0-pre.6
[INFO] [stderr]   Downloaded compile-time-run v0.2.11
[INFO] running `Command { std: "docker" "create" "-v" "/var/lib/crater-agent-workspace/builds/worker-64/target:/opt/rustwide/target:rw,Z" "-v" "/var/lib/crater-agent-workspace/builds/worker-64/source:/opt/rustwide/workdir:ro,Z" "-v" "/var/lib/crater-agent-workspace/cargo-home:/opt/rustwide/cargo-home:ro,Z" "-v" "/var/lib/crater-agent-workspace/rustup-home:/opt/rustwide/rustup-home:ro,Z" "-e" "SOURCE_DIR=/opt/rustwide/workdir" "-e" "CARGO_TARGET_DIR=/opt/rustwide/target" "-e" "CARGO_HOME=/opt/rustwide/cargo-home" "-e" "RUSTUP_HOME=/opt/rustwide/rustup-home" "-w" "/opt/rustwide/workdir" "-m" "1610612736" "--user" "0:0" "--network" "none" "ghcr.io/rust-lang/crates-build-env/linux@sha256:a89201d6b5b9fd45c15d5952ece0a0129e7e80cb26ec023fd59cf09bc26f1604" "/opt/rustwide/cargo-home/bin/cargo" "+beta-2021-10-15" "metadata" "--no-deps" "--format-version=1", kill_on_drop: false }`
[INFO] [stdout] cf0b73074cbe2c23e121b37184e01fbc38d815c8f25ab04794044941cee527d4
[INFO] running `Command { std: "docker" "start" "-a" "cf0b73074cbe2c23e121b37184e01fbc38d815c8f25ab04794044941cee527d4", kill_on_drop: false }`
[INFO] running `Command { std: "docker" "inspect" "cf0b73074cbe2c23e121b37184e01fbc38d815c8f25ab04794044941cee527d4", kill_on_drop: false }`
[INFO] running `Command { std: "docker" "rm" "-f" "cf0b73074cbe2c23e121b37184e01fbc38d815c8f25ab04794044941cee527d4", kill_on_drop: false }`
[INFO] [stdout] cf0b73074cbe2c23e121b37184e01fbc38d815c8f25ab04794044941cee527d4
[INFO] running `Command { std: "docker" "create" "-v" "/var/lib/crater-agent-workspace/builds/worker-64/target:/opt/rustwide/target:rw,Z" "-v" "/var/lib/crater-agent-workspace/builds/worker-64/source:/opt/rustwide/workdir:ro,Z" "-v" "/var/lib/crater-agent-workspace/cargo-home:/opt/rustwide/cargo-home:ro,Z" "-v" "/var/lib/crater-agent-workspace/rustup-home:/opt/rustwide/rustup-home:ro,Z" "-e" "SOURCE_DIR=/opt/rustwide/workdir" "-e" "CARGO_TARGET_DIR=/opt/rustwide/target" "-e" "CARGO_INCREMENTAL=0" "-e" "RUST_BACKTRACE=full" "-e" "RUSTFLAGS=--cap-lints=warn" "-e" "CARGO_HOME=/opt/rustwide/cargo-home" "-e" "RUSTUP_HOME=/opt/rustwide/rustup-home" "-w" "/opt/rustwide/workdir" "-m" "1610612736" "--user" "0:0" "--network" "none" "ghcr.io/rust-lang/crates-build-env/linux@sha256:a89201d6b5b9fd45c15d5952ece0a0129e7e80cb26ec023fd59cf09bc26f1604" "/opt/rustwide/cargo-home/bin/cargo" "+beta-2021-10-15" "check" "--frozen" "--all" "--all-targets" "--message-format=json", kill_on_drop: false }`
[INFO] [stdout] 9d91a1046a77dc783f89c01e2d1b88f22061f841f56e349b9ae1d84e55117266
[INFO] running `Command { std: "docker" "start" "-a" "9d91a1046a77dc783f89c01e2d1b88f22061f841f56e349b9ae1d84e55117266", kill_on_drop: false }`
[INFO] [stderr]    Compiling syn v1.0.65
[INFO] [stderr]    Compiling libc v0.2.93
[INFO] [stderr]    Compiling serde_derive v1.0.125
[INFO] [stderr]    Compiling serde v1.0.125
[INFO] [stderr]     Checking once_cell v1.7.2
[INFO] [stderr]    Compiling getrandom v0.2.2
[INFO] [stderr]    Compiling cfg-if v1.0.0
[INFO] [stderr]     Checking cache-padded v1.1.1
[INFO] [stderr]     Checking futures-io v0.3.13
[INFO] [stderr]     Checking parking v2.0.0
[INFO] [stderr]     Checking waker-fn v1.1.0
[INFO] [stderr]     Checking fastrand v1.4.0
[INFO] [stderr]     Checking event-listener v2.5.1
[INFO] [stderr]     Checking vec-arena v1.1.0
[INFO] [stderr]     Checking async-task v4.0.3
[INFO] [stderr]    Compiling Inflector v0.11.4
[INFO] [stderr]     Checking fixedbitset v0.4.0
[INFO] [stderr]    Compiling serde_json v1.0.64
[INFO] [stderr]     Checking regex-syntax v0.6.23
[INFO] [stderr]     Checking itoa v0.4.7
[INFO] [stderr]     Checking ansi_term v0.12.1
[INFO] [stderr]    Compiling anyhow v1.0.40
[INFO] [stderr]     Checking anymap v0.12.1
[INFO] [stderr]    Compiling bevy-glsl-to-spirv v0.2.1
[INFO] [stderr]    Compiling wasm-bindgen-shared v0.2.69
[INFO] [stderr]     Checking ttf-parser v0.12.0
[INFO] [stderr]    Compiling libm v0.1.4
[INFO] [stderr]    Compiling lazy_static v1.4.0
[INFO] [stderr]    Compiling inflections v1.1.1
[INFO] [stderr]     Checking svg_fmt v0.4.1
[INFO] [stderr]    Compiling bumpalo v3.6.1
[INFO] [stderr]     Checking lazycell v1.3.0
[INFO] [stderr]     Checking xi-unicode v0.3.0
[INFO] [stderr]     Checking rectangle-pack v0.3.0
[INFO] [stderr]    Compiling wasm-bindgen v0.2.69
[INFO] [stderr]    Compiling getrandom v0.1.16
[INFO] [stderr]     Checking instant v0.1.9
[INFO] [stderr]     Checking tracing-core v0.1.17
[INFO] [stderr]    Compiling ahash v0.7.2
[INFO] [stderr]     Checking lock_api v0.4.3
[INFO] [stderr]     Checking fxhash v0.2.1
[INFO] [stderr]     Checking sharded-slab v0.1.1
[INFO] [stderr]    Compiling crossbeam-utils v0.8.3
[INFO] [stderr]    Compiling proc-macro2 v1.0.26
[INFO] [stderr]    Compiling spirv-reflect v0.2.3
[INFO] [stderr]     Checking spirv_headers v1.5.0
[INFO] [stderr]     Checking nom v6.1.2
[INFO] [stderr]     Checking euclid v0.22.3
[INFO] [stderr]     Checking approx v0.4.0
[INFO] [stderr]     Checking num-iter v0.1.42
[INFO] [stderr]     Checking num-rational v0.3.2
[INFO] [stderr]     Checking concurrent-queue v1.2.2
[INFO] [stderr]    Compiling log v0.4.14
[INFO] [stderr]     Checking thread_local v1.1.3
[INFO] [stderr]     Checking futures-lite v1.11.3
[INFO] [stderr]     Checking async-channel v1.6.1
[INFO] [stderr]    Compiling quote v1.0.9
[INFO] [stderr]     Checking tracing-log v0.1.2
[INFO] [stderr]     Checking image v0.23.14
[INFO] [stderr]    Compiling wayland-scanner v0.28.5
[INFO] [stderr]     Checking guillotiere v0.6.0
[INFO] [stderr]     Checking owned_ttf_parser v0.12.0
[INFO] [stderr]     Checking ab_glyph v0.2.10
[INFO] [stderr]     Checking stretch v0.3.2
[INFO] [stderr]     Checking async-executor v1.4.0
[INFO] [stderr]     Checking crossbeam-channel v0.5.0
[INFO] [stderr]     Checking glyph_brush_layout v0.2.1
[INFO] [stderr]     Checking num_cpus v1.13.0
[INFO] [stderr]     Checking chrono v0.4.19
[INFO] [stderr]     Checking inotify-sys v0.1.5
[INFO] [stderr]     Checking filetime v0.2.14
[INFO] [stderr]     Checking mio v0.7.11
[INFO] [stderr]     Checking nix v0.20.0
[INFO] [stderr]     Checking xcursor v0.3.3
[INFO] [stderr]     Checking iovec v0.1.4
[INFO] [stderr]     Checking nix v0.18.0
[INFO] [stderr]     Checking net2 v0.2.37
[INFO] [stderr]     Checking memmap2 v0.1.0
[INFO] [stderr]     Checking x11-dl v2.18.5
[INFO] [stderr]     Checking raw-window-handle v0.3.3
[INFO] [stderr]     Checking regex-automata v0.1.9
[INFO] [stderr]     Checking regex v1.4.5
[INFO] [stderr]    Compiling wasm-bindgen-backend v0.2.69
[INFO] [stderr]     Checking inotify v0.9.2
[INFO] [stderr]     Checking mio v0.6.23
[INFO] [stderr]     Checking rand_core v0.6.2
[INFO] [stderr]    Compiling wayland-client v0.28.5
[INFO] [stderr]    Compiling wayland-protocols v0.28.5
[INFO] [stderr]     Checking bevy_tasks v0.5.0
[INFO] [stderr]     Checking notify v5.0.0-pre.6
[INFO] [stderr]     Checking rand_chacha v0.3.0
[INFO] [stderr]     Checking rand v0.8.3
[INFO] [stderr]     Checking matchers v0.0.1
[INFO] [stderr]     Checking mio-extras v2.0.6
[INFO] [stderr]    Compiling wasm-bindgen-macro-support v0.2.69
[INFO] [stderr]    Compiling tracing-attributes v0.1.15
[INFO] [stderr]    Compiling thiserror-impl v1.0.24
[INFO] [stderr]    Compiling gltf-derive v0.15.2
[INFO] [stderr]    Compiling compile-time-run v0.2.11
[INFO] [stderr]    Compiling wasm-bindgen-macro v0.2.69
[INFO] [stderr]     Checking calloop v0.6.5
[INFO] [stderr]     Checking thiserror v1.0.24
[INFO] [stderr]     Checking tracing v0.1.25
[INFO] [stderr]     Checking js-sys v0.3.46
[INFO] [stderr]     Checking web-sys v0.3.46
[INFO] [stderr]    Compiling toml v0.5.8
[INFO] [stderr]    Compiling uuid v0.8.2
[INFO] [stderr]     Checking smallvec v1.6.1
[INFO] [stderr]     Checking glam v0.13.1
[INFO] [stderr]     Checking erased-serde v0.3.13
[INFO] [stderr]     Checking tracing-serde v0.1.2
[INFO] [stderr]     Checking ron v0.6.4
[INFO] [stderr]     Checking parking_lot_core v0.8.3
[INFO] [stderr]     Checking wayland-commons v0.28.5
[INFO] [stderr]     Checking bevy_utils v0.5.0
[INFO] [stderr]     Checking parking_lot v0.11.1
[INFO] [stderr]    Compiling find-crate v0.6.3
[INFO] [stderr]     Checking tracing-subscriber v0.2.17
[INFO] [stderr]     Checking gltf-json v0.15.2
[INFO] [stderr]    Compiling bevy_reflect_derive v0.5.0
[INFO] [stderr]    Compiling bevy_ecs_macros v0.5.0
[INFO] [stderr]    Compiling bevy_derive v0.5.0
[INFO] [stderr]     Checking hexasphere v3.2.0
[INFO] [stderr]     Checking wayland-cursor v0.28.5
[INFO] [stderr]     Checking bevy_reflect v0.5.0
[INFO] [stderr]     Checking gltf v0.15.2
[INFO] [stderr]     Checking bevy_ecs v0.5.0
[INFO] [stderr]     Checking bevy_math v0.5.0
[INFO] [stderr]     Checking bevy_app v0.5.0
[INFO] [stderr]     Checking bevy_log v0.5.0
[INFO] [stderr]     Checking bevy_core v0.5.0
[INFO] [stderr]     Checking bevy_window v0.5.0
[INFO] [stderr]     Checking bevy_transform v0.5.0
[INFO] [stderr]     Checking bevy_input v0.5.0
[INFO] [stderr]     Checking bevy_diagnostic v0.5.0
[INFO] [stderr]     Checking bevy_asset v0.5.0
[INFO] [stderr]     Checking bevy_render v0.5.0
[INFO] [stderr]     Checking bevy_scene v0.5.0
[INFO] [stderr]     Checking bevy_sprite v0.5.0
[INFO] [stderr]     Checking bevy_pbr v0.5.0
[INFO] [stderr]     Checking smithay-client-toolkit v0.12.3
[INFO] [stderr]     Checking bevy_gltf v0.5.0
[INFO] [stderr]     Checking bevy_text v0.5.0
[INFO] [stderr]     Checking bevy_ui v0.5.0
[INFO] [stderr]     Checking winit v0.24.0
[INFO] [stderr]     Checking bevy_winit v0.5.0
[INFO] [stderr]     Checking bevy_internal v0.5.0
[INFO] [stderr]     Checking bevy v0.5.0
[INFO] [stderr]     Checking bevy_webgl2 v0.5.2 (/opt/rustwide/workdir)
[INFO] [stdout] error[E0432]: unresolved import `winit::platform::web`
[INFO] [stdout]   --> src/renderer/webgl2_render_resource_context.rs:88:30
[INFO] [stdout]    |
[INFO] [stdout] 88 |         use winit::platform::web::WindowExtWebSys;
[INFO] [stdout]    |                              ^^^ could not find `web` in `platform`
[INFO] [stdout] 
[INFO] [stdout] 
[INFO] [stdout] error[E0432]: unresolved import `winit::platform::web`
[INFO] [stdout]   --> src/renderer/webgl2_render_resource_context.rs:88:30
[INFO] [stdout]    |
[INFO] [stdout] 88 |         use winit::platform::web::WindowExtWebSys;
[INFO] [stdout]    |                              ^^^ could not find `web` in `platform`
[INFO] [stdout] 
[INFO] [stdout] 
[INFO] [stdout] error[E0599]: no method named `canvas` found for reference `&winit::window::Window` in the current scope
[INFO] [stdout]   --> src/renderer/webgl2_render_resource_context.rs:98:14
[INFO] [stdout]    |
[INFO] [stdout] 98 |             .canvas()
[INFO] [stdout]    |              ^^^^^^ method not found in `&winit::window::Window`
[INFO] [stdout] 
[INFO] [stdout] 
[INFO] [stdout] warning: unused import: `wasm_bindgen::JsCast`
[INFO] [stdout]   --> src/renderer/webgl2_render_resource_context.rs:87:13
[INFO] [stdout]    |
[INFO] [stdout] 87 |         use wasm_bindgen::JsCast;
[INFO] [stdout]    |             ^^^^^^^^^^^^^^^^^^^^
[INFO] [stdout]    |
[INFO] [stdout]    = note: `#[warn(unused_imports)]` on by default
[INFO] [stdout] 
[INFO] [stdout] 
[INFO] [stdout] error: aborting due to 2 previous errors; 1 warning emitted
[INFO] [stdout] 
[INFO] [stdout] 
[INFO] [stdout] Some errors have detailed explanations: E0432, E0599.
[INFO] [stdout] 
[INFO] [stdout] For more information about an error, try `rustc --explain E0432`.
[INFO] [stdout] 
[INFO] [stdout] error[E0599]: no method named `canvas` found for reference `&winit::window::Window` in the current scope
[INFO] [stdout]   --> src/renderer/webgl2_render_resource_context.rs:98:14
[INFO] [stdout]    |
[INFO] [stdout] 98 |             .canvas()
[INFO] [stdout]    |              ^^^^^^ method not found in `&winit::window::Window`
[INFO] [stdout] 
[INFO] [stdout] 
[INFO] [stderr] error: could not compile `bevy_webgl2` due to 3 previous errors; 1 warning emitted
[INFO] [stderr] warning: build failed, waiting for other jobs to finish...
[INFO] [stdout] warning: unused import: `wasm_bindgen::JsCast`
[INFO] [stdout]   --> src/renderer/webgl2_render_resource_context.rs:87:13
[INFO] [stdout]    |
[INFO] [stdout] 87 |         use wasm_bindgen::JsCast;
[INFO] [stdout]    |             ^^^^^^^^^^^^^^^^^^^^
[INFO] [stdout]    |
[INFO] [stdout]    = note: `#[warn(unused_imports)]` on by default
[INFO] [stdout] 
[INFO] [stdout] 
[INFO] [stdout] error: aborting due to 2 previous errors; 1 warning emitted
[INFO] [stdout] 
[INFO] [stdout] 
[INFO] [stdout] Some errors have detailed explanations: E0432, E0599.
[INFO] [stdout] 
[INFO] [stdout] For more information about an error, try `rustc --explain E0432`.
[INFO] [stdout] 
[INFO] [stderr] error: build failed
[INFO] running `Command { std: "docker" "inspect" "9d91a1046a77dc783f89c01e2d1b88f22061f841f56e349b9ae1d84e55117266", kill_on_drop: false }`
[INFO] running `Command { std: "docker" "rm" "-f" "9d91a1046a77dc783f89c01e2d1b88f22061f841f56e349b9ae1d84e55117266", kill_on_drop: false }`
[INFO] [stdout] 9d91a1046a77dc783f89c01e2d1b88f22061f841f56e349b9ae1d84e55117266
