[INFO] fetching crate bevy_screen_diags 0.2.0...
[INFO] checking bevy_screen_diags-0.2.0 against 1.55.0 for beta-1.56-3
[INFO] extracting crate bevy_screen_diags 0.2.0 into /workspace/builds/worker-92/source
[INFO] validating manifest of crates.io crate bevy_screen_diags 0.2.0 on toolchain 1.55.0
[INFO] running `Command { std: "/workspace/cargo-home/bin/cargo" "+1.55.0" "metadata" "--manifest-path" "Cargo.toml" "--no-deps", kill_on_drop: false }`
[INFO] started tweaking crates.io crate bevy_screen_diags 0.2.0
[INFO] finished tweaking crates.io crate bevy_screen_diags 0.2.0
[INFO] tweaked toml for crates.io crate bevy_screen_diags 0.2.0 written to /workspace/builds/worker-92/source/Cargo.toml
[INFO] crate crates.io crate bevy_screen_diags 0.2.0 already has a lockfile, it will not be regenerated
[INFO] running `Command { std: "/workspace/cargo-home/bin/cargo" "+1.55.0" "fetch" "--manifest-path" "Cargo.toml", kill_on_drop: false }`
[INFO] [stderr]     Blocking waiting for file lock on package cache
[INFO] [stderr]     Blocking waiting for file lock on package cache
[INFO] [stderr]  Downloading crates ...
[INFO] [stderr]   Downloaded thiserror v1.0.23
[INFO] [stderr]   Downloaded crossbeam-utils v0.8.1
[INFO] [stderr]   Downloaded thiserror-impl v1.0.23
[INFO] [stderr]   Downloaded const_fn v0.4.5
[INFO] [stderr]   Downloaded time v0.2.25
[INFO] [stderr]   Downloaded tar v0.4.32
[INFO] [stderr]   Downloaded standback v0.2.14
[INFO] [stderr]   Downloaded spirv-std v0.4.0-alpha.5
[INFO] [stderr]   Downloaded bytemuck v1.5.0
[INFO] [stderr]   Downloaded shaderc v0.7.1
[INFO] [stderr]   Downloaded shaderc-sys v0.7.1
[INFO] [stderr]   Downloaded ab_glyph v0.2.8
[INFO] [stderr]   Downloaded owned_ttf_parser v0.10.0
[INFO] [stderr]   Downloaded ttf-parser v0.10.1
[INFO] [stderr]   Downloaded spirv-std-macros v0.4.0-alpha.5
[INFO] [stderr]   Downloaded notify v5.0.0-pre.5
[INFO] [stderr]   Downloaded bumpalo v3.5.0
[INFO] running `Command { std: "docker" "create" "-v" "/var/lib/crater-agent-workspace/builds/worker-92/target:/opt/rustwide/target:rw,Z" "-v" "/var/lib/crater-agent-workspace/builds/worker-92/source:/opt/rustwide/workdir:ro,Z" "-v" "/var/lib/crater-agent-workspace/cargo-home:/opt/rustwide/cargo-home:ro,Z" "-v" "/var/lib/crater-agent-workspace/rustup-home:/opt/rustwide/rustup-home:ro,Z" "-e" "SOURCE_DIR=/opt/rustwide/workdir" "-e" "CARGO_TARGET_DIR=/opt/rustwide/target" "-e" "CARGO_HOME=/opt/rustwide/cargo-home" "-e" "RUSTUP_HOME=/opt/rustwide/rustup-home" "-w" "/opt/rustwide/workdir" "-m" "1610612736" "--user" "0:0" "--network" "none" "ghcr.io/rust-lang/crates-build-env/linux@sha256:a89201d6b5b9fd45c15d5952ece0a0129e7e80cb26ec023fd59cf09bc26f1604" "/opt/rustwide/cargo-home/bin/cargo" "+1.55.0" "metadata" "--no-deps" "--format-version=1", kill_on_drop: false }`
[INFO] [stdout] 9bbcc57f402e3812e132d73653b2cd778ec40ab363bb783a57255763751ee4ff
[INFO] running `Command { std: "docker" "start" "-a" "9bbcc57f402e3812e132d73653b2cd778ec40ab363bb783a57255763751ee4ff", kill_on_drop: false }`
[INFO] running `Command { std: "docker" "inspect" "9bbcc57f402e3812e132d73653b2cd778ec40ab363bb783a57255763751ee4ff", kill_on_drop: false }`
[INFO] running `Command { std: "docker" "rm" "-f" "9bbcc57f402e3812e132d73653b2cd778ec40ab363bb783a57255763751ee4ff", kill_on_drop: false }`
[INFO] [stdout] 9bbcc57f402e3812e132d73653b2cd778ec40ab363bb783a57255763751ee4ff
[INFO] running `Command { std: "docker" "create" "-v" "/var/lib/crater-agent-workspace/builds/worker-92/target:/opt/rustwide/target:rw,Z" "-v" "/var/lib/crater-agent-workspace/builds/worker-92/source:/opt/rustwide/workdir:ro,Z" "-v" "/var/lib/crater-agent-workspace/cargo-home:/opt/rustwide/cargo-home:ro,Z" "-v" "/var/lib/crater-agent-workspace/rustup-home:/opt/rustwide/rustup-home:ro,Z" "-e" "SOURCE_DIR=/opt/rustwide/workdir" "-e" "CARGO_TARGET_DIR=/opt/rustwide/target" "-e" "CARGO_INCREMENTAL=0" "-e" "RUST_BACKTRACE=full" "-e" "RUSTFLAGS=--cap-lints=warn" "-e" "CARGO_HOME=/opt/rustwide/cargo-home" "-e" "RUSTUP_HOME=/opt/rustwide/rustup-home" "-w" "/opt/rustwide/workdir" "-m" "1610612736" "--user" "0:0" "--network" "none" "ghcr.io/rust-lang/crates-build-env/linux@sha256:a89201d6b5b9fd45c15d5952ece0a0129e7e80cb26ec023fd59cf09bc26f1604" "/opt/rustwide/cargo-home/bin/cargo" "+1.55.0" "check" "--frozen" "--all" "--all-targets" "--message-format=json", kill_on_drop: false }`
[INFO] [stdout] 11b67ae50cb7dab179ca39cb57b0f309e9ae7584ce7596fabc5c8b2b7e912ba7
[INFO] running `Command { std: "docker" "start" "-a" "11b67ae50cb7dab179ca39cb57b0f309e9ae7584ce7596fabc5c8b2b7e912ba7", kill_on_drop: false }`
[INFO] [stderr]    Compiling libc v0.2.84
[INFO] [stderr]     Checking byteorder v1.4.2
[INFO] [stderr]    Compiling getrandom v0.2.2
[INFO] [stderr]     Checking once_cell v1.5.2
[INFO] [stderr]     Checking futures-core v0.3.12
[INFO] [stderr]     Checking fastrand v1.4.0
[INFO] [stderr]     Checking futures-io v0.3.12
[INFO] [stderr]     Checking vec-arena v1.0.0
[INFO] [stderr]    Compiling serde_json v1.0.61
[INFO] [stderr]     Checking itoa v0.4.7
[INFO] [stderr]     Checking regex-syntax v0.6.22
[INFO] [stderr]    Compiling anyhow v1.0.38
[INFO] [stderr]     Checking anymap v0.12.1
[INFO] [stderr]     Checking scoped_threadpool v0.1.9
[INFO] [stderr]     Checking bytemuck v1.5.0
[INFO] [stderr]     Checking hex v0.4.2
[INFO] [stderr]    Compiling nix v0.15.0
[INFO] [stderr]     Checking ttf-parser v0.10.1
[INFO] [stderr]    Compiling nix v0.18.0
[INFO] [stderr]    Compiling libm v0.1.4
[INFO] [stderr]     Checking ab_glyph_rasterizer v0.1.4
[INFO] [stderr]    Compiling cpal v0.13.1
[INFO] [stderr]     Checking svg_fmt v0.4.1
[INFO] [stderr]    Compiling inflections v1.1.1
[INFO] [stderr]     Checking xi-unicode v0.3.0
[INFO] [stderr]     Checking rectangle-pack v0.3.0
[INFO] [stderr]     Checking instant v0.1.9
[INFO] [stderr]     Checking tracing-core v0.1.17
[INFO] [stderr]    Compiling ahash v0.7.2
[INFO] [stderr]    Compiling crossbeam-utils v0.8.1
[INFO] [stderr]     Checking sharded-slab v0.1.1
[INFO] [stderr]    Compiling indexmap v1.6.2
[INFO] [stderr]     Checking hashbrown v0.9.1
[INFO] [stderr]     Checking walkdir v2.3.1
[INFO] [stderr]    Compiling bevy-glsl-to-spirv v0.2.1
[INFO] [stderr]    Compiling alsa-sys v0.3.1
[INFO] [stderr]    Compiling libudev-sys v0.1.4
[INFO] [stderr]    Compiling x11-dl v2.18.5
[INFO] [stderr]     Checking libloading v0.7.0
[INFO] [stderr]    Compiling num-iter v0.1.42
[INFO] [stderr]    Compiling wgpu-core v0.7.1
[INFO] [stderr]    Compiling quote v1.0.8
[INFO] [stderr]     Checking num-traits v0.2.14
[INFO] [stderr]     Checking gpu-alloc-types v0.2.0
[INFO] [stderr]     Checking gpu-descriptor-types v0.1.1
[INFO] [stderr]     Checking wgpu-types v0.7.0
[INFO] [stderr]     Checking async-channel v1.5.1
[INFO] [stderr]     Checking thread_local v1.1.2
[INFO] [stderr]     Checking futures-lite v1.11.3
[INFO] [stderr]     Checking fxhash v0.2.1
[INFO] [stderr]     Checking deflate v0.8.6
[INFO] [stderr]    Compiling syn v1.0.65
[INFO] [stderr]     Checking tracing-log v0.1.1
[INFO] [stderr]     Checking png v0.16.8
[INFO] [stderr]     Checking async-executor v1.4.0
[INFO] [stderr]     Checking num-integer v0.1.44
[INFO] [stderr]     Checking spirv_headers v1.5.0
[INFO] [stderr]     Checking euclid v0.22.1
[INFO] [stderr]     Checking approx v0.4.0
[INFO] [stderr]     Checking stretch v0.3.2
[INFO] [stderr]    Compiling jobserver v0.1.21
[INFO] [stderr]     Checking petgraph v0.5.1
[INFO] [stderr]     Checking regex-automata v0.1.9
[INFO] [stderr]     Checking regex v1.4.3
[INFO] [stderr]     Checking owned_ttf_parser v0.10.0
[INFO] [stderr]     Checking num_cpus v1.13.0
[INFO] [stderr]     Checking time v0.1.43
[INFO] [stderr]     Checking inotify-sys v0.1.5
[INFO] [stderr]     Checking filetime v0.2.14
[INFO] [stderr]     Checking mio v0.7.7
[INFO] [stderr]     Checking raw-window-handle v0.3.3
[INFO] [stderr]     Checking net2 v0.2.37
[INFO] [stderr]     Checking iovec v0.1.4
[INFO] [stderr]     Checking khronos-egl v3.0.2
[INFO] [stderr]     Checking slice-deque v0.3.0
[INFO] [stderr]     Checking crossbeam-channel v0.5.0
[INFO] [stderr]     Checking inotify v0.9.2
[INFO] [stderr]     Checking rand_core v0.6.2
[INFO] [stderr]     Checking num-rational v0.3.2
[INFO] [stderr]     Checking chrono v0.4.19
[INFO] [stderr]    Compiling cc v1.0.66
[INFO] [stderr]     Checking guillotiere v0.6.0
[INFO] [stderr]     Checking ab_glyph v0.2.8
[INFO] [stderr]     Checking mio v0.6.23
[INFO] [stderr]     Checking bevy_tasks v0.5.0
[INFO] [stderr]     Checking rand_chacha v0.3.0
[INFO] [stderr]     Checking notify v5.0.0-pre.5
[INFO] [stderr]     Checking glyph_brush_layout v0.2.1
[INFO] [stderr]     Checking matchers v0.0.1
[INFO] [stderr]     Checking image v0.23.12
[INFO] [stderr]     Checking rand v0.8.3
[INFO] [stderr]     Checking mio-extras v2.0.6
[INFO] [stderr]    Compiling spirv-reflect v0.2.3
[INFO] [stderr]    Compiling spirv_cross v0.23.1
[INFO] [stderr]    Compiling minimp3-sys v0.3.2
[INFO] [stderr]    Compiling serde_derive v1.0.123
[INFO] [stderr]    Compiling thiserror-impl v1.0.23
[INFO] [stderr]    Compiling tracing-attributes v0.1.11
[INFO] [stderr]    Compiling gltf-derive v0.15.2
[INFO] [stderr]     Checking alsa v0.4.3
[INFO] [stderr] error: could not compile `nix`
[INFO] [stderr] 
[INFO] [stderr] Caused by:
[INFO] [stderr]   process didn't exit successfully: `rustc --crate-name nix --edition=2018 /opt/rustwide/cargo-home/registry/src/github.com-1ecc6299db9ec823/nix-0.18.0/src/lib.rs --error-format=json --json=diagnostic-rendered-ansi --crate-type lib --emit=dep-info,metadata -C embed-bitcode=no -C debuginfo=2 -C metadata=4c5b3642b7856f47 -C extra-filename=-4c5b3642b7856f47 --out-dir /opt/rustwide/target/debug/deps -L dependency=/opt/rustwide/target/debug/deps --extern bitflags=/opt/rustwide/target/debug/deps/libbitflags-22dcd12d8ed9385b.rmeta --extern cfg_if=/opt/rustwide/target/debug/deps/libcfg_if-70f8c0bf8d13201f.rmeta --extern libc=/opt/rustwide/target/debug/deps/liblibc-cdb5f25787101e29.rmeta --cap-lints allow --cap-lints=warn` (signal: 9, SIGKILL: kill)
[INFO] [stderr] warning: build failed, waiting for other jobs to finish...
[INFO] [stderr] The following warnings were emitted during compilation:
[INFO] [stderr] 
[INFO] [stderr] warning: src/wrapper.cpp:2: warning: ignoring #pragma warning  [-Wunknown-pragmas]
[INFO] [stderr] warning:     2 | #pragma warning(disable : 4996 4101)
[INFO] [stderr] warning:       | 
[INFO] [stderr] warning: c++: fatal error: Killed signal terminated program cc1plus
[INFO] [stderr] warning: compilation terminated.
[INFO] [stderr] warning: c++: fatal error: Killed signal terminated program cc1plus
[INFO] [stderr] warning: compilation terminated.
[INFO] [stderr] warning: c++: fatal error: Killed signal terminated program cc1plus
[INFO] [stderr] warning: compilation terminated.
[INFO] [stderr] 
[INFO] [stderr] error: build failed
[INFO] running `Command { std: "docker" "inspect" "11b67ae50cb7dab179ca39cb57b0f309e9ae7584ce7596fabc5c8b2b7e912ba7", kill_on_drop: false }`
[INFO] running `Command { std: "docker" "rm" "-f" "11b67ae50cb7dab179ca39cb57b0f309e9ae7584ce7596fabc5c8b2b7e912ba7", kill_on_drop: false }`
[INFO] [stdout] 11b67ae50cb7dab179ca39cb57b0f309e9ae7584ce7596fabc5c8b2b7e912ba7
