[INFO] fetching crate better-web-view 0.6.0...
[INFO] checking better-web-view-0.6.0 against beta-2021-10-15 for beta-1.56-3
[INFO] extracting crate better-web-view 0.6.0 into /workspace/builds/worker-110/source
[INFO] validating manifest of crates.io crate better-web-view 0.6.0 on toolchain beta-2021-10-15
[INFO] running `Command { std: "/workspace/cargo-home/bin/cargo" "+beta-2021-10-15" "metadata" "--manifest-path" "Cargo.toml" "--no-deps", kill_on_drop: false }`
[INFO] started tweaking crates.io crate better-web-view 0.6.0
[INFO] finished tweaking crates.io crate better-web-view 0.6.0
[INFO] tweaked toml for crates.io crate better-web-view 0.6.0 written to /workspace/builds/worker-110/source/Cargo.toml
[INFO] running `Command { std: "/workspace/cargo-home/bin/cargo" "+beta-2021-10-15" "generate-lockfile" "--manifest-path" "Cargo.toml" "-Zno-index-update", kill_on_drop: false }`
[INFO] [stderr]     Blocking waiting for file lock on package cache
[INFO] running `Command { std: "/workspace/cargo-home/bin/cargo" "+beta-2021-10-15" "fetch" "--manifest-path" "Cargo.toml", kill_on_drop: false }`
[INFO] [stderr]     Blocking waiting for file lock on package cache
[INFO] running `Command { std: "docker" "create" "-v" "/var/lib/crater-agent-workspace/builds/worker-110/target:/opt/rustwide/target:rw,Z" "-v" "/var/lib/crater-agent-workspace/builds/worker-110/source:/opt/rustwide/workdir:ro,Z" "-v" "/var/lib/crater-agent-workspace/cargo-home:/opt/rustwide/cargo-home:ro,Z" "-v" "/var/lib/crater-agent-workspace/rustup-home:/opt/rustwide/rustup-home:ro,Z" "-e" "SOURCE_DIR=/opt/rustwide/workdir" "-e" "CARGO_TARGET_DIR=/opt/rustwide/target" "-e" "CARGO_HOME=/opt/rustwide/cargo-home" "-e" "RUSTUP_HOME=/opt/rustwide/rustup-home" "-w" "/opt/rustwide/workdir" "-m" "1610612736" "--user" "0:0" "--network" "none" "ghcr.io/rust-lang/crates-build-env/linux@sha256:a89201d6b5b9fd45c15d5952ece0a0129e7e80cb26ec023fd59cf09bc26f1604" "/opt/rustwide/cargo-home/bin/cargo" "+beta-2021-10-15" "metadata" "--no-deps" "--format-version=1", kill_on_drop: false }`
[INFO] [stdout] 5c3fdd81bd84a7c45043900b12073a498e9f79ad81c2895f07c1b6682ace2427
[INFO] running `Command { std: "docker" "start" "-a" "5c3fdd81bd84a7c45043900b12073a498e9f79ad81c2895f07c1b6682ace2427", kill_on_drop: false }`
[INFO] running `Command { std: "docker" "inspect" "5c3fdd81bd84a7c45043900b12073a498e9f79ad81c2895f07c1b6682ace2427", kill_on_drop: false }`
[INFO] running `Command { std: "docker" "rm" "-f" "5c3fdd81bd84a7c45043900b12073a498e9f79ad81c2895f07c1b6682ace2427", kill_on_drop: false }`
[INFO] [stdout] 5c3fdd81bd84a7c45043900b12073a498e9f79ad81c2895f07c1b6682ace2427
[INFO] running `Command { std: "docker" "create" "-v" "/var/lib/crater-agent-workspace/builds/worker-110/target:/opt/rustwide/target:rw,Z" "-v" "/var/lib/crater-agent-workspace/builds/worker-110/source:/opt/rustwide/workdir:ro,Z" "-v" "/var/lib/crater-agent-workspace/cargo-home:/opt/rustwide/cargo-home:ro,Z" "-v" "/var/lib/crater-agent-workspace/rustup-home:/opt/rustwide/rustup-home:ro,Z" "-e" "SOURCE_DIR=/opt/rustwide/workdir" "-e" "CARGO_TARGET_DIR=/opt/rustwide/target" "-e" "CARGO_INCREMENTAL=0" "-e" "RUST_BACKTRACE=full" "-e" "RUSTFLAGS=--cap-lints=warn" "-e" "CARGO_HOME=/opt/rustwide/cargo-home" "-e" "RUSTUP_HOME=/opt/rustwide/rustup-home" "-w" "/opt/rustwide/workdir" "-m" "1610612736" "--user" "0:0" "--network" "none" "ghcr.io/rust-lang/crates-build-env/linux@sha256:a89201d6b5b9fd45c15d5952ece0a0129e7e80cb26ec023fd59cf09bc26f1604" "/opt/rustwide/cargo-home/bin/cargo" "+beta-2021-10-15" "check" "--frozen" "--all" "--all-targets" "--message-format=json", kill_on_drop: false }`
[INFO] [stdout] 984ec7bd41865784374d4b71ddab9254b6655d93f6fddfbb40095594961560dc
[INFO] running `Command { std: "docker" "start" "-a" "984ec7bd41865784374d4b71ddab9254b6655d93f6fddfbb40095594961560dc", kill_on_drop: false }`
[INFO] [stderr]    Compiling proc-macro2 v1.0.30
[INFO] [stderr]    Compiling unicode-xid v0.2.2
[INFO] [stderr]    Compiling syn v1.0.80
[INFO] [stderr]    Compiling serde_derive v1.0.130
[INFO] [stderr]    Compiling pkg-config v0.3.20
[INFO] [stderr]    Compiling cc v1.0.71
[INFO] [stderr]    Compiling serde v1.0.130
[INFO] [stderr]    Compiling serde_json v1.0.68
[INFO] [stderr]     Checking bitflags v1.3.2
[INFO] [stderr]     Checking itoa v0.4.8
[INFO] [stderr]     Checking boxfnonce v0.1.1
[INFO] [stderr]     Checking urlencoding v1.3.3
[INFO] [stderr]    Compiling quote v1.0.10
[INFO] [stderr]    Compiling webview-sys v0.1.4
[INFO] [stderr]     Checking better-web-view v0.6.0 (/opt/rustwide/workdir)
[INFO] [stdout] warning: trait objects without an explicit `dyn` are deprecated
[INFO] [stdout]   --> src/error.rs:28:16
[INFO] [stdout]    |
[INFO] [stdout] 28 |     Custom(Box<CustomError>),
[INFO] [stdout]    |                ^^^^^^^^^^^ help: use `dyn`: `dyn CustomError`
[INFO] [stdout]    |
[INFO] [stdout]    = note: `#[warn(bare_trait_objects)]` on by default
[INFO] [stdout]    = warning: this is accepted in the current edition (Rust 2018) but is a hard error in Rust 2021!
[INFO] [stdout]    = note: for more information, see <https://doc.rust-lang.org/nightly/edition-guide/rust-2021/warnings-promoted-to-error.html>
[INFO] [stdout] 
[INFO] [stdout] 
[INFO] [stdout] warning: trait objects without an explicit `dyn` are deprecated
[INFO] [stdout]   --> src/error.rs:39:32
[INFO] [stdout]    |
[INFO] [stdout] 39 |     fn cause(&self) -> Option<&error::Error> {
[INFO] [stdout]    |                                ^^^^^^^^^^^^ help: use `dyn`: `dyn error::Error`
[INFO] [stdout]    |
[INFO] [stdout]    = warning: this is accepted in the current edition (Rust 2018) but is a hard error in Rust 2021!
[INFO] [stdout]    = note: for more information, see <https://doc.rust-lang.org/nightly/edition-guide/rust-2021/warnings-promoted-to-error.html>
[INFO] [stdout] 
[INFO] [stdout] 
[INFO] [stdout] warning: trait objects without an explicit `dyn` are deprecated
[INFO] [stdout]    --> src/lib.rs:241:25
[INFO] [stdout]     |
[INFO] [stdout] 241 |     invoke_handler: Box<FnMut(&mut WebView<T>, &str) -> WVResult + 'a>,
[INFO] [stdout]     |                         ^^^^^^^^^^^^^^^^^^^^^^^^^^^^^^^^^^^^^^^^^^^^^ help: use `dyn`: `dyn FnMut(&mut WebView<T>, &str) -> WVResult + 'a`
[INFO] [stdout]     |
[INFO] [stdout]     = warning: this is accepted in the current edition (Rust 2018) but is a hard error in Rust 2021!
[INFO] [stdout]     = note: for more information, see <https://doc.rust-lang.org/nightly/edition-guide/rust-2021/warnings-promoted-to-error.html>
[INFO] [stdout] 
[INFO] [stdout] 
[INFO] [stdout] warning: trait objects without an explicit `dyn` are deprecated
[INFO] [stdout]   --> src/error.rs:28:16
[INFO] [stdout]    |
[INFO] [stdout] 28 |     Custom(Box<CustomError>),
[INFO] [stdout]    |                ^^^^^^^^^^^ help: use `dyn`: `dyn CustomError`
[INFO] [stdout]    |
[INFO] [stdout]    = note: `#[warn(bare_trait_objects)]` on by default
[INFO] [stdout]    = warning: this is accepted in the current edition (Rust 2018) but is a hard error in Rust 2021!
[INFO] [stdout]    = note: for more information, see <https://doc.rust-lang.org/nightly/edition-guide/rust-2021/warnings-promoted-to-error.html>
[INFO] [stdout] 
[INFO] [stdout] 
[INFO] [stdout] warning: trait objects without an explicit `dyn` are deprecated
[INFO] [stdout]   --> src/error.rs:39:32
[INFO] [stdout]    |
[INFO] [stdout] 39 |     fn cause(&self) -> Option<&error::Error> {
[INFO] [stdout]    |                                ^^^^^^^^^^^^ help: use `dyn`: `dyn error::Error`
[INFO] [stdout]    |
[INFO] [stdout]    = warning: this is accepted in the current edition (Rust 2018) but is a hard error in Rust 2021!
[INFO] [stdout]    = note: for more information, see <https://doc.rust-lang.org/nightly/edition-guide/rust-2021/warnings-promoted-to-error.html>
[INFO] [stdout] 
[INFO] [stdout] 
[INFO] [stdout] warning: trait objects without an explicit `dyn` are deprecated
[INFO] [stdout]    --> src/lib.rs:241:25
[INFO] [stdout]     |
[INFO] [stdout] 241 |     invoke_handler: Box<FnMut(&mut WebView<T>, &str) -> WVResult + 'a>,
[INFO] [stdout]     |                         ^^^^^^^^^^^^^^^^^^^^^^^^^^^^^^^^^^^^^^^^^^^^^ help: use `dyn`: `dyn FnMut(&mut WebView<T>, &str) -> WVResult + 'a`
[INFO] [stdout]     |
[INFO] [stdout]     = warning: this is accepted in the current edition (Rust 2018) but is a hard error in Rust 2021!
[INFO] [stdout]     = note: for more information, see <https://doc.rust-lang.org/nightly/edition-guide/rust-2021/warnings-promoted-to-error.html>
[INFO] [stdout] 
[INFO] [stdout] 
[INFO] [stdout] error[E0308]: mismatched types
[INFO] [stdout]    --> src/lib.rs:287:22
[INFO] [stdout]     |
[INFO] [stdout] 287 |                 Some(ffi_invoke_handler::<T>),
[INFO] [stdout]     |                      ^^^^^^^^^^^^^^^^^^^^^^^ expected "C" fn, found "system" fn
[INFO] [stdout]     |
[INFO] [stdout]     = note: expected fn pointer `extern "C" fn(_, _)`
[INFO] [stdout]                   found fn item `extern "system" fn(_, _) {ffi_invoke_handler::<T>}`
[INFO] [stdout] 
[INFO] [stdout] 
[INFO] [stdout] error[E0605]: non-primitive cast: `extern "system" fn(*mut ffi::CWebView, *mut std::ffi::c_void) {ffi_dispatch_handler::<T>}` as `extern "C" fn(*mut ffi::CWebView, *mut std::ffi::c_void)`
[INFO] [stdout]    --> src/lib.rs:502:22
[INFO] [stdout]     |
[INFO] [stdout] 502 |                 Some(ffi_dispatch_handler::<T> as _),
[INFO] [stdout]     |                      ^^^^^^^^^^^^^^^^^^^^^^^^^^^^^^ invalid cast
[INFO] [stdout] 
[INFO] [stdout] 
[INFO] [stderr] error: could not compile `better-web-view` due to 3 previous errors; 3 warnings emitted
[INFO] [stdout] error: aborting due to 2 previous errors; 3 warnings emitted
[INFO] [stdout] 
[INFO] [stdout] 
[INFO] [stderr] warning: build failed, waiting for other jobs to finish...
[INFO] [stdout] Some errors have detailed explanations: E0308, E0605.
[INFO] [stdout] 
[INFO] [stdout] For more information about an error, try `rustc --explain E0308`.
[INFO] [stdout] 
[INFO] [stdout] error[E0308]: mismatched types
[INFO] [stdout]    --> src/lib.rs:287:22
[INFO] [stdout]     |
[INFO] [stdout] 287 |                 Some(ffi_invoke_handler::<T>),
[INFO] [stdout]     |                      ^^^^^^^^^^^^^^^^^^^^^^^ expected "C" fn, found "system" fn
[INFO] [stdout]     |
[INFO] [stdout]     = note: expected fn pointer `extern "C" fn(_, _)`
[INFO] [stdout]                   found fn item `extern "system" fn(_, _) {ffi_invoke_handler::<T>}`
[INFO] [stdout] 
[INFO] [stdout] 
[INFO] [stdout] error[E0605]: non-primitive cast: `extern "system" fn(*mut ffi::CWebView, *mut std::ffi::c_void) {ffi_dispatch_handler::<T>}` as `extern "C" fn(*mut ffi::CWebView, *mut std::ffi::c_void)`
[INFO] [stdout]    --> src/lib.rs:502:22
[INFO] [stdout]     |
[INFO] [stdout] 502 |                 Some(ffi_dispatch_handler::<T> as _),
[INFO] [stdout]     |                      ^^^^^^^^^^^^^^^^^^^^^^^^^^^^^^ invalid cast
[INFO] [stdout] 
[INFO] [stdout] 
[INFO] [stdout] error: aborting due to 2 previous errors; 3 warnings emitted
[INFO] [stdout] 
[INFO] [stdout] 
[INFO] [stdout] Some errors have detailed explanations: E0308, E0605.
[INFO] [stdout] 
[INFO] [stdout] For more information about an error, try `rustc --explain E0308`.
[INFO] [stdout] 
[INFO] [stderr] error: build failed
[INFO] running `Command { std: "docker" "inspect" "984ec7bd41865784374d4b71ddab9254b6655d93f6fddfbb40095594961560dc", kill_on_drop: false }`
[INFO] running `Command { std: "docker" "rm" "-f" "984ec7bd41865784374d4b71ddab9254b6655d93f6fddfbb40095594961560dc", kill_on_drop: false }`
[INFO] [stdout] 984ec7bd41865784374d4b71ddab9254b6655d93f6fddfbb40095594961560dc
