[INFO] fetching crate bern-test 0.1.0...
[INFO] checking bern-test-0.1.0 against beta-2021-10-15 for beta-1.56-3
[INFO] extracting crate bern-test 0.1.0 into /workspace/builds/worker-39/source
[INFO] validating manifest of crates.io crate bern-test 0.1.0 on toolchain beta-2021-10-15
[INFO] running `Command { std: "/workspace/cargo-home/bin/cargo" "+beta-2021-10-15" "metadata" "--manifest-path" "Cargo.toml" "--no-deps", kill_on_drop: false }`
[INFO] started tweaking crates.io crate bern-test 0.1.0
[INFO] finished tweaking crates.io crate bern-test 0.1.0
[INFO] tweaked toml for crates.io crate bern-test 0.1.0 written to /workspace/builds/worker-39/source/Cargo.toml
[INFO] running `Command { std: "/workspace/cargo-home/bin/cargo" "+beta-2021-10-15" "generate-lockfile" "--manifest-path" "Cargo.toml" "-Zno-index-update", kill_on_drop: false }`
[INFO] [stderr]     Blocking waiting for file lock on package cache
[INFO] running `Command { std: "/workspace/cargo-home/bin/cargo" "+beta-2021-10-15" "fetch" "--manifest-path" "Cargo.toml", kill_on_drop: false }`
[INFO] [stderr]     Blocking waiting for file lock on package cache
[INFO] [stderr]     Blocking waiting for file lock on package cache
[INFO] [stderr]  Downloading crates ...
[INFO] [stderr]   Downloaded ufmt-write v0.1.0
[INFO] [stderr]   Downloaded rtt-target v0.3.1
[INFO] [stderr]   Downloaded bern-test-macros v0.1.0
[INFO] running `Command { std: "docker" "create" "-v" "/var/lib/crater-agent-workspace/builds/worker-39/target:/opt/rustwide/target:rw,Z" "-v" "/var/lib/crater-agent-workspace/builds/worker-39/source:/opt/rustwide/workdir:ro,Z" "-v" "/var/lib/crater-agent-workspace/cargo-home:/opt/rustwide/cargo-home:ro,Z" "-v" "/var/lib/crater-agent-workspace/rustup-home:/opt/rustwide/rustup-home:ro,Z" "-e" "SOURCE_DIR=/opt/rustwide/workdir" "-e" "CARGO_TARGET_DIR=/opt/rustwide/target" "-e" "CARGO_HOME=/opt/rustwide/cargo-home" "-e" "RUSTUP_HOME=/opt/rustwide/rustup-home" "-w" "/opt/rustwide/workdir" "-m" "1610612736" "--user" "0:0" "--network" "none" "ghcr.io/rust-lang/crates-build-env/linux@sha256:a89201d6b5b9fd45c15d5952ece0a0129e7e80cb26ec023fd59cf09bc26f1604" "/opt/rustwide/cargo-home/bin/cargo" "+beta-2021-10-15" "metadata" "--no-deps" "--format-version=1", kill_on_drop: false }`
[INFO] [stdout] 4328b5e7524ac2374ec7cc9b01d881f8b3ec129ca7e7a6e0289d968f01fb9fce
[INFO] running `Command { std: "docker" "start" "-a" "4328b5e7524ac2374ec7cc9b01d881f8b3ec129ca7e7a6e0289d968f01fb9fce", kill_on_drop: false }`
[INFO] running `Command { std: "docker" "inspect" "4328b5e7524ac2374ec7cc9b01d881f8b3ec129ca7e7a6e0289d968f01fb9fce", kill_on_drop: false }`
[INFO] running `Command { std: "docker" "rm" "-f" "4328b5e7524ac2374ec7cc9b01d881f8b3ec129ca7e7a6e0289d968f01fb9fce", kill_on_drop: false }`
[INFO] [stdout] 4328b5e7524ac2374ec7cc9b01d881f8b3ec129ca7e7a6e0289d968f01fb9fce
[INFO] running `Command { std: "docker" "create" "-v" "/var/lib/crater-agent-workspace/builds/worker-39/target:/opt/rustwide/target:rw,Z" "-v" "/var/lib/crater-agent-workspace/builds/worker-39/source:/opt/rustwide/workdir:ro,Z" "-v" "/var/lib/crater-agent-workspace/cargo-home:/opt/rustwide/cargo-home:ro,Z" "-v" "/var/lib/crater-agent-workspace/rustup-home:/opt/rustwide/rustup-home:ro,Z" "-e" "SOURCE_DIR=/opt/rustwide/workdir" "-e" "CARGO_TARGET_DIR=/opt/rustwide/target" "-e" "CARGO_INCREMENTAL=0" "-e" "RUST_BACKTRACE=full" "-e" "RUSTFLAGS=--cap-lints=warn" "-e" "CARGO_HOME=/opt/rustwide/cargo-home" "-e" "RUSTUP_HOME=/opt/rustwide/rustup-home" "-w" "/opt/rustwide/workdir" "-m" "1610612736" "--user" "0:0" "--network" "none" "ghcr.io/rust-lang/crates-build-env/linux@sha256:a89201d6b5b9fd45c15d5952ece0a0129e7e80cb26ec023fd59cf09bc26f1604" "/opt/rustwide/cargo-home/bin/cargo" "+beta-2021-10-15" "check" "--frozen" "--all" "--all-targets" "--message-format=json", kill_on_drop: false }`
[INFO] [stdout] 816070fea3e64e17db75e9518efef95130eb455b9c718737e313da385cd8dde8
[INFO] running `Command { std: "docker" "start" "-a" "816070fea3e64e17db75e9518efef95130eb455b9c718737e313da385cd8dde8", kill_on_drop: false }`
[INFO] [stderr]     Blocking waiting for file lock on package cache
[INFO] [stderr]    Compiling syn v1.0.80
[INFO] [stderr]     Checking nb v1.0.0
[INFO] [stderr]    Compiling bern-test-macros v0.1.0
[INFO] [stderr]     Checking bern-test v0.1.0 (/opt/rustwide/workdir)
[INFO] [stdout] error[E0512]: cannot transmute between types of different sizes, or dependently-sized types
[INFO] [stdout]   --> src/serial.rs:70:18
[INFO] [stdout]    |
[INFO] [stdout] 70 |             TX = mem::transmute(&write);
[INFO] [stdout]    |                  ^^^^^^^^^^^^^^
[INFO] [stdout]    |
[INFO] [stdout]    = note: source type: `&F` (64 bits)
[INFO] [stdout]    = note: target type: `[u8; 4]` (32 bits)
[INFO] [stdout] 
[INFO] [stdout] 
[INFO] [stdout] error[E0512]: cannot transmute between types of different sizes, or dependently-sized types
[INFO] [stdout]   --> src/serial.rs:85:18
[INFO] [stdout]    |
[INFO] [stdout] 85 |             RX = mem::transmute(&read);
[INFO] [stdout]    |                  ^^^^^^^^^^^^^^
[INFO] [stdout]    |
[INFO] [stdout]    = note: source type: `&F` (64 bits)
[INFO] [stdout]    = note: target type: `[u8; 4]` (32 bits)
[INFO] [stdout] 
[INFO] [stdout] 
[INFO] [stdout] error[E0512]: cannot transmute between types of different sizes, or dependently-sized types
[INFO] [stdout]   --> src/serial.rs:70:18
[INFO] [stdout]    |
[INFO] [stdout] 70 |             TX = mem::transmute(&write);
[INFO] [stdout]    |                  ^^^^^^^^^^^^^^
[INFO] [stdout]    |
[INFO] [stdout]    = note: source type: `&F` (64 bits)
[INFO] [stdout]    = note: target type: `[u8; 4]` (32 bits)
[INFO] [stdout] 
[INFO] [stdout] 
[INFO] [stdout] error[E0512]: cannot transmute between types of different sizes, or dependently-sized types
[INFO] [stdout]   --> src/serial.rs:85:18
[INFO] [stdout]    |
[INFO] [stdout] 85 |             RX = mem::transmute(&read);
[INFO] [stdout]    |                  ^^^^^^^^^^^^^^
[INFO] [stdout]    |
[INFO] [stdout]    = note: source type: `&F` (64 bits)
[INFO] [stdout]    = note: target type: `[u8; 4]` (32 bits)
[INFO] [stdout] 
[INFO] [stdout] 
[INFO] [stdout] error: aborting due to 2 previous errors
[INFO] [stdout] 
[INFO] [stdout] 
[INFO] [stdout] For more information about this error, try `rustc --explain E0512`.
[INFO] [stdout] 
[INFO] [stderr] error: could not compile `bern-test` due to 3 previous errors
[INFO] [stderr] warning: build failed, waiting for other jobs to finish...
[INFO] [stdout] error: aborting due to 2 previous errors
[INFO] [stdout] 
[INFO] [stdout] 
[INFO] [stdout] For more information about this error, try `rustc --explain E0512`.
[INFO] [stdout] 
[INFO] [stderr] error: build failed
[INFO] running `Command { std: "docker" "inspect" "816070fea3e64e17db75e9518efef95130eb455b9c718737e313da385cd8dde8", kill_on_drop: false }`
[INFO] running `Command { std: "docker" "rm" "-f" "816070fea3e64e17db75e9518efef95130eb455b9c718737e313da385cd8dde8", kill_on_drop: false }`
[INFO] [stdout] 816070fea3e64e17db75e9518efef95130eb455b9c718737e313da385cd8dde8
