[INFO] fetching crate beep-proto 0.0.2...
[INFO] checking beep-proto-0.0.2 against 1.55.0 for beta-1.56-3
[INFO] extracting crate beep-proto 0.0.2 into /workspace/builds/worker-61/source
[INFO] validating manifest of crates.io crate beep-proto 0.0.2 on toolchain 1.55.0
[INFO] running `Command { std: "/workspace/cargo-home/bin/cargo" "+1.55.0" "metadata" "--manifest-path" "Cargo.toml" "--no-deps", kill_on_drop: false }`
[INFO] started tweaking crates.io crate beep-proto 0.0.2
[INFO] finished tweaking crates.io crate beep-proto 0.0.2
[INFO] tweaked toml for crates.io crate beep-proto 0.0.2 written to /workspace/builds/worker-61/source/Cargo.toml
[INFO] running `Command { std: "/workspace/cargo-home/bin/cargo" "+1.55.0" "generate-lockfile" "--manifest-path" "Cargo.toml" "-Zno-index-update", kill_on_drop: false }`
[INFO] [stderr]     Blocking waiting for file lock on package cache
[INFO] running `Command { std: "/workspace/cargo-home/bin/cargo" "+1.55.0" "fetch" "--manifest-path" "Cargo.toml", kill_on_drop: false }`
[INFO] [stderr]     Blocking waiting for file lock on package cache
[INFO] [stderr]     Blocking waiting for file lock on package cache
[INFO] [stderr]  Downloading crates ...
[INFO] [stderr]   Downloaded cmake v0.1.46
[INFO] running `Command { std: "docker" "create" "-v" "/var/lib/crater-agent-workspace/builds/worker-61/target:/opt/rustwide/target:rw,Z" "-v" "/var/lib/crater-agent-workspace/builds/worker-61/source:/opt/rustwide/workdir:ro,Z" "-v" "/var/lib/crater-agent-workspace/cargo-home:/opt/rustwide/cargo-home:ro,Z" "-v" "/var/lib/crater-agent-workspace/rustup-home:/opt/rustwide/rustup-home:ro,Z" "-e" "SOURCE_DIR=/opt/rustwide/workdir" "-e" "CARGO_TARGET_DIR=/opt/rustwide/target" "-e" "CARGO_HOME=/opt/rustwide/cargo-home" "-e" "RUSTUP_HOME=/opt/rustwide/rustup-home" "-w" "/opt/rustwide/workdir" "-m" "1610612736" "--user" "0:0" "--network" "none" "ghcr.io/rust-lang/crates-build-env/linux@sha256:a89201d6b5b9fd45c15d5952ece0a0129e7e80cb26ec023fd59cf09bc26f1604" "/opt/rustwide/cargo-home/bin/cargo" "+1.55.0" "metadata" "--no-deps" "--format-version=1", kill_on_drop: false }`
[INFO] [stdout] 3b4deb096f657a6b7c6d270c962f744be333e43804fb1bc522975925be6f2b31
[INFO] running `Command { std: "docker" "start" "-a" "3b4deb096f657a6b7c6d270c962f744be333e43804fb1bc522975925be6f2b31", kill_on_drop: false }`
[INFO] running `Command { std: "docker" "inspect" "3b4deb096f657a6b7c6d270c962f744be333e43804fb1bc522975925be6f2b31", kill_on_drop: false }`
[INFO] running `Command { std: "docker" "rm" "-f" "3b4deb096f657a6b7c6d270c962f744be333e43804fb1bc522975925be6f2b31", kill_on_drop: false }`
[INFO] [stdout] 3b4deb096f657a6b7c6d270c962f744be333e43804fb1bc522975925be6f2b31
[INFO] running `Command { std: "docker" "create" "-v" "/var/lib/crater-agent-workspace/builds/worker-61/target:/opt/rustwide/target:rw,Z" "-v" "/var/lib/crater-agent-workspace/builds/worker-61/source:/opt/rustwide/workdir:ro,Z" "-v" "/var/lib/crater-agent-workspace/cargo-home:/opt/rustwide/cargo-home:ro,Z" "-v" "/var/lib/crater-agent-workspace/rustup-home:/opt/rustwide/rustup-home:ro,Z" "-e" "SOURCE_DIR=/opt/rustwide/workdir" "-e" "CARGO_TARGET_DIR=/opt/rustwide/target" "-e" "CARGO_INCREMENTAL=0" "-e" "RUST_BACKTRACE=full" "-e" "RUSTFLAGS=--cap-lints=warn" "-e" "CARGO_HOME=/opt/rustwide/cargo-home" "-e" "RUSTUP_HOME=/opt/rustwide/rustup-home" "-w" "/opt/rustwide/workdir" "-m" "1610612736" "--user" "0:0" "--network" "none" "ghcr.io/rust-lang/crates-build-env/linux@sha256:a89201d6b5b9fd45c15d5952ece0a0129e7e80cb26ec023fd59cf09bc26f1604" "/opt/rustwide/cargo-home/bin/cargo" "+1.55.0" "check" "--frozen" "--all" "--all-targets" "--message-format=json", kill_on_drop: false }`
[INFO] [stdout] 7783fddd3427d0ee78dcabca99e8eadd8cb5ec573b94f76d3ab18f2b86502c59
[INFO] running `Command { std: "docker" "start" "-a" "7783fddd3427d0ee78dcabca99e8eadd8cb5ec573b94f76d3ab18f2b86502c59", kill_on_drop: false }`
[INFO] [stderr]    Compiling openssl v0.10.36
[INFO] [stderr]    Compiling log v0.4.14
[INFO] [stderr]    Compiling cmake v0.1.46
[INFO] [stderr]    Compiling openssl-sys v0.9.67
[INFO] [stderr]     Checking foreign-types v0.3.2
[INFO] [stderr]    Compiling beep-proto v0.0.2 (/opt/rustwide/workdir)
[INFO] [stderr] error: failed to run custom build command for `beep-proto v0.0.2 (/opt/rustwide/workdir)`
[INFO] [stderr] 
[INFO] [stderr] Caused by:
[INFO] [stderr]   process didn't exit successfully: `/opt/rustwide/target/debug/build/beep-proto-86cf1f23f2d2482d/build-script-build` (exit status: 101)
[INFO] [stderr]   --- stdout
[INFO] [stderr]   CMAKE_TOOLCHAIN_FILE_x86_64-unknown-linux-gnu = None
[INFO] [stderr]   CMAKE_TOOLCHAIN_FILE_x86_64_unknown_linux_gnu = None
[INFO] [stderr]   HOST_CMAKE_TOOLCHAIN_FILE = None
[INFO] [stderr]   CMAKE_TOOLCHAIN_FILE = None
[INFO] [stderr]   CMAKE_GENERATOR_x86_64-unknown-linux-gnu = None
[INFO] [stderr]   CMAKE_GENERATOR_x86_64_unknown_linux_gnu = None
[INFO] [stderr]   HOST_CMAKE_GENERATOR = None
[INFO] [stderr]   CMAKE_GENERATOR = None
[INFO] [stderr]   CMAKE_PREFIX_PATH_x86_64-unknown-linux-gnu = None
[INFO] [stderr]   CMAKE_PREFIX_PATH_x86_64_unknown_linux_gnu = None
[INFO] [stderr]   HOST_CMAKE_PREFIX_PATH = None
[INFO] [stderr]   CMAKE_PREFIX_PATH = None
[INFO] [stderr]   CMAKE_x86_64-unknown-linux-gnu = None
[INFO] [stderr]   CMAKE_x86_64_unknown_linux_gnu = None
[INFO] [stderr]   HOST_CMAKE = None
[INFO] [stderr]   CMAKE = None
[INFO] [stderr]   running: "cmake" "/opt/rustwide/workdir/libaxl" "-DCMAKE_INSTALL_PREFIX=/opt/rustwide/target/debug/build/beep-proto-d7aa6c27af0a103b/out" "-DCMAKE_C_FLAGS= -ffunction-sections -fdata-sections -fPIC -m64" "-DCMAKE_C_COMPILER=/usr/bin/cc" "-DCMAKE_CXX_FLAGS= -ffunction-sections -fdata-sections -fPIC -m64" "-DCMAKE_CXX_COMPILER=/usr/bin/c++" "-DCMAKE_ASM_FLAGS= -ffunction-sections -fdata-sections -fPIC -m64" "-DCMAKE_ASM_COMPILER=/usr/bin/cc" "-DCMAKE_BUILD_TYPE=Debug"
[INFO] [stderr]   -- The C compiler identification is GNU 9.3.0
[INFO] [stderr]   -- Check for working C compiler: /usr/bin/cc
[INFO] [stderr]   -- Check for working C compiler: /usr/bin/cc -- works
[INFO] [stderr]   -- Detecting C compiler ABI info
[INFO] [stderr]   -- Detecting C compiler ABI info - done
[INFO] [stderr]   -- Detecting C compile features
[INFO] [stderr]   -- Detecting C compile features - done
[INFO] [stderr]   -- Configuring done
[INFO] [stderr]   -- Generating done
[INFO] [stderr]   -- Build files have been written to: /opt/rustwide/target/debug/build/beep-proto-d7aa6c27af0a103b/out/build
[INFO] [stderr]   running: "cmake" "--build" "." "--target" "install" "--config" "Debug" "--parallel" "128"
[INFO] [stderr]   Scanning dependencies of target axl
[INFO] [stderr]   [  7%] Building C object CMakeFiles/axl.dir/axl_decl.c.o
[INFO] [stderr]   [ 23%] Building C object CMakeFiles/axl.dir/axl_factory.c.o
[INFO] [stderr]   [ 23%] Building C object CMakeFiles/axl.dir/axl.c.o
[INFO] [stderr]   [ 30%] Building C object CMakeFiles/axl.dir/axl_doc.c.o
[INFO] [stderr]   [ 38%] Building C object CMakeFiles/axl.dir/axl_error.c.o
[INFO] [stderr]   [ 46%] Building C object CMakeFiles/axl.dir/axl_stack.c.o
[INFO] [stderr]   [ 53%] Building C object CMakeFiles/axl.dir/axl_node.c.o
[INFO] [stderr]   [ 76%] Building C object CMakeFiles/axl.dir/axl_list.c.o
[INFO] [stderr]   [ 61%] Building C object CMakeFiles/axl.dir/axl_dtd.c.o
[INFO] [stderr]   [ 76%] Building C object CMakeFiles/axl.dir/axl_log.c.o
[INFO] [stderr]   [ 84%] Building C object CMakeFiles/axl.dir/axl_stream.c.o
[INFO] [stderr]   [ 92%] Building C object CMakeFiles/axl.dir/axl_hash.c.o
[INFO] [stderr]   [100%] Linking C static library libaxl.a
[INFO] [stderr]   [100%] Built target axl
[INFO] [stderr]   Install the project...
[INFO] [stderr]   -- Install configuration: "Debug"
[INFO] [stderr]   -- Installing: /opt/rustwide/target/debug/build/beep-proto-d7aa6c27af0a103b/out/./libaxl.a
[INFO] [stderr]   cargo:root=/opt/rustwide/target/debug/build/beep-proto-d7aa6c27af0a103b/out
[INFO] [stderr]   CMAKE_TOOLCHAIN_FILE_x86_64-unknown-linux-gnu = None
[INFO] [stderr]   CMAKE_TOOLCHAIN_FILE_x86_64_unknown_linux_gnu = None
[INFO] [stderr]   HOST_CMAKE_TOOLCHAIN_FILE = None
[INFO] [stderr]   CMAKE_TOOLCHAIN_FILE = None
[INFO] [stderr]   CMAKE_GENERATOR_x86_64-unknown-linux-gnu = None
[INFO] [stderr]   CMAKE_GENERATOR_x86_64_unknown_linux_gnu = None
[INFO] [stderr]   HOST_CMAKE_GENERATOR = None
[INFO] [stderr]   CMAKE_GENERATOR = None
[INFO] [stderr]   detected home dir change, cleaning out entire build directory
[INFO] [stderr]   CMAKE_PREFIX_PATH_x86_64-unknown-linux-gnu = None
[INFO] [stderr]   CMAKE_PREFIX_PATH_x86_64_unknown_linux_gnu = None
[INFO] [stderr]   HOST_CMAKE_PREFIX_PATH = None
[INFO] [stderr]   CMAKE_PREFIX_PATH = None
[INFO] [stderr]   CMAKE_x86_64-unknown-linux-gnu = None
[INFO] [stderr]   CMAKE_x86_64_unknown_linux_gnu = None
[INFO] [stderr]   HOST_CMAKE = None
[INFO] [stderr]   CMAKE = None
[INFO] [stderr]   running: "cmake" "/opt/rustwide/workdir/libvortex" "-DCMAKE_INSTALL_PREFIX=/opt/rustwide/target/debug/build/beep-proto-d7aa6c27af0a103b/out" "-DCMAKE_C_FLAGS= -ffunction-sections -fdata-sections -fPIC -m64" "-DCMAKE_C_COMPILER=/usr/bin/cc" "-DCMAKE_CXX_FLAGS= -ffunction-sections -fdata-sections -fPIC -m64" "-DCMAKE_CXX_COMPILER=/usr/bin/c++" "-DCMAKE_ASM_FLAGS= -ffunction-sections -fdata-sections -fPIC -m64" "-DCMAKE_ASM_COMPILER=/usr/bin/cc" "-DCMAKE_BUILD_TYPE=Debug"
[INFO] [stderr]   -- The C compiler identification is GNU 9.3.0
[INFO] [stderr]   -- Check for working C compiler: /usr/bin/cc
[INFO] [stderr]   -- Check for working C compiler: /usr/bin/cc -- works
[INFO] [stderr]   -- Detecting C compiler ABI info
[INFO] [stderr]   -- Detecting C compiler ABI info - done
[INFO] [stderr]   -- Detecting C compile features
[INFO] [stderr]   -- Detecting C compile features - done
[INFO] [stderr]   -- Configuring done
[INFO] [stderr]   -- Generating done
[INFO] [stderr]   -- Build files have been written to: /opt/rustwide/target/debug/build/beep-proto-d7aa6c27af0a103b/out/build
[INFO] [stderr]   running: "cmake" "--build" "." "--target" "install" "--config" "Debug" "--parallel" "128"
[INFO] [stderr]   Scanning dependencies of target vortex
[INFO] [stderr]   [  4%] Building C object CMakeFiles/vortex.dir/vortex.c.o
[INFO] [stderr]   [ 12%] Building C object CMakeFiles/vortex.dir/vortex_channel.c.o
[INFO] [stderr]   [ 12%] Building C object CMakeFiles/vortex.dir/vortex_ctx.c.o
[INFO] [stderr]   [ 16%] Building C object CMakeFiles/vortex.dir/vortex_channel_pool.c.o
[INFO] [stderr]   [ 20%] Building C object CMakeFiles/vortex.dir/vortex_greetings.c.o
[INFO] [stderr]   [ 25%] Building C object CMakeFiles/vortex.dir/vortex_dtds.c.o
[INFO] [stderr]   [ 33%] Building C object CMakeFiles/vortex.dir/vortex_connection.c.o
[INFO] [stderr]   [ 33%] Building C object CMakeFiles/vortex.dir/vortex_errno.c.o
[INFO] [stderr]   [ 37%] Building C object CMakeFiles/vortex.dir/vortex_frame_factory.c.o
[INFO] [stderr]   [ 41%] Building C object CMakeFiles/vortex.dir/vortex_handlers.c.o
[INFO] [stderr]   [ 50%] Building C object CMakeFiles/vortex.dir/vortex_io.c.o
[INFO] [stderr]   [ 50%] Building C object CMakeFiles/vortex.dir/vortex_payload_feeder.c.o
[INFO] [stderr]   [ 58%] Building C object CMakeFiles/vortex.dir/vortex_hash.c.o
[INFO] [stderr]   [ 58%] Building C object CMakeFiles/vortex.dir/vortex_listener.c.o
[INFO] [stderr]   [ 62%] Building C object CMakeFiles/vortex.dir/vortex_sequencer.c.o
[INFO] [stderr]   [ 66%] Building C object CMakeFiles/vortex.dir/vortex_queue.c.o
[INFO] [stderr]   [ 79%] Building C object CMakeFiles/vortex.dir/vortex_profiles.c.o
[INFO] [stderr]   [ 79%] Building C object CMakeFiles/vortex.dir/vortex_thread.c.o
[INFO] [stderr]   [ 79%] Building C object CMakeFiles/vortex.dir/vortex_reader.c.o
[INFO] [stderr]   [ 83%] Building C object CMakeFiles/vortex.dir/vortex_support.c.o
[INFO] [stderr]   [ 87%] Building C object CMakeFiles/vortex.dir/sasl/vortex_sasl.c.o
[INFO] [stderr]   [ 95%] Building C object CMakeFiles/vortex.dir/tls/vortex_tls.c.o
[INFO] [stderr]   [ 95%] Building C object CMakeFiles/vortex.dir/vortex_thread_pool.c.o
[INFO] [stderr] 
[INFO] [stderr]   --- stderr
[INFO] [stderr]   CMake Warning:
[INFO] [stderr]     Manually-specified variables were not used by the project:
[INFO] [stderr] 
[INFO] [stderr]       CMAKE_ASM_COMPILER
[INFO] [stderr]       CMAKE_ASM_FLAGS
[INFO] [stderr]       CMAKE_CXX_COMPILER
[INFO] [stderr]       CMAKE_CXX_FLAGS
[INFO] [stderr] 
[INFO] [stderr] 
[INFO] [stderr]   make: warning: -j128 forced in submake: resetting jobserver mode.
[INFO] [stderr]   CMake Warning:
[INFO] [stderr]     Manually-specified variables were not used by the project:
[INFO] [stderr] 
[INFO] [stderr]       CMAKE_ASM_COMPILER
[INFO] [stderr]       CMAKE_ASM_FLAGS
[INFO] [stderr]       CMAKE_CXX_COMPILER
[INFO] [stderr]       CMAKE_CXX_FLAGS
[INFO] [stderr] 
[INFO] [stderr] 
[INFO] [stderr]   make: warning: -j128 forced in submake: resetting jobserver mode.
[INFO] [stderr]   /opt/rustwide/workdir/libvortex/sasl/vortex_sasl.c:58:10: fatal error: gsasl.h: No such file or directory
[INFO] [stderr]      58 | #include <gsasl.h>
[INFO] [stderr]         |          ^~~~~~~~~
[INFO] [stderr]   compilation terminated.
[INFO] [stderr]   make[2]: *** [CMakeFiles/vortex.dir/build.make:336: CMakeFiles/vortex.dir/sasl/vortex_sasl.c.o] Error 1
[INFO] [stderr]   make[2]: *** Waiting for unfinished jobs....
[INFO] [stderr]   make[1]: *** [CMakeFiles/Makefile2:76: CMakeFiles/vortex.dir/all] Error 2
[INFO] [stderr]   make: *** [Makefile:130: all] Error 2
[INFO] [stderr]   thread 'main' panicked at '
[INFO] [stderr]   command did not execute successfully, got: exit status: 2
[INFO] [stderr] 
[INFO] [stderr]   build script failed, must exit now', /opt/rustwide/cargo-home/registry/src/github.com-1ecc6299db9ec823/cmake-0.1.46/src/lib.rs:974:5
[INFO] [stderr]   stack backtrace:
[INFO] [stderr]      0:     0x56088f3f0240 - std::backtrace_rs::backtrace::libunwind::trace::ha0ad43e8a952bfe7
[INFO] [stderr]                                  at /rustc/c8dfcfe046a7680554bf4eb612bad840e7631c4b/library/std/src/../../backtrace/src/backtrace/libunwind.rs:90:5
[INFO] [stderr]      1:     0x56088f3f0240 - std::backtrace_rs::backtrace::trace_unsynchronized::h6830419c0c4130dc
[INFO] [stderr]                                  at /rustc/c8dfcfe046a7680554bf4eb612bad840e7631c4b/library/std/src/../../backtrace/src/backtrace/mod.rs:66:5
[INFO] [stderr]      2:     0x56088f3f0240 - std::sys_common::backtrace::_print_fmt::h8f3516631ffa1ef5
[INFO] [stderr]                                  at /rustc/c8dfcfe046a7680554bf4eb612bad840e7631c4b/library/std/src/sys_common/backtrace.rs:67:5
[INFO] [stderr]      3:     0x56088f3f0240 - <std::sys_common::backtrace::_print::DisplayBacktrace as core::fmt::Display>::fmt::he1640d5f0d93f618
[INFO] [stderr]                                  at /rustc/c8dfcfe046a7680554bf4eb612bad840e7631c4b/library/std/src/sys_common/backtrace.rs:46:22
[INFO] [stderr]      4:     0x56088f41005c - core::fmt::write::h88012e1f01caeebf
[INFO] [stderr]                                  at /rustc/c8dfcfe046a7680554bf4eb612bad840e7631c4b/library/core/src/fmt/mod.rs:1115:17
[INFO] [stderr]      5:     0x56088f3ecf05 - std::io::Write::write_fmt::h360fa85b30182555
[INFO] [stderr]                                  at /rustc/c8dfcfe046a7680554bf4eb612bad840e7631c4b/library/std/src/io/mod.rs:1665:15
[INFO] [stderr]      6:     0x56088f3f286b - std::sys_common::backtrace::_print::ha1f00492f406a015
[INFO] [stderr]                                  at /rustc/c8dfcfe046a7680554bf4eb612bad840e7631c4b/library/std/src/sys_common/backtrace.rs:49:5
[INFO] [stderr]      7:     0x56088f3f286b - std::sys_common::backtrace::print::hd54561b13feb6af3
[INFO] [stderr]                                  at /rustc/c8dfcfe046a7680554bf4eb612bad840e7631c4b/library/std/src/sys_common/backtrace.rs:36:9
[INFO] [stderr]      8:     0x56088f3f286b - std::panicking::default_hook::{{closure}}::h84fe124cd0864662
[INFO] [stderr]                                  at /rustc/c8dfcfe046a7680554bf4eb612bad840e7631c4b/library/std/src/panicking.rs:208:50
[INFO] [stderr]      9:     0x56088f3f2341 - std::panicking::default_hook::h5a8e74a76ce290a7
[INFO] [stderr]                                  at /rustc/c8dfcfe046a7680554bf4eb612bad840e7631c4b/library/std/src/panicking.rs:225:9
[INFO] [stderr]     10:     0x56088f3f2f34 - std::panicking::rust_panic_with_hook::h67c812a4fe9d4c91
[INFO] [stderr]                                  at /rustc/c8dfcfe046a7680554bf4eb612bad840e7631c4b/library/std/src/panicking.rs:622:17
[INFO] [stderr]     11:     0x56088f3f2a17 - std::panicking::begin_panic_handler::{{closure}}::h33f9c1b96af300d7
[INFO] [stderr]                                  at /rustc/c8dfcfe046a7680554bf4eb612bad840e7631c4b/library/std/src/panicking.rs:519:13
[INFO] [stderr]     12:     0x56088f3f073c - std::sys_common::backtrace::__rust_end_short_backtrace::h51bae64be5921f0e
[INFO] [stderr]                                  at /rustc/c8dfcfe046a7680554bf4eb612bad840e7631c4b/library/std/src/sys_common/backtrace.rs:141:18
[INFO] [stderr]     13:     0x56088f3f2979 - rust_begin_unwind
[INFO] [stderr]                                  at /rustc/c8dfcfe046a7680554bf4eb612bad840e7631c4b/library/std/src/panicking.rs:515:5
[INFO] [stderr]     14:     0x56088f368bbb - std::panicking::begin_panic_fmt::h7ab3d84aa4ae32a2
[INFO] [stderr]                                  at /rustc/c8dfcfe046a7680554bf4eb612bad840e7631c4b/library/std/src/panicking.rs:457:5
[INFO] [stderr]     15:     0x56088f3735e3 - cmake::fail::h37563b42d1514194
[INFO] [stderr]                                  at /opt/rustwide/cargo-home/registry/src/github.com-1ecc6299db9ec823/cmake-0.1.46/src/lib.rs:974:5
[INFO] [stderr]     16:     0x56088f372ff1 - cmake::run::h2ba85cd35f2f4643
[INFO] [stderr]                                  at /opt/rustwide/cargo-home/registry/src/github.com-1ecc6299db9ec823/cmake-0.1.46/src/lib.rs:952:9
[INFO] [stderr]     17:     0x56088f36fe9b - cmake::Config::build::h3ffb65ac826e8246
[INFO] [stderr]                                  at /opt/rustwide/cargo-home/registry/src/github.com-1ecc6299db9ec823/cmake-0.1.46/src/lib.rs:832:9
[INFO] [stderr]     18:     0x56088f369c7a - cmake::build::h03d618c93def305d
[INFO] [stderr]                                  at /opt/rustwide/cargo-home/registry/src/github.com-1ecc6299db9ec823/cmake-0.1.46/src/lib.rs:105:5
[INFO] [stderr]     19:     0x56088f36a886 - build_script_build::main::hc4d88336646996a9
[INFO] [stderr]                                  at /opt/rustwide/workdir/build.rs:5:18
[INFO] [stderr]     20:     0x56088f36af3b - core::ops::function::FnOnce::call_once::h45eea46df9eebeb9
[INFO] [stderr]                                  at /rustc/c8dfcfe046a7680554bf4eb612bad840e7631c4b/library/core/src/ops/function.rs:227:5
[INFO] [stderr]     21:     0x56088f36a61e - std::sys_common::backtrace::__rust_begin_short_backtrace::h31fac77691827847
[INFO] [stderr]                                  at /rustc/c8dfcfe046a7680554bf4eb612bad840e7631c4b/library/std/src/sys_common/backtrace.rs:125:18
[INFO] [stderr]     22:     0x56088f36ae81 - std::rt::lang_start::{{closure}}::he9db97e412e68740
[INFO] [stderr]                                  at /rustc/c8dfcfe046a7680554bf4eb612bad840e7631c4b/library/std/src/rt.rs:63:18
[INFO] [stderr]     23:     0x56088f3f343a - core::ops::function::impls::<impl core::ops::function::FnOnce<A> for &F>::call_once::ha9408abe89f69dc4
[INFO] [stderr]                                  at /rustc/c8dfcfe046a7680554bf4eb612bad840e7631c4b/library/core/src/ops/function.rs:259:13
[INFO] [stderr]     24:     0x56088f3f343a - std::panicking::try::do_call::h5b0cc9e9102acb65
[INFO] [stderr]                                  at /rustc/c8dfcfe046a7680554bf4eb612bad840e7631c4b/library/std/src/panicking.rs:401:40
[INFO] [stderr]     25:     0x56088f3f343a - std::panicking::try::hddc7f8229138b3ba
[INFO] [stderr]                                  at /rustc/c8dfcfe046a7680554bf4eb612bad840e7631c4b/library/std/src/panicking.rs:365:19
[INFO] [stderr]     26:     0x56088f3f343a - std::panic::catch_unwind::hfa401ff8bab2986e
[INFO] [stderr]                                  at /rustc/c8dfcfe046a7680554bf4eb612bad840e7631c4b/library/std/src/panic.rs:434:14
[INFO] [stderr]     27:     0x56088f3f343a - std::rt::lang_start_internal::{{closure}}::h8163422320d11405
[INFO] [stderr]                                  at /rustc/c8dfcfe046a7680554bf4eb612bad840e7631c4b/library/std/src/rt.rs:45:48
[INFO] [stderr]     28:     0x56088f3f343a - std::panicking::try::do_call::hc742cc7bb4f0fb20
[INFO] [stderr]                                  at /rustc/c8dfcfe046a7680554bf4eb612bad840e7631c4b/library/std/src/panicking.rs:401:40
[INFO] [stderr]     29:     0x56088f3f343a - std::panicking::try::ha37d8d2dd1acf7d3
[INFO] [stderr]                                  at /rustc/c8dfcfe046a7680554bf4eb612bad840e7631c4b/library/std/src/panicking.rs:365:19
[INFO] [stderr]     30:     0x56088f3f343a - std::panic::catch_unwind::h8a5381d5ecf437bc
[INFO] [stderr]                                  at /rustc/c8dfcfe046a7680554bf4eb612bad840e7631c4b/library/std/src/panic.rs:434:14
[INFO] [stderr]     31:     0x56088f3f343a - std::rt::lang_start_internal::h7e2cee8c90d4a4d3
[INFO] [stderr]                                  at /rustc/c8dfcfe046a7680554bf4eb612bad840e7631c4b/library/std/src/rt.rs:45:20
[INFO] [stderr]     32:     0x56088f36ae50 - std::rt::lang_start::hf46f07e17c540637
[INFO] [stderr]                                  at /rustc/c8dfcfe046a7680554bf4eb612bad840e7631c4b/library/std/src/rt.rs:62:5
[INFO] [stderr]     33:     0x56088f36ac3c - main
[INFO] [stderr]     34:     0x7fe7b42550b3 - __libc_start_main
[INFO] [stderr]     35:     0x56088f369a5e - _start
[INFO] [stderr]     36:                0x0 - <unknown>
[INFO] [stderr] warning: build failed, waiting for other jobs to finish...
[INFO] [stderr] error: build failed
[INFO] running `Command { std: "docker" "inspect" "7783fddd3427d0ee78dcabca99e8eadd8cb5ec573b94f76d3ab18f2b86502c59", kill_on_drop: false }`
[INFO] running `Command { std: "docker" "rm" "-f" "7783fddd3427d0ee78dcabca99e8eadd8cb5ec573b94f76d3ab18f2b86502c59", kill_on_drop: false }`
[INFO] [stdout] 7783fddd3427d0ee78dcabca99e8eadd8cb5ec573b94f76d3ab18f2b86502c59
