[INFO] fetching crate base64ct 1.1.1...
[INFO] checking base64ct-1.1.1 against 1.55.0 for beta-1.56-3
[INFO] extracting crate base64ct 1.1.1 into /workspace/builds/worker-119/source
[INFO] validating manifest of crates.io crate base64ct 1.1.1 on toolchain 1.55.0
[INFO] running `Command { std: "/workspace/cargo-home/bin/cargo" "+1.55.0" "metadata" "--manifest-path" "Cargo.toml" "--no-deps", kill_on_drop: false }`
[INFO] started tweaking crates.io crate base64ct 1.1.1
[INFO] finished tweaking crates.io crate base64ct 1.1.1
[INFO] tweaked toml for crates.io crate base64ct 1.1.1 written to /workspace/builds/worker-119/source/Cargo.toml
[INFO] running `Command { std: "/workspace/cargo-home/bin/cargo" "+1.55.0" "generate-lockfile" "--manifest-path" "Cargo.toml" "-Zno-index-update", kill_on_drop: false }`
[INFO] running `Command { std: "/workspace/cargo-home/bin/cargo" "+1.55.0" "fetch" "--manifest-path" "Cargo.toml", kill_on_drop: false }`
[INFO] [stderr]     Blocking waiting for file lock on package cache
[INFO] [stderr]     Blocking waiting for file lock on package cache
[INFO] running `Command { std: "docker" "create" "-v" "/var/lib/crater-agent-workspace/builds/worker-119/target:/opt/rustwide/target:rw,Z" "-v" "/var/lib/crater-agent-workspace/builds/worker-119/source:/opt/rustwide/workdir:ro,Z" "-v" "/var/lib/crater-agent-workspace/cargo-home:/opt/rustwide/cargo-home:ro,Z" "-v" "/var/lib/crater-agent-workspace/rustup-home:/opt/rustwide/rustup-home:ro,Z" "-e" "SOURCE_DIR=/opt/rustwide/workdir" "-e" "CARGO_TARGET_DIR=/opt/rustwide/target" "-e" "CARGO_HOME=/opt/rustwide/cargo-home" "-e" "RUSTUP_HOME=/opt/rustwide/rustup-home" "-w" "/opt/rustwide/workdir" "-m" "1610612736" "--user" "0:0" "--network" "none" "ghcr.io/rust-lang/crates-build-env/linux@sha256:a89201d6b5b9fd45c15d5952ece0a0129e7e80cb26ec023fd59cf09bc26f1604" "/opt/rustwide/cargo-home/bin/cargo" "+1.55.0" "metadata" "--no-deps" "--format-version=1", kill_on_drop: false }`
[INFO] [stdout] 4d2096311da771134d3d63043c15c00d1ce921817fc58155ee1ad9365a3d8f66
[INFO] running `Command { std: "docker" "start" "-a" "4d2096311da771134d3d63043c15c00d1ce921817fc58155ee1ad9365a3d8f66", kill_on_drop: false }`
[INFO] running `Command { std: "docker" "inspect" "4d2096311da771134d3d63043c15c00d1ce921817fc58155ee1ad9365a3d8f66", kill_on_drop: false }`
[INFO] running `Command { std: "docker" "rm" "-f" "4d2096311da771134d3d63043c15c00d1ce921817fc58155ee1ad9365a3d8f66", kill_on_drop: false }`
[INFO] [stdout] 4d2096311da771134d3d63043c15c00d1ce921817fc58155ee1ad9365a3d8f66
[INFO] running `Command { std: "docker" "create" "-v" "/var/lib/crater-agent-workspace/builds/worker-119/target:/opt/rustwide/target:rw,Z" "-v" "/var/lib/crater-agent-workspace/builds/worker-119/source:/opt/rustwide/workdir:ro,Z" "-v" "/var/lib/crater-agent-workspace/cargo-home:/opt/rustwide/cargo-home:ro,Z" "-v" "/var/lib/crater-agent-workspace/rustup-home:/opt/rustwide/rustup-home:ro,Z" "-e" "SOURCE_DIR=/opt/rustwide/workdir" "-e" "CARGO_TARGET_DIR=/opt/rustwide/target" "-e" "CARGO_INCREMENTAL=0" "-e" "RUST_BACKTRACE=full" "-e" "RUSTFLAGS=--cap-lints=warn" "-e" "CARGO_HOME=/opt/rustwide/cargo-home" "-e" "RUSTUP_HOME=/opt/rustwide/rustup-home" "-w" "/opt/rustwide/workdir" "-m" "1610612736" "--user" "0:0" "--network" "none" "ghcr.io/rust-lang/crates-build-env/linux@sha256:a89201d6b5b9fd45c15d5952ece0a0129e7e80cb26ec023fd59cf09bc26f1604" "/opt/rustwide/cargo-home/bin/cargo" "+1.55.0" "check" "--frozen" "--all" "--all-targets" "--message-format=json", kill_on_drop: false }`
[INFO] [stdout] a44e13408f1c791760aba2b088cc656184af694e6015a83edb9372d05e239eb3
[INFO] running `Command { std: "docker" "start" "-a" "a44e13408f1c791760aba2b088cc656184af694e6015a83edb9372d05e239eb3", kill_on_drop: false }`
[INFO] [stderr]     Checking base64ct v1.1.1 (/opt/rustwide/workdir)
[INFO] [stdout] error[E0425]: cannot find function `decode` in crate `base64ct`
[INFO] [stdout]   --> benches/mod.rs:31:29
[INFO] [stdout]    |
[INFO] [stdout] 31 |         let out = base64ct::decode(&b64_data, &mut buf).unwrap();
[INFO] [stdout]    |                             ^^^^^^ not found in `base64ct`
[INFO] [stdout]    |
[INFO] [stdout] help: consider importing this function
[INFO] [stdout]    |
[INFO] [stdout] 3  | use core::num::flt2dec::decode;
[INFO] [stdout]    |
[INFO] [stdout] 
[INFO] [stdout] 
[INFO] [stdout] error[E0425]: cannot find function `decode_in_place` in crate `base64ct`
[INFO] [stdout]   --> benches/mod.rs:43:29
[INFO] [stdout]    |
[INFO] [stdout] 43 |         let out = base64ct::decode_in_place(&mut b64_data);
[INFO] [stdout]    |                             ^^^^^^^^^^^^^^^ not found in `base64ct`
[INFO] [stdout] 
[INFO] [stdout] 
[INFO] [stdout] error[E0425]: cannot find function `encode` in crate `base64ct`
[INFO] [stdout]   --> benches/mod.rs:54:29
[INFO] [stdout]    |
[INFO] [stdout] 54 |         let out = base64ct::encode(&raw_data, &mut buf).unwrap();
[INFO] [stdout]    |                             ^^^^^^ not found in `base64ct`
[INFO] [stdout] 
[INFO] [stdout] 
[INFO] [stdout] error[E0554]: `#![feature]` may not be used on the stable release channel
[INFO] [stdout]  --> benches/mod.rs:1:1
[INFO] [stdout]   |
[INFO] [stdout] 1 | #![feature(test)]
[INFO] [stdout]   | ^^^^^^^^^^^^^^^^^
[INFO] [stdout] 
[INFO] [stdout] 
[INFO] [stdout] error: aborting due to 4 previous errors
[INFO] [stdout] 
[INFO] [stdout] 
[INFO] [stdout] Some errors have detailed explanations: E0425, E0554.
[INFO] [stdout] 
[INFO] [stdout] For more information about an error, try `rustc --explain E0425`.
[INFO] [stdout] 
[INFO] [stderr] error: could not compile `base64ct` due to 5 previous errors
[INFO] [stderr] warning: build failed, waiting for other jobs to finish...
[INFO] [stderr] error: build failed
[INFO] running `Command { std: "docker" "inspect" "a44e13408f1c791760aba2b088cc656184af694e6015a83edb9372d05e239eb3", kill_on_drop: false }`
[INFO] running `Command { std: "docker" "rm" "-f" "a44e13408f1c791760aba2b088cc656184af694e6015a83edb9372d05e239eb3", kill_on_drop: false }`
[INFO] [stdout] a44e13408f1c791760aba2b088cc656184af694e6015a83edb9372d05e239eb3
