[INFO] fetching crate baipiao-bot-rust 0.2.1...
[INFO] checking baipiao-bot-rust-0.2.1 against 1.55.0 for beta-1.56-3
[INFO] extracting crate baipiao-bot-rust 0.2.1 into /workspace/builds/worker-107/source
[INFO] validating manifest of crates.io crate baipiao-bot-rust 0.2.1 on toolchain 1.55.0
[INFO] running `Command { std: "/workspace/cargo-home/bin/cargo" "+1.55.0" "metadata" "--manifest-path" "Cargo.toml" "--no-deps", kill_on_drop: false }`
[INFO] started tweaking crates.io crate baipiao-bot-rust 0.2.1
[INFO] finished tweaking crates.io crate baipiao-bot-rust 0.2.1
[INFO] tweaked toml for crates.io crate baipiao-bot-rust 0.2.1 written to /workspace/builds/worker-107/source/Cargo.toml
[INFO] crate crates.io crate baipiao-bot-rust 0.2.1 already has a lockfile, it will not be regenerated
[INFO] running `Command { std: "/workspace/cargo-home/bin/cargo" "+1.55.0" "fetch" "--manifest-path" "Cargo.toml", kill_on_drop: false }`
[INFO] [stderr]     Blocking waiting for file lock on package cache
[INFO] [stderr]     Blocking waiting for file lock on package cache
[INFO] [stderr]  Downloading crates ...
[INFO] [stderr]   Downloaded wasm-bindgen-shared v0.2.71
[INFO] [stderr]   Downloaded pin-project-lite v0.2.5
[INFO] [stderr]   Downloaded wasm-bindgen-futures v0.4.21
[INFO] [stderr]   Downloaded wasm-bindgen-backend v0.2.71
[INFO] [stderr]   Downloaded security-framework-sys v2.1.1
[INFO] [stderr]   Downloaded wasm-bindgen v0.2.71
[INFO] [stderr]   Downloaded js-sys v0.3.48
[INFO] [stderr]   Downloaded h2 v0.3.1
[INFO] [stderr]   Downloaded security-framework v2.1.1
[INFO] [stderr]   Downloaded arc-swap v1.2.0
[INFO] [stderr]   Downloaded wasm-bindgen-macro-support v0.2.71
[INFO] [stderr]   Downloaded wasm-bindgen-macro v0.2.71
[INFO] [stderr]   Downloaded serde_path_to_error v0.1.4
[INFO] [stderr]   Downloaded web-sys v0.3.48
[INFO] [stderr]   Downloaded libc v0.2.87
[INFO] [stderr]   Downloaded octocrab v0.8.11
[INFO] running `Command { std: "docker" "create" "-v" "/var/lib/crater-agent-workspace/builds/worker-107/target:/opt/rustwide/target:rw,Z" "-v" "/var/lib/crater-agent-workspace/builds/worker-107/source:/opt/rustwide/workdir:ro,Z" "-v" "/var/lib/crater-agent-workspace/cargo-home:/opt/rustwide/cargo-home:ro,Z" "-v" "/var/lib/crater-agent-workspace/rustup-home:/opt/rustwide/rustup-home:ro,Z" "-e" "SOURCE_DIR=/opt/rustwide/workdir" "-e" "CARGO_TARGET_DIR=/opt/rustwide/target" "-e" "CARGO_HOME=/opt/rustwide/cargo-home" "-e" "RUSTUP_HOME=/opt/rustwide/rustup-home" "-w" "/opt/rustwide/workdir" "-m" "1610612736" "--user" "0:0" "--network" "none" "ghcr.io/rust-lang/crates-build-env/linux@sha256:a89201d6b5b9fd45c15d5952ece0a0129e7e80cb26ec023fd59cf09bc26f1604" "/opt/rustwide/cargo-home/bin/cargo" "+1.55.0" "metadata" "--no-deps" "--format-version=1", kill_on_drop: false }`
[INFO] [stdout] ea1b66a8e5bb7d2485c249a7ebba2b4e707d626323d0b8809efb5c22af870c97
[INFO] running `Command { std: "docker" "start" "-a" "ea1b66a8e5bb7d2485c249a7ebba2b4e707d626323d0b8809efb5c22af870c97", kill_on_drop: false }`
[INFO] running `Command { std: "docker" "inspect" "ea1b66a8e5bb7d2485c249a7ebba2b4e707d626323d0b8809efb5c22af870c97", kill_on_drop: false }`
[INFO] running `Command { std: "docker" "rm" "-f" "ea1b66a8e5bb7d2485c249a7ebba2b4e707d626323d0b8809efb5c22af870c97", kill_on_drop: false }`
[INFO] [stdout] ea1b66a8e5bb7d2485c249a7ebba2b4e707d626323d0b8809efb5c22af870c97
[INFO] running `Command { std: "docker" "create" "-v" "/var/lib/crater-agent-workspace/builds/worker-107/target:/opt/rustwide/target:rw,Z" "-v" "/var/lib/crater-agent-workspace/builds/worker-107/source:/opt/rustwide/workdir:ro,Z" "-v" "/var/lib/crater-agent-workspace/cargo-home:/opt/rustwide/cargo-home:ro,Z" "-v" "/var/lib/crater-agent-workspace/rustup-home:/opt/rustwide/rustup-home:ro,Z" "-e" "SOURCE_DIR=/opt/rustwide/workdir" "-e" "CARGO_TARGET_DIR=/opt/rustwide/target" "-e" "CARGO_INCREMENTAL=0" "-e" "RUST_BACKTRACE=full" "-e" "RUSTFLAGS=--cap-lints=warn" "-e" "CARGO_HOME=/opt/rustwide/cargo-home" "-e" "RUSTUP_HOME=/opt/rustwide/rustup-home" "-w" "/opt/rustwide/workdir" "-m" "1610612736" "--user" "0:0" "--network" "none" "ghcr.io/rust-lang/crates-build-env/linux@sha256:a89201d6b5b9fd45c15d5952ece0a0129e7e80cb26ec023fd59cf09bc26f1604" "/opt/rustwide/cargo-home/bin/cargo" "+1.55.0" "check" "--frozen" "--all" "--all-targets" "--message-format=json", kill_on_drop: false }`
[INFO] [stdout] 6f7a4c16db76d86ffcd051a8fecb7544d6442abd0b44c104a28a1c8acecf947a
[INFO] running `Command { std: "docker" "start" "-a" "6f7a4c16db76d86ffcd051a8fecb7544d6442abd0b44c104a28a1c8acecf947a", kill_on_drop: false }`
[INFO] [stderr]     Blocking waiting for file lock on package cache
[INFO] [stderr]    Compiling proc-macro2 v1.0.24
[INFO] [stderr]    Compiling unicode-xid v0.2.1
[INFO] [stderr]    Compiling syn v1.0.60
[INFO] [stderr]    Compiling libc v0.2.87
[INFO] [stderr]     Checking itoa v0.4.7
[INFO] [stderr]    Compiling pkg-config v0.3.19
[INFO] [stderr]    Compiling serde_derive v1.0.123
[INFO] [stderr]    Compiling cc v1.0.67
[INFO] [stderr]     Checking pin-project-lite v0.2.5
[INFO] [stderr]    Compiling serde v1.0.123
[INFO] [stderr]    Compiling memchr v2.3.4
[INFO] [stderr]     Checking futures-core v0.3.13
[INFO] [stderr]    Compiling bitflags v1.2.1
[INFO] [stderr]    Compiling httparse v1.3.5
[INFO] [stderr]     Checking matches v0.1.8
[INFO] [stderr]    Compiling openssl v0.10.32
[INFO] [stderr]     Checking futures-sink v0.3.13
[INFO] [stderr]    Compiling native-tls v0.2.7
[INFO] [stderr]     Checking futures-task v0.3.13
[INFO] [stderr]    Compiling serde_json v1.0.64
[INFO] [stderr]     Checking openssl-probe v0.1.2
[INFO] [stderr]     Checking slab v0.4.2
[INFO] [stderr]    Compiling version_check v0.9.2
[INFO] [stderr]     Checking httpdate v0.3.2
[INFO] [stderr]     Checking gimli v0.23.0
[INFO] [stderr]    Compiling doc-comment v0.3.3
[INFO] [stderr]     Checking rustc-demangle v0.1.18
[INFO] [stderr]    Compiling hyperx v1.3.0
[INFO] [stderr]     Checking object v0.23.0
[INFO] [stderr]     Checking ipnet v2.3.0
[INFO] [stderr]     Checking language-tags v0.2.2
[INFO] [stderr]     Checking once_cell v1.7.2
[INFO] [stderr]     Checking arc-swap v1.2.0
[INFO] [stderr]    Compiling tokio v1.2.0
[INFO] [stderr]    Compiling indexmap v1.6.1
[INFO] [stderr]     Checking tracing-core v0.1.17
[INFO] [stderr]     Checking tinyvec v1.1.1
[INFO] [stderr]     Checking form_urlencoded v1.0.1
[INFO] [stderr]     Checking unicode-bidi v0.3.4
[INFO] [stderr]     Checking http v0.2.3
[INFO] [stderr]     Checking tracing v0.1.25
[INFO] [stderr]     Checking futures-util v0.3.13
[INFO] [stderr]     Checking futures-channel v0.3.13
[INFO] [stderr]    Compiling unicase v2.6.0
[INFO] [stderr]    Compiling openssl-sys v0.9.60
[INFO] [stderr]     Checking unicode-normalization v0.1.17
[INFO] [stderr]    Compiling quote v1.0.9
[INFO] [stderr]     Checking idna v0.2.2
[INFO] [stderr]     Checking addr2line v0.14.1
[INFO] [stderr]     Checking http-body v0.4.0
[INFO] [stderr]     Checking mio v0.7.9
[INFO] [stderr]     Checking num_cpus v1.13.0
[INFO] [stderr]     Checking socket2 v0.3.19
[INFO] [stderr]     Checking time v0.1.43
[INFO] [stderr]     Checking backtrace v0.3.56
[INFO] [stderr]    Compiling tokio-macros v1.1.0
[INFO] [stderr]    Compiling pin-project-internal v1.0.5
[INFO] [stderr]    Compiling async-trait v0.1.42
[INFO] [stderr]    Compiling snafu-derive v0.6.10
[INFO] [stderr]     Checking pin-project v1.0.5
[INFO] [stderr]     Checking snafu v0.6.10
[INFO] [stderr]     Checking tokio-util v0.6.3
[INFO] [stderr]     Checking tokio-native-tls v0.3.0
[INFO] [stderr]     Checking h2 v0.3.1
[INFO] [stderr]     Checking hyper v0.14.4
[INFO] [stderr]     Checking serde_urlencoded v0.7.0
[INFO] [stderr]     Checking url v2.2.1
[INFO] [stderr]     Checking chrono v0.4.19
[INFO] [stderr]     Checking serde_path_to_error v0.1.4
[INFO] [stderr]     Checking baipiao-bot-rust v0.2.1 (/opt/rustwide/workdir)
[INFO] [stderr]     Checking hyper-tls v0.5.0
[INFO] [stderr]     Checking reqwest v0.11.1
[INFO] [stderr]     Checking octocrab v0.8.11
[INFO] [stdout] error[E0050]: method `on_issue_created` has 3 parameters but the declaration in trait `on_issue_created` has 4
[INFO] [stdout]   --> examples/echo.rs:12:31
[INFO] [stdout]    |
[INFO] [stdout] 12 |     async fn on_issue_created(&self, repo: Repository, event: IssueCreatedEvent) {
[INFO] [stdout]    |                               ^^^^^^^^^^^^^^^^^^^^^^^^^^^^^^^^^^^^^^^^^^^^^^^^^ expected 4 parameters, found 3
[INFO] [stdout]    |
[INFO] [stdout]    = note: `on_issue_created` from trait: `fn(&'life0 Self, Repository, RunningInfo, IssueCreatedEvent) -> Pin<Box<(dyn Future<Output = ()> + Send + 'async_trait)>>`
[INFO] [stdout] 
[INFO] [stdout] 
[INFO] [stdout] error[E0050]: method `on_issue_updated` has 3 parameters but the declaration in trait `on_issue_updated` has 4
[INFO] [stdout]   --> examples/echo.rs:16:31
[INFO] [stdout]    |
[INFO] [stdout] 16 |     async fn on_issue_updated(&self, repo: Repository, event: IssueUpdatedEvent) {
[INFO] [stdout]    |                               ^^^^^^^^^^^^^^^^^^^^^^^^^^^^^^^^^^^^^^^^^^^^^^^^^ expected 4 parameters, found 3
[INFO] [stdout]    |
[INFO] [stdout]    = note: `on_issue_updated` from trait: `fn(&'life0 Self, Repository, RunningInfo, IssueUpdatedEvent) -> Pin<Box<(dyn Future<Output = ()> + Send + 'async_trait)>>`
[INFO] [stdout] 
[INFO] [stdout] 
[INFO] [stdout] error[E0050]: method `on_issue_closed` has 3 parameters but the declaration in trait `on_issue_closed` has 4
[INFO] [stdout]   --> examples/echo.rs:20:30
[INFO] [stdout]    |
[INFO] [stdout] 20 |     async fn on_issue_closed(&self, repo: Repository, issue_id: usize) {
[INFO] [stdout]    |                              ^^^^^^^^^^^^^^^^^^^^^^^^^^^^^^^^^^^^^^^^ expected 4 parameters, found 3
[INFO] [stdout]    |
[INFO] [stdout]    = note: `on_issue_closed` from trait: `fn(&'life0 Self, Repository, RunningInfo, usize) -> Pin<Box<(dyn Future<Output = ()> + Send + 'async_trait)>>`
[INFO] [stdout] 
[INFO] [stdout] 
[INFO] [stdout] error[E0050]: method `on_pull_request_created` has 3 parameters but the declaration in trait `on_pull_request_created` has 4
[INFO] [stdout]   --> examples/echo.rs:24:38
[INFO] [stdout]    |
[INFO] [stdout] 24 |     async fn on_pull_request_created(&self, repo: Repository, event: PullRequestCreatedEvent) {
[INFO] [stdout]    |                                      ^^^^^^^^^^^^^^^^^^^^^^^^^^^^^^^^^^^^^^^^^^^^^^^^^^^^^^^ expected 4 parameters, found 3
[INFO] [stdout]    |
[INFO] [stdout]    = note: `on_pull_request_created` from trait: `fn(&'life0 Self, Repository, RunningInfo, PullRequestCreatedEvent) -> Pin<Box<(dyn Future<Output = ()> + Send + 'async_trait)>>`
[INFO] [stdout] 
[INFO] [stdout] 
[INFO] [stdout] error[E0050]: method `on_pull_request_updated` has 3 parameters but the declaration in trait `on_pull_request_updated` has 4
[INFO] [stdout]   --> examples/echo.rs:28:38
[INFO] [stdout]    |
[INFO] [stdout] 28 |     async fn on_pull_request_updated(&self, repo: Repository, event: PullRequestUpdatedEvent) {
[INFO] [stdout]    |                                      ^^^^^^^^^^^^^^^^^^^^^^^^^^^^^^^^^^^^^^^^^^^^^^^^^^^^^^^ expected 4 parameters, found 3
[INFO] [stdout]    |
[INFO] [stdout]    = note: `on_pull_request_updated` from trait: `fn(&'life0 Self, Repository, RunningInfo, PullRequestUpdatedEvent) -> Pin<Box<(dyn Future<Output = ()> + Send + 'async_trait)>>`
[INFO] [stdout] 
[INFO] [stdout] 
[INFO] [stdout] error[E0050]: method `on_pull_request_closed` has 3 parameters but the declaration in trait `on_pull_request_closed` has 4
[INFO] [stdout]   --> examples/echo.rs:32:37
[INFO] [stdout]    |
[INFO] [stdout] 32 |     async fn on_pull_request_closed(&self, repo: Repository, pull_request_id: usize) {
[INFO] [stdout]    |                                     ^^^^^^^^^^^^^^^^^^^^^^^^^^^^^^^^^^^^^^^^^^^^^^^ expected 4 parameters, found 3
[INFO] [stdout]    |
[INFO] [stdout]    = note: `on_pull_request_closed` from trait: `fn(&'life0 Self, Repository, RunningInfo, usize) -> Pin<Box<(dyn Future<Output = ()> + Send + 'async_trait)>>`
[INFO] [stdout] 
[INFO] [stdout] 
[INFO] [stdout] error[E0050]: method `on_comment_created` has 3 parameters but the declaration in trait `on_comment_created` has 4
[INFO] [stdout]   --> examples/echo.rs:36:33
[INFO] [stdout]    |
[INFO] [stdout] 36 |     async fn on_comment_created(&self, repo: Repository, event: CommentCreatedEvent) {
[INFO] [stdout]    |                                 ^^^^^^^^^^^^^^^^^^^^^^^^^^^^^^^^^^^^^^^^^^^^^^^^^^^ expected 4 parameters, found 3
[INFO] [stdout]    |
[INFO] [stdout]    = note: `on_comment_created` from trait: `fn(&'life0 Self, Repository, RunningInfo, CommentCreatedEvent) -> Pin<Box<(dyn Future<Output = ()> + Send + 'async_trait)>>`
[INFO] [stdout] 
[INFO] [stdout] 
[INFO] [stdout] error[E0050]: method `on_comment_updated` has 3 parameters but the declaration in trait `on_comment_updated` has 4
[INFO] [stdout]   --> examples/echo.rs:40:33
[INFO] [stdout]    |
[INFO] [stdout] 40 |     async fn on_comment_updated(&self, repo: Repository, event: CommentUpdatedEvent) {
[INFO] [stdout]    |                                 ^^^^^^^^^^^^^^^^^^^^^^^^^^^^^^^^^^^^^^^^^^^^^^^^^^^ expected 4 parameters, found 3
[INFO] [stdout]    |
[INFO] [stdout]    = note: `on_comment_updated` from trait: `fn(&'life0 Self, Repository, RunningInfo, CommentUpdatedEvent) -> Pin<Box<(dyn Future<Output = ()> + Send + 'async_trait)>>`
[INFO] [stdout] 
[INFO] [stdout] 
[INFO] [stdout] error[E0050]: method `on_comment_deleted` has 3 parameters but the declaration in trait `on_comment_deleted` has 4
[INFO] [stdout]   --> examples/echo.rs:44:33
[INFO] [stdout]    |
[INFO] [stdout] 44 |     async fn on_comment_deleted(&self, repo: Repository, comment_id: usize) {
[INFO] [stdout]    |                                 ^^^^^^^^^^^^^^^^^^^^^^^^^^^^^^^^^^^^^^^^^^ expected 4 parameters, found 3
[INFO] [stdout]    |
[INFO] [stdout]    = note: `on_comment_deleted` from trait: `fn(&'life0 Self, Repository, RunningInfo, usize) -> Pin<Box<(dyn Future<Output = ()> + Send + 'async_trait)>>`
[INFO] [stdout] 
[INFO] [stdout] 
[INFO] [stdout] error: aborting due to 9 previous errors
[INFO] [stdout] 
[INFO] [stdout] 
[INFO] [stdout] For more information about this error, try `rustc --explain E0050`.
[INFO] [stdout] 
[INFO] [stderr] error: could not compile `baipiao-bot-rust` due to 10 previous errors
[INFO] [stderr] warning: build failed, waiting for other jobs to finish...
[INFO] [stdout] error[E0050]: method `on_issue_created` has 3 parameters but the declaration in trait `on_issue_created` has 4
[INFO] [stdout]   --> examples/comment.rs:33:31
[INFO] [stdout]    |
[INFO] [stdout] 33 |     async fn on_issue_created(&self, repo: Repository, event: IssueCreatedEvent) {
[INFO] [stdout]    |                               ^^^^^^^^^^^^^^^^^^^^^^^^^^^^^^^^^^^^^^^^^^^^^^^^^ expected 4 parameters, found 3
[INFO] [stdout]    |
[INFO] [stdout]    = note: `on_issue_created` from trait: `fn(&'life0 Self, baipiao_bot_rust::Repository, RunningInfo, IssueCreatedEvent) -> Pin<Box<(dyn Future<Output = ()> + Send + 'async_trait)>>`
[INFO] [stdout] 
[INFO] [stdout] 
[INFO] [stdout] error[E0050]: method `on_issue_closed` has 3 parameters but the declaration in trait `on_issue_closed` has 4
[INFO] [stdout]   --> examples/comment.rs:42:30
[INFO] [stdout]    |
[INFO] [stdout] 42 |     async fn on_issue_closed(&self, repo: Repository, issue_id: usize) {
[INFO] [stdout]    |                              ^^^^^^^^^^^^^^^^^^^^^^^^^^^^^^^^^^^^^^^^ expected 4 parameters, found 3
[INFO] [stdout]    |
[INFO] [stdout]    = note: `on_issue_closed` from trait: `fn(&'life0 Self, baipiao_bot_rust::Repository, RunningInfo, usize) -> Pin<Box<(dyn Future<Output = ()> + Send + 'async_trait)>>`
[INFO] [stdout] 
[INFO] [stdout] 
[INFO] [stdout] error[E0050]: method `on_pull_request_created` has 3 parameters but the declaration in trait `on_pull_request_created` has 4
[INFO] [stdout]   --> examples/comment.rs:47:38
[INFO] [stdout]    |
[INFO] [stdout] 47 |     async fn on_pull_request_created(&self, repo: Repository, event: PullRequestCreatedEvent) {
[INFO] [stdout]    |                                      ^^^^^^^^^^^^^^^^^^^^^^^^^^^^^^^^^^^^^^^^^^^^^^^^^^^^^^^ expected 4 parameters, found 3
[INFO] [stdout]    |
[INFO] [stdout]    = note: `on_pull_request_created` from trait: `fn(&'life0 Self, baipiao_bot_rust::Repository, RunningInfo, PullRequestCreatedEvent) -> Pin<Box<(dyn Future<Output = ()> + Send + 'async_trait)>>`
[INFO] [stdout] 
[INFO] [stdout] 
[INFO] [stdout] error[E0050]: method `on_comment_created` has 3 parameters but the declaration in trait `on_comment_created` has 4
[INFO] [stdout]   --> examples/comment.rs:59:33
[INFO] [stdout]    |
[INFO] [stdout] 59 |     async fn on_comment_created(&self, repo: Repository, event: CommentCreatedEvent) {
[INFO] [stdout]    |                                 ^^^^^^^^^^^^^^^^^^^^^^^^^^^^^^^^^^^^^^^^^^^^^^^^^^^ expected 4 parameters, found 3
[INFO] [stdout]    |
[INFO] [stdout]    = note: `on_comment_created` from trait: `fn(&'life0 Self, baipiao_bot_rust::Repository, RunningInfo, CommentCreatedEvent) -> Pin<Box<(dyn Future<Output = ()> + Send + 'async_trait)>>`
[INFO] [stdout] 
[INFO] [stdout] 
[INFO] [stdout] error: aborting due to 4 previous errors
[INFO] [stdout] 
[INFO] [stdout] 
[INFO] [stdout] For more information about this error, try `rustc --explain E0050`.
[INFO] [stdout] 
[INFO] [stderr] error: build failed
[INFO] running `Command { std: "docker" "inspect" "6f7a4c16db76d86ffcd051a8fecb7544d6442abd0b44c104a28a1c8acecf947a", kill_on_drop: false }`
[INFO] running `Command { std: "docker" "rm" "-f" "6f7a4c16db76d86ffcd051a8fecb7544d6442abd0b44c104a28a1c8acecf947a", kill_on_drop: false }`
[INFO] [stdout] 6f7a4c16db76d86ffcd051a8fecb7544d6442abd0b44c104a28a1c8acecf947a
