[INFO] fetching crate back-to-the-future 0.1.7...
[INFO] checking back-to-the-future-0.1.7 against 1.55.0 for beta-1.56-3
[INFO] extracting crate back-to-the-future 0.1.7 into /workspace/builds/worker-94/source
[INFO] validating manifest of crates.io crate back-to-the-future 0.1.7 on toolchain 1.55.0
[INFO] running `Command { std: "/workspace/cargo-home/bin/cargo" "+1.55.0" "metadata" "--manifest-path" "Cargo.toml" "--no-deps", kill_on_drop: false }`
[INFO] started tweaking crates.io crate back-to-the-future 0.1.7
[INFO] finished tweaking crates.io crate back-to-the-future 0.1.7
[INFO] tweaked toml for crates.io crate back-to-the-future 0.1.7 written to /workspace/builds/worker-94/source/Cargo.toml
[INFO] running `Command { std: "/workspace/cargo-home/bin/cargo" "+1.55.0" "generate-lockfile" "--manifest-path" "Cargo.toml" "-Zno-index-update", kill_on_drop: false }`
[INFO] [stderr]     Blocking waiting for file lock on package cache
[INFO] running `Command { std: "/workspace/cargo-home/bin/cargo" "+1.55.0" "fetch" "--manifest-path" "Cargo.toml", kill_on_drop: false }`
[INFO] [stderr]     Blocking waiting for file lock on package cache
[INFO] [stderr]     Blocking waiting for file lock on package cache
[INFO] running `Command { std: "docker" "create" "-v" "/var/lib/crater-agent-workspace/builds/worker-94/target:/opt/rustwide/target:rw,Z" "-v" "/var/lib/crater-agent-workspace/builds/worker-94/source:/opt/rustwide/workdir:ro,Z" "-v" "/var/lib/crater-agent-workspace/cargo-home:/opt/rustwide/cargo-home:ro,Z" "-v" "/var/lib/crater-agent-workspace/rustup-home:/opt/rustwide/rustup-home:ro,Z" "-e" "SOURCE_DIR=/opt/rustwide/workdir" "-e" "CARGO_TARGET_DIR=/opt/rustwide/target" "-e" "CARGO_HOME=/opt/rustwide/cargo-home" "-e" "RUSTUP_HOME=/opt/rustwide/rustup-home" "-w" "/opt/rustwide/workdir" "-m" "1610612736" "--user" "0:0" "--network" "none" "ghcr.io/rust-lang/crates-build-env/linux@sha256:a89201d6b5b9fd45c15d5952ece0a0129e7e80cb26ec023fd59cf09bc26f1604" "/opt/rustwide/cargo-home/bin/cargo" "+1.55.0" "metadata" "--no-deps" "--format-version=1", kill_on_drop: false }`
[INFO] [stdout] ecd383f7565ee9317dd438fe44f65d3e33beaec91bef780071a38a4bc37483d0
[INFO] running `Command { std: "docker" "start" "-a" "ecd383f7565ee9317dd438fe44f65d3e33beaec91bef780071a38a4bc37483d0", kill_on_drop: false }`
[INFO] running `Command { std: "docker" "inspect" "ecd383f7565ee9317dd438fe44f65d3e33beaec91bef780071a38a4bc37483d0", kill_on_drop: false }`
[INFO] running `Command { std: "docker" "rm" "-f" "ecd383f7565ee9317dd438fe44f65d3e33beaec91bef780071a38a4bc37483d0", kill_on_drop: false }`
[INFO] [stdout] ecd383f7565ee9317dd438fe44f65d3e33beaec91bef780071a38a4bc37483d0
[INFO] running `Command { std: "docker" "create" "-v" "/var/lib/crater-agent-workspace/builds/worker-94/target:/opt/rustwide/target:rw,Z" "-v" "/var/lib/crater-agent-workspace/builds/worker-94/source:/opt/rustwide/workdir:ro,Z" "-v" "/var/lib/crater-agent-workspace/cargo-home:/opt/rustwide/cargo-home:ro,Z" "-v" "/var/lib/crater-agent-workspace/rustup-home:/opt/rustwide/rustup-home:ro,Z" "-e" "SOURCE_DIR=/opt/rustwide/workdir" "-e" "CARGO_TARGET_DIR=/opt/rustwide/target" "-e" "CARGO_INCREMENTAL=0" "-e" "RUST_BACKTRACE=full" "-e" "RUSTFLAGS=--cap-lints=warn" "-e" "CARGO_HOME=/opt/rustwide/cargo-home" "-e" "RUSTUP_HOME=/opt/rustwide/rustup-home" "-w" "/opt/rustwide/workdir" "-m" "1610612736" "--user" "0:0" "--network" "none" "ghcr.io/rust-lang/crates-build-env/linux@sha256:a89201d6b5b9fd45c15d5952ece0a0129e7e80cb26ec023fd59cf09bc26f1604" "/opt/rustwide/cargo-home/bin/cargo" "+1.55.0" "check" "--frozen" "--all" "--all-targets" "--message-format=json", kill_on_drop: false }`
[INFO] [stdout] 6627758a1656cf7cea9f8983f916999d4be71873382f954188ff598f3781659f
[INFO] running `Command { std: "docker" "start" "-a" "6627758a1656cf7cea9f8983f916999d4be71873382f954188ff598f3781659f", kill_on_drop: false }`
[INFO] [stderr]     Blocking waiting for file lock on package cache
[INFO] [stderr]     Checking futures v0.1.31
[INFO] [stderr]    Compiling crossbeam-utils v0.7.2
[INFO] [stderr]    Compiling memoffset v0.5.6
[INFO] [stderr]    Compiling crossbeam-epoch v0.8.2
[INFO] [stderr]     Checking lock_api v0.3.4
[INFO] [stderr]    Compiling parking_lot_core v0.6.2
[INFO] [stderr]     Checking smallvec v0.6.14
[INFO] [stderr]    Compiling parking_lot v0.9.0
[INFO] [stderr]     Checking bytes v0.4.12
[INFO] [stderr]     Checking mio v0.6.23
[INFO] [stderr]     Checking mio-uds v0.6.8
[INFO] [stderr]     Checking tokio-io v0.1.13
[INFO] [stderr]     Checking tokio-sync v0.1.8
[INFO] [stderr]     Checking back-to-the-future v0.1.7 (/opt/rustwide/workdir)
[INFO] [stdout] error[E0557]: feature has been removed
[INFO] [stdout]   --> src/lib.rs:36:12
[INFO] [stdout]    |
[INFO] [stdout] 36 | #![feature(await_macro)]
[INFO] [stdout]    |            ^^^^^^^^^^^ feature has been removed
[INFO] [stdout]    |
[INFO] [stdout]    = note: subsumed by `.await` syntax
[INFO] [stdout] 
[INFO] [stdout] 
[INFO] [stdout] error[E0554]: `#![feature]` may not be used on the stable release channel
[INFO] [stdout]   --> src/lib.rs:34:1
[INFO] [stdout]    |
[INFO] [stdout] 34 | #![feature(arbitrary_self_types)]
[INFO] [stdout]    | ^^^^^^^^^^^^^^^^^^^^^^^^^^^^^^^^^
[INFO] [stdout] 
[INFO] [stdout] 
[INFO] [stdout] error[E0554]: `#![feature]` may not be used on the stable release channel
[INFO] [stdout]   --> src/lib.rs:35:1
[INFO] [stdout]    |
[INFO] [stdout] 35 | #![feature(async_await)]
[INFO] [stdout]    | ^^^^^^^^^^^^^^^^^^^^^^^^ help: remove the attribute
[INFO] [stdout]    |
[INFO] [stdout]    = help: the feature `async_await` has been stable since 1.39.0 and no longer requires an attribute to enable
[INFO] [stdout] 
[INFO] [stdout] 
[INFO] [stdout] error[E0554]: `#![feature]` may not be used on the stable release channel
[INFO] [stdout]   --> src/lib.rs:36:1
[INFO] [stdout]    |
[INFO] [stdout] 36 | #![feature(await_macro)]
[INFO] [stdout]    | ^^^^^^^^^^^^^^^^^^^^^^^^
[INFO] [stdout] 
[INFO] [stdout] 
[INFO] [stdout] error[E0554]: `#![feature]` may not be used on the stable release channel
[INFO] [stdout]   --> src/lib.rs:37:1
[INFO] [stdout]    |
[INFO] [stdout] 37 | #![feature(futures_api)]
[INFO] [stdout]    | ^^^^^^^^^^^^^^^^^^^^^^^^
[INFO] [stdout] 
[INFO] [stdout] 
[INFO] [stdout] error[E0554]: `#![feature]` may not be used on the stable release channel
[INFO] [stdout]   --> src/lib.rs:38:1
[INFO] [stdout]    |
[INFO] [stdout] 38 | #![feature(never_type)]
[INFO] [stdout]    | ^^^^^^^^^^^^^^^^^^^^^^^
[INFO] [stdout] 
[INFO] [stdout] 
[INFO] [stdout] error[E0554]: `#![feature]` may not be used on the stable release channel
[INFO] [stdout]   --> src/lib.rs:39:1
[INFO] [stdout]    |
[INFO] [stdout] 39 | #![feature(trait_alias)]
[INFO] [stdout]    | ^^^^^^^^^^^^^^^^^^^^^^^^
[INFO] [stdout] 
[INFO] [stdout] 
[INFO] [stdout] error[E0554]: `#![feature]` may not be used on the stable release channel
[INFO] [stdout]   --> src/lib.rs:40:1
[INFO] [stdout]    |
[INFO] [stdout] 40 | #![feature(specialization)]
[INFO] [stdout]    | ^^^^^^^^^^^^^^^^^^^^^^^^^^^
[INFO] [stdout] 
[INFO] [stdout] 
[INFO] [stdout] warning: the feature `specialization` is incomplete and may not be safe to use and/or cause compiler crashes
[INFO] [stdout]   --> src/lib.rs:40:12
[INFO] [stdout]    |
[INFO] [stdout] 40 | #![feature(specialization)]
[INFO] [stdout]    |            ^^^^^^^^^^^^^^
[INFO] [stdout]    |
[INFO] [stdout]    = note: `#[warn(incomplete_features)]` on by default
[INFO] [stdout]    = note: see issue #31844 <https://github.com/rust-lang/rust/issues/31844> for more information
[INFO] [stdout]    = help: consider using `min_specialization` instead, which is more stable and complete
[INFO] [stdout] 
[INFO] [stdout] 
[INFO] [stdout] error: aborting due to 8 previous errors; 1 warning emitted
[INFO] [stdout] 
[INFO] [stdout] 
[INFO] [stdout] Some errors have detailed explanations: E0554, E0557.
[INFO] [stdout] 
[INFO] [stdout] For more information about an error, try `rustc --explain E0554`.
[INFO] [stdout] 
[INFO] [stderr] error: could not compile `back-to-the-future` due to 9 previous errors; 1 warning emitted
[INFO] [stderr] warning: build failed, waiting for other jobs to finish...
[INFO] [stderr] error: build failed
[INFO] running `Command { std: "docker" "inspect" "6627758a1656cf7cea9f8983f916999d4be71873382f954188ff598f3781659f", kill_on_drop: false }`
[INFO] running `Command { std: "docker" "rm" "-f" "6627758a1656cf7cea9f8983f916999d4be71873382f954188ff598f3781659f", kill_on_drop: false }`
[INFO] [stdout] 6627758a1656cf7cea9f8983f916999d4be71873382f954188ff598f3781659f
