[INFO] fetching crate azure_storage_mirror 0.1.0...
[INFO] checking azure_storage_mirror-0.1.0 against beta-2021-10-15 for beta-1.56-3
[INFO] extracting crate azure_storage_mirror 0.1.0 into /workspace/builds/worker-76/source
[INFO] validating manifest of crates.io crate azure_storage_mirror 0.1.0 on toolchain beta-2021-10-15
[INFO] running `Command { std: "/workspace/cargo-home/bin/cargo" "+beta-2021-10-15" "metadata" "--manifest-path" "Cargo.toml" "--no-deps", kill_on_drop: false }`
[INFO] started tweaking crates.io crate azure_storage_mirror 0.1.0
[INFO] finished tweaking crates.io crate azure_storage_mirror 0.1.0
[INFO] tweaked toml for crates.io crate azure_storage_mirror 0.1.0 written to /workspace/builds/worker-76/source/Cargo.toml
[INFO] crate crates.io crate azure_storage_mirror 0.1.0 already has a lockfile, it will not be regenerated
[INFO] running `Command { std: "/workspace/cargo-home/bin/cargo" "+beta-2021-10-15" "fetch" "--manifest-path" "Cargo.toml", kill_on_drop: false }`
[INFO] [stderr]     Blocking waiting for file lock on package cache
[INFO] [stderr]     Blocking waiting for file lock on package cache
[INFO] running `Command { std: "docker" "create" "-v" "/var/lib/crater-agent-workspace/builds/worker-76/target:/opt/rustwide/target:rw,Z" "-v" "/var/lib/crater-agent-workspace/builds/worker-76/source:/opt/rustwide/workdir:ro,Z" "-v" "/var/lib/crater-agent-workspace/cargo-home:/opt/rustwide/cargo-home:ro,Z" "-v" "/var/lib/crater-agent-workspace/rustup-home:/opt/rustwide/rustup-home:ro,Z" "-e" "SOURCE_DIR=/opt/rustwide/workdir" "-e" "CARGO_TARGET_DIR=/opt/rustwide/target" "-e" "CARGO_HOME=/opt/rustwide/cargo-home" "-e" "RUSTUP_HOME=/opt/rustwide/rustup-home" "-w" "/opt/rustwide/workdir" "-m" "1610612736" "--user" "0:0" "--network" "none" "ghcr.io/rust-lang/crates-build-env/linux@sha256:a89201d6b5b9fd45c15d5952ece0a0129e7e80cb26ec023fd59cf09bc26f1604" "/opt/rustwide/cargo-home/bin/cargo" "+beta-2021-10-15" "metadata" "--no-deps" "--format-version=1", kill_on_drop: false }`
[INFO] [stdout] 7ae39d110364286bef48ecb1208b7a7927135e1ce3288e71c6bc1e67771e9b01
[INFO] running `Command { std: "docker" "start" "-a" "7ae39d110364286bef48ecb1208b7a7927135e1ce3288e71c6bc1e67771e9b01", kill_on_drop: false }`
[INFO] running `Command { std: "docker" "inspect" "7ae39d110364286bef48ecb1208b7a7927135e1ce3288e71c6bc1e67771e9b01", kill_on_drop: false }`
[INFO] running `Command { std: "docker" "rm" "-f" "7ae39d110364286bef48ecb1208b7a7927135e1ce3288e71c6bc1e67771e9b01", kill_on_drop: false }`
[INFO] [stdout] 7ae39d110364286bef48ecb1208b7a7927135e1ce3288e71c6bc1e67771e9b01
[INFO] running `Command { std: "docker" "create" "-v" "/var/lib/crater-agent-workspace/builds/worker-76/target:/opt/rustwide/target:rw,Z" "-v" "/var/lib/crater-agent-workspace/builds/worker-76/source:/opt/rustwide/workdir:ro,Z" "-v" "/var/lib/crater-agent-workspace/cargo-home:/opt/rustwide/cargo-home:ro,Z" "-v" "/var/lib/crater-agent-workspace/rustup-home:/opt/rustwide/rustup-home:ro,Z" "-e" "SOURCE_DIR=/opt/rustwide/workdir" "-e" "CARGO_TARGET_DIR=/opt/rustwide/target" "-e" "CARGO_INCREMENTAL=0" "-e" "RUST_BACKTRACE=full" "-e" "RUSTFLAGS=--cap-lints=warn" "-e" "CARGO_HOME=/opt/rustwide/cargo-home" "-e" "RUSTUP_HOME=/opt/rustwide/rustup-home" "-w" "/opt/rustwide/workdir" "-m" "1610612736" "--user" "0:0" "--network" "none" "ghcr.io/rust-lang/crates-build-env/linux@sha256:a89201d6b5b9fd45c15d5952ece0a0129e7e80cb26ec023fd59cf09bc26f1604" "/opt/rustwide/cargo-home/bin/cargo" "+beta-2021-10-15" "check" "--frozen" "--all" "--all-targets" "--message-format=json", kill_on_drop: false }`
[INFO] [stdout] afa1bb586d4d39ad4b469c12ddde32e613b0a1cd04599d281b6b2b5f0fec62df
[INFO] running `Command { std: "docker" "start" "-a" "afa1bb586d4d39ad4b469c12ddde32e613b0a1cd04599d281b6b2b5f0fec62df", kill_on_drop: false }`
[INFO] [stderr]     Blocking waiting for file lock on package cache
[INFO] [stderr]    Compiling libc v0.2.102
[INFO] [stderr]    Compiling proc-macro2 v1.0.29
[INFO] [stderr]    Compiling syn v1.0.76
[INFO] [stderr]    Compiling cc v1.0.70
[INFO] [stderr]    Compiling pkg-config v0.3.19
[INFO] [stderr]     Checking slab v0.4.4
[INFO] [stderr]     Checking httpdate v1.0.1
[INFO] [stderr]     Checking unicode-bidi v0.3.6
[INFO] [stderr]     Checking base64 v0.12.3
[INFO] [stderr]     Checking xml-rs v0.8.4
[INFO] [stderr]     Checking regex-syntax v0.6.25
[INFO] [stderr]    Compiling paste v1.0.5
[INFO] [stderr]     Checking RustyXML v0.3.0
[INFO] [stderr]     Checking md5 v0.7.0
[INFO] [stderr]     Checking humantime v2.1.0
[INFO] [stderr]     Checking termcolor v1.1.2
[INFO] [stderr]    Compiling tokio v1.11.0
[INFO] [stderr]    Compiling indexmap v1.7.0
[INFO] [stderr]    Compiling time v0.2.27
[INFO] [stderr]     Checking http v0.2.4
[INFO] [stderr]     Checking tracing-core v0.1.20
[INFO] [stderr]     Checking tinyvec v1.4.0
[INFO] [stderr]     Checking http-body v0.4.3
[INFO] [stderr]    Compiling quote v1.0.9
[INFO] [stderr]     Checking tracing v0.1.28
[INFO] [stderr]     Checking unicode-normalization v0.1.19
[INFO] [stderr]     Checking regex v1.5.4
[INFO] [stderr]     Checking mio v0.7.13
[INFO] [stderr]     Checking num_cpus v1.13.0
[INFO] [stderr]     Checking socket2 v0.4.2
[INFO] [stderr]     Checking getrandom v0.1.16
[INFO] [stderr]     Checking time v0.1.43
[INFO] [stderr]     Checking getrandom v0.2.3
[INFO] [stderr]     Checking atty v0.2.14
[INFO] [stderr]     Checking uuid v0.8.2
[INFO] [stderr]     Checking rand_core v0.5.1
[INFO] [stderr]     Checking rand_chacha v0.2.2
[INFO] [stderr]    Compiling ring v0.16.20
[INFO] [stderr]    Compiling openssl-sys v0.9.66
[INFO] [stderr]    Compiling backtrace v0.3.61
[INFO] [stderr]     Checking rand v0.7.3
[INFO] [stderr]     Checking idna v0.2.3
[INFO] [stderr]     Checking env_logger v0.8.4
[INFO] [stderr]    Compiling openssl v0.10.36
[INFO] [stderr]    Compiling native-tls v0.2.8
[INFO] [stderr]    Compiling synstructure v0.12.5
[INFO] [stderr]     Checking webpki v0.21.4
[INFO] [stderr]     Checking sct v0.6.1
[INFO] [stderr]     Checking ct-logs v0.8.0
[INFO] [stderr]     Checking rustls v0.19.1
[INFO] [stderr]     Checking webpki-roots v0.21.1
[INFO] [stderr]    Compiling tokio-macros v1.3.0
[INFO] [stderr]    Compiling futures-macro v0.3.17
[INFO] [stderr]    Compiling serde_derive v1.0.130
[INFO] [stderr]    Compiling thiserror-impl v1.0.29
[INFO] [stderr]    Compiling time-macros-impl v0.1.2
[INFO] [stderr]    Compiling failure_derive v0.1.8
[INFO] [stderr]    Compiling async-trait v0.1.51
[INFO] [stderr]     Checking time-macros v0.1.1
[INFO] [stderr]     Checking rustls-native-certs v0.5.0
[INFO] [stderr]     Checking futures-util v0.3.17
[INFO] [stderr]     Checking failure v0.1.8
[INFO] [stderr]     Checking thiserror v1.0.29
[INFO] [stderr]     Checking tokio-util v0.6.8
[INFO] [stderr]     Checking tokio-rustls v0.22.0
[INFO] [stderr]     Checking tokio-native-tls v0.3.0
[INFO] [stderr]     Checking futures-executor v0.3.17
[INFO] [stderr]     Checking futures v0.3.17
[INFO] [stderr]     Checking h2 v0.3.4
[INFO] [stderr]     Checking serde v1.0.130
[INFO] [stderr]     Checking hyper v0.14.13
[INFO] [stderr]     Checking serde_urlencoded v0.7.0
[INFO] [stderr]     Checking url v2.2.2
[INFO] [stderr]     Checking chrono v0.4.19
[INFO] [stderr]     Checking serde_json v1.0.68
[INFO] [stderr]     Checking serde-xml-rs v0.4.1
[INFO] [stderr]     Checking smallvec v1.6.1
[INFO] [stderr]     Checking hyper-tls v0.5.0
[INFO] [stderr]     Checking hyper-rustls v0.22.1
[INFO] [stderr]     Checking reqwest v0.11.4
[INFO] [stderr]     Checking oauth2 v4.0.0-alpha.3
[INFO] [stderr]     Checking azure_core_mirror v0.1.0
[INFO] [stderr]     Checking azure_storage_mirror v0.1.0 (/opt/rustwide/workdir)
[INFO] [stdout] warning: panic message is not a string literal
[INFO] [stdout]    --> src/core/connection_string.rs:191:37
[INFO] [stdout]     |
[INFO] [stdout] 191 |                         _ => panic!(format!("Unexpected default endpoints protocol: {}", v)),
[INFO] [stdout]     |                                     ^^^^^^^^^^^^^^^^^^^^^^^^^^^^^^^^^^^^^^^^^^^^^^^^^^^^^^^
[INFO] [stdout]     |
[INFO] [stdout]     = note: `#[warn(non_fmt_panics)]` on by default
[INFO] [stdout]     = note: this usage of panic!() is deprecated; it will be a hard error in Rust 2021
[INFO] [stdout]     = note: for more information, see <https://doc.rust-lang.org/nightly/edition-guide/rust-2021/panic-macro-consistency.html>
[INFO] [stdout]     = note: the panic!() macro supports formatting, so there's no need for the format!() macro here
[INFO] [stdout] help: remove the `format!(..)` macro call
[INFO] [stdout]     |
[INFO] [stdout] 191 -                         _ => panic!(format!("Unexpected default endpoints protocol: {}", v)),
[INFO] [stdout] 191 +                         _ => panic!("Unexpected default endpoints protocol: {}", v),
[INFO] [stdout]     | 
[INFO] [stdout] 
[INFO] [stdout] 
[INFO] [stdout] warning: panic message is not a string literal
[INFO] [stdout]    --> src/core/connection_string.rs:198:33
[INFO] [stdout]     |
[INFO] [stdout] 198 |                       _ => panic!(format!(
[INFO] [stdout]     |  _________________________________^
[INFO] [stdout] 199 | |                         "Unexpected value for {}: {}. Please specify either 'true' or 'false'.",
[INFO] [stdout] 200 | |                         USE_DEVELOPMENT_STORAGE_KEY_NAME, v
[INFO] [stdout] 201 | |                     )),
[INFO] [stdout]     | |_____________________^
[INFO] [stdout]     |
[INFO] [stdout]     = note: this usage of panic!() is deprecated; it will be a hard error in Rust 2021
[INFO] [stdout]     = note: for more information, see <https://doc.rust-lang.org/nightly/edition-guide/rust-2021/panic-macro-consistency.html>
[INFO] [stdout]     = note: the panic!() macro supports formatting, so there's no need for the format!() macro here
[INFO] [stdout] help: remove the `format!(..)` macro call
[INFO] [stdout]     |
[INFO] [stdout] 198 ~                     _ => panic!(
[INFO] [stdout] 199 |                         "Unexpected value for {}: {}. Please specify either 'true' or 'false'.",
[INFO] [stdout] 200 |                         USE_DEVELOPMENT_STORAGE_KEY_NAME, v
[INFO] [stdout] 201 ~                     ),
[INFO] [stdout]     |
[INFO] [stdout] 
[INFO] [stdout] 
[INFO] [stdout] warning: panic message is not a string literal
[INFO] [stdout]    --> src/core/connection_string.rs:191:37
[INFO] [stdout]     |
[INFO] [stdout] 191 |                         _ => panic!(format!("Unexpected default endpoints protocol: {}", v)),
[INFO] [stdout]     |                                     ^^^^^^^^^^^^^^^^^^^^^^^^^^^^^^^^^^^^^^^^^^^^^^^^^^^^^^^
[INFO] [stdout]     |
[INFO] [stdout]     = note: `#[warn(non_fmt_panics)]` on by default
[INFO] [stdout]     = note: this usage of panic!() is deprecated; it will be a hard error in Rust 2021
[INFO] [stdout]     = note: for more information, see <https://doc.rust-lang.org/nightly/edition-guide/rust-2021/panic-macro-consistency.html>
[INFO] [stdout]     = note: the panic!() macro supports formatting, so there's no need for the format!() macro here
[INFO] [stdout] help: remove the `format!(..)` macro call
[INFO] [stdout]     |
[INFO] [stdout] 191 -                         _ => panic!(format!("Unexpected default endpoints protocol: {}", v)),
[INFO] [stdout] 191 +                         _ => panic!("Unexpected default endpoints protocol: {}", v),
[INFO] [stdout]     | 
[INFO] [stdout] 
[INFO] [stdout] 
[INFO] [stdout] warning: panic message is not a string literal
[INFO] [stdout]    --> src/core/connection_string.rs:198:33
[INFO] [stdout]     |
[INFO] [stdout] 198 |                       _ => panic!(format!(
[INFO] [stdout]     |  _________________________________^
[INFO] [stdout] 199 | |                         "Unexpected value for {}: {}. Please specify either 'true' or 'false'.",
[INFO] [stdout] 200 | |                         USE_DEVELOPMENT_STORAGE_KEY_NAME, v
[INFO] [stdout] 201 | |                     )),
[INFO] [stdout]     | |_____________________^
[INFO] [stdout]     |
[INFO] [stdout]     = note: this usage of panic!() is deprecated; it will be a hard error in Rust 2021
[INFO] [stdout]     = note: for more information, see <https://doc.rust-lang.org/nightly/edition-guide/rust-2021/panic-macro-consistency.html>
[INFO] [stdout]     = note: the panic!() macro supports formatting, so there's no need for the format!() macro here
[INFO] [stdout] help: remove the `format!(..)` macro call
[INFO] [stdout]     |
[INFO] [stdout] 198 ~                     _ => panic!(
[INFO] [stdout] 199 |                         "Unexpected value for {}: {}. Please specify either 'true' or 'false'.",
[INFO] [stdout] 200 |                         USE_DEVELOPMENT_STORAGE_KEY_NAME, v
[INFO] [stdout] 201 ~                     ),
[INFO] [stdout]     |
[INFO] [stdout] 
[INFO] [stdout] 
[INFO] [stdout] warning: 2 warnings emitted
[INFO] [stdout] 
[INFO] [stdout] 
[INFO] [stdout] warning: 2 warnings emitted
[INFO] [stdout] 
[INFO] [stdout] 
[INFO] [stdout] error[E0433]: failed to resolve: use of undeclared crate or module `azure_storage`
[INFO] [stdout]  --> examples/sas00.rs:1:5
[INFO] [stdout]   |
[INFO] [stdout] 1 | use azure_storage::core::prelude::*;
[INFO] [stdout]   |     ^^^^^^^^^^^^^ use of undeclared crate or module `azure_storage`
[INFO] [stdout] 
[INFO] [stdout] 
[INFO] [stdout] error[E0433]: failed to resolve: use of undeclared crate or module `azure_storage`
[INFO] [stdout]  --> examples/tables.rs:1:5
[INFO] [stdout]   |
[INFO] [stdout] 1 | use azure_storage::table::*;
[INFO] [stdout]   |     ^^^^^^^^^^^^^ use of undeclared crate or module `azure_storage`
[INFO] [stdout] 
[INFO] [stdout] 
[INFO] [stdout] error[E0433]: failed to resolve: use of undeclared crate or module `azure_storage`
[INFO] [stdout]  --> examples/stream_blob_00.rs:2:5
[INFO] [stdout]   |
[INFO] [stdout] 2 | use azure_storage::blob::prelude::*;
[INFO] [stdout]   |     ^^^^^^^^^^^^^ use of undeclared crate or module `azure_storage`
[INFO] [stdout] 
[INFO] [stdout] 
[INFO] [stdout] error[E0433]: failed to resolve: use of undeclared crate or module `azure_storage`
[INFO] [stdout]  --> examples/stream_blob_00.rs:3:5
[INFO] [stdout]   |
[INFO] [stdout] 3 | use azure_storage::core::prelude::*;
[INFO] [stdout]   |     ^^^^^^^^^^^^^ use of undeclared crate or module `azure_storage`
[INFO] [stdout] 
[INFO] [stdout] 
[INFO] [stdout] error[E0432]: unresolved imports `azure_storage::blob::prelude::*`, `azure_storage::core::prelude::*`
[INFO] [stdout]  --> examples/stream_blob_00.rs:2:5
[INFO] [stdout]   |
[INFO] [stdout] 2 | use azure_storage::blob::prelude::*;
[INFO] [stdout]   |     ^^^^^^^^^^^^^^^^^^^^^^^^^^^^^^^
[INFO] [stdout] 3 | use azure_storage::core::prelude::*;
[INFO] [stdout]   |     ^^^^^^^^^^^^^^^^^^^^^^^^^^^^^^^
[INFO] [stdout] 
[INFO] [stdout] 
[INFO] [stdout] error[E0433]: failed to resolve: use of undeclared crate or module `azure_storage`
[INFO] [stdout]  --> examples/put_page_blob_00.rs:4:5
[INFO] [stdout]   |
[INFO] [stdout] 4 | use azure_storage::clients::*;
[INFO] [stdout]   |     ^^^^^^^^^^^^^ use of undeclared crate or module `azure_storage`
[INFO] [stdout] 
[INFO] [stdout] 
[INFO] [stdout] error[E0433]: failed to resolve: use of undeclared crate or module `azure_storage`
[INFO] [stdout]  --> examples/box.rs:1:5
[INFO] [stdout]   |
[INFO] [stdout] 1 | use azure_storage::core::prelude::*;
[INFO] [stdout]   |     ^^^^^^^^^^^^^ use of undeclared crate or module `azure_storage`
[INFO] [stdout] 
[INFO] [stdout] 
[INFO] [stdout] error[E0433]: failed to resolve: use of undeclared crate or module `azure_storage`
[INFO] [stdout]  --> examples/container_and_blob.rs:2:5
[INFO] [stdout]   |
[INFO] [stdout] 2 | use azure_storage::blob::prelude::*;
[INFO] [stdout]   |     ^^^^^^^^^^^^^ use of undeclared crate or module `azure_storage`
[INFO] [stdout] 
[INFO] [stdout] 
[INFO] [stdout] error[E0433]: failed to resolve: use of undeclared crate or module `azure_storage`
[INFO] [stdout]  --> examples/connection_string_builder.rs:1:5
[INFO] [stdout]   |
[INFO] [stdout] 1 | use azure_storage::core::{ConnectionStringBuilder, EndpointProtocol};
[INFO] [stdout]   |     ^^^^^^^^^^^^^ use of undeclared crate or module `azure_storage`
[INFO] [stdout] 
[INFO] [stdout] 
[INFO] [stdout] error[E0433]: failed to resolve: use of undeclared type `DeleteSnapshotsMethod`
[INFO] [stdout]   --> examples/stream_blob_00.rs:94:34
[INFO] [stdout]    |
[INFO] [stdout] 94 |         .delete_snapshots_method(DeleteSnapshotsMethod::Include)
[INFO] [stdout]    |                                  ^^^^^^^^^^^^^^^^^^^^^ use of undeclared type `DeleteSnapshotsMethod`
[INFO] [stdout] 
[INFO] [stdout] 
[INFO] [stdout] error[E0433]: failed to resolve: use of undeclared type `EndpointProtocol`
[INFO] [stdout]   --> examples/connection_string_builder.rs:10:20
[INFO] [stdout]    |
[INFO] [stdout] 10 |         "https" => EndpointProtocol::Https,
[INFO] [stdout]    |                    ^^^^^^^^^^^^^^^^ use of undeclared type `EndpointProtocol`
[INFO] [stdout] 
[INFO] [stdout] 
[INFO] [stdout] error[E0433]: failed to resolve: use of undeclared crate or module `azure_storage`
[INFO] [stdout]  --> examples/container_and_blob.rs:3:5
[INFO] [stdout]   |
[INFO] [stdout] 3 | use azure_storage::core::prelude::*;
[INFO] [stdout]   |     ^^^^^^^^^^^^^ use of undeclared crate or module `azure_storage`
[INFO] [stdout] 
[INFO] [stdout] 
[INFO] [stdout] error[E0433]: failed to resolve: use of undeclared type `EndpointProtocol`
[INFO] [stdout]   --> examples/connection_string_builder.rs:11:19
[INFO] [stdout]    |
[INFO] [stdout] 11 |         "http" => EndpointProtocol::Http,
[INFO] [stdout]    |                   ^^^^^^^^^^^^^^^^ use of undeclared type `EndpointProtocol`
[INFO] [stdout] 
[INFO] [stdout] 
[INFO] [stdout] error[E0432]: unresolved imports `azure_storage::blob::prelude::*`, `azure_storage::core::prelude::*`
[INFO] [stdout]  --> examples/container_and_blob.rs:2:5
[INFO] [stdout]   |
[INFO] [stdout] 2 | use azure_storage::blob::prelude::*;
[INFO] [stdout]   |     ^^^^^^^^^^^^^^^^^^^^^^^^^^^^^^^
[INFO] [stdout] 3 | use azure_storage::core::prelude::*;
[INFO] [stdout]   |     ^^^^^^^^^^^^^^^^^^^^^^^^^^^^^^^
[INFO] [stdout] 
[INFO] [stdout] 
[INFO] [stdout] error[E0433]: failed to resolve: use of undeclared type `StorageAccountClient`
[INFO] [stdout]   --> examples/stream_blob_00.rs:30:9
[INFO] [stdout]    |
[INFO] [stdout] 30 |         StorageAccountClient::new_access_key(http_client.clone(), &account, &master_key);
[INFO] [stdout]    |         ^^^^^^^^^^^^^^^^^^^^ not found in this scope
[INFO] [stdout]    |
[INFO] [stdout] help: consider importing this struct
[INFO] [stdout]    |
[INFO] [stdout] 1  | use azure_storage_mirror::clients::StorageAccountClient;
[INFO] [stdout]    |
[INFO] [stdout] 
[INFO] [stdout] 
[INFO] [stdout] error[E0433]: failed to resolve: use of undeclared type `PublicAccess`
[INFO] [stdout]   --> examples/container_and_blob.rs:30:24
[INFO] [stdout]    |
[INFO] [stdout] 30 |         .public_access(PublicAccess::None)
[INFO] [stdout]    |                        ^^^^^^^^^^^^ use of undeclared type `PublicAccess`
[INFO] [stdout] 
[INFO] [stdout] 
[INFO] [stdout] error[E0433]: failed to resolve: use of undeclared type `StorageAccountClient`
[INFO] [stdout]   --> examples/container_and_blob.rs:23:9
[INFO] [stdout]    |
[INFO] [stdout] 23 |         StorageAccountClient::new_access_key(http_client.clone(), &account, &master_key)
[INFO] [stdout]    |         ^^^^^^^^^^^^^^^^^^^^ not found in this scope
[INFO] [stdout]    |
[INFO] [stdout] help: consider importing this struct
[INFO] [stdout]    |
[INFO] [stdout] 1  | use azure_storage_mirror::clients::StorageAccountClient;
[INFO] [stdout]    |
[INFO] [stdout] 
[INFO] [stdout] 
[INFO] [stdout] error[E0433]: failed to resolve: use of undeclared type `TableClient`
[INFO] [stdout]   --> examples/tables.rs:18:18
[INFO] [stdout]    |
[INFO] [stdout] 18 |     let client = TableClient::new(&account, &master_key);
[INFO] [stdout]    |                  ^^^^^^^^^^^ not found in this scope
[INFO] [stdout]    |
[INFO] [stdout] help: consider importing one of these items
[INFO] [stdout]    |
[INFO] [stdout] 1  | use azure_storage_mirror::TableClient;
[INFO] [stdout]    |
[INFO] [stdout] 1  | use azure_storage_mirror::clients::TableClient;
[INFO] [stdout]    |
[INFO] [stdout] 
[INFO] [stdout] 
[INFO] [stdout] error[E0433]: failed to resolve: use of undeclared type `CloudTable`
[INFO] [stdout]   --> examples/tables.rs:26:24
[INFO] [stdout]    |
[INFO] [stdout] 26 |     let table_client = CloudTable::new(client, "example");
[INFO] [stdout]    |                        ^^^^^^^^^^ not found in this scope
[INFO] [stdout]    |
[INFO] [stdout] help: consider importing this struct
[INFO] [stdout]    |
[INFO] [stdout] 1  | use azure_storage_mirror::CloudTable;
[INFO] [stdout]    |
[INFO] [stdout] 
[INFO] [stdout] 
[INFO] [stdout] error[E0433]: failed to resolve: use of undeclared crate or module `azure_storage`
[INFO] [stdout]  --> examples/copy_table.rs:4:5
[INFO] [stdout]   |
[INFO] [stdout] 4 | use azure_storage::core::ConnectionString;
[INFO] [stdout]   |     ^^^^^^^^^^^^^ use of undeclared crate or module `azure_storage`
[INFO] [stdout] 
[INFO] [stdout] 
[INFO] [stdout] error[E0433]: failed to resolve: use of undeclared crate or module `azure_storage`
[INFO] [stdout]  --> examples/container_00.rs:2:5
[INFO] [stdout]   |
[INFO] [stdout] 2 | use azure_storage::core::prelude::*;
[INFO] [stdout]   |     ^^^^^^^^^^^^^ use of undeclared crate or module `azure_storage`
[INFO] [stdout] 
[INFO] [stdout] 
[INFO] [stdout] error[E0433]: failed to resolve: use of undeclared type `ConnectionStringBuilder`
[INFO] [stdout]   --> examples/connection_string_builder.rs:15:29
[INFO] [stdout]    |
[INFO] [stdout] 15 |     let connection_string = ConnectionStringBuilder::new()
[INFO] [stdout]    |                             ^^^^^^^^^^^^^^^^^^^^^^^ not found in this scope
[INFO] [stdout]    |
[INFO] [stdout] help: consider importing this struct
[INFO] [stdout]    |
[INFO] [stdout] 1  | use azure_storage_mirror::ConnectionStringBuilder;
[INFO] [stdout]    |
[INFO] [stdout] 
[INFO] [stdout] 
[INFO] [stdout] error[E0433]: failed to resolve: use of undeclared crate or module `azure_storage`
[INFO] [stdout]  --> examples/copy_blob.rs:2:5
[INFO] [stdout]   |
[INFO] [stdout] 2 | use azure_storage::core::prelude::*;
[INFO] [stdout]   |     ^^^^^^^^^^^^^ use of undeclared crate or module `azure_storage`
[INFO] [stdout] 
[INFO] [stdout] 
[INFO] [stdout] error[E0433]: failed to resolve: use of undeclared crate or module `azure_storage`
[INFO] [stdout]  --> examples/copy_table.rs:5:5
[INFO] [stdout]   |
[INFO] [stdout] 5 | use azure_storage::table::{CloudTable, TableClient};
[INFO] [stdout]   |     ^^^^^^^^^^^^^ use of undeclared crate or module `azure_storage`
[INFO] [stdout] 
[INFO] [stdout] 
[INFO] [stdout] error: aborting due to 4 previous errors
[INFO] [stdout] 
[INFO] [stdout] 
[INFO] [stdout] For more information about this error, try `rustc --explain E0433`.
[INFO] [stdout] 
[INFO] [stdout] error[E0433]: failed to resolve: use of undeclared type `StorageAccountClient`
[INFO] [stdout]   --> examples/container_00.rs:21:9
[INFO] [stdout]    |
[INFO] [stdout] 21 |         StorageAccountClient::new_access_key(http_client.clone(), &account, &master_key)
[INFO] [stdout]    |         ^^^^^^^^^^^^^^^^^^^^ not found in this scope
[INFO] [stdout]    |
[INFO] [stdout] help: consider importing this struct
[INFO] [stdout]    |
[INFO] [stdout] 1  | use azure_storage_mirror::clients::StorageAccountClient;
[INFO] [stdout]    |
[INFO] [stdout] 
[INFO] [stdout] 
[INFO] [stdout] error[E0433]: failed to resolve: use of undeclared crate or module `azure_storage`
[INFO] [stdout]  --> examples/count_blobs.rs:2:5
[INFO] [stdout]   |
[INFO] [stdout] 2 | use azure_storage::core::prelude::*;
[INFO] [stdout]   |     ^^^^^^^^^^^^^ use of undeclared crate or module `azure_storage`
[INFO] [stdout] 
[INFO] [stdout] 
[INFO] [stderr] error: could not compile `azure_storage_mirror` due to 5 previous errors
[INFO] [stderr] warning: build failed, waiting for other jobs to finish...
[INFO] [stdout] error[E0433]: failed to resolve: use of undeclared crate or module `azure_storage`
[INFO] [stdout]  --> examples/blob_01.rs:2:5
[INFO] [stdout]   |
[INFO] [stdout] 2 | use azure_storage::core::prelude::*;
[INFO] [stdout]   |     ^^^^^^^^^^^^^ use of undeclared crate or module `azure_storage`
[INFO] [stdout] 
[INFO] [stdout] 
[INFO] [stdout] error[E0433]: failed to resolve: use of undeclared type `SasResource`
[INFO] [stdout]   --> examples/copy_blob.rs:60:28
[INFO] [stdout]    |
[INFO] [stdout] 60 |             .with_resource(SasResource::Blob)
[INFO] [stdout]    |                            ^^^^^^^^^^^ use of undeclared type `SasResource`
[INFO] [stdout] 
[INFO] [stdout] 
[INFO] [stdout] error[E0433]: failed to resolve: use of undeclared type `SasResourceType`
[INFO] [stdout]   --> examples/copy_blob.rs:61:33
[INFO] [stdout]    |
[INFO] [stdout] 61 |             .with_resource_type(SasResourceType::Object)
[INFO] [stdout]    |                                 ^^^^^^^^^^^^^^^ use of undeclared type `SasResourceType`
[INFO] [stdout] 
[INFO] [stdout] 
[INFO] [stdout] error[E0433]: failed to resolve: use of undeclared type `SasPermissions`
[INFO] [stdout]   --> examples/copy_blob.rs:64:31
[INFO] [stdout]    |
[INFO] [stdout] 64 |             .with_permissions(SasPermissions::Read)
[INFO] [stdout]    |                               ^^^^^^^^^^^^^^ use of undeclared type `SasPermissions`
[INFO] [stdout] 
[INFO] [stdout] 
[INFO] [stdout] error[E0433]: failed to resolve: use of undeclared type `SasProtocol`
[INFO] [stdout]   --> examples/copy_blob.rs:65:28
[INFO] [stdout]    |
[INFO] [stdout] 65 |             .with_protocol(SasProtocol::HttpHttps)
[INFO] [stdout]    |                            ^^^^^^^^^^^ use of undeclared type `SasProtocol`
[INFO] [stdout] 
[INFO] [stdout] 
[INFO] [stdout] error[E0433]: failed to resolve: use of undeclared type `StorageAccountClient`
[INFO] [stdout]   --> examples/copy_blob.rs:35:41
[INFO] [stdout]    |
[INFO] [stdout] 35 |     let source_storage_account_client = StorageAccountClient::new_access_key(
[INFO] [stdout]    |                                         ^^^^^^^^^^^^^^^^^^^^ not found in this scope
[INFO] [stdout]    |
[INFO] [stdout] help: consider importing this struct
[INFO] [stdout]    |
[INFO] [stdout] 1  | use azure_storage_mirror::clients::StorageAccountClient;
[INFO] [stdout]    |
[INFO] [stdout] 
[INFO] [stdout] 
[INFO] [stdout] error[E0433]: failed to resolve: use of undeclared type `StorageAccountClient`
[INFO] [stdout]   --> examples/copy_blob.rs:45:28
[INFO] [stdout]    |
[INFO] [stdout] 45 |     let destination_blob = StorageAccountClient::new_access_key(
[INFO] [stdout]    |                            ^^^^^^^^^^^^^^^^^^^^ not found in this scope
[INFO] [stdout]    |
[INFO] [stdout] help: consider importing this struct
[INFO] [stdout]    |
[INFO] [stdout] 1  | use azure_storage_mirror::clients::StorageAccountClient;
[INFO] [stdout]    |
[INFO] [stdout] 
[INFO] [stdout] 
[INFO] [stdout] error[E0433]: failed to resolve: use of undeclared crate or module `azure_storage`
[INFO] [stdout]  --> examples/copy_blob_from_url.rs:2:5
[INFO] [stdout]   |
[INFO] [stdout] 2 | use azure_storage::core::prelude::*;
[INFO] [stdout]   |     ^^^^^^^^^^^^^ use of undeclared crate or module `azure_storage`
[INFO] [stdout] 
[INFO] [stdout] 
[INFO] [stdout] error[E0433]: failed to resolve: use of undeclared type `StorageAccountClient`
[INFO] [stdout]   --> examples/put_page_blob_00.rs:30:9
[INFO] [stdout]    |
[INFO] [stdout] 30 |         StorageAccountClient::new_access_key(http_client.clone(), &account, &master_key)
[INFO] [stdout]    |         ^^^^^^^^^^^^^^^^^^^^ not found in this scope
[INFO] [stdout]    |
[INFO] [stdout] help: consider importing this struct
[INFO] [stdout]    |
[INFO] [stdout] 3  | use azure_storage_mirror::clients::StorageAccountClient;
[INFO] [stdout]    |
[INFO] [stdout] 
[INFO] [stdout] 
[INFO] [stdout] error: aborting due to 3 previous errors
[INFO] [stdout] 
[INFO] [stdout] 
[INFO] [stdout] For more information about this error, try `rustc --explain E0433`.
[INFO] [stdout] 
[INFO] [stdout] error[E0433]: failed to resolve: use of undeclared crate or module `azure_storage`
[INFO] [stdout]  --> examples/entities.rs:5:5
[INFO] [stdout]   |
[INFO] [stdout] 5 | use azure_storage::table::{CloudTable, TableClient, TableEntity};
[INFO] [stdout]   |     ^^^^^^^^^^^^^ use of undeclared crate or module `azure_storage`
[INFO] [stdout] 
[INFO] [stdout] 
[INFO] [stdout] error: aborting due to 2 previous errors
[INFO] [stdout] 
[INFO] [stdout] 
[INFO] [stdout] For more information about this error, try `rustc --explain E0433`.
[INFO] [stdout] 
[INFO] [stdout] error[E0433]: failed to resolve: use of undeclared type `StorageAccountClient`
[INFO] [stdout]   --> examples/copy_blob_from_url.rs:30:9
[INFO] [stdout]    |
[INFO] [stdout] 30 |         StorageAccountClient::new_access_key(http_client.clone(), &account, &master_key);
[INFO] [stdout]    |         ^^^^^^^^^^^^^^^^^^^^ not found in this scope
[INFO] [stdout]    |
[INFO] [stdout] help: consider importing this struct
[INFO] [stdout]    |
[INFO] [stdout] 1  | use azure_storage_mirror::clients::StorageAccountClient;
[INFO] [stdout]    |
[INFO] [stdout] 
[INFO] [stdout] 
[INFO] [stdout] error[E0422]: cannot find struct, variant or union type `IPRange` in this scope
[INFO] [stdout]   --> examples/sas00.rs:15:20
[INFO] [stdout]    |
[INFO] [stdout] 15 |     let ip_range = IPRange {
[INFO] [stdout]    |                    ^^^^^^^ not found in this scope
[INFO] [stdout]    |
[INFO] [stdout] help: consider importing this struct
[INFO] [stdout]    |
[INFO] [stdout] 1  | use azure_storage_mirror::IPRange;
[INFO] [stdout]    |
[INFO] [stdout] 
[INFO] [stdout] 
[INFO] [stdout] error[E0433]: failed to resolve: use of undeclared type `BlobSASBuilder`
[INFO] [stdout]   --> examples/sas00.rs:20:15
[INFO] [stdout]    |
[INFO] [stdout] 20 |     let sas = BlobSASBuilder::new(&path)
[INFO] [stdout]    |               ^^^^^^^^^^^^^^ not found in this scope
[INFO] [stdout]    |
[INFO] [stdout] help: consider importing this struct
[INFO] [stdout]    |
[INFO] [stdout] 1  | use azure_storage_mirror::core::prelude::BlobSASBuilder;
[INFO] [stdout]    |
[INFO] [stdout] 
[INFO] [stdout] 
[INFO] [stdout] error[E0433]: failed to resolve: use of undeclared crate or module `azure_storage`
[INFO] [stdout]  --> examples/emulator_00.rs:2:5
[INFO] [stdout]   |
[INFO] [stdout] 2 | use azure_storage::blob::prelude::*;
[INFO] [stdout]   |     ^^^^^^^^^^^^^ use of undeclared crate or module `azure_storage`
[INFO] [stdout] 
[INFO] [stdout] 
[INFO] [stdout] error[E0433]: failed to resolve: use of undeclared crate or module `azure_storage`
[INFO] [stdout]  --> examples/emulator_00.rs:3:5
[INFO] [stdout]   |
[INFO] [stdout] 3 | use azure_storage::core::prelude::*;
[INFO] [stdout]   |     ^^^^^^^^^^^^^ use of undeclared crate or module `azure_storage`
[INFO] [stdout] 
[INFO] [stdout] 
[INFO] [stdout] error[E0432]: unresolved imports `azure_storage::blob::prelude::*`, `azure_storage::core::prelude::*`
[INFO] [stdout]  --> examples/emulator_00.rs:2:5
[INFO] [stdout]   |
[INFO] [stdout] 2 | use azure_storage::blob::prelude::*;
[INFO] [stdout]   |     ^^^^^^^^^^^^^^^^^^^^^^^^^^^^^^^
[INFO] [stdout] 3 | use azure_storage::core::prelude::*;
[INFO] [stdout]   |     ^^^^^^^^^^^^^^^^^^^^^^^^^^^^^^^
[INFO] [stdout] 
[INFO] [stdout] 
[INFO] [stdout] error[E0433]: failed to resolve: use of undeclared crate or module `azure_storage`
[INFO] [stdout]  --> examples/blob_05_default_credential.rs:7:5
[INFO] [stdout]   |
[INFO] [stdout] 7 | use azure_storage::core::prelude::*;
[INFO] [stdout]   |     ^^^^^^^^^^^^^ use of undeclared crate or module `azure_storage`
[INFO] [stdout] 
[INFO] [stdout] 
[INFO] [stdout] error[E0433]: failed to resolve: use of undeclared crate or module `azure_identity`
[INFO] [stdout]  --> examples/blob_05_default_credential.rs:6:5
[INFO] [stdout]   |
[INFO] [stdout] 6 | use azure_identity::token_credentials::DefaultCredential;
[INFO] [stdout]   |     ^^^^^^^^^^^^^^ use of undeclared crate or module `azure_identity`
[INFO] [stdout] 
[INFO] [stdout] 
[INFO] [stdout] error[E0432]: unresolved import `azure_identity::token_credentials::DefaultCredential`
[INFO] [stdout]  --> examples/blob_05_default_credential.rs:6:5
[INFO] [stdout]   |
[INFO] [stdout] 6 | use azure_identity::token_credentials::DefaultCredential;
[INFO] [stdout]   |     ^^^^^^^^^^^^^^^^^^^^^^^^^^^^^^^^^^^^^^^^^^^^^^^^^^^^
[INFO] [stdout] 
[INFO] [stdout] 
[INFO] [stdout] error: aborting due to 2 previous errors
[INFO] [stdout] 
[INFO] [stdout] 
[INFO] [stdout] For more information about this error, try `rustc --explain E0433`.
[INFO] [stdout] 
[INFO] [stdout] error[E0433]: failed to resolve: use of undeclared type `PublicAccess`
[INFO] [stdout]   --> examples/emulator_00.rs:25:24
[INFO] [stdout]    |
[INFO] [stdout] 25 |         .public_access(PublicAccess::None)
[INFO] [stdout]    |                        ^^^^^^^^^^^^ use of undeclared type `PublicAccess`
[INFO] [stdout] 
[INFO] [stdout] 
[INFO] [stdout] error[E0433]: failed to resolve: use of undeclared type `StorageAccountClient`
[INFO] [stdout]   --> examples/emulator_00.rs:18:9
[INFO] [stdout]    |
[INFO] [stdout] 18 |         StorageAccountClient::new_emulator(http_client, &blob_storage_url, &table_storage_url)
[INFO] [stdout]    |         ^^^^^^^^^^^^^^^^^^^^ not found in this scope
[INFO] [stdout]    |
[INFO] [stdout] help: consider importing this struct
[INFO] [stdout]    |
[INFO] [stdout] 1  | use azure_storage_mirror::clients::StorageAccountClient;
[INFO] [stdout]    |
[INFO] [stdout] 
[INFO] [stdout] 
[INFO] [stdout] error[E0433]: failed to resolve: use of undeclared type `ContainerSASBuilder`
[INFO] [stdout]   --> examples/sas00.rs:36:15
[INFO] [stdout]    |
[INFO] [stdout] 36 |     let sas = ContainerSASBuilder::new(&path)
[INFO] [stdout]    |               ^^^^^^^^^^^^^^^^^^^ not found in this scope
[INFO] [stdout]    |
[INFO] [stdout] help: consider importing this struct
[INFO] [stdout]    |
[INFO] [stdout] 1  | use azure_storage_mirror::core::prelude::ContainerSASBuilder;
[INFO] [stdout]    |
[INFO] [stdout] 
[INFO] [stdout] 
[INFO] [stdout] error[E0433]: failed to resolve: use of undeclared crate or module `azure_storage`
[INFO] [stdout]  --> examples/list_queues.rs:2:5
[INFO] [stdout]   |
[INFO] [stdout] 2 | use azure_storage::core::prelude::*;
[INFO] [stdout]   |     ^^^^^^^^^^^^^ use of undeclared crate or module `azure_storage`
[INFO] [stdout] 
[INFO] [stdout] 
[INFO] [stdout] error: aborting due to 5 previous errors
[INFO] [stdout] 
[INFO] [stdout] 
[INFO] [stdout] Some errors have detailed explanations: E0432, E0433.
[INFO] [stdout] 
[INFO] [stdout] For more information about an error, try `rustc --explain E0432`.
[INFO] [stdout] 
[INFO] [stdout] error[E0433]: failed to resolve: use of undeclared crate or module `azure_storage`
[INFO] [stdout]  --> examples/account00.rs:1:5
[INFO] [stdout]   |
[INFO] [stdout] 1 | use azure_storage::account::prelude::*;
[INFO] [stdout]   |     ^^^^^^^^^^^^^ use of undeclared crate or module `azure_storage`
[INFO] [stdout] 
[INFO] [stdout] 
[INFO] [stdout] error[E0433]: failed to resolve: use of undeclared crate or module `azure_storage`
[INFO] [stdout]  --> examples/account00.rs:2:5
[INFO] [stdout]   |
[INFO] [stdout] 2 | use azure_storage::core::prelude::*;
[INFO] [stdout]   |     ^^^^^^^^^^^^^ use of undeclared crate or module `azure_storage`
[INFO] [stdout] 
[INFO] [stdout] 
[INFO] [stdout] error[E0432]: unresolved imports `azure_storage::account::prelude::*`, `azure_storage::core::prelude::*`
[INFO] [stdout]  --> examples/account00.rs:1:5
[INFO] [stdout]   |
[INFO] [stdout] 1 | use azure_storage::account::prelude::*;
[INFO] [stdout]   |     ^^^^^^^^^^^^^^^^^^^^^^^^^^^^^^^^^^
[INFO] [stdout] 2 | use azure_storage::core::prelude::*;
[INFO] [stdout]   |     ^^^^^^^^^^^^^^^^^^^^^^^^^^^^^^^
[INFO] [stdout] 
[INFO] [stdout] 
[INFO] [stdout] error[E0433]: failed to resolve: use of undeclared type `DefaultCredential`
[INFO] [stdout]   --> examples/blob_05_default_credential.rs:26:24
[INFO] [stdout]    |
[INFO] [stdout] 26 |     let bearer_token = DefaultCredential::default()
[INFO] [stdout]    |                        ^^^^^^^^^^^^^^^^^ use of undeclared type `DefaultCredential`
[INFO] [stdout] 
[INFO] [stdout] 
[INFO] [stdout] error[E0433]: failed to resolve: use of undeclared type `StorageAccountClient`
[INFO] [stdout]   --> examples/blob_05_default_credential.rs:32:34
[INFO] [stdout]    |
[INFO] [stdout] 32 |     let storage_account_client = StorageAccountClient::new_bearer_token(
[INFO] [stdout]    |                                  ^^^^^^^^^^^^^^^^^^^^ not found in this scope
[INFO] [stdout]    |
[INFO] [stdout] help: consider importing this struct
[INFO] [stdout]    |
[INFO] [stdout] 4  | use azure_storage_mirror::clients::StorageAccountClient;
[INFO] [stdout]    |
[INFO] [stdout] 
[INFO] [stdout] 
[INFO] [stdout] error[E0433]: failed to resolve: use of undeclared crate or module `azure_storage`
[INFO] [stdout]  --> examples/list_blobs_01.rs:2:5
[INFO] [stdout]   |
[INFO] [stdout] 2 | use azure_storage::blob::prelude::*;
[INFO] [stdout]   |     ^^^^^^^^^^^^^ use of undeclared crate or module `azure_storage`
[INFO] [stdout] 
[INFO] [stdout] 
[INFO] [stdout] error[E0433]: failed to resolve: use of undeclared crate or module `azure_storage`
[INFO] [stdout]  --> examples/list_blobs_01.rs:3:5
[INFO] [stdout]   |
[INFO] [stdout] 3 | use azure_storage::core::prelude::*;
[INFO] [stdout]   |     ^^^^^^^^^^^^^ use of undeclared crate or module `azure_storage`
[INFO] [stdout] 
[INFO] [stdout] 
[INFO] [stdout] error[E0432]: unresolved imports `azure_storage::blob::prelude::*`, `azure_storage::core::prelude::*`
[INFO] [stdout]  --> examples/list_blobs_01.rs:2:5
[INFO] [stdout]   |
[INFO] [stdout] 2 | use azure_storage::blob::prelude::*;
[INFO] [stdout]   |     ^^^^^^^^^^^^^^^^^^^^^^^^^^^^^^^
[INFO] [stdout] 3 | use azure_storage::core::prelude::*;
[INFO] [stdout]   |     ^^^^^^^^^^^^^^^^^^^^^^^^^^^^^^^
[INFO] [stdout] 
[INFO] [stdout] 
[INFO] [stdout] error: aborting due to 5 previous errors
[INFO] [stdout] 
[INFO] [stdout] 
[INFO] [stdout] Some errors have detailed explanations: E0432, E0433.
[INFO] [stdout] 
[INFO] [stdout] For more information about an error, try `rustc --explain E0432`.
[INFO] [stdout] 
[INFO] [stdout] error[E0433]: failed to resolve: use of undeclared crate or module `azure_storage`
[INFO] [stdout]  --> examples/blob_00.rs:4:5
[INFO] [stdout]   |
[INFO] [stdout] 4 | use azure_storage::clients::*;
[INFO] [stdout]   |     ^^^^^^^^^^^^^ use of undeclared crate or module `azure_storage`
[INFO] [stdout] 
[INFO] [stdout] 
[INFO] [stdout] error[E0433]: failed to resolve: use of undeclared crate or module `azure_storage`
[INFO] [stdout]  --> examples/blob_range.rs:2:5
[INFO] [stdout]   |
[INFO] [stdout] 2 | use azure_storage::core::prelude::*;
[INFO] [stdout]   |     ^^^^^^^^^^^^^ use of undeclared crate or module `azure_storage`
[INFO] [stdout] 
[INFO] [stdout] 
[INFO] [stdout] error[E0433]: failed to resolve: use of undeclared type `TableClient`
[INFO] [stdout]   --> examples/entities.rs:28:18
[INFO] [stdout]    |
[INFO] [stdout] 28 |     let client = TableClient::new(&account, &master_key);
[INFO] [stdout]    |                  ^^^^^^^^^^^ not found in this scope
[INFO] [stdout]    |
[INFO] [stdout] help: consider importing one of these items
[INFO] [stdout]    |
[INFO] [stdout] 4  | use azure_storage_mirror::TableClient;
[INFO] [stdout]    |
[INFO] [stdout] 4  | use azure_storage_mirror::clients::TableClient;
[INFO] [stdout]    |
[INFO] [stdout] 
[INFO] [stdout] 
[INFO] [stdout] error[E0433]: failed to resolve: use of undeclared type `CloudTable`
[INFO] [stdout]   --> examples/entities.rs:29:17
[INFO] [stdout]    |
[INFO] [stdout] 29 |     let table = CloudTable::new(client, table_name);
[INFO] [stdout]    |                 ^^^^^^^^^^ not found in this scope
[INFO] [stdout]    |
[INFO] [stdout] help: consider importing this struct
[INFO] [stdout]    |
[INFO] [stdout] 4  | use azure_storage_mirror::CloudTable;
[INFO] [stdout]    |
[INFO] [stdout] 
[INFO] [stdout] 
[INFO] [stdout] error[E0412]: cannot find type `TableEntity` in this scope
[INFO] [stdout]   --> examples/entities.rs:45:14
[INFO] [stdout]    |
[INFO] [stdout] 45 |     let ret: TableEntity<MyEntity> = table
[INFO] [stdout]    |              ^^^^^^^^^^^ not found in this scope
[INFO] [stdout]    |
[INFO] [stdout] help: consider importing this struct
[INFO] [stdout]    |
[INFO] [stdout] 4  | use azure_storage_mirror::TableEntity;
[INFO] [stdout]    |
[INFO] [stdout] 
[INFO] [stdout] 
[INFO] [stdout] error[E0412]: cannot find type `TableEntity` in this scope
[INFO] [stdout]   --> examples/entities.rs:66:14
[INFO] [stdout]    |
[INFO] [stdout] 66 |     let ret: TableEntity<MyEntity> = table
[INFO] [stdout]    |              ^^^^^^^^^^^ not found in this scope
[INFO] [stdout]    |
[INFO] [stdout] help: consider importing this struct
[INFO] [stdout]    |
[INFO] [stdout] 4  | use azure_storage_mirror::TableEntity;
[INFO] [stdout]    |
[INFO] [stdout] 
[INFO] [stdout] 
[INFO] [stdout] error[E0433]: failed to resolve: use of undeclared type `PublicAccess`
[INFO] [stdout]   --> examples/list_blobs_01.rs:42:24
[INFO] [stdout]    |
[INFO] [stdout] 42 |         .public_access(PublicAccess::None)
[INFO] [stdout]    |                        ^^^^^^^^^^^^ use of undeclared type `PublicAccess`
[INFO] [stdout] 
[INFO] [stdout] 
[INFO] [stdout] error[E0433]: failed to resolve: use of undeclared type `StorageAccountClient`
[INFO] [stdout]   --> examples/list_blobs_01.rs:24:9
[INFO] [stdout]    |
[INFO] [stdout] 24 |         StorageAccountClient::new_access_key(http_client.clone(), &account, &master_key)
[INFO] [stdout]    |         ^^^^^^^^^^^^^^^^^^^^ not found in this scope
[INFO] [stdout]    |
[INFO] [stdout] help: consider importing this struct
[INFO] [stdout]    |
[INFO] [stdout] 1  | use azure_storage_mirror::clients::StorageAccountClient;
[INFO] [stdout]    |
[INFO] [stdout] 
[INFO] [stdout] 
[INFO] [stdout] warning: unused import: `azure_core::TokenCredential`
[INFO] [stdout]  --> examples/blob_05_default_credential.rs:5:5
[INFO] [stdout]   |
[INFO] [stdout] 5 | use azure_core::TokenCredential;
[INFO] [stdout]   |     ^^^^^^^^^^^^^^^^^^^^^^^^^^^
[INFO] [stdout]   |
[INFO] [stdout]   = note: `#[warn(unused_imports)]` on by default
[INFO] [stdout] 
[INFO] [stdout] 
[INFO] [stdout] error: aborting due to 5 previous errors; 1 warning emitted
[INFO] [stdout] 
[INFO] [stdout] 
[INFO] [stdout] Some errors have detailed explanations: E0432, E0433.
[INFO] [stdout] 
[INFO] [stdout] For more information about an error, try `rustc --explain E0432`.
[INFO] [stdout] 
[INFO] [stdout] error[E0433]: failed to resolve: use of undeclared crate or module `azure_storage`
[INFO] [stdout]  --> examples/put_append_blob_00.rs:5:5
[INFO] [stdout]   |
[INFO] [stdout] 5 | use azure_storage::core::prelude::*;
[INFO] [stdout]   |     ^^^^^^^^^^^^^ use of undeclared crate or module `azure_storage`
[INFO] [stdout] 
[INFO] [stdout] 
[INFO] [stdout] error[E0433]: failed to resolve: use of undeclared type `StorageAccountClient`
[INFO] [stdout]   --> examples/blob_range.rs:25:9
[INFO] [stdout]    |
[INFO] [stdout] 25 |         StorageAccountClient::new_access_key(http_client.clone(), &account, &master_key);
[INFO] [stdout]    |         ^^^^^^^^^^^^^^^^^^^^ not found in this scope
[INFO] [stdout]    |
[INFO] [stdout] help: consider importing this struct
[INFO] [stdout]    |
[INFO] [stdout] 1  | use azure_storage_mirror::clients::StorageAccountClient;
[INFO] [stdout]    |
[INFO] [stdout] 
[INFO] [stdout] 
[INFO] [stdout] error[E0433]: failed to resolve: use of undeclared type `StorageAccountClient`
[INFO] [stdout]   --> examples/list_queues.rs:19:9
[INFO] [stdout]    |
[INFO] [stdout] 19 |         StorageAccountClient::new_access_key(http_client.clone(), &account, &master_key);
[INFO] [stdout]    |         ^^^^^^^^^^^^^^^^^^^^ not found in this scope
[INFO] [stdout]    |
[INFO] [stdout] help: consider importing this struct
[INFO] [stdout]    |
[INFO] [stdout] 1  | use azure_storage_mirror::clients::StorageAccountClient;
[INFO] [stdout]    |
[INFO] [stdout] 
[INFO] [stdout] 
[INFO] [stdout] error[E0433]: failed to resolve: use of undeclared crate or module `client`
[INFO] [stdout]   --> examples/account00.rs:13:18
[INFO] [stdout]    |
[INFO] [stdout] 13 |     let client = client::with_access_key(&account, &master_key);
[INFO] [stdout]    |                  ^^^^^^ use of undeclared crate or module `client`
[INFO] [stdout] 
[INFO] [stdout] 
[INFO] [stdout] error[E0433]: failed to resolve: use of undeclared crate or module `azure_storage`
[INFO] [stdout]  --> examples/list_containers2.rs:2:5
[INFO] [stdout]   |
[INFO] [stdout] 2 | use azure_storage::clients::*;
[INFO] [stdout]   |     ^^^^^^^^^^^^^ use of undeclared crate or module `azure_storage`
[INFO] [stdout] 
[INFO] [stdout] 
[INFO] [stdout] error[E0433]: failed to resolve: use of undeclared crate or module `azure_storage`
[INFO] [stdout]  --> examples/blob_02_bearer_token.rs:5:5
[INFO] [stdout]   |
[INFO] [stdout] 5 | use azure_storage::core::prelude::*;
[INFO] [stdout]   |     ^^^^^^^^^^^^^ use of undeclared crate or module `azure_storage`
[INFO] [stdout] 
[INFO] [stdout] 
[INFO] [stdout] error: aborting due to 4 previous errors
[INFO] [stdout] 
[INFO] [stdout] 
[INFO] [stdout] Some errors have detailed explanations: E0422, E0433.
[INFO] [stdout] 
[INFO] [stdout] For more information about an error, try `rustc --explain E0422`.
[INFO] [stdout] 
[INFO] [stdout] error: aborting due to 5 previous errors
[INFO] [stdout] 
[INFO] [stdout] 
[INFO] [stdout] Some errors have detailed explanations: E0412, E0433.
[INFO] [stdout] 
[INFO] [stdout] For more information about an error, try `rustc --explain E0412`.
[INFO] [stdout] 
[INFO] [stdout] error[E0433]: failed to resolve: use of undeclared crate or module `azure_storage`
[INFO] [stdout]  --> examples/list_blobs_00.rs:2:5
[INFO] [stdout]   |
[INFO] [stdout] 2 | use azure_storage::blob::prelude::*;
[INFO] [stdout]   |     ^^^^^^^^^^^^^ use of undeclared crate or module `azure_storage`
[INFO] [stdout] 
[INFO] [stdout] 
[INFO] [stdout] error[E0433]: failed to resolve: use of undeclared crate or module `azure_storage`
[INFO] [stdout]  --> examples/list_blobs_00.rs:3:5
[INFO] [stdout]   |
[INFO] [stdout] 3 | use azure_storage::core::prelude::*;
[INFO] [stdout]   |     ^^^^^^^^^^^^^ use of undeclared crate or module `azure_storage`
[INFO] [stdout] 
[INFO] [stdout] 
[INFO] [stdout] error[E0432]: unresolved imports `azure_storage::blob::prelude::*`, `azure_storage::core::prelude::*`
[INFO] [stdout]  --> examples/list_blobs_00.rs:2:5
[INFO] [stdout]   |
[INFO] [stdout] 2 | use azure_storage::blob::prelude::*;
[INFO] [stdout]   |     ^^^^^^^^^^^^^^^^^^^^^^^^^^^^^^^
[INFO] [stdout] 3 | use azure_storage::core::prelude::*;
[INFO] [stdout]   |     ^^^^^^^^^^^^^^^^^^^^^^^^^^^^^^^
[INFO] [stdout] 
[INFO] [stdout] 
[INFO] [stdout] error[E0433]: failed to resolve: use of undeclared crate or module `client`
[INFO] [stdout]  --> examples/box.rs:6:14
[INFO] [stdout]   |
[INFO] [stdout] 6 |     Box::new(client::with_access_key("fake", "fake"))
[INFO] [stdout]   |              ^^^^^^ use of undeclared crate or module `client`
[INFO] [stdout] 
[INFO] [stdout] 
[INFO] [stdout] error[E0433]: failed to resolve: use of undeclared type `StorageAccountClient`
[INFO] [stdout]   --> examples/put_append_blob_00.rs:29:9
[INFO] [stdout]    |
[INFO] [stdout] 29 |         StorageAccountClient::new_access_key(http_client.clone(), &account, &master_key);
[INFO] [stdout]    |         ^^^^^^^^^^^^^^^^^^^^ not found in this scope
[INFO] [stdout]    |
[INFO] [stdout] help: consider importing this struct
[INFO] [stdout]    |
[INFO] [stdout] 4  | use azure_storage_mirror::clients::StorageAccountClient;
[INFO] [stdout]    |
[INFO] [stdout] 
[INFO] [stdout] 
[INFO] [stdout] error[E0599]: no method named `next` found for struct `Pin<Box<_>>` in the current scope
[INFO] [stdout]   --> examples/stream_blob_00.rs:58:40
[INFO] [stdout]    |
[INFO] [stdout] 58 |         while let Some(value) = stream.next().await {
[INFO] [stdout]    |                                        ^^^^ method not found in `Pin<Box<_>>`
[INFO] [stdout]    |
[INFO] [stdout]    = note: `stream` is a function, perhaps you wish to call it
[INFO] [stdout] 
[INFO] [stdout] 
[INFO] [stdout] error[E0433]: failed to resolve: use of undeclared type `CloudTable`
[INFO] [stdout]   --> examples/copy_table.rs:29:22
[INFO] [stdout]    |
[INFO] [stdout] 29 |     let from_table = CloudTable::new(
[INFO] [stdout]    |                      ^^^^^^^^^^ not found in this scope
[INFO] [stdout]    |
[INFO] [stdout] help: consider importing this struct
[INFO] [stdout]    |
[INFO] [stdout] 4  | use azure_storage_mirror::CloudTable;
[INFO] [stdout]    |
[INFO] [stdout] 
[INFO] [stdout] 
[INFO] [stdout] error[E0433]: failed to resolve: use of undeclared type `TableClient`
[INFO] [stdout]   --> examples/copy_table.rs:30:9
[INFO] [stdout]    |
[INFO] [stdout] 30 |         TableClient::from_connection_string(&source_account_connection_string)?,
[INFO] [stdout]    |         ^^^^^^^^^^^ not found in this scope
[INFO] [stdout]    |
[INFO] [stdout] help: consider importing one of these items
[INFO] [stdout]    |
[INFO] [stdout] 4  | use azure_storage_mirror::TableClient;
[INFO] [stdout]    |
[INFO] [stdout] 4  | use azure_storage_mirror::clients::TableClient;
[INFO] [stdout]    |
[INFO] [stdout] 
[INFO] [stdout] 
[INFO] [stdout] error[E0433]: failed to resolve: use of undeclared crate or module `client`
[INFO] [stdout]   --> examples/box.rs:10:14
[INFO] [stdout]    |
[INFO] [stdout] 10 |     Box::new(client::with_access_key("send", "fake"))
[INFO] [stdout]    |              ^^^^^^ use of undeclared crate or module `client`
[INFO] [stdout] 
[INFO] [stdout] 
[INFO] [stdout] warning: unused import: `futures::stream::StreamExt`
[INFO] [stdout]  --> examples/stream_blob_00.rs:4:5
[INFO] [stdout]   |
[INFO] [stdout] 4 | use futures::stream::StreamExt;
[INFO] [stdout]   |     ^^^^^^^^^^^^^^^^^^^^^^^^^^
[INFO] [stdout]   |
[INFO] [stdout]   = note: `#[warn(unused_imports)]` on by default
[INFO] [stdout] 
[INFO] [stdout] 
[INFO] [stdout] error[E0433]: failed to resolve: use of undeclared crate or module `client`
[INFO] [stdout]   --> examples/box.rs:14:14
[INFO] [stdout]    |
[INFO] [stdout] 14 |     Arc::new(client::with_access_key("arc", "fake"))
[INFO] [stdout]    |              ^^^^^^ use of undeclared crate or module `client`
[INFO] [stdout] 
[INFO] [stdout] 
[INFO] [stdout] error[E0433]: failed to resolve: use of undeclared type `StorageAccountClient`
[INFO] [stdout]   --> examples/blob_02_bearer_token.rs:29:9
[INFO] [stdout]    |
[INFO] [stdout] 29 |         StorageAccountClient::new_bearer_token(http_client.clone(), &account, bearer_token);
[INFO] [stdout]    |         ^^^^^^^^^^^^^^^^^^^^ not found in this scope
[INFO] [stdout]    |
[INFO] [stdout] help: consider importing this struct
[INFO] [stdout]    |
[INFO] [stdout] 4  | use azure_storage_mirror::clients::StorageAccountClient;
[INFO] [stdout]    |
[INFO] [stdout] 
[INFO] [stdout] 
[INFO] [stdout] error: aborting due to 6 previous errors; 1 warning emitted
[INFO] [stdout] 
[INFO] [stdout] 
[INFO] [stdout] Some errors have detailed explanations: E0432, E0433, E0599.
[INFO] [stdout] 
[INFO] [stdout] For more information about an error, try `rustc --explain E0432`.
[INFO] [stdout] 
[INFO] [stdout] error[E0405]: cannot find trait `Client` in this scope
[INFO] [stdout]  --> examples/box.rs:5:25
[INFO] [stdout]   |
[INFO] [stdout] 5 | fn get_box() -> Box<dyn Client> {
[INFO] [stdout]   |                         ^^^^^^ not found in this scope
[INFO] [stdout]   |
[INFO] [stdout] help: consider importing this trait
[INFO] [stdout]   |
[INFO] [stdout] 1 | use azure_storage_mirror::Client;
[INFO] [stdout]   |
[INFO] [stdout] 
[INFO] [stdout] 
[INFO] [stdout] error[E0405]: cannot find trait `Client` in this scope
[INFO] [stdout]  --> examples/box.rs:9:30
[INFO] [stdout]   |
[INFO] [stdout] 9 | fn get_box_send() -> Box<dyn Client> {
[INFO] [stdout]   |                              ^^^^^^ not found in this scope
[INFO] [stdout]   |
[INFO] [stdout] help: consider importing this trait
[INFO] [stdout]   |
[INFO] [stdout] 1 | use azure_storage_mirror::Client;
[INFO] [stdout]   |
[INFO] [stdout] 
[INFO] [stdout] 
[INFO] [stdout] error[E0405]: cannot find trait `Client` in this scope
[INFO] [stdout]   --> examples/box.rs:13:25
[INFO] [stdout]    |
[INFO] [stdout] 13 | fn get_arc() -> Arc<dyn Client> {
[INFO] [stdout]    |                         ^^^^^^ not found in this scope
[INFO] [stdout]    |
[INFO] [stdout] help: consider importing this trait
[INFO] [stdout]    |
[INFO] [stdout] 1  | use azure_storage_mirror::Client;
[INFO] [stdout]    |
[INFO] [stdout] 
[INFO] [stdout] 
[INFO] [stdout] error[E0433]: failed to resolve: use of undeclared type `CloudTable`
[INFO] [stdout]   --> examples/copy_table.rs:33:20
[INFO] [stdout]    |
[INFO] [stdout] 33 |     let to_table = CloudTable::new(
[INFO] [stdout]    |                    ^^^^^^^^^^ not found in this scope
[INFO] [stdout]    |
[INFO] [stdout] help: consider importing this struct
[INFO] [stdout]    |
[INFO] [stdout] 4  | use azure_storage_mirror::CloudTable;
[INFO] [stdout]    |
[INFO] [stdout] 
[INFO] [stdout] 
[INFO] [stdout] error[E0433]: failed to resolve: use of undeclared type `TableClient`
[INFO] [stdout]   --> examples/copy_table.rs:34:9
[INFO] [stdout]    |
[INFO] [stdout] 34 |         TableClient::from_connection_string(&to_account_connection_string)?,
[INFO] [stdout]    |         ^^^^^^^^^^^ not found in this scope
[INFO] [stdout]    |
[INFO] [stdout] help: consider importing one of these items
[INFO] [stdout]    |
[INFO] [stdout] 4  | use azure_storage_mirror::TableClient;
[INFO] [stdout]    |
[INFO] [stdout] 4  | use azure_storage_mirror::clients::TableClient;
[INFO] [stdout]    |
[INFO] [stdout] 
[INFO] [stdout] 
[INFO] [stdout] error[E0433]: failed to resolve: use of undeclared type `ConnectionString`
[INFO] [stdout]   --> examples/copy_table.rs:59:9
[INFO] [stdout]    |
[INFO] [stdout] 59 |         ConnectionString::new(&to_account_connection_string)
[INFO] [stdout]    |         ^^^^^^^^^^^^^^^^ not found in this scope
[INFO] [stdout]    |
[INFO] [stdout] help: consider importing this struct
[INFO] [stdout]    |
[INFO] [stdout] 4  | use azure_storage_mirror::ConnectionString;
[INFO] [stdout]    |
[INFO] [stdout] 
[INFO] [stdout] 
[INFO] [stdout] error[E0433]: failed to resolve: use of undeclared type `PublicAccess`
[INFO] [stdout]   --> examples/list_blobs_00.rs:42:24
[INFO] [stdout]    |
[INFO] [stdout] 42 |         .public_access(PublicAccess::None)
[INFO] [stdout]    |                        ^^^^^^^^^^^^ use of undeclared type `PublicAccess`
[INFO] [stdout] 
[INFO] [stdout] 
[INFO] [stdout] error[E0433]: failed to resolve: use of undeclared type `StorageAccountClient`
[INFO] [stdout]   --> examples/list_blobs_00.rs:24:9
[INFO] [stdout]    |
[INFO] [stdout] 24 |         StorageAccountClient::new_access_key(http_client.clone(), &account, &master_key)
[INFO] [stdout]    |         ^^^^^^^^^^^^^^^^^^^^ not found in this scope
[INFO] [stdout]    |
[INFO] [stdout] help: consider importing this struct
[INFO] [stdout]    |
[INFO] [stdout] 1  | use azure_storage_mirror::clients::StorageAccountClient;
[INFO] [stdout]    |
[INFO] [stdout] 
[INFO] [stdout] 
[INFO] [stdout] error: aborting due to 7 previous errors
[INFO] [stdout] 
[INFO] [stdout] 
[INFO] [stdout] error: aborting due to 2 previous errors
[INFO] [stdout] 
[INFO] [stdout] 
[INFO] [stdout] error[E0433]: failed to resolve: use of undeclared type `StorageAccountClient`
[INFO] [stdout]   --> examples/blob_00.rs:27:9
[INFO] [stdout]    |
[INFO] [stdout] 27 |         StorageAccountClient::new_access_key(http_client.clone(), &account, &master_key);
[INFO] [stdout]    |         ^^^^^^^^^^^^^^^^^^^^ not found in this scope
[INFO] [stdout]    |
[INFO] [stdout] help: consider importing this struct
[INFO] [stdout]    |
[INFO] [stdout] 3  | use azure_storage_mirror::clients::StorageAccountClient;
[INFO] [stdout]    |
[INFO] [stdout] 
[INFO] [stdout] 
[INFO] [stdout] Some errors have detailed explanations: E0405, E0433.
[INFO] [stdout] 
[INFO] [stdout] For more information about an error, try `rustc --explain E0405`.
[INFO] [stdout] 
[INFO] [stdout] error[E0433]: failed to resolve: use of undeclared crate or module `azure_storage`
[INFO] [stdout]  --> examples/container_01.rs:2:5
[INFO] [stdout]   |
[INFO] [stdout] 2 | use azure_storage::blob::prelude::*;
[INFO] [stdout]   |     ^^^^^^^^^^^^^ use of undeclared crate or module `azure_storage`
[INFO] [stdout] 
[INFO] [stdout] 
[INFO] [stdout] error[E0433]: failed to resolve: use of undeclared crate or module `azure_storage`
[INFO] [stdout]  --> examples/container_01.rs:3:5
[INFO] [stdout]   |
[INFO] [stdout] 3 | use azure_storage::core::prelude::*;
[INFO] [stdout]   |     ^^^^^^^^^^^^^ use of undeclared crate or module `azure_storage`
[INFO] [stdout] 
[INFO] [stdout] 
[INFO] [stdout] error[E0432]: unresolved imports `azure_storage::blob::prelude::*`, `azure_storage::core::prelude::*`
[INFO] [stdout]  --> examples/container_01.rs:2:5
[INFO] [stdout]   |
[INFO] [stdout] 2 | use azure_storage::blob::prelude::*;
[INFO] [stdout]   |     ^^^^^^^^^^^^^^^^^^^^^^^^^^^^^^^
[INFO] [stdout] 3 | use azure_storage::core::prelude::*;
[INFO] [stdout]   |     ^^^^^^^^^^^^^^^^^^^^^^^^^^^^^^^
[INFO] [stdout] 
[INFO] [stdout] 
[INFO] [stdout] error: aborting due to 7 previous errors
[INFO] [stdout] 
[INFO] [stdout] 
[INFO] [stdout] For more information about this error, try `rustc --explain E0433`.
[INFO] [stdout] 
[INFO] [stdout] error[E0433]: failed to resolve: use of undeclared crate or module `azure_storage`
[INFO] [stdout]  --> examples/put_message.rs:4:5
[INFO] [stdout]   |
[INFO] [stdout] 4 | use azure_storage::core::prelude::*;
[INFO] [stdout]   |     ^^^^^^^^^^^^^ use of undeclared crate or module `azure_storage`
[INFO] [stdout] 
[INFO] [stdout] 
[INFO] [stdout] error[E0433]: failed to resolve: use of undeclared crate or module `azure_storage`
[INFO] [stdout]  --> examples/put_message.rs:5:5
[INFO] [stdout]   |
[INFO] [stdout] 5 | use azure_storage::queue::prelude::*;
[INFO] [stdout]   |     ^^^^^^^^^^^^^ use of undeclared crate or module `azure_storage`
[INFO] [stdout] 
[INFO] [stdout] 
[INFO] [stdout] error[E0432]: unresolved imports `azure_storage::core::prelude::*`, `azure_storage::queue::prelude::*`
[INFO] [stdout]  --> examples/put_message.rs:4:5
[INFO] [stdout]   |
[INFO] [stdout] 4 | use azure_storage::core::prelude::*;
[INFO] [stdout]   |     ^^^^^^^^^^^^^^^^^^^^^^^^^^^^^^^
[INFO] [stdout] 5 | use azure_storage::queue::prelude::*;
[INFO] [stdout]   |     ^^^^^^^^^^^^^^^^^^^^^^^^^^^^^^^^
[INFO] [stdout] 
[INFO] [stdout] 
[INFO] [stdout] error[E0433]: failed to resolve: use of undeclared crate or module `azure_storage`
[INFO] [stdout]  --> examples/stream_blob_01.rs:2:5
[INFO] [stdout]   |
[INFO] [stdout] 2 | use azure_storage::core::prelude::*;
[INFO] [stdout]   |     ^^^^^^^^^^^^^ use of undeclared crate or module `azure_storage`
[INFO] [stdout] 
[INFO] [stdout] 
[INFO] [stdout] error[E0433]: failed to resolve: use of undeclared type `StorageAccountClient`
[INFO] [stdout]   --> examples/stream_blob_01.rs:29:9
[INFO] [stdout]    |
[INFO] [stdout] 29 |         StorageAccountClient::new_access_key(http_client.clone(), &account, &master_key);
[INFO] [stdout]    |         ^^^^^^^^^^^^^^^^^^^^ not found in this scope
[INFO] [stdout]    |
[INFO] [stdout] help: consider importing this struct
[INFO] [stdout]    |
[INFO] [stdout] 1  | use azure_storage_mirror::clients::StorageAccountClient;
[INFO] [stdout]    |
[INFO] [stdout] 
[INFO] [stdout] 
[INFO] [stdout] error[E0412]: cannot find type `BlobClient` in this scope
[INFO] [stdout]   --> examples/stream_blob_01.rs:45:15
[INFO] [stdout]    |
[INFO] [stdout] 45 |     blob: &'a BlobClient,
[INFO] [stdout]    |               ^^^^^^^^^^ not found in this scope
[INFO] [stdout]    |
[INFO] [stdout] help: consider importing this struct
[INFO] [stdout]    |
[INFO] [stdout] 1  | use azure_storage_mirror::clients::BlobClient;
[INFO] [stdout]    |
[INFO] [stdout] 
[INFO] [stdout] 
[INFO] [stdout] error: aborting due to 2 previous errors
[INFO] [stdout] 
[INFO] [stdout] 
[INFO] [stdout] For more information about this error, try `rustc --explain E0433`.
[INFO] [stdout] 
[INFO] [stdout] error[E0433]: failed to resolve: use of undeclared type `StorageAccountClient`
[INFO] [stdout]   --> examples/blob_01.rs:22:9
[INFO] [stdout]    |
[INFO] [stdout] 22 |         StorageAccountClient::new_access_key(http_client.clone(), &account, &master_key)
[INFO] [stdout]    |         ^^^^^^^^^^^^^^^^^^^^ not found in this scope
[INFO] [stdout]    |
[INFO] [stdout] help: consider importing this struct
[INFO] [stdout]    |
[INFO] [stdout] 1  | use azure_storage_mirror::clients::StorageAccountClient;
[INFO] [stdout]    |
[INFO] [stdout] 
[INFO] [stdout] 
[INFO] [stdout] error[E0599]: no method named `next` found for struct `Pin<Box<_>>` in the current scope
[INFO] [stdout]    --> examples/list_blobs_01.rs:164:36
[INFO] [stdout]     |
[INFO] [stdout] 164 |     while let Some(value) = stream.next().await {
[INFO] [stdout]     |                                    ^^^^ method not found in `Pin<Box<_>>`
[INFO] [stdout]     |
[INFO] [stdout]     = note: `stream` is a function, perhaps you wish to call it
[INFO] [stdout] 
[INFO] [stdout] 
[INFO] [stdout] error[E0433]: failed to resolve: use of undeclared type `StorageAccountClient`
[INFO] [stdout]   --> examples/put_message.rs:23:17
[INFO] [stdout]    |
[INFO] [stdout] 23 |     let queue = StorageAccountClient::new_access_key(http_client.clone(), &account, &master_key)
[INFO] [stdout]    |                 ^^^^^^^^^^^^^^^^^^^^ not found in this scope
[INFO] [stdout]    |
[INFO] [stdout] help: consider importing this struct
[INFO] [stdout]    |
[INFO] [stdout] 3  | use azure_storage_mirror::clients::StorageAccountClient;
[INFO] [stdout]    |
[INFO] [stdout] 
[INFO] [stdout] 
[INFO] [stdout] error: aborting due to 4 previous errors
[INFO] [stdout] 
[INFO] [stdout] 
[INFO] [stdout] Some errors have detailed explanations: E0432, E0433.
[INFO] [stdout] 
[INFO] [stdout] For more information about an error, try `rustc --explain E0432`.
[INFO] [stdout] 
[INFO] [stdout] error: aborting due to 2 previous errors
[INFO] [stdout] 
[INFO] [stdout] 
[INFO] [stdout] error[E0433]: failed to resolve: use of undeclared crate or module `azure_storage`
[INFO] [stdout]  --> examples/connection_string.rs:2:5
[INFO] [stdout]   |
[INFO] [stdout] 2 | use azure_storage::blob::prelude::*;
[INFO] [stdout]   |     ^^^^^^^^^^^^^ use of undeclared crate or module `azure_storage`
[INFO] [stdout] 
[INFO] [stdout] 
[INFO] [stdout] error[E0433]: failed to resolve: use of undeclared crate or module `azure_storage`
[INFO] [stdout]  --> examples/connection_string.rs:3:5
[INFO] [stdout]   |
[INFO] [stdout] 3 | use azure_storage::core::prelude::*;
[INFO] [stdout]   |     ^^^^^^^^^^^^^ use of undeclared crate or module `azure_storage`
[INFO] [stdout] 
[INFO] [stdout] 
[INFO] [stdout] error[E0432]: unresolved imports `azure_storage::blob::prelude::*`, `azure_storage::core::prelude::*`
[INFO] [stdout]  --> examples/connection_string.rs:2:5
[INFO] [stdout]   |
[INFO] [stdout] 2 | use azure_storage::blob::prelude::*;
[INFO] [stdout]   |     ^^^^^^^^^^^^^^^^^^^^^^^^^^^^^^^
[INFO] [stdout] 3 | use azure_storage::core::prelude::*;
[INFO] [stdout]   |     ^^^^^^^^^^^^^^^^^^^^^^^^^^^^^^^
[INFO] [stdout] 
[INFO] [stdout] 
[INFO] [stdout] For more information about this error, try `rustc --explain E0433`.
[INFO] [stdout] 
[INFO] [stdout] error[E0433]: failed to resolve: use of undeclared type `StorageAccountClient`
[INFO] [stdout]   --> examples/list_containers2.rs:24:9
[INFO] [stdout]    |
[INFO] [stdout] 24 |         StorageAccountClient::new_access_key(http_client.clone(), &account, &master_key);
[INFO] [stdout]    |         ^^^^^^^^^^^^^^^^^^^^ not found in this scope
[INFO] [stdout]    |
[INFO] [stdout] help: consider importing this struct
[INFO] [stdout]    |
[INFO] [stdout] 1  | use azure_storage_mirror::clients::StorageAccountClient;
[INFO] [stdout]    |
[INFO] [stdout] 
[INFO] [stdout] 
[INFO] [stdout] error[E0433]: failed to resolve: use of undeclared type `StorageAccountClient`
[INFO] [stdout]   --> examples/list_containers2.rs:68:18
[INFO] [stdout]    |
[INFO] [stdout] 68 |     let client = StorageAccountClient::new_sas_token(http_client.clone(), &account, sas_token)?
[INFO] [stdout]    |                  ^^^^^^^^^^^^^^^^^^^^ not found in this scope
[INFO] [stdout]    |
[INFO] [stdout] help: consider importing this struct
[INFO] [stdout]    |
[INFO] [stdout] 1  | use azure_storage_mirror::clients::StorageAccountClient;
[INFO] [stdout]    |
[INFO] [stdout] 
[INFO] [stdout] 
[INFO] [stdout] error[E0433]: failed to resolve: use of undeclared type `PublicAccess`
[INFO] [stdout]   --> examples/container_01.rs:47:24
[INFO] [stdout]    |
[INFO] [stdout] 47 |         .public_access(PublicAccess::Container)
[INFO] [stdout]    |                        ^^^^^^^^^^^^ use of undeclared type `PublicAccess`
[INFO] [stdout] 
[INFO] [stdout] 
[INFO] [stdout] error[E0433]: failed to resolve: use of undeclared type `PublicAccess`
[INFO] [stdout]   --> examples/container_01.rs:66:18
[INFO] [stdout]    |
[INFO] [stdout] 66 |         .set_acl(PublicAccess::Blob)
[INFO] [stdout]    |                  ^^^^^^^^^^^^ use of undeclared type `PublicAccess`
[INFO] [stdout] 
[INFO] [stdout] 
[INFO] [stdout] error[E0433]: failed to resolve: use of undeclared type `PublicAccess`
[INFO] [stdout]   --> examples/container_01.rs:82:37
[INFO] [stdout]    |
[INFO] [stdout] 82 |     assert!(result.public_access == PublicAccess::Blob);
[INFO] [stdout]    |                                     ^^^^^^^^^^^^ use of undeclared type `PublicAccess`
[INFO] [stdout] 
[INFO] [stdout] 
[INFO] [stdout] error[E0433]: failed to resolve: use of undeclared type `StorageAccountClient`
[INFO] [stdout]   --> examples/container_01.rs:24:9
[INFO] [stdout]    |
[INFO] [stdout] 24 |         StorageAccountClient::new_access_key(http_client.clone(), &account, &master_key)
[INFO] [stdout]    |         ^^^^^^^^^^^^^^^^^^^^ not found in this scope
[INFO] [stdout]    |
[INFO] [stdout] help: consider importing this struct
[INFO] [stdout]    |
[INFO] [stdout] 1  | use azure_storage_mirror::clients::StorageAccountClient;
[INFO] [stdout]    |
[INFO] [stdout] 
[INFO] [stdout] 
[INFO] [stdout] For more information about this error, try `rustc --explain E0433`.
[INFO] [stdout] 
[INFO] [stdout] error[E0433]: failed to resolve: use of undeclared crate or module `azure_storage`
[INFO] [stdout]  --> examples/cloud_table.rs:4:5
[INFO] [stdout]   |
[INFO] [stdout] 4 | use azure_storage::table::{Batch, CloudTable, TableClient};
[INFO] [stdout]   |     ^^^^^^^^^^^^^ use of undeclared crate or module `azure_storage`
[INFO] [stdout] 
[INFO] [stdout] 
[INFO] [stdout] error[E0433]: failed to resolve: use of undeclared type `PublicAccess`
[INFO] [stdout]   --> examples/connection_string.rs:40:24
[INFO] [stdout]    |
[INFO] [stdout] 40 |         .public_access(PublicAccess::None)
[INFO] [stdout]    |                        ^^^^^^^^^^^^ use of undeclared type `PublicAccess`
[INFO] [stdout] 
[INFO] [stdout] 
[INFO] [stdout] error[E0433]: failed to resolve: use of undeclared type `StorageAccountClient`
[INFO] [stdout]   --> examples/connection_string.rs:22:9
[INFO] [stdout]    |
[INFO] [stdout] 22 |         StorageAccountClient::new_connection_string(http_client.clone(), &connection_string)?
[INFO] [stdout]    |         ^^^^^^^^^^^^^^^^^^^^ not found in this scope
[INFO] [stdout]    |
[INFO] [stdout] help: consider importing this struct
[INFO] [stdout]    |
[INFO] [stdout] 1  | use azure_storage_mirror::clients::StorageAccountClient;
[INFO] [stdout]    |
[INFO] [stdout] 
[INFO] [stdout] 
[INFO] [stdout] error[E0433]: failed to resolve: use of undeclared type `StorageAccountClient`
[INFO] [stdout]   --> examples/count_blobs.rs:20:9
[INFO] [stdout]    |
[INFO] [stdout] 20 |         StorageAccountClient::new_access_key(http_client.clone(), &account, &master_key)
[INFO] [stdout]    |         ^^^^^^^^^^^^^^^^^^^^ not found in this scope
[INFO] [stdout]    |
[INFO] [stdout] help: consider importing this struct
[INFO] [stdout]    |
[INFO] [stdout] 1  | use azure_storage_mirror::clients::StorageAccountClient;
[INFO] [stdout]    |
[INFO] [stdout] 
[INFO] [stdout] 
[INFO] [stdout] error[E0433]: failed to resolve: use of undeclared crate or module `azure_storage`
[INFO] [stdout]  --> examples/get_messages.rs:4:5
[INFO] [stdout]   |
[INFO] [stdout] 4 | use azure_storage::core::prelude::*;
[INFO] [stdout]   |     ^^^^^^^^^^^^^ use of undeclared crate or module `azure_storage`
[INFO] [stdout] 
[INFO] [stdout] 
[INFO] [stdout] error[E0433]: failed to resolve: use of undeclared crate or module `azure_storage`
[INFO] [stdout]  --> examples/get_messages.rs:5:5
[INFO] [stdout]   |
[INFO] [stdout] 5 | use azure_storage::queue::prelude::*;
[INFO] [stdout]   |     ^^^^^^^^^^^^^ use of undeclared crate or module `azure_storage`
[INFO] [stdout] 
[INFO] [stdout] 
[INFO] [stdout] warning: unused import: `futures::stream::StreamExt`
[INFO] [stdout]  --> examples/list_blobs_01.rs:4:5
[INFO] [stdout]   |
[INFO] [stdout] 4 | use futures::stream::StreamExt;
[INFO] [stdout]   |     ^^^^^^^^^^^^^^^^^^^^^^^^^^
[INFO] [stdout]   |
[INFO] [stdout]   = note: `#[warn(unused_imports)]` on by default
[INFO] [stdout] 
[INFO] [stdout] 
[INFO] [stdout] error[E0432]: unresolved imports `azure_storage::core::prelude::*`, `azure_storage::queue::prelude::*`
[INFO] [stdout]  --> examples/get_messages.rs:4:5
[INFO] [stdout]   |
[INFO] [stdout] 4 | use azure_storage::core::prelude::*;
[INFO] [stdout]   |     ^^^^^^^^^^^^^^^^^^^^^^^^^^^^^^^
[INFO] [stdout] 5 | use azure_storage::queue::prelude::*;
[INFO] [stdout]   |     ^^^^^^^^^^^^^^^^^^^^^^^^^^^^^^^^
[INFO] [stdout] 
[INFO] [stdout] 
[INFO] [stdout] error[E0433]: failed to resolve: use of undeclared crate or module `azure_storage`
[INFO] [stdout]  --> examples/shared_access_signature.rs:2:5
[INFO] [stdout]   |
[INFO] [stdout] 2 | use azure_storage::core::prelude::*;
[INFO] [stdout]   |     ^^^^^^^^^^^^^ use of undeclared crate or module `azure_storage`
[INFO] [stdout] 
[INFO] [stdout] 
[INFO] [stdout] error[E0433]: failed to resolve: use of undeclared crate or module `azure_storage`
[INFO] [stdout]  --> examples/peek_messages.rs:4:5
[INFO] [stdout]   |
[INFO] [stdout] 4 | use azure_storage::core::prelude::*;
[INFO] [stdout]   |     ^^^^^^^^^^^^^ use of undeclared crate or module `azure_storage`
[INFO] [stdout] 
[INFO] [stdout] 
[INFO] [stdout] error[E0433]: failed to resolve: use of undeclared crate or module `azure_storage`
[INFO] [stdout]  --> examples/peek_messages.rs:5:5
[INFO] [stdout]   |
[INFO] [stdout] 5 | use azure_storage::queue::prelude::*;
[INFO] [stdout]   |     ^^^^^^^^^^^^^ use of undeclared crate or module `azure_storage`
[INFO] [stdout] 
[INFO] [stdout] 
[INFO] [stdout] error[E0432]: unresolved imports `azure_storage::core::prelude::*`, `azure_storage::queue::prelude::*`
[INFO] [stdout]  --> examples/peek_messages.rs:4:5
[INFO] [stdout]   |
[INFO] [stdout] 4 | use azure_storage::core::prelude::*;
[INFO] [stdout]   |     ^^^^^^^^^^^^^^^^^^^^^^^^^^^^^^^
[INFO] [stdout] 5 | use azure_storage::queue::prelude::*;
[INFO] [stdout]   |     ^^^^^^^^^^^^^^^^^^^^^^^^^^^^^^^^
[INFO] [stdout] 
[INFO] [stdout] 
[INFO] [stdout] error: aborting due to 6 previous errors; 1 warning emitted
[INFO] [stdout] 
[INFO] [stdout] 
[INFO] [stdout] Some errors have detailed explanations: E0432, E0433, E0599.
[INFO] [stdout] 
[INFO] [stdout] For more information about an error, try `rustc --explain E0432`.
[INFO] [stdout] 
[INFO] [stdout] error[E0433]: failed to resolve: use of undeclared type `SasResource`
[INFO] [stdout]   --> examples/shared_access_signature.rs:39:24
[INFO] [stdout]    |
[INFO] [stdout] 39 |         .with_resource(SasResource::Blob)
[INFO] [stdout]    |                        ^^^^^^^^^^^ use of undeclared type `SasResource`
[INFO] [stdout] 
[INFO] [stdout] 
[INFO] [stdout] error[E0599]: no method named `next` found for struct `Pin<Box<_>>` in the current scope
[INFO] [stdout]   --> examples/list_queues.rs:51:36
[INFO] [stdout]    |
[INFO] [stdout] 51 |     while let Some(value) = stream.next().await {
[INFO] [stdout]    |                                    ^^^^ method not found in `Pin<Box<_>>`
[INFO] [stdout]    |
[INFO] [stdout]    = note: `stream` is a function, perhaps you wish to call it
[INFO] [stdout] 
[INFO] [stdout] 
[INFO] [stdout] error[E0433]: failed to resolve: use of undeclared type `SasResourceType`
[INFO] [stdout]   --> examples/shared_access_signature.rs:40:29
[INFO] [stdout]    |
[INFO] [stdout] 40 |         .with_resource_type(SasResourceType::Object)
[INFO] [stdout]    |                             ^^^^^^^^^^^^^^^ use of undeclared type `SasResourceType`
[INFO] [stdout] 
[INFO] [stdout] 
[INFO] [stdout] error[E0433]: failed to resolve: use of undeclared type `SasPermissions`
[INFO] [stdout]   --> examples/shared_access_signature.rs:43:27
[INFO] [stdout]    |
[INFO] [stdout] 43 |         .with_permissions(SasPermissions::Read)
[INFO] [stdout]    |                           ^^^^^^^^^^^^^^ use of undeclared type `SasPermissions`
[INFO] [stdout] 
[INFO] [stdout] 
[INFO] [stdout] error[E0433]: failed to resolve: use of undeclared type `SasProtocol`
[INFO] [stdout]   --> examples/shared_access_signature.rs:44:24
[INFO] [stdout]    |
[INFO] [stdout] 44 |         .with_protocol(SasProtocol::HttpHttps)
[INFO] [stdout]    |                        ^^^^^^^^^^^ use of undeclared type `SasProtocol`
[INFO] [stdout] 
[INFO] [stdout] 
[INFO] [stdout] error[E0433]: failed to resolve: use of undeclared type `StorageAccountClient`
[INFO] [stdout]   --> examples/shared_access_signature.rs:29:9
[INFO] [stdout]    |
[INFO] [stdout] 29 |         StorageAccountClient::new_access_key(http_client.clone(), &account, &master_key);
[INFO] [stdout]    |         ^^^^^^^^^^^^^^^^^^^^ not found in this scope
[INFO] [stdout]    |
[INFO] [stdout] help: consider importing this struct
[INFO] [stdout]    |
[INFO] [stdout] 1  | use azure_storage_mirror::clients::StorageAccountClient;
[INFO] [stdout]    |
[INFO] [stdout] 
[INFO] [stdout] 
[INFO] [stdout] warning: unused import: `futures::stream::StreamExt`
[INFO] [stdout]  --> examples/list_queues.rs:3:5
[INFO] [stdout]   |
[INFO] [stdout] 3 | use futures::stream::StreamExt;
[INFO] [stdout]   |     ^^^^^^^^^^^^^^^^^^^^^^^^^^
[INFO] [stdout]   |
[INFO] [stdout]   = note: `#[warn(unused_imports)]` on by default
[INFO] [stdout] 
[INFO] [stdout] 
[INFO] [stdout] error[E0433]: failed to resolve: use of undeclared type `StorageAccountClient`
[INFO] [stdout]   --> examples/peek_messages.rs:23:17
[INFO] [stdout]    |
[INFO] [stdout] 23 |     let queue = StorageAccountClient::new_access_key(http_client.clone(), &account, &master_key)
[INFO] [stdout]    |                 ^^^^^^^^^^^^^^^^^^^^ not found in this scope
[INFO] [stdout]    |
[INFO] [stdout] help: consider importing this struct
[INFO] [stdout]    |
[INFO] [stdout] 3  | use azure_storage_mirror::clients::StorageAccountClient;
[INFO] [stdout]    |
[INFO] [stdout] 
[INFO] [stdout] 
[INFO] [stdout] error[E0433]: failed to resolve: use of undeclared crate or module `azure_storage`
[INFO] [stdout]  --> examples/queue_create.rs:4:5
[INFO] [stdout]   |
[INFO] [stdout] 4 | use azure_storage::core::prelude::*;
[INFO] [stdout]   |     ^^^^^^^^^^^^^ use of undeclared crate or module `azure_storage`
[INFO] [stdout] 
[INFO] [stdout] 
[INFO] [stdout] error[E0433]: failed to resolve: use of undeclared crate or module `azure_storage`
[INFO] [stdout]  --> examples/queue_create.rs:5:5
[INFO] [stdout]   |
[INFO] [stdout] 5 | use azure_storage::queue::prelude::*;
[INFO] [stdout]   |     ^^^^^^^^^^^^^ use of undeclared crate or module `azure_storage`
[INFO] [stdout] 
[INFO] [stdout] 
[INFO] [stdout] error[E0432]: unresolved imports `azure_storage::core::prelude::*`, `azure_storage::queue::prelude::*`
[INFO] [stdout]  --> examples/queue_create.rs:4:5
[INFO] [stdout]   |
[INFO] [stdout] 4 | use azure_storage::core::prelude::*;
[INFO] [stdout]   |     ^^^^^^^^^^^^^^^^^^^^^^^^^^^^^^^
[INFO] [stdout] 5 | use azure_storage::queue::prelude::*;
[INFO] [stdout]   |     ^^^^^^^^^^^^^^^^^^^^^^^^^^^^^^^^
[INFO] [stdout] 
[INFO] [stdout] 
[INFO] [stdout] error: aborting due to 3 previous errors; 1 warning emitted
[INFO] [stdout] 
[INFO] [stdout] 
[INFO] [stdout] Some errors have detailed explanations: E0433, E0599.
[INFO] [stdout] 
[INFO] [stdout] For more information about an error, try `rustc --explain E0433`.
[INFO] [stdout] 
[INFO] [stdout] error: aborting due to 6 previous errors
[INFO] [stdout] 
[INFO] [stdout] 
[INFO] [stdout] For more information about this error, try `rustc --explain E0433`.
[INFO] [stdout] 
[INFO] [stdout] error: aborting due to 4 previous errors
[INFO] [stdout] 
[INFO] [stdout] 
[INFO] [stdout] Some errors have detailed explanations: E0432, E0433.
[INFO] [stdout] 
[INFO] [stdout] For more information about an error, try `rustc --explain E0432`.
[INFO] [stdout] 
[INFO] [stdout] error[E0433]: failed to resolve: use of undeclared type `TableClient`
[INFO] [stdout]   --> examples/cloud_table.rs:21:18
[INFO] [stdout]    |
[INFO] [stdout] 21 |     let client = TableClient::new(&account, &master_key);
[INFO] [stdout]    |                  ^^^^^^^^^^^ not found in this scope
[INFO] [stdout]    |
[INFO] [stdout] help: consider importing one of these items
[INFO] [stdout]    |
[INFO] [stdout] 4  | use azure_storage_mirror::TableClient;
[INFO] [stdout]    |
[INFO] [stdout] 4  | use azure_storage_mirror::clients::TableClient;
[INFO] [stdout]    |
[INFO] [stdout] 
[INFO] [stdout] 
[INFO] [stdout] error[E0433]: failed to resolve: use of undeclared type `CloudTable`
[INFO] [stdout]   --> examples/cloud_table.rs:22:23
[INFO] [stdout]    |
[INFO] [stdout] 22 |     let cloud_table = CloudTable::new(client, "test");
[INFO] [stdout]    |                       ^^^^^^^^^^ not found in this scope
[INFO] [stdout]    |
[INFO] [stdout] help: consider importing this struct
[INFO] [stdout]    |
[INFO] [stdout] 4  | use azure_storage_mirror::CloudTable;
[INFO] [stdout]    |
[INFO] [stdout] 
[INFO] [stdout] 
[INFO] [stdout] error[E0433]: failed to resolve: use of undeclared type `Batch`
[INFO] [stdout]   --> examples/cloud_table.rs:30:21
[INFO] [stdout]    |
[INFO] [stdout] 30 |     let mut batch = Batch::new("big2".to_owned());
[INFO] [stdout]    |                     ^^^^^ not found in this scope
[INFO] [stdout]    |
[INFO] [stdout] help: consider importing this struct
[INFO] [stdout]    |
[INFO] [stdout] 4  | use azure_storage_mirror::Batch;
[INFO] [stdout]    |
[INFO] [stdout] 
[INFO] [stdout] 
[INFO] [stdout] error[E0433]: failed to resolve: use of undeclared type `Batch`
[INFO] [stdout]   --> examples/cloud_table.rs:40:50
[INFO] [stdout]    |
[INFO] [stdout] 40 |             let batch = mem::replace(&mut batch, Batch::new("big2".to_owned()));
[INFO] [stdout]    |                                                  ^^^^^ not found in this scope
[INFO] [stdout]    |
[INFO] [stdout] help: consider importing this struct
[INFO] [stdout]    |
[INFO] [stdout] 4  | use azure_storage_mirror::Batch;
[INFO] [stdout]    |
[INFO] [stdout] 
[INFO] [stdout] 
[INFO] [stdout] error[E0433]: failed to resolve: use of undeclared type `Batch`
[INFO] [stdout]   --> examples/cloud_table.rs:66:21
[INFO] [stdout]    |
[INFO] [stdout] 66 |     let mut batch = Batch::new("big2".to_owned());
[INFO] [stdout]    |                     ^^^^^ not found in this scope
[INFO] [stdout]    |
[INFO] [stdout] help: consider importing this struct
[INFO] [stdout]    |
[INFO] [stdout] 4  | use azure_storage_mirror::Batch;
[INFO] [stdout]    |
[INFO] [stdout] 
[INFO] [stdout] 
[INFO] [stdout] error[E0433]: failed to resolve: use of undeclared type `Batch`
[INFO] [stdout]   --> examples/cloud_table.rs:81:50
[INFO] [stdout]    |
[INFO] [stdout] 81 |             let batch = mem::replace(&mut batch, Batch::new("big2".to_owned()));
[INFO] [stdout]    |                                                  ^^^^^ not found in this scope
[INFO] [stdout]    |
[INFO] [stdout] help: consider importing this struct
[INFO] [stdout]    |
[INFO] [stdout] 4  | use azure_storage_mirror::Batch;
[INFO] [stdout]    |
[INFO] [stdout] 
[INFO] [stdout] 
[INFO] [stdout] error[E0433]: failed to resolve: use of undeclared crate or module `azure_storage`
[INFO] [stdout]  --> examples/put_block_blob_00.rs:5:5
[INFO] [stdout]   |
[INFO] [stdout] 5 | use azure_storage::blob::prelude::*;
[INFO] [stdout]   |     ^^^^^^^^^^^^^ use of undeclared crate or module `azure_storage`
[INFO] [stdout] 
[INFO] [stdout] 
[INFO] [stdout] error[E0433]: failed to resolve: use of undeclared crate or module `azure_storage`
[INFO] [stdout]  --> examples/put_block_blob_00.rs:6:5
[INFO] [stdout]   |
[INFO] [stdout] 6 | use azure_storage::core::prelude::*;
[INFO] [stdout]   |     ^^^^^^^^^^^^^ use of undeclared crate or module `azure_storage`
[INFO] [stdout] 
[INFO] [stdout] 
[INFO] [stdout] error[E0432]: unresolved imports `azure_storage::blob::prelude::*`, `azure_storage::core::prelude::*`
[INFO] [stdout]  --> examples/put_block_blob_00.rs:5:5
[INFO] [stdout]   |
[INFO] [stdout] 5 | use azure_storage::blob::prelude::*;
[INFO] [stdout]   |     ^^^^^^^^^^^^^^^^^^^^^^^^^^^^^^^
[INFO] [stdout] 6 | use azure_storage::core::prelude::*;
[INFO] [stdout]   |     ^^^^^^^^^^^^^^^^^^^^^^^^^^^^^^^
[INFO] [stdout] 
[INFO] [stdout] 
[INFO] [stdout] error: aborting due to 4 previous errors
[INFO] [stdout] 
[INFO] [stdout] 
[INFO] [stdout] Some errors have detailed explanations: E0432, E0433.
[INFO] [stdout] 
[INFO] [stdout] For more information about an error, try `rustc --explain E0432`.
[INFO] [stdout] 
[INFO] [stdout] error: aborting due to 7 previous errors
[INFO] [stdout] 
[INFO] [stdout] 
[INFO] [stdout] Some errors have detailed explanations: E0432, E0433.
[INFO] [stdout] 
[INFO] [stdout] For more information about an error, try `rustc --explain E0432`.
[INFO] [stdout] 
[INFO] [stdout] error: aborting due to 2 previous errors
[INFO] [stdout] 
[INFO] [stdout] 
[INFO] [stdout] For more information about this error, try `rustc --explain E0433`.
[INFO] [stdout] 
[INFO] [stdout] error[E0433]: failed to resolve: use of undeclared type `StorageAccountClient`
[INFO] [stdout]   --> examples/queue_create.rs:25:9
[INFO] [stdout]    |
[INFO] [stdout] 25 |         StorageAccountClient::new_access_key(http_client.clone(), &account, &master_key);
[INFO] [stdout]    |         ^^^^^^^^^^^^^^^^^^^^ not found in this scope
[INFO] [stdout]    |
[INFO] [stdout] help: consider importing this struct
[INFO] [stdout]    |
[INFO] [stdout] 3  | use azure_storage_mirror::clients::StorageAccountClient;
[INFO] [stdout]    |
[INFO] [stdout] 
[INFO] [stdout] 
[INFO] [stdout] error[E0433]: failed to resolve: use of undeclared type `QueueStoredAccessPolicy`
[INFO] [stdout]   --> examples/queue_create.rs:61:9
[INFO] [stdout]    |
[INFO] [stdout] 61 |         QueueStoredAccessPolicy::new(
[INFO] [stdout]    |         ^^^^^^^^^^^^^^^^^^^^^^^
[INFO] [stdout]    |
[INFO] [stdout]   ::: /opt/rustwide/cargo-home/registry/src/github.com-1ecc6299db9ec823/azure_core_mirror-0.1.0/src/stored_access_policy.rs:10:1
[INFO] [stdout]    |
[INFO] [stdout] 10 | pub struct StoredAccessPolicy {
[INFO] [stdout]    | ----------------------------- similarly named struct `StoredAccessPolicy` defined here
[INFO] [stdout]    |
[INFO] [stdout] help: a struct with a similar name exists
[INFO] [stdout]    |
[INFO] [stdout] 61 |         StoredAccessPolicy::new(
[INFO] [stdout]    |         ~~~~~~~~~~~~~~~~~~
[INFO] [stdout] help: consider importing this struct
[INFO] [stdout]    |
[INFO] [stdout] 3  | use azure_storage_mirror::QueueStoredAccessPolicy;
[INFO] [stdout]    |
[INFO] [stdout] 
[INFO] [stdout] 
[INFO] [stdout] error[E0433]: failed to resolve: use of undeclared type `QueueStoredAccessPolicy`
[INFO] [stdout]   --> examples/queue_create.rs:70:9
[INFO] [stdout]    |
[INFO] [stdout] 70 |         QueueStoredAccessPolicy::new(
[INFO] [stdout]    |         ^^^^^^^^^^^^^^^^^^^^^^^
[INFO] [stdout]    |
[INFO] [stdout]   ::: /opt/rustwide/cargo-home/registry/src/github.com-1ecc6299db9ec823/azure_core_mirror-0.1.0/src/stored_access_policy.rs:10:1
[INFO] [stdout]    |
[INFO] [stdout] 10 | pub struct StoredAccessPolicy {
[INFO] [stdout]    | ----------------------------- similarly named struct `StoredAccessPolicy` defined here
[INFO] [stdout]    |
[INFO] [stdout] help: a struct with a similar name exists
[INFO] [stdout]    |
[INFO] [stdout] 70 |         StoredAccessPolicy::new(
[INFO] [stdout]    |         ~~~~~~~~~~~~~~~~~~
[INFO] [stdout] help: consider importing this struct
[INFO] [stdout]    |
[INFO] [stdout] 3  | use azure_storage_mirror::QueueStoredAccessPolicy;
[INFO] [stdout]    |
[INFO] [stdout] 
[INFO] [stdout] 
[INFO] [stdout] error[E0433]: failed to resolve: use of undeclared crate or module `azure_storage`
[INFO] [stdout]  --> examples/delete_message.rs:4:5
[INFO] [stdout]   |
[INFO] [stdout] 4 | use azure_storage::core::prelude::*;
[INFO] [stdout]   |     ^^^^^^^^^^^^^ use of undeclared crate or module `azure_storage`
[INFO] [stdout] 
[INFO] [stdout] 
[INFO] [stdout] error[E0433]: failed to resolve: use of undeclared crate or module `azure_storage`
[INFO] [stdout]  --> examples/delete_message.rs:5:5
[INFO] [stdout]   |
[INFO] [stdout] 5 | use azure_storage::queue::prelude::*;
[INFO] [stdout]   |     ^^^^^^^^^^^^^ use of undeclared crate or module `azure_storage`
[INFO] [stdout] 
[INFO] [stdout] 
[INFO] [stdout] error[E0433]: failed to resolve: use of undeclared type `BlockListType`
[INFO] [stdout]   --> examples/put_block_blob_00.rs:72:26
[INFO] [stdout]    |
[INFO] [stdout] 72 |         .block_list_type(BlockListType::All)
[INFO] [stdout]    |                          ^^^^^^^^^^^^^ use of undeclared type `BlockListType`
[INFO] [stdout] 
[INFO] [stdout] 
[INFO] [stdout] error[E0432]: unresolved imports `azure_storage::core::prelude::*`, `azure_storage::queue::prelude::*`
[INFO] [stdout]  --> examples/delete_message.rs:4:5
[INFO] [stdout]   |
[INFO] [stdout] 4 | use azure_storage::core::prelude::*;
[INFO] [stdout]   |     ^^^^^^^^^^^^^^^^^^^^^^^^^^^^^^^
[INFO] [stdout] 5 | use azure_storage::queue::prelude::*;
[INFO] [stdout]   |     ^^^^^^^^^^^^^^^^^^^^^^^^^^^^^^^^
[INFO] [stdout] 
[INFO] [stdout] 
[INFO] [stdout] error[E0433]: failed to resolve: use of undeclared type `DeleteSnapshotsMethod`
[INFO] [stdout]    --> examples/put_block_blob_00.rs:107:34
[INFO] [stdout]     |
[INFO] [stdout] 107 |         .delete_snapshots_method(DeleteSnapshotsMethod::Include)
[INFO] [stdout]     |                                  ^^^^^^^^^^^^^^^^^^^^^ use of undeclared type `DeleteSnapshotsMethod`
[INFO] [stdout] 
[INFO] [stdout] 
[INFO] [stdout] error[E0433]: failed to resolve: use of undeclared type `StorageAccountClient`
[INFO] [stdout]   --> examples/put_block_blob_00.rs:32:9
[INFO] [stdout]    |
[INFO] [stdout] 32 |         StorageAccountClient::new_access_key(http_client.clone(), &account, &master_key);
[INFO] [stdout]    |         ^^^^^^^^^^^^^^^^^^^^ not found in this scope
[INFO] [stdout]    |
[INFO] [stdout] help: consider importing this struct
[INFO] [stdout]    |
[INFO] [stdout] 4  | use azure_storage_mirror::clients::StorageAccountClient;
[INFO] [stdout]    |
[INFO] [stdout] 
[INFO] [stdout] 
[INFO] [stdout] error[E0433]: failed to resolve: use of undeclared type `BlockList`
[INFO] [stdout]   --> examples/put_block_blob_00.rs:56:26
[INFO] [stdout]    |
[INFO] [stdout] 56 |     let mut block_list = BlockList::default();
[INFO] [stdout]    |                          ^^^^^^^^^ not found in this scope
[INFO] [stdout]    |
[INFO] [stdout] help: consider importing this struct
[INFO] [stdout]    |
[INFO] [stdout] 4  | use azure_storage_mirror::blob::prelude::BlockList;
[INFO] [stdout]    |
[INFO] [stdout] 
[INFO] [stdout] 
[INFO] [stdout] error[E0433]: failed to resolve: use of undeclared type `BlobBlockType`
[INFO] [stdout]   --> examples/put_block_blob_00.rs:59:15
[INFO] [stdout]    |
[INFO] [stdout] 59 |         .push(BlobBlockType::new_uncommitted("satanasso"));
[INFO] [stdout]    |               ^^^^^^^^^^^^^ not found in this scope
[INFO] [stdout]    |
[INFO] [stdout] help: consider importing this enum
[INFO] [stdout]    |
[INFO] [stdout] 4  | use azure_storage_mirror::blob::prelude::BlobBlockType;
[INFO] [stdout]    |
[INFO] [stdout] 
[INFO] [stdout] 
[INFO] [stdout] error[E0433]: failed to resolve: use of undeclared type `BlobBlockType`
[INFO] [stdout]   --> examples/put_block_blob_00.rs:62:15
[INFO] [stdout]    |
[INFO] [stdout] 62 |         .push(BlobBlockType::new_uncommitted("pollastro"));
[INFO] [stdout]    |               ^^^^^^^^^^^^^ not found in this scope
[INFO] [stdout]    |
[INFO] [stdout] help: consider importing this enum
[INFO] [stdout]    |
[INFO] [stdout] 4  | use azure_storage_mirror::blob::prelude::BlobBlockType;
[INFO] [stdout]    |
[INFO] [stdout] 
[INFO] [stdout] 
[INFO] [stdout] error[E0433]: failed to resolve: use of undeclared type `StorageAccountClient`
[INFO] [stdout]   --> examples/get_messages.rs:24:17
[INFO] [stdout]    |
[INFO] [stdout] 24 |     let queue = StorageAccountClient::new_access_key(http_client.clone(), &account, &master_key)
[INFO] [stdout]    |                 ^^^^^^^^^^^^^^^^^^^^ not found in this scope
[INFO] [stdout]    |
[INFO] [stdout] help: consider importing this struct
[INFO] [stdout]    |
[INFO] [stdout] 3  | use azure_storage_mirror::clients::StorageAccountClient;
[INFO] [stdout]    |
[INFO] [stdout] 
[INFO] [stdout] 
[INFO] [stdout] error: aborting due to 9 previous errors
[INFO] [stdout] 
[INFO] [stdout] 
[INFO] [stdout] Some errors have detailed explanations: E0432, E0433.
[INFO] [stdout] 
[INFO] [stdout] For more information about an error, try `rustc --explain E0432`.
[INFO] [stdout] 
[INFO] [stdout] error[E0433]: failed to resolve: use of undeclared crate or module `azure_storage`
[INFO] [stdout]  --> examples/blob_04.rs:2:5
[INFO] [stdout]   |
[INFO] [stdout] 2 | use azure_storage::blob::prelude::*;
[INFO] [stdout]   |     ^^^^^^^^^^^^^ use of undeclared crate or module `azure_storage`
[INFO] [stdout] 
[INFO] [stdout] 
[INFO] [stdout] error[E0433]: failed to resolve: use of undeclared crate or module `azure_storage`
[INFO] [stdout]  --> examples/blob_04.rs:3:5
[INFO] [stdout]   |
[INFO] [stdout] 3 | use azure_storage::core::prelude::*;
[INFO] [stdout]   |     ^^^^^^^^^^^^^ use of undeclared crate or module `azure_storage`
[INFO] [stdout] 
[INFO] [stdout] 
[INFO] [stdout] error[E0432]: unresolved imports `azure_storage::blob::prelude::*`, `azure_storage::core::prelude::*`
[INFO] [stdout]  --> examples/blob_04.rs:2:5
[INFO] [stdout]   |
[INFO] [stdout] 2 | use azure_storage::blob::prelude::*;
[INFO] [stdout]   |     ^^^^^^^^^^^^^^^^^^^^^^^^^^^^^^^
[INFO] [stdout] 3 | use azure_storage::core::prelude::*;
[INFO] [stdout]   |     ^^^^^^^^^^^^^^^^^^^^^^^^^^^^^^^
[INFO] [stdout] 
[INFO] [stdout] 
[INFO] [stdout] error[E0433]: failed to resolve: use of undeclared type `StorageAccountClient`
[INFO] [stdout]   --> examples/delete_message.rs:24:17
[INFO] [stdout]    |
[INFO] [stdout] 24 |     let queue = StorageAccountClient::new_access_key(http_client.clone(), &account, &master_key)
[INFO] [stdout]    |                 ^^^^^^^^^^^^^^^^^^^^ not found in this scope
[INFO] [stdout]    |
[INFO] [stdout] help: consider importing this struct
[INFO] [stdout]    |
[INFO] [stdout] 3  | use azure_storage_mirror::clients::StorageAccountClient;
[INFO] [stdout]    |
[INFO] [stdout] 
[INFO] [stdout] 
[INFO] [stdout] error[E0599]: no method named `next` found for struct `Pin<Box<_>>` in the current scope
[INFO] [stdout]   --> examples/blob_00.rs:49:36
[INFO] [stdout]    |
[INFO] [stdout] 49 |     while let Some(value) = stream.next().await {
[INFO] [stdout]    |                                    ^^^^ method not found in `Pin<Box<_>>`
[INFO] [stdout]    |
[INFO] [stdout]    = note: `stream` is a function, perhaps you wish to call it
[INFO] [stdout] 
[INFO] [stdout] 
[INFO] [stdout] warning: unused import: `futures::stream::StreamExt`
[INFO] [stdout]  --> examples/blob_00.rs:5:5
[INFO] [stdout]   |
[INFO] [stdout] 5 | use futures::stream::StreamExt;
[INFO] [stdout]   |     ^^^^^^^^^^^^^^^^^^^^^^^^^^
[INFO] [stdout]   |
[INFO] [stdout]   = note: `#[warn(unused_imports)]` on by default
[INFO] [stdout] 
[INFO] [stdout] 
[INFO] [stdout] error: aborting due to 3 previous errors; 1 warning emitted
[INFO] [stdout] 
[INFO] [stdout] 
[INFO] [stdout] Some errors have detailed explanations: E0433, E0599.
[INFO] [stdout] 
[INFO] [stdout] For more information about an error, try `rustc --explain E0433`.
[INFO] [stdout] 
[INFO] [stdout] error: aborting due to 6 previous errors
[INFO] [stdout] 
[INFO] [stdout] 
[INFO] [stdout] Some errors have detailed explanations: E0432, E0433.
[INFO] [stdout] 
[INFO] [stdout] For more information about an error, try `rustc --explain E0432`.
[INFO] [stdout] 
[INFO] [stdout] error: aborting due to 4 previous errors
[INFO] [stdout] 
[INFO] [stdout] 
[INFO] [stdout] Some errors have detailed explanations: E0432, E0433.
[INFO] [stdout] 
[INFO] [stdout] For more information about an error, try `rustc --explain E0432`.
[INFO] [stdout] 
[INFO] [stdout] error[E0433]: failed to resolve: use of undeclared type `StorageAccountClient`
[INFO] [stdout]   --> examples/blob_04.rs:25:9
[INFO] [stdout]    |
[INFO] [stdout] 25 |         StorageAccountClient::new_access_key(http_client.clone(), &account, &master_key);
[INFO] [stdout]    |         ^^^^^^^^^^^^^^^^^^^^ not found in this scope
[INFO] [stdout]    |
[INFO] [stdout] help: consider importing this struct
[INFO] [stdout]    |
[INFO] [stdout] 1  | use azure_storage_mirror::clients::StorageAccountClient;
[INFO] [stdout]    |
[INFO] [stdout] 
[INFO] [stdout] 
[INFO] [stdout] error[E0433]: failed to resolve: use of undeclared type `BlockList`
[INFO] [stdout]   --> examples/blob_04.rs:61:26
[INFO] [stdout]    |
[INFO] [stdout] 61 |     let mut block_list = BlockList::default();
[INFO] [stdout]    |                          ^^^^^^^^^ not found in this scope
[INFO] [stdout]    |
[INFO] [stdout] help: consider importing this struct
[INFO] [stdout]    |
[INFO] [stdout] 1  | use azure_storage_mirror::blob::prelude::BlockList;
[INFO] [stdout]    |
[INFO] [stdout] 
[INFO] [stdout] 
[INFO] [stdout] error[E0433]: failed to resolve: use of undeclared type `BlobBlockType`
[INFO] [stdout]   --> examples/blob_04.rs:63:32
[INFO] [stdout]    |
[INFO] [stdout] 63 |         block_list.blocks.push(BlobBlockType::new_uncommitted(id));
[INFO] [stdout]    |                                ^^^^^^^^^^^^^ not found in this scope
[INFO] [stdout]    |
[INFO] [stdout] help: consider importing this enum
[INFO] [stdout]    |
[INFO] [stdout] 1  | use azure_storage_mirror::blob::prelude::BlobBlockType;
[INFO] [stdout]    |
[INFO] [stdout] 
[INFO] [stdout] 
[INFO] [stdout] error: aborting due to 3 previous errors
[INFO] [stdout] 
[INFO] [stdout] 
[INFO] [stdout] For more information about this error, try `rustc --explain E0433`.
[INFO] [stdout] 
[INFO] [stdout] error: aborting due to 4 previous errors
[INFO] [stdout] 
[INFO] [stdout] 
[INFO] [stdout] Some errors have detailed explanations: E0432, E0433.
[INFO] [stdout] 
[INFO] [stdout] For more information about an error, try `rustc --explain E0432`.
[INFO] [stdout] 
[INFO] [stdout] error[E0599]: no method named `next` found for struct `Pin<Box<_>>` in the current scope
[INFO] [stdout]   --> examples/list_blobs_00.rs:78:36
[INFO] [stdout]    |
[INFO] [stdout] 78 |     while let Some(value) = stream.next().await {
[INFO] [stdout]    |                                    ^^^^ method not found in `Pin<Box<_>>`
[INFO] [stdout]    |
[INFO] [stdout]    = note: `stream` is a function, perhaps you wish to call it
[INFO] [stdout] 
[INFO] [stdout] 
[INFO] [stdout] error[E0599]: no method named `next` found for struct `Pin<Box<_>>` in the current scope
[INFO] [stdout]   --> examples/blob_range.rs:74:36
[INFO] [stdout]    |
[INFO] [stdout] 74 |     while let Some(value) = stream.next().await {
[INFO] [stdout]    |                                    ^^^^ method not found in `Pin<Box<_>>`
[INFO] [stdout]    |
[INFO] [stdout]    = note: `stream` is a function, perhaps you wish to call it
[INFO] [stdout] 
[INFO] [stdout] 
[INFO] [stdout] error[E0599]: no method named `next` found for struct `Pin<Box<_>>` in the current scope
[INFO] [stdout]   --> examples/copy_table.rs:45:43
[INFO] [stdout]    |
[INFO] [stdout] 45 |     while let Some(query_result) = stream.next().await {
[INFO] [stdout]    |                                           ^^^^ method not found in `Pin<Box<_>>`
[INFO] [stdout]    |
[INFO] [stdout]    = note: `stream` is a function, perhaps you wish to call it
[INFO] [stdout] 
[INFO] [stdout] 
[INFO] [stdout] error: aborting due to 6 previous errors
[INFO] [stdout] 
[INFO] [stdout] 
[INFO] [stdout] warning: unused import: `futures::stream::StreamExt`
[INFO] [stdout]  --> examples/list_blobs_00.rs:4:5
[INFO] [stdout]   |
[INFO] [stdout] 4 | use futures::stream::StreamExt;
[INFO] [stdout]   |     ^^^^^^^^^^^^^^^^^^^^^^^^^^
[INFO] [stdout]   |
[INFO] [stdout]   = note: `#[warn(unused_imports)]` on by default
[INFO] [stdout] 
[INFO] [stdout] 
[INFO] [stdout] warning: unused import: `futures::stream::StreamExt`
[INFO] [stdout]  --> examples/copy_table.rs:6:5
[INFO] [stdout]   |
[INFO] [stdout] 6 | use futures::stream::StreamExt;
[INFO] [stdout]   |     ^^^^^^^^^^^^^^^^^^^^^^^^^^
[INFO] [stdout]   |
[INFO] [stdout]   = note: `#[warn(unused_imports)]` on by default
[INFO] [stdout] 
[INFO] [stdout] 
[INFO] [stdout] error: aborting due to 8 previous errors; 1 warning emitted
[INFO] [stdout] 
[INFO] [stdout] 
[INFO] [stdout] Some errors have detailed explanations: E0433, E0599.
[INFO] [stdout] 
[INFO] [stdout] For more information about an error, try `rustc --explain E0433`.
[INFO] [stdout] 
[INFO] [stdout] error: aborting due to 7 previous errors
[INFO] [stdout] 
[INFO] [stdout] 
[INFO] [stdout] For more information about this error, try `rustc --explain E0433`.
[INFO] [stdout] 
[INFO] [stdout] error: aborting due to 6 previous errors; 1 warning emitted
[INFO] [stdout] 
[INFO] [stdout] 
[INFO] [stdout] Some errors have detailed explanations: E0432, E0433, E0599.
[INFO] [stdout] 
[INFO] [stdout] For more information about an error, try `rustc --explain E0432`.
[INFO] [stdout] 
[INFO] [stdout] Some errors have detailed explanations: E0432, E0433.
[INFO] [stdout] 
[INFO] [stdout] For more information about an error, try `rustc --explain E0432`.
[INFO] [stdout] 
[INFO] [stdout] warning: unused import: `futures::stream::StreamExt`
[INFO] [stdout]  --> examples/blob_range.rs:3:5
[INFO] [stdout]   |
[INFO] [stdout] 3 | use futures::stream::StreamExt;
[INFO] [stdout]   |     ^^^^^^^^^^^^^^^^^^^^^^^^^^
[INFO] [stdout]   |
[INFO] [stdout]   = note: `#[warn(unused_imports)]` on by default
[INFO] [stdout] 
[INFO] [stdout] 
[INFO] [stdout] error: aborting due to 3 previous errors; 1 warning emitted
[INFO] [stdout] 
[INFO] [stdout] 
[INFO] [stdout] Some errors have detailed explanations: E0433, E0599.
[INFO] [stdout] 
[INFO] [stdout] For more information about an error, try `rustc --explain E0433`.
[INFO] [stdout] 
[INFO] [stdout] error[E0599]: no method named `next` found for struct `Pin<Box<_>>` in the current scope
[INFO] [stdout]   --> examples/count_blobs.rs:26:54
[INFO] [stdout]    |
[INFO] [stdout] 26 |     while let Some(list_blobs_response) = list_blobs.next().await {
[INFO] [stdout]    |                                                      ^^^^ method not found in `Pin<Box<_>>`
[INFO] [stdout]    |
[INFO] [stdout]    = note: `list_blobs` is a function, perhaps you wish to call it
[INFO] [stdout] 
[INFO] [stdout] 
[INFO] [stdout] warning: unused import: `futures::stream::StreamExt`
[INFO] [stdout]  --> examples/count_blobs.rs:3:5
[INFO] [stdout]   |
[INFO] [stdout] 3 | use futures::stream::StreamExt;
[INFO] [stdout]   |     ^^^^^^^^^^^^^^^^^^^^^^^^^^
[INFO] [stdout]   |
[INFO] [stdout]   = note: `#[warn(unused_imports)]` on by default
[INFO] [stdout] 
[INFO] [stdout] 
[INFO] [stdout] error: aborting due to 3 previous errors; 1 warning emitted
[INFO] [stdout] 
[INFO] [stdout] 
[INFO] [stdout] Some errors have detailed explanations: E0433, E0599.
[INFO] [stdout] 
[INFO] [stdout] For more information about an error, try `rustc --explain E0433`.
[INFO] [stdout] 
[INFO] [stdout] error[E0599]: no method named `next` found for struct `Pin<Box<_>>` in the current scope
[INFO] [stdout]   --> examples/connection_string.rs:72:36
[INFO] [stdout]    |
[INFO] [stdout] 72 |     while let Some(value) = stream.next().await {
[INFO] [stdout]    |                                    ^^^^ method not found in `Pin<Box<_>>`
[INFO] [stdout]    |
[INFO] [stdout]    = note: `stream` is a function, perhaps you wish to call it
[INFO] [stdout] 
[INFO] [stdout] 
[INFO] [stdout] error: aborting due to 3 previous errors
[INFO] [stdout] 
[INFO] [stdout] 
[INFO] [stdout] Some errors have detailed explanations: E0412, E0433.
[INFO] [stdout] 
[INFO] [stdout] For more information about an error, try `rustc --explain E0412`.
[INFO] [stdout] 
[INFO] [stdout] warning: unused import: `futures::stream::StreamExt`
[INFO] [stdout]  --> examples/connection_string.rs:4:5
[INFO] [stdout]   |
[INFO] [stdout] 4 | use futures::stream::StreamExt;
[INFO] [stdout]   |     ^^^^^^^^^^^^^^^^^^^^^^^^^^
[INFO] [stdout]   |
[INFO] [stdout]   = note: `#[warn(unused_imports)]` on by default
[INFO] [stdout] 
[INFO] [stdout] 
[INFO] [stdout] error: aborting due to 6 previous errors; 1 warning emitted
[INFO] [stdout] 
[INFO] [stdout] 
[INFO] [stdout] Some errors have detailed explanations: E0432, E0433, E0599.
[INFO] [stdout] 
[INFO] [stdout] For more information about an error, try `rustc --explain E0432`.
[INFO] [stdout] 
[INFO] [stderr] error: build failed
[INFO] running `Command { std: "docker" "inspect" "afa1bb586d4d39ad4b469c12ddde32e613b0a1cd04599d281b6b2b5f0fec62df", kill_on_drop: false }`
[INFO] running `Command { std: "docker" "rm" "-f" "afa1bb586d4d39ad4b469c12ddde32e613b0a1cd04599d281b6b2b5f0fec62df", kill_on_drop: false }`
[INFO] [stdout] afa1bb586d4d39ad4b469c12ddde32e613b0a1cd04599d281b6b2b5f0fec62df
