[INFO] fetching crate atter 0.1.1...
[INFO] checking atter-0.1.1 against beta-2021-10-15 for beta-1.56-3
[INFO] extracting crate atter 0.1.1 into /workspace/builds/worker-3/source
[INFO] validating manifest of crates.io crate atter 0.1.1 on toolchain beta-2021-10-15
[INFO] running `Command { std: "/workspace/cargo-home/bin/cargo" "+beta-2021-10-15" "metadata" "--manifest-path" "Cargo.toml" "--no-deps", kill_on_drop: false }`
[INFO] started tweaking crates.io crate atter 0.1.1
[INFO] finished tweaking crates.io crate atter 0.1.1
[INFO] tweaked toml for crates.io crate atter 0.1.1 written to /workspace/builds/worker-3/source/Cargo.toml
[INFO] running `Command { std: "/workspace/cargo-home/bin/cargo" "+beta-2021-10-15" "generate-lockfile" "--manifest-path" "Cargo.toml" "-Zno-index-update", kill_on_drop: false }`
[INFO] [stderr]     Blocking waiting for file lock on package cache
[INFO] running `Command { std: "/workspace/cargo-home/bin/cargo" "+beta-2021-10-15" "fetch" "--manifest-path" "Cargo.toml", kill_on_drop: false }`
[INFO] [stderr]     Blocking waiting for file lock on package cache
[INFO] running `Command { std: "docker" "create" "-v" "/var/lib/crater-agent-workspace/builds/worker-3/target:/opt/rustwide/target:rw,Z" "-v" "/var/lib/crater-agent-workspace/builds/worker-3/source:/opt/rustwide/workdir:ro,Z" "-v" "/var/lib/crater-agent-workspace/cargo-home:/opt/rustwide/cargo-home:ro,Z" "-v" "/var/lib/crater-agent-workspace/rustup-home:/opt/rustwide/rustup-home:ro,Z" "-e" "SOURCE_DIR=/opt/rustwide/workdir" "-e" "CARGO_TARGET_DIR=/opt/rustwide/target" "-e" "CARGO_HOME=/opt/rustwide/cargo-home" "-e" "RUSTUP_HOME=/opt/rustwide/rustup-home" "-w" "/opt/rustwide/workdir" "-m" "1610612736" "--user" "0:0" "--network" "none" "ghcr.io/rust-lang/crates-build-env/linux@sha256:a89201d6b5b9fd45c15d5952ece0a0129e7e80cb26ec023fd59cf09bc26f1604" "/opt/rustwide/cargo-home/bin/cargo" "+beta-2021-10-15" "metadata" "--no-deps" "--format-version=1", kill_on_drop: false }`
[INFO] [stdout] eefd9c1c0089bfcf7aef8528b8fcaed4e7bef3c506018cd1b0b6466f80f5f065
[INFO] running `Command { std: "docker" "start" "-a" "eefd9c1c0089bfcf7aef8528b8fcaed4e7bef3c506018cd1b0b6466f80f5f065", kill_on_drop: false }`
[INFO] running `Command { std: "docker" "inspect" "eefd9c1c0089bfcf7aef8528b8fcaed4e7bef3c506018cd1b0b6466f80f5f065", kill_on_drop: false }`
[INFO] running `Command { std: "docker" "rm" "-f" "eefd9c1c0089bfcf7aef8528b8fcaed4e7bef3c506018cd1b0b6466f80f5f065", kill_on_drop: false }`
[INFO] [stdout] eefd9c1c0089bfcf7aef8528b8fcaed4e7bef3c506018cd1b0b6466f80f5f065
[INFO] running `Command { std: "docker" "create" "-v" "/var/lib/crater-agent-workspace/builds/worker-3/target:/opt/rustwide/target:rw,Z" "-v" "/var/lib/crater-agent-workspace/builds/worker-3/source:/opt/rustwide/workdir:ro,Z" "-v" "/var/lib/crater-agent-workspace/cargo-home:/opt/rustwide/cargo-home:ro,Z" "-v" "/var/lib/crater-agent-workspace/rustup-home:/opt/rustwide/rustup-home:ro,Z" "-e" "SOURCE_DIR=/opt/rustwide/workdir" "-e" "CARGO_TARGET_DIR=/opt/rustwide/target" "-e" "CARGO_INCREMENTAL=0" "-e" "RUST_BACKTRACE=full" "-e" "RUSTFLAGS=--cap-lints=warn" "-e" "CARGO_HOME=/opt/rustwide/cargo-home" "-e" "RUSTUP_HOME=/opt/rustwide/rustup-home" "-w" "/opt/rustwide/workdir" "-m" "1610612736" "--user" "0:0" "--network" "none" "ghcr.io/rust-lang/crates-build-env/linux@sha256:a89201d6b5b9fd45c15d5952ece0a0129e7e80cb26ec023fd59cf09bc26f1604" "/opt/rustwide/cargo-home/bin/cargo" "+beta-2021-10-15" "check" "--frozen" "--all" "--all-targets" "--message-format=json", kill_on_drop: false }`
[INFO] [stdout] 27d67376fb005d2b77da98ddec0405d3603b7aeb5850b3e0c5844c2835b05108
[INFO] running `Command { std: "docker" "start" "-a" "27d67376fb005d2b77da98ddec0405d3603b7aeb5850b3e0c5844c2835b05108", kill_on_drop: false }`
[INFO] [stderr]     Blocking waiting for file lock on package cache
[INFO] [stderr]    Compiling serde v1.0.130
[INFO] [stderr]    Compiling syn v1.0.80
[INFO] [stderr]     Checking once_cell v1.8.0
[INFO] [stderr]    Compiling vcpkg v0.2.15
[INFO] [stderr]    Compiling pkg-config v0.3.20
[INFO] [stderr]     Checking ucd-util v0.1.8
[INFO] [stderr]     Checking matches v0.1.9
[INFO] [stderr]    Compiling serde_derive v1.0.130
[INFO] [stderr]    Compiling regex v0.2.11
[INFO] [stderr]     Checking unicode-bidi v0.3.7
[INFO] [stderr]     Checking bitflags v1.3.2
[INFO] [stderr]     Checking utf8-ranges v1.0.4
[INFO] [stderr]     Checking fallible-streaming-iterator v0.1.9
[INFO] [stderr]     Checking sha1 v0.6.0
[INFO] [stderr]     Checking percent-encoding v1.0.1
[INFO] [stderr]     Checking fallible-iterator v0.2.0
[INFO] [stderr]     Checking smallvec v1.7.0
[INFO] [stderr]    Compiling ahash v0.7.6
[INFO] [stderr]    Compiling proc-macro-error-attr v1.0.4
[INFO] [stderr]    Compiling proc-macro-error v1.0.4
[INFO] [stderr]     Checking thread_local v0.3.6
[INFO] [stderr]     Checking getrandom v0.2.3
[INFO] [stderr]     Checking time v0.1.43
[INFO] [stderr]     Checking aho-corasick v0.6.10
[INFO] [stderr]     Checking chrono v0.4.19
[INFO] [stderr]     Checking regex-syntax v0.5.6
[INFO] [stderr]     Checking idna v0.1.5
[INFO] [stderr]    Compiling libsqlite3-sys v0.23.1
[INFO] [stderr]     Checking hashbrown v0.11.2
[INFO] [stderr]     Checking hashlink v0.7.0
[INFO] [stderr]     Checking uuid v0.6.5
[INFO] [stderr]     Checking toml v0.5.8
[INFO] [stderr]     Checking bincode v0.9.2
[INFO] [stderr]     Checking url v1.7.2
[INFO] [stderr]     Checking rusqlite v0.26.0
[INFO] [stderr]    Compiling getset v0.1.1
[INFO] [stderr]     Checking atter v0.1.1 (/opt/rustwide/workdir)
[INFO] [stdout] error[E0554]: `#![feature]` may not be used on the beta release channel
[INFO] [stdout]    --> src/lib.rs:279:1
[INFO] [stdout]     |
[INFO] [stdout] 279 | #![feature(try_from)]
[INFO] [stdout]     | ^^^^^^^^^^^^^^^^^^^^^
[INFO] [stdout] 
[INFO] [stdout] 
[INFO] [stdout] error[E0554]: `#![feature]` may not be used on the beta release channel
[INFO] [stdout]    --> src/lib.rs:279:1
[INFO] [stdout]     |
[INFO] [stdout] 279 | #![feature(try_from)]
[INFO] [stdout]     | ^^^^^^^^^^^^^^^^^^^^^
[INFO] [stdout] 
[INFO] [stdout] 
[INFO] [stdout] warning: use of deprecated associated function `core::str::<impl str>::trim_right_matches`: superseded by `trim_end_matches`
[INFO] [stdout]   --> src/dal/sqlite.rs:51:54
[INFO] [stdout]    |
[INFO] [stdout] 51 |             create_table = String::from(create_table.trim_right_matches(','));
[INFO] [stdout]    |                                                      ^^^^^^^^^^^^^^^^^^ help: replace the use of the deprecated associated function: `trim_end_matches`
[INFO] [stdout]    |
[INFO] [stdout]    = note: `#[warn(deprecated)]` on by default
[INFO] [stdout] 
[INFO] [stdout] 
[INFO] [stdout] warning: use of deprecated associated function `core::str::<impl str>::trim_right_matches`: superseded by `trim_end_matches`
[INFO] [stdout]   --> src/dal/sqlite.rs:51:54
[INFO] [stdout]    |
[INFO] [stdout] 51 |             create_table = String::from(create_table.trim_right_matches(','));
[INFO] [stdout]    |                                                      ^^^^^^^^^^^^^^^^^^ help: replace the use of the deprecated associated function: `trim_end_matches`
[INFO] [stdout]    |
[INFO] [stdout]    = note: `#[warn(deprecated)]` on by default
[INFO] [stdout] 
[INFO] [stdout] 
[INFO] [stdout] error[E0277]: the trait bound `&[_; 0]: Params` is not satisfied
[INFO] [stdout]   --> src/dal/sqlite.rs:57:37
[INFO] [stdout]    |
[INFO] [stdout] 57 |         conn.execute(&create_table, &[])?;
[INFO] [stdout]    |                                     -^^
[INFO] [stdout]    |                                     |
[INFO] [stdout]    |                                     the trait `Params` is not implemented for `&[_; 0]`
[INFO] [stdout]    |                                     help: consider removing the leading `&`-reference
[INFO] [stdout]    |
[INFO] [stdout]    = help: the following implementations were found:
[INFO] [stdout]              <&[&T; 10] as Params>
[INFO] [stdout]              <&[&T; 11] as Params>
[INFO] [stdout]              <&[&T; 12] as Params>
[INFO] [stdout]              <&[&T; 13] as Params>
[INFO] [stdout]            and 92 others
[INFO] [stdout] 
[INFO] [stdout] 
[INFO] [stdout] error[E0277]: the trait bound `&[_; 0]: Params` is not satisfied
[INFO] [stdout]   --> src/dal/sqlite.rs:78:45
[INFO] [stdout]    |
[INFO] [stdout] 78 |     let max_timestamp: i64 = stmt.query_row(&[], |row| row.get(0))?;
[INFO] [stdout]    |                                             -^^
[INFO] [stdout]    |                                             |
[INFO] [stdout]    |                                             the trait `Params` is not implemented for `&[_; 0]`
[INFO] [stdout]    |                                             help: consider removing the leading `&`-reference
[INFO] [stdout]    |
[INFO] [stdout]    = help: the following implementations were found:
[INFO] [stdout]              <&[&T; 10] as Params>
[INFO] [stdout]              <&[&T; 11] as Params>
[INFO] [stdout]              <&[&T; 12] as Params>
[INFO] [stdout]              <&[&T; 13] as Params>
[INFO] [stdout]            and 92 others
[INFO] [stdout] 
[INFO] [stdout] 
[INFO] [stdout] error[E0277]: the trait bound `&[_; 0]: Params` is not satisfied
[INFO] [stdout]   --> src/dal/sqlite.rs:57:37
[INFO] [stdout]    |
[INFO] [stdout] 57 |         conn.execute(&create_table, &[])?;
[INFO] [stdout]    |                                     -^^
[INFO] [stdout]    |                                     |
[INFO] [stdout]    |                                     the trait `Params` is not implemented for `&[_; 0]`
[INFO] [stdout]    |                                     help: consider removing the leading `&`-reference
[INFO] [stdout]    |
[INFO] [stdout]    = help: the following implementations were found:
[INFO] [stdout]              <&[&T; 10] as Params>
[INFO] [stdout]              <&[&T; 11] as Params>
[INFO] [stdout]              <&[&T; 12] as Params>
[INFO] [stdout]              <&[&T; 13] as Params>
[INFO] [stdout]            and 92 others
[INFO] [stdout] 
[INFO] [stdout] 
[INFO] [stdout] error[E0277]: the trait bound `&[_; 0]: Params` is not satisfied
[INFO] [stdout]   --> src/dal/sqlite.rs:78:45
[INFO] [stdout]    |
[INFO] [stdout] 78 |     let max_timestamp: i64 = stmt.query_row(&[], |row| row.get(0))?;
[INFO] [stdout]    |                                             -^^
[INFO] [stdout]    |                                             |
[INFO] [stdout]    |                                             the trait `Params` is not implemented for `&[_; 0]`
[INFO] [stdout]    |                                             help: consider removing the leading `&`-reference
[INFO] [stdout]    |
[INFO] [stdout]    = help: the following implementations were found:
[INFO] [stdout]              <&[&T; 10] as Params>
[INFO] [stdout]              <&[&T; 11] as Params>
[INFO] [stdout]              <&[&T; 12] as Params>
[INFO] [stdout]              <&[&T; 13] as Params>
[INFO] [stdout]            and 92 others
[INFO] [stdout] 
[INFO] [stdout] 
[INFO] [stdout] error: aborting due to 3 previous errors; 1 warning emitted
[INFO] [stdout] 
[INFO] [stdout] 
[INFO] [stdout] Some errors have detailed explanations: E0277, E0554.
[INFO] [stdout] 
[INFO] [stdout] For more information about an error, try `rustc --explain E0277`.
[INFO] [stdout] 
[INFO] [stderr] error: could not compile `atter` due to 4 previous errors; 1 warning emitted
[INFO] [stderr] warning: build failed, waiting for other jobs to finish...
[INFO] [stdout] error: aborting due to 3 previous errors; 1 warning emitted
[INFO] [stdout] 
[INFO] [stdout] 
[INFO] [stdout] Some errors have detailed explanations: E0277, E0554.
[INFO] [stdout] 
[INFO] [stdout] For more information about an error, try `rustc --explain E0277`.
[INFO] [stdout] 
[INFO] [stderr] error: build failed
[INFO] running `Command { std: "docker" "inspect" "27d67376fb005d2b77da98ddec0405d3603b7aeb5850b3e0c5844c2835b05108", kill_on_drop: false }`
[INFO] running `Command { std: "docker" "rm" "-f" "27d67376fb005d2b77da98ddec0405d3603b7aeb5850b3e0c5844c2835b05108", kill_on_drop: false }`
[INFO] [stdout] 27d67376fb005d2b77da98ddec0405d3603b7aeb5850b3e0c5844c2835b05108
