[INFO] fetching crate atat 0.13.1...
[INFO] checking atat-0.13.1 against beta-2021-10-15 for beta-1.56-3
[INFO] extracting crate atat 0.13.1 into /workspace/builds/worker-39/source
[INFO] validating manifest of crates.io crate atat 0.13.1 on toolchain beta-2021-10-15
[INFO] running `Command { std: "/workspace/cargo-home/bin/cargo" "+beta-2021-10-15" "metadata" "--manifest-path" "Cargo.toml" "--no-deps", kill_on_drop: false }`
[INFO] started tweaking crates.io crate atat 0.13.1
[INFO] finished tweaking crates.io crate atat 0.13.1
[INFO] tweaked toml for crates.io crate atat 0.13.1 written to /workspace/builds/worker-39/source/Cargo.toml
[INFO] crate crates.io crate atat 0.13.1 already has a lockfile, it will not be regenerated
[INFO] running `Command { std: "/workspace/cargo-home/bin/cargo" "+beta-2021-10-15" "fetch" "--manifest-path" "Cargo.toml", kill_on_drop: false }`
[INFO] [stderr]     Blocking waiting for file lock on package cache
[INFO] [stderr]     Blocking waiting for file lock on package cache
[INFO] running `Command { std: "docker" "create" "-v" "/var/lib/crater-agent-workspace/builds/worker-39/target:/opt/rustwide/target:rw,Z" "-v" "/var/lib/crater-agent-workspace/builds/worker-39/source:/opt/rustwide/workdir:ro,Z" "-v" "/var/lib/crater-agent-workspace/cargo-home:/opt/rustwide/cargo-home:ro,Z" "-v" "/var/lib/crater-agent-workspace/rustup-home:/opt/rustwide/rustup-home:ro,Z" "-e" "SOURCE_DIR=/opt/rustwide/workdir" "-e" "CARGO_TARGET_DIR=/opt/rustwide/target" "-e" "CARGO_HOME=/opt/rustwide/cargo-home" "-e" "RUSTUP_HOME=/opt/rustwide/rustup-home" "-w" "/opt/rustwide/workdir" "-m" "1610612736" "--user" "0:0" "--network" "none" "ghcr.io/rust-lang/crates-build-env/linux@sha256:a89201d6b5b9fd45c15d5952ece0a0129e7e80cb26ec023fd59cf09bc26f1604" "/opt/rustwide/cargo-home/bin/cargo" "+beta-2021-10-15" "metadata" "--no-deps" "--format-version=1", kill_on_drop: false }`
[INFO] [stdout] 474d7eff2f8edcb9286155bee562236ca1330cf6c032936c0a89a5cddead7ee6
[INFO] running `Command { std: "docker" "start" "-a" "474d7eff2f8edcb9286155bee562236ca1330cf6c032936c0a89a5cddead7ee6", kill_on_drop: false }`
[INFO] running `Command { std: "docker" "inspect" "474d7eff2f8edcb9286155bee562236ca1330cf6c032936c0a89a5cddead7ee6", kill_on_drop: false }`
[INFO] running `Command { std: "docker" "rm" "-f" "474d7eff2f8edcb9286155bee562236ca1330cf6c032936c0a89a5cddead7ee6", kill_on_drop: false }`
[INFO] [stdout] 474d7eff2f8edcb9286155bee562236ca1330cf6c032936c0a89a5cddead7ee6
[INFO] running `Command { std: "docker" "create" "-v" "/var/lib/crater-agent-workspace/builds/worker-39/target:/opt/rustwide/target:rw,Z" "-v" "/var/lib/crater-agent-workspace/builds/worker-39/source:/opt/rustwide/workdir:ro,Z" "-v" "/var/lib/crater-agent-workspace/cargo-home:/opt/rustwide/cargo-home:ro,Z" "-v" "/var/lib/crater-agent-workspace/rustup-home:/opt/rustwide/rustup-home:ro,Z" "-e" "SOURCE_DIR=/opt/rustwide/workdir" "-e" "CARGO_TARGET_DIR=/opt/rustwide/target" "-e" "CARGO_INCREMENTAL=0" "-e" "RUST_BACKTRACE=full" "-e" "RUSTFLAGS=--cap-lints=warn" "-e" "CARGO_HOME=/opt/rustwide/cargo-home" "-e" "RUSTUP_HOME=/opt/rustwide/rustup-home" "-w" "/opt/rustwide/workdir" "-m" "1610612736" "--user" "0:0" "--network" "none" "ghcr.io/rust-lang/crates-build-env/linux@sha256:a89201d6b5b9fd45c15d5952ece0a0129e7e80cb26ec023fd59cf09bc26f1604" "/opt/rustwide/cargo-home/bin/cargo" "+beta-2021-10-15" "check" "--frozen" "--all" "--all-targets" "--message-format=json", kill_on_drop: false }`
[INFO] [stdout] 538c1a9f889752643168491fa5799f80b15f052561de8fc8b1e2fa046a5cb27a
[INFO] running `Command { std: "docker" "start" "-a" "538c1a9f889752643168491fa5799f80b15f052561de8fc8b1e2fa046a5cb27a", kill_on_drop: false }`
[INFO] [stderr]     Blocking waiting for file lock on package cache
[INFO] [stderr]    Compiling proc-macro2 v1.0.29
[INFO] [stderr]    Compiling serde v1.0.130
[INFO] [stderr]    Compiling syn v1.0.76
[INFO] [stderr]    Compiling heapless v0.7.5
[INFO] [stderr]     Checking byteorder v1.4.3
[INFO] [stderr]    Compiling hashbrown v0.11.2
[INFO] [stderr]    Compiling cortex-m-rt v0.6.15
[INFO] [stderr]    Compiling stable_deref_trait v1.2.0
[INFO] [stderr]    Compiling heapless v0.6.1
[INFO] [stderr]     Checking r0 v0.2.2
[INFO] [stderr]     Checking rtic-core v0.3.1
[INFO] [stderr]     Checking bbqueue v0.5.0
[INFO] [stderr]     Checking panic-halt v0.2.0
[INFO] [stderr]    Compiling cortex-m-rtic v0.5.8
[INFO] [stderr]     Checking embedded-hal v1.0.0-alpha.4
[INFO] [stderr]    Compiling hash32 v0.2.1
[INFO] [stderr]     Checking hash32 v0.1.1
[INFO] [stderr]    Compiling indexmap v1.7.0
[INFO] [stderr]    Compiling quote v1.0.9
[INFO] [stderr]     Checking serde_bytes v0.11.5
[INFO] [stderr]     Checking heapless-bytes v0.3.0
[INFO] [stderr]     Checking serde_at v0.13.1
[INFO] [stderr]    Compiling rtic-syntax v0.4.0
[INFO] [stderr]    Compiling cortex-m-rt-macros v0.6.15
[INFO] [stderr]    Compiling atat_derive v0.13.1
[INFO] [stderr]    Compiling cortex-m-rtic-macros v0.5.3
[INFO] [stderr]     Checking atat v0.13.1 (/opt/rustwide/workdir)
[INFO] [stdout] error[E0433]: failed to resolve: use of undeclared crate or module `hal`
[INFO] [stdout]   --> examples/cortex-m-rt.rs:10:5
[INFO] [stdout]    |
[INFO] [stdout] 10 | use hal::{
[INFO] [stdout]    |     ^^^ use of undeclared crate or module `hal`
[INFO] [stdout] 
[INFO] [stdout] 
[INFO] [stdout] error[E0432]: unresolved imports `stm32l4xx_hal`, `hal::pac::interrupt`, `hal::pac::Peripherals`, `hal::pac::USART2`, `hal::serial::Config`, `hal::serial::Event::Rxne`, `hal::serial::Rx`, `hal::serial::Serial`, `hal::timer::Event`, `hal::timer::Timer`
[INFO] [stdout]   --> examples/cortex-m-rt.rs:5:5
[INFO] [stdout]    |
[INFO] [stdout] 5  | use stm32l4xx_hal as hal;
[INFO] [stdout]    |     ^^^^^^^^^^^^^^^^^^^^ no external crate `stm32l4xx_hal`
[INFO] [stdout] ...
[INFO] [stdout] 11 |     pac::{interrupt, Peripherals, USART2},
[INFO] [stdout]    |           ^^^^^^^^^  ^^^^^^^^^^^  ^^^^^^
[INFO] [stdout] 12 |     prelude::*,
[INFO] [stdout] 13 |     serial::{Config, Event::Rxne, Rx, Serial},
[INFO] [stdout]    |              ^^^^^^  ^^^^^^^^^^^  ^^  ^^^^^^
[INFO] [stdout] 14 |     timer::{Event, Timer},
[INFO] [stdout]    |             ^^^^^  ^^^^^
[INFO] [stdout] 
[INFO] [stdout] 
[INFO] [stdout] error: cannot find attribute `interrupt` in this scope
[INFO] [stdout]    --> examples/cortex-m-rt.rs:104:3
[INFO] [stdout]     |
[INFO] [stdout] 104 | #[interrupt]
[INFO] [stdout]     |   ^^^^^^^^^
[INFO] [stdout] 
[INFO] [stdout] 
[INFO] [stdout] error: cannot find attribute `interrupt` in this scope
[INFO] [stdout]    --> examples/cortex-m-rt.rs:110:3
[INFO] [stdout]     |
[INFO] [stdout] 110 | #[interrupt]
[INFO] [stdout]     |   ^^^^^^^^^
[INFO] [stdout] 
[INFO] [stdout] 
[INFO] [stdout] error[E0433]: failed to resolve: use of undeclared type `Timer`
[INFO] [stdout]   --> examples/cortex-m-rt.rs:55:21
[INFO] [stdout]    |
[INFO] [stdout] 55 |     let mut timer = Timer::tim7(p.TIM7, 1.hz(), clocks, &mut rcc.apb1r1);
[INFO] [stdout]    |                     ^^^^^ use of undeclared type `Timer`
[INFO] [stdout] 
[INFO] [stdout] 
[INFO] [stdout] error[E0433]: failed to resolve: use of undeclared type `Timer`
[INFO] [stdout]   --> examples/cortex-m-rt.rs:56:20
[INFO] [stdout]    |
[INFO] [stdout] 56 |     let at_timer = Timer::tim6(p.TIM6, 100.hz(), clocks, &mut rcc.apb1r1);
[INFO] [stdout]    |                    ^^^^^ use of undeclared type `Timer`
[INFO] [stdout] 
[INFO] [stdout] 
[INFO] [stdout] error[E0433]: failed to resolve: use of undeclared type `Serial`
[INFO] [stdout]   --> examples/cortex-m-rt.rs:58:22
[INFO] [stdout]    |
[INFO] [stdout] 58 |     let mut serial = Serial::usart2(
[INFO] [stdout]    |                      ^^^^^^ use of undeclared type `Serial`
[INFO] [stdout] 
[INFO] [stdout] 
[INFO] [stdout] error[E0433]: failed to resolve: use of undeclared type `Event`
[INFO] [stdout]   --> examples/cortex-m-rt.rs:87:18
[INFO] [stdout]    |
[INFO] [stdout] 87 |     timer.listen(Event::TimeOut);
[INFO] [stdout]    |                  ^^^^^ use of undeclared type `Event`
[INFO] [stdout] 
[INFO] [stdout] 
[INFO] [stdout] error[E0412]: cannot find type `Rx` in this scope
[INFO] [stdout]   --> examples/cortex-m-rt.rs:26:23
[INFO] [stdout]    |
[INFO] [stdout] 26 | static mut RX: Option<Rx<USART2>> = None;
[INFO] [stdout]    |                       ^^ not found in this scope
[INFO] [stdout] 
[INFO] [stdout] 
[INFO] [stdout] error[E0433]: failed to resolve: use of undeclared type `Peripherals`
[INFO] [stdout]   --> examples/cortex-m-rt.rs:30:13
[INFO] [stdout]    |
[INFO] [stdout] 30 |     let p = Peripherals::take().unwrap();
[INFO] [stdout]    |             ^^^^^^^^^^^ not found in this scope
[INFO] [stdout]    |
[INFO] [stdout] help: consider importing one of these items
[INFO] [stdout]    |
[INFO] [stdout] 4  | use cortex_m::Peripherals;
[INFO] [stdout]    |
[INFO] [stdout] 4  | use rtic::Peripherals;
[INFO] [stdout]    |
[INFO] [stdout] 4  | use rtic::export::Peripherals;
[INFO] [stdout]    |
[INFO] [stdout] 
[INFO] [stdout] 
[INFO] [stdout] error[E0433]: failed to resolve: use of undeclared type `Config`
[INFO] [stdout]   --> examples/cortex-m-rt.rs:61:9
[INFO] [stdout]    |
[INFO] [stdout] 61 |         Config::default().baudrate(115_200.bps()),
[INFO] [stdout]    |         ^^^^^^ not found in this scope
[INFO] [stdout]    |
[INFO] [stdout] help: consider importing this struct
[INFO] [stdout]    |
[INFO] [stdout] 4  | use atat::Config;
[INFO] [stdout]    |
[INFO] [stdout] 
[INFO] [stdout] 
[INFO] [stdout] error[E0425]: cannot find value `Rxne` in this scope
[INFO] [stdout]   --> examples/cortex-m-rt.rs:66:19
[INFO] [stdout]    |
[INFO] [stdout] 66 |     serial.listen(Rxne);
[INFO] [stdout]    |                   ^^^^ not found in this scope
[INFO] [stdout] 
[INFO] [stdout] 
[INFO] [stdout] error[E0433]: failed to resolve: use of undeclared crate or module `stm32l4xx_hal`
[INFO] [stdout]  --> examples/rtic.rs:7:5
[INFO] [stdout]   |
[INFO] [stdout] 7 | use stm32l4xx_hal::{
[INFO] [stdout]   |     ^^^^^^^^^^^^^ use of undeclared crate or module `stm32l4xx_hal`
[INFO] [stdout] 
[INFO] [stdout] 
[INFO] [stdout] error[E0432]: unresolved imports `stm32l4xx_hal::pac::Peripherals`, `stm32l4xx_hal::pac::USART2`, `stm32l4xx_hal::serial::Config`, `stm32l4xx_hal::serial::Event::Rxne`, `stm32l4xx_hal::serial::Rx`, `stm32l4xx_hal::serial::Serial`, `stm32l4xx_hal::timer::Timer`, `super`, `super`, `super`, `super`, `stm32l4xx_hal`
[INFO] [stdout]   --> examples/rtic.rs:8:11
[INFO] [stdout]    |
[INFO] [stdout] 8  |     pac::{Peripherals, USART2},
[INFO] [stdout]    |           ^^^^^^^^^^^  ^^^^^^
[INFO] [stdout] 9  |     prelude::*,
[INFO] [stdout] 10 |     serial::{Config, Event::Rxne, Rx, Serial},
[INFO] [stdout]    |              ^^^^^^  ^^^^^^^^^^^  ^^  ^^^^^^
[INFO] [stdout] 11 |     timer::Timer,
[INFO] [stdout]    |     ^^^^^^^^^^^^
[INFO] [stdout] ...
[INFO] [stdout] 19 | #[app(device = stm32l4xx_hal::pac, peripherals = true)]
[INFO] [stdout]    | ^^^^^^^^^^^^^^^^^^^^^^^^^^^^^^^^^^^^^^^^^^^^^^^^^^^^^^^
[INFO] [stdout]    |
[INFO] [stdout]    = note: this error originates in the attribute macro `app` (in Nightly builds, run with -Z macro-backtrace for more info)
[INFO] [stdout] 
[INFO] [stdout] 
[INFO] [stdout] error[E0152]: found duplicate lang item `panic_impl`
[INFO] [stdout]    --> examples/cortex-m-rt.rs:120:1
[INFO] [stdout]     |
[INFO] [stdout] 120 | fn panic(_info: &core::panic::PanicInfo) -> ! {
[INFO] [stdout]     | ^^^^^^^^^^^^^^^^^^^^^^^^^^^^^^^^^^^^^^^^^^^^^
[INFO] [stdout]     |
[INFO] [stdout]     = note: the lang item is first defined in crate `panic_halt`.
[INFO] [stdout]     = note: first definition in `panic_halt` loaded from /opt/rustwide/target/debug/deps/libpanic_halt-8e0ecb18292def22.rmeta
[INFO] [stdout]     = note: second definition in the local crate (`cortex_m_rt`)
[INFO] [stdout] 
[INFO] [stdout] 
[INFO] [stdout] error: language item required, but not found: `eh_personality`
[INFO] [stdout] 
[INFO] [stdout] 
[INFO] [stdout] error[E0433]: failed to resolve: use of undeclared type `Timer`
[INFO] [stdout]   --> examples/rtic.rs:58:21
[INFO] [stdout]    |
[INFO] [stdout] 58 |         let timer = Timer::tim7(p.TIM7, 1.hz(), clocks, &mut rcc.apb1r1);
[INFO] [stdout]    |                     ^^^^^ use of undeclared type `Timer`
[INFO] [stdout] 
[INFO] [stdout] 
[INFO] [stdout] error[E0433]: failed to resolve: use of undeclared type `Serial`
[INFO] [stdout]   --> examples/rtic.rs:60:26
[INFO] [stdout]    |
[INFO] [stdout] 60 |         let mut serial = Serial::usart2(
[INFO] [stdout]    |                          ^^^^^^ use of undeclared type `Serial`
[INFO] [stdout] 
[INFO] [stdout] 
[INFO] [stdout] error[E0433]: failed to resolve: use of undeclared crate or module `stm32l4xx_hal`
[INFO] [stdout]   --> examples/rtic.rs:19:16
[INFO] [stdout]    |
[INFO] [stdout] 19 | #[app(device = stm32l4xx_hal::pac, peripherals = true)]
[INFO] [stdout]    |                ^^^^^^^^^^^^^ use of undeclared crate or module `stm32l4xx_hal`
[INFO] [stdout] 
[INFO] [stdout] 
[INFO] [stdout] error[E0433]: failed to resolve: use of undeclared type `Peripherals`
[INFO] [stdout]   --> examples/rtic.rs:33:17
[INFO] [stdout]    |
[INFO] [stdout] 33 |         let p = Peripherals::take().unwrap();
[INFO] [stdout]    |                 ^^^^^^^^^^^ not found in this scope
[INFO] [stdout]    |
[INFO] [stdout] help: consider importing one of these items
[INFO] [stdout]    |
[INFO] [stdout] 6  | use cortex_m::Peripherals;
[INFO] [stdout]    |
[INFO] [stdout] 6  | use rtic::Peripherals;
[INFO] [stdout]    |
[INFO] [stdout] 6  | use rtic::export::Peripherals;
[INFO] [stdout]    |
[INFO] [stdout] 
[INFO] [stdout] 
[INFO] [stdout] error[E0433]: failed to resolve: use of undeclared type `Config`
[INFO] [stdout]   --> examples/rtic.rs:63:13
[INFO] [stdout]    |
[INFO] [stdout] 63 |             Config::default().baudrate(115_200.bps()),
[INFO] [stdout]    |             ^^^^^^ not found in this scope
[INFO] [stdout]    |
[INFO] [stdout] help: consider importing this struct
[INFO] [stdout]    |
[INFO] [stdout] 6  | use atat::Config;
[INFO] [stdout]    |
[INFO] [stdout] 
[INFO] [stdout] 
[INFO] [stdout] error[E0425]: cannot find value `Rxne` in this scope
[INFO] [stdout]   --> examples/rtic.rs:68:23
[INFO] [stdout]    |
[INFO] [stdout] 68 |         serial.listen(Rxne);
[INFO] [stdout]    |                       ^^^^ not found in this scope
[INFO] [stdout] 
[INFO] [stdout] 
[INFO] [stdout] error[E0412]: cannot find type `Rx` in this scope
[INFO] [stdout]   --> examples/rtic.rs:24:13
[INFO] [stdout]    |
[INFO] [stdout] 24 |         rx: Rx<USART2>,
[INFO] [stdout]    |             ^^ not found in this scope
[INFO] [stdout] 
[INFO] [stdout] 
[INFO] [stdout] error[E0412]: cannot find type `USART2` in this scope
[INFO] [stdout]   --> examples/rtic.rs:24:16
[INFO] [stdout]    |
[INFO] [stdout] 24 |         rx: Rx<USART2>,
[INFO] [stdout]    |                ^^^^^^ not found in this scope
[INFO] [stdout] 
[INFO] [stdout] 
[INFO] [stdout] error[E0433]: failed to resolve: use of undeclared crate or module `stm32l4xx_hal`
[INFO] [stdout]   --> examples/rtic.rs:19:1
[INFO] [stdout]    |
[INFO] [stdout] 19 | #[app(device = stm32l4xx_hal::pac, peripherals = true)]
[INFO] [stdout]    | ^^^^^^^^^^^^^^^^^^^^^^^^^^^^^^^^^^^^^^^^^^^^^^^^^^^^^^^ not found in `stm32l4xx_hal::pac`
[INFO] [stdout]    |
[INFO] [stdout]    = note: consider importing one of these items:
[INFO] [stdout]            cortex_m::Peripherals
[INFO] [stdout]            rtic::Peripherals
[INFO] [stdout]            rtic::export::Peripherals
[INFO] [stdout]    = note: this error originates in the attribute macro `app` (in Nightly builds, run with -Z macro-backtrace for more info)
[INFO] [stdout] 
[INFO] [stdout] 
[INFO] [stdout] error[E0152]: found duplicate lang item `panic_impl`
[INFO] [stdout]    --> examples/rtic.rs:121:1
[INFO] [stdout]     |
[INFO] [stdout] 121 | fn panic(_info: &core::panic::PanicInfo) -> ! {
[INFO] [stdout]     | ^^^^^^^^^^^^^^^^^^^^^^^^^^^^^^^^^^^^^^^^^^^^^
[INFO] [stdout]     |
[INFO] [stdout]     = note: the lang item is first defined in crate `panic_halt`.
[INFO] [stdout]     = note: first definition in `panic_halt` loaded from /opt/rustwide/target/debug/deps/libpanic_halt-8e0ecb18292def22.rmeta
[INFO] [stdout]     = note: second definition in the local crate (`rtic`)
[INFO] [stdout] 
[INFO] [stdout] 
[INFO] [stdout] error: language item required, but not found: `eh_personality`
[INFO] [stdout] 
[INFO] [stdout] 
[INFO] [stdout] error[E0599]: no method named `hz` found for type `{integer}` in the current scope
[INFO] [stdout]   --> examples/cortex-m-rt.rs:55:43
[INFO] [stdout]    |
[INFO] [stdout] 55 |     let mut timer = Timer::tim7(p.TIM7, 1.hz(), clocks, &mut rcc.apb1r1);
[INFO] [stdout]    |                                           ^^ method not found in `{integer}`
[INFO] [stdout] 
[INFO] [stdout] 
[INFO] [stdout] error[E0599]: no method named `hz` found for type `{integer}` in the current scope
[INFO] [stdout]   --> examples/cortex-m-rt.rs:56:44
[INFO] [stdout]    |
[INFO] [stdout] 56 |     let at_timer = Timer::tim6(p.TIM6, 100.hz(), clocks, &mut rcc.apb1r1);
[INFO] [stdout]    |                                            ^^ method not found in `{integer}`
[INFO] [stdout] 
[INFO] [stdout] 
[INFO] [stdout] error[E0599]: no method named `bps` found for type `{integer}` in the current scope
[INFO] [stdout]   --> examples/cortex-m-rt.rs:61:44
[INFO] [stdout]    |
[INFO] [stdout] 61 |         Config::default().baudrate(115_200.bps()),
[INFO] [stdout]    |                                            ^^^ method not found in `{integer}`
[INFO] [stdout] 
[INFO] [stdout] 
[INFO] [stdout] error: aborting due to 17 previous errors
[INFO] [stdout] 
[INFO] [stdout] 
[INFO] [stdout] Some errors have detailed explanations: E0152, E0412, E0425, E0432, E0433, E0599.
[INFO] [stdout] 
[INFO] [stdout] For more information about an error, try `rustc --explain E0152`.
[INFO] [stdout] 
[INFO] [stderr] error: could not compile `atat` due to 18 previous errors
[INFO] [stderr] warning: build failed, waiting for other jobs to finish...
[INFO] [stdout] error[E0599]: no method named `hz` found for type `{integer}` in the current scope
[INFO] [stdout]   --> examples/rtic.rs:58:43
[INFO] [stdout]    |
[INFO] [stdout] 58 |         let timer = Timer::tim7(p.TIM7, 1.hz(), clocks, &mut rcc.apb1r1);
[INFO] [stdout]    |                                           ^^ method not found in `{integer}`
[INFO] [stdout] 
[INFO] [stdout] 
[INFO] [stdout] error[E0599]: no method named `bps` found for type `{integer}` in the current scope
[INFO] [stdout]   --> examples/rtic.rs:63:48
[INFO] [stdout]    |
[INFO] [stdout] 63 |             Config::default().baudrate(115_200.bps()),
[INFO] [stdout]    |                                                ^^^ method not found in `{integer}`
[INFO] [stdout] 
[INFO] [stdout] 
[INFO] [stdout] error: aborting due to 15 previous errors
[INFO] [stdout] 
[INFO] [stdout] 
[INFO] [stdout] Some errors have detailed explanations: E0152, E0412, E0425, E0432, E0433, E0599.
[INFO] [stdout] 
[INFO] [stdout] For more information about an error, try `rustc --explain E0152`.
[INFO] [stdout] 
[INFO] [stderr] error: build failed
[INFO] running `Command { std: "docker" "inspect" "538c1a9f889752643168491fa5799f80b15f052561de8fc8b1e2fa046a5cb27a", kill_on_drop: false }`
[INFO] running `Command { std: "docker" "rm" "-f" "538c1a9f889752643168491fa5799f80b15f052561de8fc8b1e2fa046a5cb27a", kill_on_drop: false }`
[INFO] [stdout] 538c1a9f889752643168491fa5799f80b15f052561de8fc8b1e2fa046a5cb27a
