[INFO] fetching crate async-fsw 0.2.0...
[INFO] checking async-fsw-0.2.0 against beta-2021-10-15 for beta-1.56-3
[INFO] extracting crate async-fsw 0.2.0 into /workspace/builds/worker-2/source
[INFO] validating manifest of crates.io crate async-fsw 0.2.0 on toolchain beta-2021-10-15
[INFO] running `Command { std: "/workspace/cargo-home/bin/cargo" "+beta-2021-10-15" "metadata" "--manifest-path" "Cargo.toml" "--no-deps", kill_on_drop: false }`
[INFO] started tweaking crates.io crate async-fsw 0.2.0
[INFO] finished tweaking crates.io crate async-fsw 0.2.0
[INFO] tweaked toml for crates.io crate async-fsw 0.2.0 written to /workspace/builds/worker-2/source/Cargo.toml
[INFO] running `Command { std: "/workspace/cargo-home/bin/cargo" "+beta-2021-10-15" "generate-lockfile" "--manifest-path" "Cargo.toml" "-Zno-index-update", kill_on_drop: false }`
[INFO] running `Command { std: "/workspace/cargo-home/bin/cargo" "+beta-2021-10-15" "fetch" "--manifest-path" "Cargo.toml", kill_on_drop: false }`
[INFO] [stderr]     Blocking waiting for file lock on package cache
[INFO] [stderr]     Blocking waiting for file lock on package cache
[INFO] running `Command { std: "docker" "create" "-v" "/var/lib/crater-agent-workspace/builds/worker-2/target:/opt/rustwide/target:rw,Z" "-v" "/var/lib/crater-agent-workspace/builds/worker-2/source:/opt/rustwide/workdir:ro,Z" "-v" "/var/lib/crater-agent-workspace/cargo-home:/opt/rustwide/cargo-home:ro,Z" "-v" "/var/lib/crater-agent-workspace/rustup-home:/opt/rustwide/rustup-home:ro,Z" "-e" "SOURCE_DIR=/opt/rustwide/workdir" "-e" "CARGO_TARGET_DIR=/opt/rustwide/target" "-e" "CARGO_HOME=/opt/rustwide/cargo-home" "-e" "RUSTUP_HOME=/opt/rustwide/rustup-home" "-w" "/opt/rustwide/workdir" "-m" "1610612736" "--user" "0:0" "--network" "none" "ghcr.io/rust-lang/crates-build-env/linux@sha256:a89201d6b5b9fd45c15d5952ece0a0129e7e80cb26ec023fd59cf09bc26f1604" "/opt/rustwide/cargo-home/bin/cargo" "+beta-2021-10-15" "metadata" "--no-deps" "--format-version=1", kill_on_drop: false }`
[INFO] [stdout] ab2d48b38de685fabd4a92d24a4070bd5beeacfc91ddff37b6a8ba273014259d
[INFO] [stderr] WARNING: Your kernel does not support swap limit capabilities or the cgroup is not mounted. Memory limited without swap.
[INFO] running `Command { std: "docker" "start" "-a" "ab2d48b38de685fabd4a92d24a4070bd5beeacfc91ddff37b6a8ba273014259d", kill_on_drop: false }`
[INFO] running `Command { std: "docker" "inspect" "ab2d48b38de685fabd4a92d24a4070bd5beeacfc91ddff37b6a8ba273014259d", kill_on_drop: false }`
[INFO] running `Command { std: "docker" "rm" "-f" "ab2d48b38de685fabd4a92d24a4070bd5beeacfc91ddff37b6a8ba273014259d", kill_on_drop: false }`
[INFO] [stdout] ab2d48b38de685fabd4a92d24a4070bd5beeacfc91ddff37b6a8ba273014259d
[INFO] running `Command { std: "docker" "create" "-v" "/var/lib/crater-agent-workspace/builds/worker-2/target:/opt/rustwide/target:rw,Z" "-v" "/var/lib/crater-agent-workspace/builds/worker-2/source:/opt/rustwide/workdir:ro,Z" "-v" "/var/lib/crater-agent-workspace/cargo-home:/opt/rustwide/cargo-home:ro,Z" "-v" "/var/lib/crater-agent-workspace/rustup-home:/opt/rustwide/rustup-home:ro,Z" "-e" "SOURCE_DIR=/opt/rustwide/workdir" "-e" "CARGO_TARGET_DIR=/opt/rustwide/target" "-e" "CARGO_INCREMENTAL=0" "-e" "RUST_BACKTRACE=full" "-e" "RUSTFLAGS=--cap-lints=warn" "-e" "CARGO_HOME=/opt/rustwide/cargo-home" "-e" "RUSTUP_HOME=/opt/rustwide/rustup-home" "-w" "/opt/rustwide/workdir" "-m" "1610612736" "--user" "0:0" "--network" "none" "ghcr.io/rust-lang/crates-build-env/linux@sha256:a89201d6b5b9fd45c15d5952ece0a0129e7e80cb26ec023fd59cf09bc26f1604" "/opt/rustwide/cargo-home/bin/cargo" "+beta-2021-10-15" "check" "--frozen" "--all" "--all-targets" "--message-format=json", kill_on_drop: false }`
[INFO] [stdout] 1ba0373a62b7a5edcf07db8b2dc394cac33e2dfd84a987167251fde80515e30d
[INFO] [stderr] WARNING: Your kernel does not support swap limit capabilities or the cgroup is not mounted. Memory limited without swap.
[INFO] running `Command { std: "docker" "start" "-a" "1ba0373a62b7a5edcf07db8b2dc394cac33e2dfd84a987167251fde80515e30d", kill_on_drop: false }`
[INFO] [stderr]    Compiling libc v0.2.103
[INFO] [stderr]    Compiling proc-macro2 v1.0.29
[INFO] [stderr]    Compiling unicode-xid v0.2.2
[INFO] [stderr]    Compiling syn v1.0.80
[INFO] [stderr]    Compiling version_check v0.9.3
[INFO] [stderr]     Checking cfg-if v1.0.0
[INFO] [stderr]    Compiling futures-core v0.3.17
[INFO] [stderr]    Compiling log v0.4.14
[INFO] [stderr]    Compiling memchr v2.4.1
[INFO] [stderr]     Checking cache-padded v1.1.1
[INFO] [stderr]     Checking waker-fn v1.1.0
[INFO] [stderr]     Checking fastrand v1.5.0
[INFO] [stderr]     Checking pin-project-lite v0.2.7
[INFO] [stderr]     Checking parking v2.0.0
[INFO] [stderr]     Checking event-listener v2.5.1
[INFO] [stderr]     Checking futures-io v0.3.17
[INFO] [stderr]     Checking once_cell v1.8.0
[INFO] [stderr]    Compiling crossbeam-utils v0.8.5
[INFO] [stderr]     Checking slab v0.4.4
[INFO] [stderr]     Checking async-task v4.0.3
[INFO] [stderr]    Compiling signal-hook v0.3.10
[INFO] [stderr]     Checking lazy_static v1.4.0
[INFO] [stderr]     Checking atomic-waker v1.0.0
[INFO] [stderr]     Checking same-file v1.0.6
[INFO] [stderr]     Checking bitflags v1.3.2
[INFO] [stderr]     Checking pin-utils v0.1.0
[INFO] [stderr]     Checking concurrent-queue v1.2.2
[INFO] [stderr]     Checking async-mutex v1.4.0
[INFO] [stderr]     Checking async-lock v2.4.0
[INFO] [stderr]     Checking walkdir v2.3.2
[INFO] [stderr]    Compiling value-bag v1.0.0-alpha.7
[INFO] [stderr]     Checking async-channel v1.6.1
[INFO] [stderr]     Checking crossbeam-channel v0.5.1
[INFO] [stderr]     Checking futures-lite v1.12.0
[INFO] [stderr]     Checking socket2 v0.4.2
[INFO] [stderr]     Checking signal-hook-registry v1.4.0
[INFO] [stderr]     Checking num_cpus v1.13.0
[INFO] [stderr]     Checking inotify-sys v0.1.5
[INFO] [stderr]     Checking filetime v0.2.15
[INFO] [stderr]    Compiling quote v1.0.10
[INFO] [stderr]     Checking inotify v0.9.5
[INFO] [stderr]     Checking blocking v1.0.2
[INFO] [stderr]     Checking async-executor v1.4.1
[INFO] [stderr]    Compiling ctor v0.1.21
[INFO] [stderr]    Compiling async-attributes v1.1.2
[INFO] [stderr]     Checking polling v2.1.0
[INFO] [stderr]     Checking mio v0.7.13
[INFO] [stderr]     Checking kv-log-macro v1.0.7
[INFO] [stderr]     Checking async-io v1.6.0
[INFO] [stderr]     Checking notify v5.0.0-pre.13
[INFO] [stderr]     Checking async-process v1.2.0
[INFO] [stderr]     Checking async-global-executor v2.0.2
[INFO] [stderr]     Checking async-std v1.10.0
[INFO] [stderr]     Checking async-fsw v0.2.0 (/opt/rustwide/workdir)
[INFO] [stdout] error[E0432]: unresolved imports `async_std::sync::channel`, `async_std::sync::Sender`, `async_std::sync::Receiver`
[INFO] [stdout]  --> src/lib.rs:4:23
[INFO] [stdout]   |
[INFO] [stdout] 4 | use async_std::sync::{channel, Sender, Receiver};
[INFO] [stdout]   |                       ^^^^^^^  ^^^^^^  ^^^^^^^^ no `Receiver` in `sync`
[INFO] [stdout]   |                       |        |
[INFO] [stdout]   |                       |        no `Sender` in `sync`
[INFO] [stdout]   |                       no `channel` in `sync`
[INFO] [stdout] 
[INFO] [stdout] 
[INFO] [stdout] error[E0432]: unresolved imports `async_std::sync::channel`, `async_std::sync::Sender`, `async_std::sync::Receiver`
[INFO] [stdout]  --> src/lib.rs:4:23
[INFO] [stdout]   |
[INFO] [stdout] 4 | use async_std::sync::{channel, Sender, Receiver};
[INFO] [stdout]   |                       ^^^^^^^  ^^^^^^  ^^^^^^^^ no `Receiver` in `sync`
[INFO] [stdout]   |                       |        |
[INFO] [stdout]   |                       |        no `Sender` in `sync`
[INFO] [stdout]   |                       no `channel` in `sync`
[INFO] [stdout] 
[INFO] [stdout] 
[INFO] [stdout] error[E0599]: no function or associated item named `new_immediate` found for trait object `dyn notify::Watcher` in the current scope
[INFO] [stdout]   --> src/lib.rs:53:62
[INFO] [stdout]    |
[INFO] [stdout] 53 |             let mut watcher: RecommendedWatcher = FsWatcher::new_immediate(move |res| { tx.send(res).unwrap() }).unwrap();
[INFO] [stdout]    |                                                              ^^^^^^^^^^^^^ function or associated item not found in `dyn notify::Watcher`
[INFO] [stdout] 
[INFO] [stdout] 
[INFO] [stdout] error[E0308]: mismatched types
[INFO] [stdout]   --> src/lib.rs:55:32
[INFO] [stdout]    |
[INFO] [stdout] 55 |                  watcher.watch(path, match mode {
[INFO] [stdout]    |                                ^^^^ expected `&std::path::Path`, found struct `String`
[INFO] [stdout] 
[INFO] [stdout] 
[INFO] [stdout] error: aborting due to 3 previous errors
[INFO] [stdout] 
[INFO] [stdout] 
[INFO] [stdout] Some errors have detailed explanations: E0308, E0432, E0599.
[INFO] [stdout] 
[INFO] [stdout] For more information about an error, try `rustc --explain E0308`.
[INFO] [stdout] 
[INFO] [stderr] error: could not compile `async-fsw` due to 4 previous errors
[INFO] [stderr] warning: build failed, waiting for other jobs to finish...
[INFO] [stdout] error[E0599]: no function or associated item named `new_immediate` found for trait object `dyn notify::Watcher` in the current scope
[INFO] [stdout]   --> src/lib.rs:53:62
[INFO] [stdout]    |
[INFO] [stdout] 53 |             let mut watcher: RecommendedWatcher = FsWatcher::new_immediate(move |res| { tx.send(res).unwrap() }).unwrap();
[INFO] [stdout]    |                                                              ^^^^^^^^^^^^^ function or associated item not found in `dyn notify::Watcher`
[INFO] [stdout] 
[INFO] [stdout] 
[INFO] [stdout] error[E0308]: mismatched types
[INFO] [stdout]   --> src/lib.rs:55:32
[INFO] [stdout]    |
[INFO] [stdout] 55 |                  watcher.watch(path, match mode {
[INFO] [stdout]    |                                ^^^^ expected `&std::path::Path`, found struct `String`
[INFO] [stdout] 
[INFO] [stdout] 
[INFO] [stdout] error: aborting due to 3 previous errors
[INFO] [stdout] 
[INFO] [stdout] 
[INFO] [stdout] Some errors have detailed explanations: E0308, E0432, E0599.
[INFO] [stdout] 
[INFO] [stdout] For more information about an error, try `rustc --explain E0308`.
[INFO] [stdout] 
[INFO] [stderr] error: build failed
[INFO] running `Command { std: "docker" "inspect" "1ba0373a62b7a5edcf07db8b2dc394cac33e2dfd84a987167251fde80515e30d", kill_on_drop: false }`
[INFO] running `Command { std: "docker" "rm" "-f" "1ba0373a62b7a5edcf07db8b2dc394cac33e2dfd84a987167251fde80515e30d", kill_on_drop: false }`
[INFO] [stdout] 1ba0373a62b7a5edcf07db8b2dc394cac33e2dfd84a987167251fde80515e30d
