[INFO] fetching crate artemis-build 0.1.0...
[INFO] checking artemis-build-0.1.0 against 1.55.0 for beta-1.56-3
[INFO] extracting crate artemis-build 0.1.0 into /workspace/builds/worker-10/source
[INFO] validating manifest of crates.io crate artemis-build 0.1.0 on toolchain 1.55.0
[INFO] running `Command { std: "/workspace/cargo-home/bin/cargo" "+1.55.0" "metadata" "--manifest-path" "Cargo.toml" "--no-deps", kill_on_drop: false }`
[INFO] started tweaking crates.io crate artemis-build 0.1.0
[INFO] finished tweaking crates.io crate artemis-build 0.1.0
[INFO] tweaked toml for crates.io crate artemis-build 0.1.0 written to /workspace/builds/worker-10/source/Cargo.toml
[INFO] running `Command { std: "/workspace/cargo-home/bin/cargo" "+1.55.0" "generate-lockfile" "--manifest-path" "Cargo.toml" "-Zno-index-update", kill_on_drop: false }`
[INFO] running `Command { std: "/workspace/cargo-home/bin/cargo" "+1.55.0" "fetch" "--manifest-path" "Cargo.toml", kill_on_drop: false }`
[INFO] [stderr]     Blocking waiting for file lock on package cache
[INFO] running `Command { std: "docker" "create" "-v" "/var/lib/crater-agent-workspace/builds/worker-10/target:/opt/rustwide/target:rw,Z" "-v" "/var/lib/crater-agent-workspace/builds/worker-10/source:/opt/rustwide/workdir:ro,Z" "-v" "/var/lib/crater-agent-workspace/cargo-home:/opt/rustwide/cargo-home:ro,Z" "-v" "/var/lib/crater-agent-workspace/rustup-home:/opt/rustwide/rustup-home:ro,Z" "-e" "SOURCE_DIR=/opt/rustwide/workdir" "-e" "CARGO_TARGET_DIR=/opt/rustwide/target" "-e" "CARGO_HOME=/opt/rustwide/cargo-home" "-e" "RUSTUP_HOME=/opt/rustwide/rustup-home" "-w" "/opt/rustwide/workdir" "-m" "1610612736" "--user" "0:0" "--network" "none" "ghcr.io/rust-lang/crates-build-env/linux@sha256:a89201d6b5b9fd45c15d5952ece0a0129e7e80cb26ec023fd59cf09bc26f1604" "/opt/rustwide/cargo-home/bin/cargo" "+1.55.0" "metadata" "--no-deps" "--format-version=1", kill_on_drop: false }`
[INFO] [stdout] edf31169a55a53b8aa20c16da39e70d4120d6ff84d39cc5ded3bc460fe33eb5a
[INFO] [stderr] WARNING: Your kernel does not support swap limit capabilities or the cgroup is not mounted. Memory limited without swap.
[INFO] running `Command { std: "docker" "start" "-a" "edf31169a55a53b8aa20c16da39e70d4120d6ff84d39cc5ded3bc460fe33eb5a", kill_on_drop: false }`
[INFO] running `Command { std: "docker" "inspect" "edf31169a55a53b8aa20c16da39e70d4120d6ff84d39cc5ded3bc460fe33eb5a", kill_on_drop: false }`
[INFO] running `Command { std: "docker" "rm" "-f" "edf31169a55a53b8aa20c16da39e70d4120d6ff84d39cc5ded3bc460fe33eb5a", kill_on_drop: false }`
[INFO] [stdout] edf31169a55a53b8aa20c16da39e70d4120d6ff84d39cc5ded3bc460fe33eb5a
[INFO] running `Command { std: "docker" "create" "-v" "/var/lib/crater-agent-workspace/builds/worker-10/target:/opt/rustwide/target:rw,Z" "-v" "/var/lib/crater-agent-workspace/builds/worker-10/source:/opt/rustwide/workdir:ro,Z" "-v" "/var/lib/crater-agent-workspace/cargo-home:/opt/rustwide/cargo-home:ro,Z" "-v" "/var/lib/crater-agent-workspace/rustup-home:/opt/rustwide/rustup-home:ro,Z" "-e" "SOURCE_DIR=/opt/rustwide/workdir" "-e" "CARGO_TARGET_DIR=/opt/rustwide/target" "-e" "CARGO_INCREMENTAL=0" "-e" "RUST_BACKTRACE=full" "-e" "RUSTFLAGS=--cap-lints=warn" "-e" "CARGO_HOME=/opt/rustwide/cargo-home" "-e" "RUSTUP_HOME=/opt/rustwide/rustup-home" "-w" "/opt/rustwide/workdir" "-m" "1610612736" "--user" "0:0" "--network" "none" "ghcr.io/rust-lang/crates-build-env/linux@sha256:a89201d6b5b9fd45c15d5952ece0a0129e7e80cb26ec023fd59cf09bc26f1604" "/opt/rustwide/cargo-home/bin/cargo" "+1.55.0" "check" "--frozen" "--all" "--all-targets" "--message-format=json", kill_on_drop: false }`
[INFO] [stdout] 0e63a20d939ce7bbf99d7d4780a48f5b4a60e98926313e14aea9119a7254ea2d
[INFO] [stderr] WARNING: Your kernel does not support swap limit capabilities or the cgroup is not mounted. Memory limited without swap.
[INFO] running `Command { std: "docker" "start" "-a" "0e63a20d939ce7bbf99d7d4780a48f5b4a60e98926313e14aea9119a7254ea2d", kill_on_drop: false }`
[INFO] [stderr]    Compiling syn v1.0.65
[INFO] [stderr]    Compiling memchr v2.4.1
[INFO] [stderr]    Compiling libc v0.2.103
[INFO] [stderr]    Compiling failure_derive v0.1.8
[INFO] [stderr]     Checking void v1.0.2
[INFO] [stderr]     Checking byteorder v1.4.3
[INFO] [stderr]     Checking either v1.6.1
[INFO] [stderr]     Checking ascii v0.9.3
[INFO] [stderr]     Checking unicode-segmentation v1.8.0
[INFO] [stderr]     Checking unreachable v1.0.0
[INFO] [stderr]     Checking heck v0.3.3
[INFO] [stderr]     Checking object v0.26.2
[INFO] [stderr]     Checking combine v3.8.1
[INFO] [stderr]     Checking backtrace v0.3.61
[INFO] [stderr]    Compiling synstructure v0.12.6
[INFO] [stderr]    Compiling serde_derive v1.0.130
[INFO] [stderr]     Checking failure v0.1.8
[INFO] [stderr]     Checking graphql-parser v0.2.3
[INFO] [stderr]     Checking serde v1.0.130
[INFO] [stderr]     Checking serde_json v1.0.68
[INFO] [stderr]     Checking artemis_codegen v0.1.0
[INFO] [stderr]     Checking artemis-build v0.1.0 (/opt/rustwide/workdir)
[INFO] [stdout] error[E0433]: failed to resolve: use of undeclared crate or module `artemis_test`
[INFO] [stdout]  --> tests/integration.rs:5:9
[INFO] [stdout]   |
[INFO] [stdout] 5 |     use artemis_test::get_conference::get_conference::{
[INFO] [stdout]   |         ^^^^^^^^^^^^ use of undeclared crate or module `artemis_test`
[INFO] [stdout] 
[INFO] [stdout] 
[INFO] [stdout] error[E0432]: unresolved import `artemis`
[INFO] [stdout]  --> tests/integration.rs:1:5
[INFO] [stdout]   |
[INFO] [stdout] 1 | use artemis::GraphQLQuery;
[INFO] [stdout]   |     ^^^^^^^ use of undeclared crate or module `artemis`
[INFO] [stdout] 
[INFO] [stdout] 
[INFO] [stdout] error[E0433]: failed to resolve: use of undeclared crate or module `artemis_test`
[INFO] [stdout]   --> tests/integration.rs:30:22
[INFO] [stdout]    |
[INFO] [stdout] 30 |     let (query, _) = artemis_test::get_conference::GetConference::build_query(variables);
[INFO] [stdout]    |                      ^^^^^^^^^^^^ use of undeclared crate or module `artemis_test`
[INFO] [stdout] 
[INFO] [stdout] 
[INFO] [stdout] error[E0422]: cannot find struct, variant or union type `Variables` in this scope
[INFO] [stdout]  --> tests/integration.rs:9:21
[INFO] [stdout]   |
[INFO] [stdout] 9 |     let variables = Variables {
[INFO] [stdout]   |                     ^^^^^^^^^ not found in this scope
[INFO] [stdout] 
[INFO] [stdout] 
[INFO] [stdout] error[E0422]: cannot find struct, variant or union type `GetConferenceConferenceTalksSpeakers` in this scope
[INFO] [stdout]   --> tests/integration.rs:12:20
[INFO] [stdout]    |
[INFO] [stdout] 12 |     let speakers = GetConferenceConferenceTalksSpeakers {
[INFO] [stdout]    |                    ^^^^^^^^^^^^^^^^^^^^^^^^^^^^^^^^^^^^ not found in this scope
[INFO] [stdout] 
[INFO] [stdout] 
[INFO] [stdout] error[E0422]: cannot find struct, variant or union type `GetConferenceConferenceTalks` in this scope
[INFO] [stdout]   --> tests/integration.rs:15:17
[INFO] [stdout]    |
[INFO] [stdout] 15 |     let talks = GetConferenceConferenceTalks {
[INFO] [stdout]    |                 ^^^^^^^^^^^^^^^^^^^^^^^^^^^^ not found in this scope
[INFO] [stdout] 
[INFO] [stdout] 
[INFO] [stdout] error[E0422]: cannot find struct, variant or union type `GetConferenceConference` in this scope
[INFO] [stdout]   --> tests/integration.rs:20:22
[INFO] [stdout]    |
[INFO] [stdout] 20 |     let conference = GetConferenceConference {
[INFO] [stdout]    |                      ^^^^^^^^^^^^^^^^^^^^^^^ not found in this scope
[INFO] [stdout] 
[INFO] [stdout] 
[INFO] [stdout] error[E0422]: cannot find struct, variant or union type `ResponseData` in this scope
[INFO] [stdout]   --> tests/integration.rs:26:26
[INFO] [stdout]    |
[INFO] [stdout] 26 |     let _response_data = ResponseData {
[INFO] [stdout]    |                          ^^^^^^^^^^^^ not found in this scope
[INFO] [stdout] 
[INFO] [stdout] 
[INFO] [stdout] error: aborting due to 8 previous errors
[INFO] [stdout] 
[INFO] [stdout] 
[INFO] [stdout] Some errors have detailed explanations: E0422, E0432, E0433.
[INFO] [stdout] 
[INFO] [stdout] For more information about an error, try `rustc --explain E0422`.
[INFO] [stdout] 
[INFO] [stderr] error: could not compile `artemis-build` due to 9 previous errors
[INFO] running `Command { std: "docker" "inspect" "0e63a20d939ce7bbf99d7d4780a48f5b4a60e98926313e14aea9119a7254ea2d", kill_on_drop: false }`
[INFO] running `Command { std: "docker" "rm" "-f" "0e63a20d939ce7bbf99d7d4780a48f5b4a60e98926313e14aea9119a7254ea2d", kill_on_drop: false }`
[INFO] [stdout] 0e63a20d939ce7bbf99d7d4780a48f5b4a60e98926313e14aea9119a7254ea2d
