[INFO] fetching crate aoflagger_sys 0.1.0...
[INFO] checking aoflagger_sys-0.1.0 against beta-2021-10-15 for beta-1.56-3
[INFO] extracting crate aoflagger_sys 0.1.0 into /workspace/builds/worker-1/source
[INFO] validating manifest of crates.io crate aoflagger_sys 0.1.0 on toolchain beta-2021-10-15
[INFO] running `Command { std: "/workspace/cargo-home/bin/cargo" "+beta-2021-10-15" "metadata" "--manifest-path" "Cargo.toml" "--no-deps", kill_on_drop: false }`
[INFO] started tweaking crates.io crate aoflagger_sys 0.1.0
[INFO] finished tweaking crates.io crate aoflagger_sys 0.1.0
[INFO] tweaked toml for crates.io crate aoflagger_sys 0.1.0 written to /workspace/builds/worker-1/source/Cargo.toml
[INFO] running `Command { std: "/workspace/cargo-home/bin/cargo" "+beta-2021-10-15" "generate-lockfile" "--manifest-path" "Cargo.toml" "-Zno-index-update", kill_on_drop: false }`
[INFO] running `Command { std: "/workspace/cargo-home/bin/cargo" "+beta-2021-10-15" "fetch" "--manifest-path" "Cargo.toml", kill_on_drop: false }`
[INFO] [stderr]  Downloading crates ...
[INFO] [stderr]   Downloaded cxxbridge-flags v1.0.56
[INFO] [stderr]   Downloaded cxxbridge-macro v1.0.56
[INFO] [stderr]   Downloaded cxx v1.0.56
[INFO] [stderr]   Downloaded link-cplusplus v1.0.5
[INFO] [stderr]   Downloaded cxx-build v1.0.56
[INFO] [stderr]   Downloaded scratch v1.0.0
[INFO] running `Command { std: "docker" "create" "-v" "/var/lib/crater-agent-workspace/builds/worker-1/target:/opt/rustwide/target:rw,Z" "-v" "/var/lib/crater-agent-workspace/builds/worker-1/source:/opt/rustwide/workdir:ro,Z" "-v" "/var/lib/crater-agent-workspace/cargo-home:/opt/rustwide/cargo-home:ro,Z" "-v" "/var/lib/crater-agent-workspace/rustup-home:/opt/rustwide/rustup-home:ro,Z" "-e" "SOURCE_DIR=/opt/rustwide/workdir" "-e" "CARGO_TARGET_DIR=/opt/rustwide/target" "-e" "CARGO_HOME=/opt/rustwide/cargo-home" "-e" "RUSTUP_HOME=/opt/rustwide/rustup-home" "-w" "/opt/rustwide/workdir" "-m" "1610612736" "--user" "0:0" "--network" "none" "ghcr.io/rust-lang/crates-build-env/linux@sha256:a89201d6b5b9fd45c15d5952ece0a0129e7e80cb26ec023fd59cf09bc26f1604" "/opt/rustwide/cargo-home/bin/cargo" "+beta-2021-10-15" "metadata" "--no-deps" "--format-version=1", kill_on_drop: false }`
[INFO] [stderr] WARNING: Your kernel does not support swap limit capabilities or the cgroup is not mounted. Memory limited without swap.
[INFO] [stdout] ecef598672ebf0ee4df09ecb305d72f407923e9c4b57caac8229363c6ca1fdfa
[INFO] running `Command { std: "docker" "start" "-a" "ecef598672ebf0ee4df09ecb305d72f407923e9c4b57caac8229363c6ca1fdfa", kill_on_drop: false }`
[INFO] running `Command { std: "docker" "inspect" "ecef598672ebf0ee4df09ecb305d72f407923e9c4b57caac8229363c6ca1fdfa", kill_on_drop: false }`
[INFO] running `Command { std: "docker" "rm" "-f" "ecef598672ebf0ee4df09ecb305d72f407923e9c4b57caac8229363c6ca1fdfa", kill_on_drop: false }`
[INFO] [stdout] ecef598672ebf0ee4df09ecb305d72f407923e9c4b57caac8229363c6ca1fdfa
[INFO] running `Command { std: "docker" "create" "-v" "/var/lib/crater-agent-workspace/builds/worker-1/target:/opt/rustwide/target:rw,Z" "-v" "/var/lib/crater-agent-workspace/builds/worker-1/source:/opt/rustwide/workdir:ro,Z" "-v" "/var/lib/crater-agent-workspace/cargo-home:/opt/rustwide/cargo-home:ro,Z" "-v" "/var/lib/crater-agent-workspace/rustup-home:/opt/rustwide/rustup-home:ro,Z" "-e" "SOURCE_DIR=/opt/rustwide/workdir" "-e" "CARGO_TARGET_DIR=/opt/rustwide/target" "-e" "CARGO_INCREMENTAL=0" "-e" "RUST_BACKTRACE=full" "-e" "RUSTFLAGS=--cap-lints=warn" "-e" "CARGO_HOME=/opt/rustwide/cargo-home" "-e" "RUSTUP_HOME=/opt/rustwide/rustup-home" "-w" "/opt/rustwide/workdir" "-m" "1610612736" "--user" "0:0" "--network" "none" "ghcr.io/rust-lang/crates-build-env/linux@sha256:a89201d6b5b9fd45c15d5952ece0a0129e7e80cb26ec023fd59cf09bc26f1604" "/opt/rustwide/cargo-home/bin/cargo" "+beta-2021-10-15" "check" "--frozen" "--all" "--all-targets" "--message-format=json", kill_on_drop: false }`
[INFO] [stdout] 6f9f2f2162b49ca3b5306ec8cca346d0b997322154b042d844138f5d87f416b9
[INFO] [stderr] WARNING: Your kernel does not support swap limit capabilities or the cgroup is not mounted. Memory limited without swap.
[INFO] running `Command { std: "docker" "start" "-a" "6f9f2f2162b49ca3b5306ec8cca346d0b997322154b042d844138f5d87f416b9", kill_on_drop: false }`
[INFO] [stderr]    Compiling libc v0.2.103
[INFO] [stderr]    Compiling proc-macro2 v1.0.29
[INFO] [stderr]    Compiling radium v0.5.3
[INFO] [stderr]    Compiling cfg-if v1.0.0
[INFO] [stderr]    Compiling glob v0.3.0
[INFO] [stderr]    Compiling unicode-width v0.1.9
[INFO] [stderr]    Compiling syn v1.0.80
[INFO] [stderr]    Compiling wyz v0.2.0
[INFO] [stderr]    Compiling termcolor v1.1.2
[INFO] [stderr]    Compiling funty v1.1.0
[INFO] [stderr]    Compiling log v0.4.14
[INFO] [stderr]    Compiling tap v1.0.1
[INFO] [stderr]    Compiling scratch v1.0.0
[INFO] [stderr]    Compiling regex-syntax v0.6.25
[INFO] [stderr]    Compiling vec_map v0.8.2
[INFO] [stderr]    Compiling bindgen v0.59.1
[INFO] [stderr]    Compiling humantime v2.1.0
[INFO] [stderr]    Compiling ansi_term v0.11.0
[INFO] [stderr]    Compiling strsim v0.8.0
[INFO] [stderr]    Compiling lazy_static v1.4.0
[INFO] [stderr]    Compiling bitflags v1.3.2
[INFO] [stderr]    Compiling cxxbridge-flags v1.0.56
[INFO] [stderr]    Compiling rustc-hash v1.1.0
[INFO] [stderr]    Compiling peeking_take_while v0.1.2
[INFO] [stderr]    Compiling shlex v1.1.0
[INFO] [stderr]    Compiling lazycell v1.3.0
[INFO] [stderr]    Compiling nom v6.2.1
[INFO] [stderr]    Compiling libloading v0.7.1
[INFO] [stderr]    Compiling textwrap v0.11.0
[INFO] [stderr]    Compiling codespan-reporting v0.11.1
[INFO] [stderr]    Compiling memchr v2.3.4
[INFO] [stderr]    Compiling clang-sys v1.2.2
[INFO] [stderr]    Compiling aho-corasick v0.7.15
[INFO] [stderr]    Compiling bitvec v0.19.5
[INFO] [stderr]    Compiling quote v1.0.10
[INFO] [stderr]    Compiling jobserver v0.1.24
[INFO] [stderr]    Compiling atty v0.2.14
[INFO] [stderr]    Compiling which v3.1.1
[INFO] [stderr]    Compiling clap v2.33.3
[INFO] [stderr]    Compiling cc v1.0.71
[INFO] [stderr]    Compiling link-cplusplus v1.0.5
[INFO] [stderr]    Compiling cxx v1.0.56
[INFO] [stderr]    Compiling regex v1.4.6
[INFO] [stderr]    Compiling env_logger v0.8.4
[INFO] [stderr]    Compiling cxx-build v1.0.56
[INFO] [stderr]    Compiling cexpr v0.5.0
[INFO] [stderr]    Compiling cxxbridge-macro v1.0.56
[INFO] [stderr]    Compiling aoflagger_sys v0.1.0 (/opt/rustwide/workdir)
[INFO] [stderr] The following warnings were emitted during compilation:
[INFO] [stderr] 
[INFO] [stderr] warning: In file included from /opt/rustwide/target/debug/build/aoflagger_sys-c7a7da2d9390bc52/out/cxxbridge/sources/aoflagger_sys/src/cxx_aoflagger.rs.cc:1:
[INFO] [stderr] warning: /opt/rustwide/target/debug/build/aoflagger_sys-c7a7da2d9390bc52/out/cxxbridge/crate/aoflagger_sys/include/cxx_aoflagger.h:4:10: fatal error: aoflagger.h: No such file or directory
[INFO] [stderr] warning:     4 | #include <aoflagger.h>
[INFO] [stderr] warning:       |          ^~~~~~~~~~~~~
[INFO] [stderr] warning: compilation terminated.
[INFO] [stderr] warning: In file included from src/cxx_aoflagger.cc:1:
[INFO] [stderr] warning: /opt/rustwide/target/debug/build/aoflagger_sys-c7a7da2d9390bc52/out/cxxbridge/crate/aoflagger_sys/include/cxx_aoflagger.h:4:10: fatal error: aoflagger.h: No such file or directory
[INFO] [stderr] warning:     4 | #include <aoflagger.h>
[INFO] [stderr] warning:       |          ^~~~~~~~~~~~~
[INFO] [stderr] warning: compilation terminated.
[INFO] [stderr] 
[INFO] [stderr] error: failed to run custom build command for `aoflagger_sys v0.1.0 (/opt/rustwide/workdir)`
[INFO] [stderr] 
[INFO] [stderr] Caused by:
[INFO] [stderr]   process didn't exit successfully: `/opt/rustwide/target/debug/build/aoflagger_sys-0d57a5a526b9f34f/build-script-build` (exit status: 1)
[INFO] [stderr]   --- stdout
[INFO] [stderr]   cargo:rustc-cfg=verbose
[INFO] [stderr]   cargo:CXXBRIDGE_PREFIX=aoflagger_sys
[INFO] [stderr]   cargo:CXXBRIDGE_DIR0=/opt/rustwide/target/debug/build/aoflagger_sys-c7a7da2d9390bc52/out/cxxbridge/include
[INFO] [stderr]   cargo:CXXBRIDGE_DIR1=/opt/rustwide/target/debug/build/aoflagger_sys-c7a7da2d9390bc52/out/cxxbridge/crate
[INFO] [stderr]   TARGET = Some("x86_64-unknown-linux-gnu")
[INFO] [stderr]   OPT_LEVEL = Some("0")
[INFO] [stderr]   HOST = Some("x86_64-unknown-linux-gnu")
[INFO] [stderr]   CXX_x86_64-unknown-linux-gnu = None
[INFO] [stderr]   CXX_x86_64_unknown_linux_gnu = None
[INFO] [stderr]   HOST_CXX = None
[INFO] [stderr]   CXX = None
[INFO] [stderr]   CXXFLAGS_x86_64-unknown-linux-gnu = None
[INFO] [stderr]   CXXFLAGS_x86_64_unknown_linux_gnu = None
[INFO] [stderr]   HOST_CXXFLAGS = None
[INFO] [stderr]   CXXFLAGS = None
[INFO] [stderr]   CRATE_CC_NO_DEFAULTS = None
[INFO] [stderr]   DEBUG = Some("true")
[INFO] [stderr]   CARGO_CFG_TARGET_FEATURE = Some("fxsr,sse,sse2")
[INFO] [stderr]   CXX_x86_64-unknown-linux-gnu = None
[INFO] [stderr]   CXX_x86_64_unknown_linux_gnu = None
[INFO] [stderr]   HOST_CXX = None
[INFO] [stderr]   CXX = None
[INFO] [stderr]   CXXFLAGS_x86_64-unknown-linux-gnu = None
[INFO] [stderr]   CXXFLAGS_x86_64_unknown_linux_gnu = None
[INFO] [stderr]   HOST_CXXFLAGS = None
[INFO] [stderr]   CXXFLAGS = None
[INFO] [stderr]   CRATE_CC_NO_DEFAULTS = None
[INFO] [stderr]   CARGO_CFG_TARGET_FEATURE = Some("fxsr,sse,sse2")
[INFO] [stderr]   CXX_x86_64-unknown-linux-gnu = None
[INFO] [stderr]   CXX_x86_64_unknown_linux_gnu = None
[INFO] [stderr]   HOST_CXX = None
[INFO] [stderr]   CXX = None
[INFO] [stderr]   CXXFLAGS_x86_64-unknown-linux-gnu = None
[INFO] [stderr]   CXXFLAGS_x86_64_unknown_linux_gnu = None
[INFO] [stderr]   HOST_CXXFLAGS = None
[INFO] [stderr]   CXXFLAGS = None
[INFO] [stderr]   CRATE_CC_NO_DEFAULTS = None
[INFO] [stderr]   CARGO_CFG_TARGET_FEATURE = Some("fxsr,sse,sse2")
[INFO] [stderr]   CXX_x86_64-unknown-linux-gnu = None
[INFO] [stderr]   CXX_x86_64_unknown_linux_gnu = None
[INFO] [stderr]   HOST_CXX = None
[INFO] [stderr]   CXX = None
[INFO] [stderr]   CXXFLAGS_x86_64-unknown-linux-gnu = None
[INFO] [stderr]   CXXFLAGS_x86_64_unknown_linux_gnu = None
[INFO] [stderr]   HOST_CXXFLAGS = None
[INFO] [stderr]   CXXFLAGS = None
[INFO] [stderr]   CRATE_CC_NO_DEFAULTS = None
[INFO] [stderr]   CARGO_CFG_TARGET_FEATURE = Some("fxsr,sse,sse2")
[INFO] [stderr]   running: "c++" "-O0" "-ffunction-sections" "-fdata-sections" "-fPIC" "-g" "-fno-omit-frame-pointer" "-m64" "-I" "/opt/rustwide/target/debug/build/aoflagger_sys-c7a7da2d9390bc52/out/cxxbridge/include" "-I" "/opt/rustwide/target/debug/build/aoflagger_sys-c7a7da2d9390bc52/out/cxxbridge/crate" "-Wall" "-Wextra" "-std=c++11" "-Wno-nonportable-include-path" "-Wno-unused-parameter" "-o" "/opt/rustwide/target/debug/build/aoflagger_sys-c7a7da2d9390bc52/out/src/cxx_aoflagger.o" "-c" "src/cxx_aoflagger.cc"
[INFO] [stderr]   running: "c++" "-O0" "-ffunction-sections" "-fdata-sections" "-fPIC" "-g" "-fno-omit-frame-pointer" "-m64" "-I" "/opt/rustwide/target/debug/build/aoflagger_sys-c7a7da2d9390bc52/out/cxxbridge/include" "-I" "/opt/rustwide/target/debug/build/aoflagger_sys-c7a7da2d9390bc52/out/cxxbridge/crate" "-Wall" "-Wextra" "-std=c++11" "-Wno-nonportable-include-path" "-Wno-unused-parameter" "-o" "/opt/rustwide/target/debug/build/aoflagger_sys-c7a7da2d9390bc52/out/cxxbridge/sources/aoflagger_sys/src/cxx_aoflagger.rs.o" "-c" "/opt/rustwide/target/debug/build/aoflagger_sys-c7a7da2d9390bc52/out/cxxbridge/sources/aoflagger_sys/src/cxx_aoflagger.rs.cc"
[INFO] [stderr]   cargo:warning=In file included from /opt/rustwide/target/debug/build/aoflagger_sys-c7a7da2d9390bc52/out/cxxbridge/sources/aoflagger_sys/src/cxx_aoflagger.rs.cc:1:
[INFO] [stderr]   cargo:warning=/opt/rustwide/target/debug/build/aoflagger_sys-c7a7da2d9390bc52/out/cxxbridge/crate/aoflagger_sys/include/cxx_aoflagger.h:4:10: fatal error: aoflagger.h: No such file or directory
[INFO] [stderr]   cargo:warning=    4 | #include <aoflagger.h>
[INFO] [stderr]   cargo:warning=      |          ^~~~~~~~~~~~~
[INFO] [stderr]   cargo:warning=compilation terminated.
[INFO] [stderr]   exit status: 1
[INFO] [stderr]   cargo:warning=In file included from src/cxx_aoflagger.cc:1:
[INFO] [stderr]   cargo:warning=/opt/rustwide/target/debug/build/aoflagger_sys-c7a7da2d9390bc52/out/cxxbridge/crate/aoflagger_sys/include/cxx_aoflagger.h:4:10: fatal error: aoflagger.h: No such file or directory
[INFO] [stderr]   cargo:warning=    4 | #include <aoflagger.h>
[INFO] [stderr]   cargo:warning=      |          ^~~~~~~~~~~~~
[INFO] [stderr]   cargo:warning=compilation terminated.
[INFO] [stderr]   exit status: 1
[INFO] [stderr] 
[INFO] [stderr]   --- stderr
[INFO] [stderr] 
[INFO] [stderr]   CXX include path:
[INFO] [stderr]     /opt/rustwide/target/debug/build/aoflagger_sys-c7a7da2d9390bc52/out/cxxbridge/include
[INFO] [stderr]     /opt/rustwide/target/debug/build/aoflagger_sys-c7a7da2d9390bc52/out/cxxbridge/crate
[INFO] [stderr] 
[INFO] [stderr] 
[INFO] [stderr]   error occurred: Command "c++" "-O0" "-ffunction-sections" "-fdata-sections" "-fPIC" "-g" "-fno-omit-frame-pointer" "-m64" "-I" "/opt/rustwide/target/debug/build/aoflagger_sys-c7a7da2d9390bc52/out/cxxbridge/include" "-I" "/opt/rustwide/target/debug/build/aoflagger_sys-c7a7da2d9390bc52/out/cxxbridge/crate" "-Wall" "-Wextra" "-std=c++11" "-Wno-nonportable-include-path" "-Wno-unused-parameter" "-o" "/opt/rustwide/target/debug/build/aoflagger_sys-c7a7da2d9390bc52/out/cxxbridge/sources/aoflagger_sys/src/cxx_aoflagger.rs.o" "-c" "/opt/rustwide/target/debug/build/aoflagger_sys-c7a7da2d9390bc52/out/cxxbridge/sources/aoflagger_sys/src/cxx_aoflagger.rs.cc" with args "c++" did not execute successfully (status code exit status: 1).
[INFO] [stderr] 
[INFO] [stderr] 
[INFO] running `Command { std: "docker" "inspect" "6f9f2f2162b49ca3b5306ec8cca346d0b997322154b042d844138f5d87f416b9", kill_on_drop: false }`
[INFO] running `Command { std: "docker" "rm" "-f" "6f9f2f2162b49ca3b5306ec8cca346d0b997322154b042d844138f5d87f416b9", kill_on_drop: false }`
[INFO] [stdout] 6f9f2f2162b49ca3b5306ec8cca346d0b997322154b042d844138f5d87f416b9
