[INFO] fetching crate alloc_uefi 0.2.0...
[INFO] checking alloc_uefi-0.2.0 against 1.55.0 for beta-1.56-3
[INFO] extracting crate alloc_uefi 0.2.0 into /workspace/builds/worker-8/source
[INFO] validating manifest of crates.io crate alloc_uefi 0.2.0 on toolchain 1.55.0
[INFO] running `Command { std: "/workspace/cargo-home/bin/cargo" "+1.55.0" "metadata" "--manifest-path" "Cargo.toml" "--no-deps", kill_on_drop: false }`
[INFO] started tweaking crates.io crate alloc_uefi 0.2.0
[INFO] finished tweaking crates.io crate alloc_uefi 0.2.0
[INFO] tweaked toml for crates.io crate alloc_uefi 0.2.0 written to /workspace/builds/worker-8/source/Cargo.toml
[INFO] running `Command { std: "/workspace/cargo-home/bin/cargo" "+1.55.0" "generate-lockfile" "--manifest-path" "Cargo.toml" "-Zno-index-update", kill_on_drop: false }`
[INFO] running `Command { std: "/workspace/cargo-home/bin/cargo" "+1.55.0" "fetch" "--manifest-path" "Cargo.toml", kill_on_drop: false }`
[INFO] running `Command { std: "docker" "create" "-v" "/var/lib/crater-agent-workspace/builds/worker-8/target:/opt/rustwide/target:rw,Z" "-v" "/var/lib/crater-agent-workspace/builds/worker-8/source:/opt/rustwide/workdir:ro,Z" "-v" "/var/lib/crater-agent-workspace/cargo-home:/opt/rustwide/cargo-home:ro,Z" "-v" "/var/lib/crater-agent-workspace/rustup-home:/opt/rustwide/rustup-home:ro,Z" "-e" "SOURCE_DIR=/opt/rustwide/workdir" "-e" "CARGO_TARGET_DIR=/opt/rustwide/target" "-e" "CARGO_HOME=/opt/rustwide/cargo-home" "-e" "RUSTUP_HOME=/opt/rustwide/rustup-home" "-w" "/opt/rustwide/workdir" "-m" "1610612736" "--user" "0:0" "--network" "none" "ghcr.io/rust-lang/crates-build-env/linux@sha256:a89201d6b5b9fd45c15d5952ece0a0129e7e80cb26ec023fd59cf09bc26f1604" "/opt/rustwide/cargo-home/bin/cargo" "+1.55.0" "metadata" "--no-deps" "--format-version=1", kill_on_drop: false }`
[INFO] [stderr] WARNING: Your kernel does not support swap limit capabilities or the cgroup is not mounted. Memory limited without swap.
[INFO] [stdout] 30d88ec1a244ed0728242a6b30d3829bb0a812ac915f1b30cb72ae0580a1f147
[INFO] running `Command { std: "docker" "start" "-a" "30d88ec1a244ed0728242a6b30d3829bb0a812ac915f1b30cb72ae0580a1f147", kill_on_drop: false }`
[INFO] running `Command { std: "docker" "inspect" "30d88ec1a244ed0728242a6b30d3829bb0a812ac915f1b30cb72ae0580a1f147", kill_on_drop: false }`
[INFO] running `Command { std: "docker" "rm" "-f" "30d88ec1a244ed0728242a6b30d3829bb0a812ac915f1b30cb72ae0580a1f147", kill_on_drop: false }`
[INFO] [stdout] 30d88ec1a244ed0728242a6b30d3829bb0a812ac915f1b30cb72ae0580a1f147
[INFO] running `Command { std: "docker" "create" "-v" "/var/lib/crater-agent-workspace/builds/worker-8/target:/opt/rustwide/target:rw,Z" "-v" "/var/lib/crater-agent-workspace/builds/worker-8/source:/opt/rustwide/workdir:ro,Z" "-v" "/var/lib/crater-agent-workspace/cargo-home:/opt/rustwide/cargo-home:ro,Z" "-v" "/var/lib/crater-agent-workspace/rustup-home:/opt/rustwide/rustup-home:ro,Z" "-e" "SOURCE_DIR=/opt/rustwide/workdir" "-e" "CARGO_TARGET_DIR=/opt/rustwide/target" "-e" "CARGO_INCREMENTAL=0" "-e" "RUST_BACKTRACE=full" "-e" "RUSTFLAGS=--cap-lints=warn" "-e" "CARGO_HOME=/opt/rustwide/cargo-home" "-e" "RUSTUP_HOME=/opt/rustwide/rustup-home" "-w" "/opt/rustwide/workdir" "-m" "1610612736" "--user" "0:0" "--network" "none" "ghcr.io/rust-lang/crates-build-env/linux@sha256:a89201d6b5b9fd45c15d5952ece0a0129e7e80cb26ec023fd59cf09bc26f1604" "/opt/rustwide/cargo-home/bin/cargo" "+1.55.0" "check" "--frozen" "--all" "--all-targets" "--message-format=json", kill_on_drop: false }`
[INFO] [stderr] WARNING: Your kernel does not support swap limit capabilities or the cgroup is not mounted. Memory limited without swap.
[INFO] [stdout] 19d954210b39fb591a19dfaee97c7340cd9677e859ad54671c56f2d32a560bb1
[INFO] running `Command { std: "docker" "start" "-a" "19d954210b39fb591a19dfaee97c7340cd9677e859ad54671c56f2d32a560bb1", kill_on_drop: false }`
[INFO] [stderr]     Checking alloc_uefi v0.2.0 (/opt/rustwide/workdir)
[INFO] [stdout] error[E0557]: feature has been removed
[INFO] [stdout]   --> src/lib.rs:15:12
[INFO] [stdout]    |
[INFO] [stdout] 15 | #![feature(allocator)]
[INFO] [stdout]    |            ^^^^^^^^^ feature has been removed
[INFO] [stdout] 
[INFO] [stdout] 
[INFO] [stdout] error: cannot find attribute `allocator` in this scope
[INFO] [stdout]   --> src/lib.rs:16:4
[INFO] [stdout]    |
[INFO] [stdout] 16 | #![allocator]
[INFO] [stdout]    |    ^^^^^^^^^
[INFO] [stdout] 
[INFO] [stdout] 
[INFO] [stdout] error: cannot determine resolution for the attribute macro `derive`
[INFO] [stdout]    --> src/lib.rs:101:7
[INFO] [stdout]     |
[INFO] [stdout] 101 |     #[derive(Copy, Clone)]
[INFO] [stdout]     |       ^^^^^^
[INFO] [stdout]     |
[INFO] [stdout]     = note: import resolution is stuck, try simplifying macro imports
[INFO] [stdout] 
[INFO] [stdout] 
[INFO] [stdout] error[E0554]: `#![feature]` may not be used on the stable release channel
[INFO] [stdout]   --> src/lib.rs:15:1
[INFO] [stdout]    |
[INFO] [stdout] 15 | #![feature(allocator)]
[INFO] [stdout]    | ^^^^^^^^^^^^^^^^^^^^^^
[INFO] [stdout] 
[INFO] [stdout] 
[INFO] [stdout] error: aborting due to 4 previous errors
[INFO] [stdout] 
[INFO] [stdout] 
[INFO] [stdout] Some errors have detailed explanations: E0554, E0557.
[INFO] [stdout] 
[INFO] [stdout] For more information about an error, try `rustc --explain E0554`.
[INFO] [stdout] 
[INFO] [stderr] error: could not compile `alloc_uefi` due to 5 previous errors
[INFO] [stderr] warning: build failed, waiting for other jobs to finish...
[INFO] [stdout] error[E0557]: feature has been removed
[INFO] [stdout]   --> src/lib.rs:15:12
[INFO] [stdout]    |
[INFO] [stdout] 15 | #![feature(allocator)]
[INFO] [stdout]    |            ^^^^^^^^^ feature has been removed
[INFO] [stdout] 
[INFO] [stdout] 
[INFO] [stdout] error: cannot find attribute `allocator` in this scope
[INFO] [stdout]   --> src/lib.rs:16:4
[INFO] [stdout]    |
[INFO] [stdout] 16 | #![allocator]
[INFO] [stdout]    |    ^^^^^^^^^
[INFO] [stdout] 
[INFO] [stdout] 
[INFO] [stdout] error: cannot determine resolution for the attribute macro `derive`
[INFO] [stdout]    --> src/lib.rs:101:7
[INFO] [stdout]     |
[INFO] [stdout] 101 |     #[derive(Copy, Clone)]
[INFO] [stdout]     |       ^^^^^^
[INFO] [stdout]     |
[INFO] [stdout]     = note: import resolution is stuck, try simplifying macro imports
[INFO] [stdout] 
[INFO] [stdout] 
[INFO] [stdout] error[E0554]: `#![feature]` may not be used on the stable release channel
[INFO] [stdout]   --> src/lib.rs:15:1
[INFO] [stdout]    |
[INFO] [stdout] 15 | #![feature(allocator)]
[INFO] [stdout]    | ^^^^^^^^^^^^^^^^^^^^^^
[INFO] [stdout] 
[INFO] [stdout] 
[INFO] [stdout] error: aborting due to 4 previous errors
[INFO] [stdout] 
[INFO] [stdout] 
[INFO] [stdout] Some errors have detailed explanations: E0554, E0557.
[INFO] [stdout] 
[INFO] [stdout] For more information about an error, try `rustc --explain E0554`.
[INFO] [stdout] 
[INFO] [stderr] error: build failed
[INFO] running `Command { std: "docker" "inspect" "19d954210b39fb591a19dfaee97c7340cd9677e859ad54671c56f2d32a560bb1", kill_on_drop: false }`
[INFO] running `Command { std: "docker" "rm" "-f" "19d954210b39fb591a19dfaee97c7340cd9677e859ad54671c56f2d32a560bb1", kill_on_drop: false }`
[INFO] [stdout] 19d954210b39fb591a19dfaee97c7340cd9677e859ad54671c56f2d32a560bb1
