[INFO] fetching crate agnostic_async_executor 0.2.2...
[INFO] checking agnostic_async_executor-0.2.2 against beta-2021-10-15 for beta-1.56-3
[INFO] extracting crate agnostic_async_executor 0.2.2 into /workspace/builds/worker-6/source
[INFO] validating manifest of crates.io crate agnostic_async_executor 0.2.2 on toolchain beta-2021-10-15
[INFO] running `Command { std: "/workspace/cargo-home/bin/cargo" "+beta-2021-10-15" "metadata" "--manifest-path" "Cargo.toml" "--no-deps", kill_on_drop: false }`
[INFO] started tweaking crates.io crate agnostic_async_executor 0.2.2
[INFO] finished tweaking crates.io crate agnostic_async_executor 0.2.2
[INFO] tweaked toml for crates.io crate agnostic_async_executor 0.2.2 written to /workspace/builds/worker-6/source/Cargo.toml
[INFO] running `Command { std: "/workspace/cargo-home/bin/cargo" "+beta-2021-10-15" "generate-lockfile" "--manifest-path" "Cargo.toml" "-Zno-index-update", kill_on_drop: false }`
[INFO] [stderr]     Blocking waiting for file lock on package cache
[INFO] running `Command { std: "/workspace/cargo-home/bin/cargo" "+beta-2021-10-15" "fetch" "--manifest-path" "Cargo.toml", kill_on_drop: false }`
[INFO] [stderr]     Blocking waiting for file lock on package cache
[INFO] [stderr]     Blocking waiting for file lock on package cache
[INFO] running `Command { std: "docker" "create" "-v" "/var/lib/crater-agent-workspace/builds/worker-6/target:/opt/rustwide/target:rw,Z" "-v" "/var/lib/crater-agent-workspace/builds/worker-6/source:/opt/rustwide/workdir:ro,Z" "-v" "/var/lib/crater-agent-workspace/cargo-home:/opt/rustwide/cargo-home:ro,Z" "-v" "/var/lib/crater-agent-workspace/rustup-home:/opt/rustwide/rustup-home:ro,Z" "-e" "SOURCE_DIR=/opt/rustwide/workdir" "-e" "CARGO_TARGET_DIR=/opt/rustwide/target" "-e" "CARGO_HOME=/opt/rustwide/cargo-home" "-e" "RUSTUP_HOME=/opt/rustwide/rustup-home" "-w" "/opt/rustwide/workdir" "-m" "1610612736" "--user" "0:0" "--network" "none" "ghcr.io/rust-lang/crates-build-env/linux@sha256:a89201d6b5b9fd45c15d5952ece0a0129e7e80cb26ec023fd59cf09bc26f1604" "/opt/rustwide/cargo-home/bin/cargo" "+beta-2021-10-15" "metadata" "--no-deps" "--format-version=1", kill_on_drop: false }`
[INFO] [stdout] c1dcf6644fc2d932768cbec98e7e0de7e426b8dab985d766aff6929ccfdfa7a9
[INFO] running `Command { std: "docker" "start" "-a" "c1dcf6644fc2d932768cbec98e7e0de7e426b8dab985d766aff6929ccfdfa7a9", kill_on_drop: false }`
[INFO] running `Command { std: "docker" "inspect" "c1dcf6644fc2d932768cbec98e7e0de7e426b8dab985d766aff6929ccfdfa7a9", kill_on_drop: false }`
[INFO] running `Command { std: "docker" "rm" "-f" "c1dcf6644fc2d932768cbec98e7e0de7e426b8dab985d766aff6929ccfdfa7a9", kill_on_drop: false }`
[INFO] [stdout] c1dcf6644fc2d932768cbec98e7e0de7e426b8dab985d766aff6929ccfdfa7a9
[INFO] running `Command { std: "docker" "create" "-v" "/var/lib/crater-agent-workspace/builds/worker-6/target:/opt/rustwide/target:rw,Z" "-v" "/var/lib/crater-agent-workspace/builds/worker-6/source:/opt/rustwide/workdir:ro,Z" "-v" "/var/lib/crater-agent-workspace/cargo-home:/opt/rustwide/cargo-home:ro,Z" "-v" "/var/lib/crater-agent-workspace/rustup-home:/opt/rustwide/rustup-home:ro,Z" "-e" "SOURCE_DIR=/opt/rustwide/workdir" "-e" "CARGO_TARGET_DIR=/opt/rustwide/target" "-e" "CARGO_INCREMENTAL=0" "-e" "RUST_BACKTRACE=full" "-e" "RUSTFLAGS=--cap-lints=warn" "-e" "CARGO_HOME=/opt/rustwide/cargo-home" "-e" "RUSTUP_HOME=/opt/rustwide/rustup-home" "-w" "/opt/rustwide/workdir" "-m" "1610612736" "--user" "0:0" "--network" "none" "ghcr.io/rust-lang/crates-build-env/linux@sha256:a89201d6b5b9fd45c15d5952ece0a0129e7e80cb26ec023fd59cf09bc26f1604" "/opt/rustwide/cargo-home/bin/cargo" "+beta-2021-10-15" "check" "--frozen" "--all" "--all-targets" "--message-format=json", kill_on_drop: false }`
[INFO] [stdout] 64d095bcf1473df53afcc3832c32b7ac2469c816b6b051e365fcef28074616f0
[INFO] running `Command { std: "docker" "start" "-a" "64d095bcf1473df53afcc3832c32b7ac2469c816b6b051e365fcef28074616f0", kill_on_drop: false }`
[INFO] [stderr]     Blocking waiting for file lock on package cache
[INFO] [stderr]     Checking once_cell v1.8.0
[INFO] [stderr]     Checking agnostic_async_executor v0.2.2 (/opt/rustwide/workdir)
[INFO] [stdout] error[E0433]: failed to resolve: use of undeclared crate or module `futures`
[INFO] [stdout]   --> src/executors/local_agnostic_executor.rs:34:5
[INFO] [stdout]    |
[INFO] [stdout] 34 | use futures::task::LocalSpawnExt;
[INFO] [stdout]    |     ^^^^^^^ use of undeclared crate or module `futures`
[INFO] [stdout] 
[INFO] [stdout] 
[INFO] [stdout] warning: unused import: `std::rc::Rc`
[INFO] [stdout]  --> src/executors.rs:5:5
[INFO] [stdout]   |
[INFO] [stdout] 5 | use std::rc::Rc;
[INFO] [stdout]   |     ^^^^^^^^^^^
[INFO] [stdout]   |
[INFO] [stdout]   = note: `#[warn(unused_imports)]` on by default
[INFO] [stdout] 
[INFO] [stdout] 
[INFO] [stdout] warning: unused import: `ExecutorInnerHandle::*`
[INFO] [stdout]   --> src/executors/agnostic_executor.rs:34:5
[INFO] [stdout]    |
[INFO] [stdout] 34 | use ExecutorInnerHandle::*;
[INFO] [stdout]    |     ^^^^^^^^^^^^^^^^^^^^^^
[INFO] [stdout] 
[INFO] [stdout] 
[INFO] [stdout] warning: unused import: `ExecutorInner::*`
[INFO] [stdout]   --> src/executors.rs:15:5
[INFO] [stdout]    |
[INFO] [stdout] 15 | use ExecutorInner::*;
[INFO] [stdout]    |     ^^^^^^^^^^^^^^^^
[INFO] [stdout] 
[INFO] [stdout] 
[INFO] [stdout] warning: unused import: `ExecutorInnerHandle::*`
[INFO] [stdout]   --> src/executors.rs:16:5
[INFO] [stdout]    |
[INFO] [stdout] 16 | use ExecutorInnerHandle::*;
[INFO] [stdout]    |     ^^^^^^^^^^^^^^^^^^^^^^
[INFO] [stdout] 
[INFO] [stdout] 
[INFO] [stdout] warning: unused import: `std::rc::Rc`
[INFO] [stdout]  --> src/executors/local_agnostic_executor.rs:2:5
[INFO] [stdout]   |
[INFO] [stdout] 2 | use std::rc::Rc;
[INFO] [stdout]   |     ^^^^^^^^^^^
[INFO] [stdout] 
[INFO] [stdout] 
[INFO] [stdout] warning: unused import: `LocalExecutorInnerHandle::*`
[INFO] [stdout]   --> src/executors/local_agnostic_executor.rs:33:5
[INFO] [stdout]    |
[INFO] [stdout] 33 | use LocalExecutorInnerHandle::*;
[INFO] [stdout]    |     ^^^^^^^^^^^^^^^^^^^^^^^^^^^
[INFO] [stdout] 
[INFO] [stdout] 
[INFO] [stdout] error[E0433]: failed to resolve: use of undeclared crate or module `futures`
[INFO] [stdout]   --> src/executors/local_agnostic_executor.rs:34:5
[INFO] [stdout]    |
[INFO] [stdout] 34 | use futures::task::LocalSpawnExt;
[INFO] [stdout]    |     ^^^^^^^ use of undeclared crate or module `futures`
[INFO] [stdout] 
[INFO] [stdout] 
[INFO] [stdout] warning: unused import: `std::rc::Rc`
[INFO] [stdout]  --> src/executors.rs:5:5
[INFO] [stdout]   |
[INFO] [stdout] 5 | use std::rc::Rc;
[INFO] [stdout]   |     ^^^^^^^^^^^
[INFO] [stdout]   |
[INFO] [stdout]   = note: `#[warn(unused_imports)]` on by default
[INFO] [stdout] 
[INFO] [stdout] 
[INFO] [stdout] warning: unused import: `ExecutorInnerHandle::*`
[INFO] [stdout]   --> src/executors/agnostic_executor.rs:34:5
[INFO] [stdout]    |
[INFO] [stdout] 34 | use ExecutorInnerHandle::*;
[INFO] [stdout]    |     ^^^^^^^^^^^^^^^^^^^^^^
[INFO] [stdout] 
[INFO] [stdout] 
[INFO] [stdout] warning: unused import: `ExecutorInner::*`
[INFO] [stdout]   --> src/executors.rs:15:5
[INFO] [stdout]    |
[INFO] [stdout] 15 | use ExecutorInner::*;
[INFO] [stdout]    |     ^^^^^^^^^^^^^^^^
[INFO] [stdout] 
[INFO] [stdout] 
[INFO] [stdout] warning: unused import: `ExecutorInnerHandle::*`
[INFO] [stdout]   --> src/executors.rs:16:5
[INFO] [stdout]    |
[INFO] [stdout] 16 | use ExecutorInnerHandle::*;
[INFO] [stdout]    |     ^^^^^^^^^^^^^^^^^^^^^^
[INFO] [stdout] 
[INFO] [stdout] 
[INFO] [stdout] warning: unused import: `std::rc::Rc`
[INFO] [stdout]  --> src/executors/local_agnostic_executor.rs:2:5
[INFO] [stdout]   |
[INFO] [stdout] 2 | use std::rc::Rc;
[INFO] [stdout]   |     ^^^^^^^^^^^
[INFO] [stdout] 
[INFO] [stdout] 
[INFO] [stdout] warning: unused import: `LocalExecutorInnerHandle::*`
[INFO] [stdout]   --> src/executors/local_agnostic_executor.rs:33:5
[INFO] [stdout]    |
[INFO] [stdout] 33 | use LocalExecutorInnerHandle::*;
[INFO] [stdout]    |     ^^^^^^^^^^^^^^^^^^^^^^^^^^^
[INFO] [stdout] 
[INFO] [stdout] 
[INFO] [stdout] error[E0392]: parameter `T` is never used
[INFO] [stdout]  --> src/executors/join_handle.rs:7:33
[INFO] [stdout]   |
[INFO] [stdout] 7 | pub(crate) enum JoinHandleInner<T> {
[INFO] [stdout]   |                                 ^ unused parameter
[INFO] [stdout]   |
[INFO] [stdout]   = help: consider removing `T`, referring to it in a field, or using a marker such as `PhantomData`
[INFO] [stdout]   = help: if you intended `T` to be a const parameter, use `const T: usize` instead
[INFO] [stdout] 
[INFO] [stdout] 
[INFO] [stderr] error: could not compile `agnostic_async_executor` due to 4 previous errors; 6 warnings emitted
[INFO] [stdout] error[E0392]: parameter `T` is never used
[INFO] [stdout]   --> src/executors/join_handle.rs:19:23
[INFO] [stdout]    |
[INFO] [stdout] 19 | pub struct JoinHandle<T> {
[INFO] [stdout]    |                       ^ unused parameter
[INFO] [stdout]    |
[INFO] [stdout]    = help: consider removing `T`, referring to it in a field, or using a marker such as `PhantomData`
[INFO] [stdout]    = help: if you intended `T` to be a const parameter, use `const T: usize` instead
[INFO] [stdout] 
[INFO] [stdout] 
[INFO] [stderr] warning: build failed, waiting for other jobs to finish...
[INFO] [stdout] error: aborting due to 3 previous errors; 6 warnings emitted
[INFO] [stdout] 
[INFO] [stdout] 
[INFO] [stdout] Some errors have detailed explanations: E0392, E0433.
[INFO] [stdout] 
[INFO] [stdout] For more information about an error, try `rustc --explain E0392`.
[INFO] [stdout] 
[INFO] [stdout] error[E0392]: parameter `T` is never used
[INFO] [stdout]  --> src/executors/join_handle.rs:7:33
[INFO] [stdout]   |
[INFO] [stdout] 7 | pub(crate) enum JoinHandleInner<T> {
[INFO] [stdout]   |                                 ^ unused parameter
[INFO] [stdout]   |
[INFO] [stdout]   = help: consider removing `T`, referring to it in a field, or using a marker such as `PhantomData`
[INFO] [stdout]   = help: if you intended `T` to be a const parameter, use `const T: usize` instead
[INFO] [stdout] 
[INFO] [stdout] 
[INFO] [stdout] error[E0392]: parameter `T` is never used
[INFO] [stdout]   --> src/executors/join_handle.rs:19:23
[INFO] [stdout]    |
[INFO] [stdout] 19 | pub struct JoinHandle<T> {
[INFO] [stdout]    |                       ^ unused parameter
[INFO] [stdout]    |
[INFO] [stdout]    = help: consider removing `T`, referring to it in a field, or using a marker such as `PhantomData`
[INFO] [stdout]    = help: if you intended `T` to be a const parameter, use `const T: usize` instead
[INFO] [stdout] 
[INFO] [stdout] 
[INFO] [stdout] error: aborting due to 3 previous errors; 6 warnings emitted
[INFO] [stdout] 
[INFO] [stdout] 
[INFO] [stdout] Some errors have detailed explanations: E0392, E0433.
[INFO] [stdout] 
[INFO] [stdout] For more information about an error, try `rustc --explain E0392`.
[INFO] [stdout] 
[INFO] [stderr] error: build failed
[INFO] running `Command { std: "docker" "inspect" "64d095bcf1473df53afcc3832c32b7ac2469c816b6b051e365fcef28074616f0", kill_on_drop: false }`
[INFO] running `Command { std: "docker" "rm" "-f" "64d095bcf1473df53afcc3832c32b7ac2469c816b6b051e365fcef28074616f0", kill_on_drop: false }`
[INFO] [stdout] 64d095bcf1473df53afcc3832c32b7ac2469c816b6b051e365fcef28074616f0
