[INFO] fetching crate actori-http 1.0.1...
[INFO] checking actori-http-1.0.1 against beta-2021-10-15 for beta-1.56-3
[INFO] extracting crate actori-http 1.0.1 into /workspace/builds/worker-71/source
[INFO] validating manifest of crates.io crate actori-http 1.0.1 on toolchain beta-2021-10-15
[INFO] running `Command { std: "/workspace/cargo-home/bin/cargo" "+beta-2021-10-15" "metadata" "--manifest-path" "Cargo.toml" "--no-deps", kill_on_drop: false }`
[INFO] started tweaking crates.io crate actori-http 1.0.1
[INFO] finished tweaking crates.io crate actori-http 1.0.1
[INFO] tweaked toml for crates.io crate actori-http 1.0.1 written to /workspace/builds/worker-71/source/Cargo.toml
[INFO] crate crates.io crate actori-http 1.0.1 already has a lockfile, it will not be regenerated
[INFO] running `Command { std: "/workspace/cargo-home/bin/cargo" "+beta-2021-10-15" "fetch" "--manifest-path" "Cargo.toml", kill_on_drop: false }`
[INFO] [stderr]     Blocking waiting for file lock on package cache
[INFO] [stderr]     Blocking waiting for file lock on package cache
[INFO] running `Command { std: "docker" "create" "-v" "/var/lib/crater-agent-workspace/builds/worker-71/target:/opt/rustwide/target:rw,Z" "-v" "/var/lib/crater-agent-workspace/builds/worker-71/source:/opt/rustwide/workdir:ro,Z" "-v" "/var/lib/crater-agent-workspace/cargo-home:/opt/rustwide/cargo-home:ro,Z" "-v" "/var/lib/crater-agent-workspace/rustup-home:/opt/rustwide/rustup-home:ro,Z" "-e" "SOURCE_DIR=/opt/rustwide/workdir" "-e" "CARGO_TARGET_DIR=/opt/rustwide/target" "-e" "CARGO_HOME=/opt/rustwide/cargo-home" "-e" "RUSTUP_HOME=/opt/rustwide/rustup-home" "-w" "/opt/rustwide/workdir" "-m" "1610612736" "--user" "0:0" "--network" "none" "ghcr.io/rust-lang/crates-build-env/linux@sha256:a89201d6b5b9fd45c15d5952ece0a0129e7e80cb26ec023fd59cf09bc26f1604" "/opt/rustwide/cargo-home/bin/cargo" "+beta-2021-10-15" "metadata" "--no-deps" "--format-version=1", kill_on_drop: false }`
[INFO] [stdout] 1c3f6cc0df71bf009a8754936f511f86950470690637ea95e441fd270b00537c
[INFO] running `Command { std: "docker" "start" "-a" "1c3f6cc0df71bf009a8754936f511f86950470690637ea95e441fd270b00537c", kill_on_drop: false }`
[INFO] running `Command { std: "docker" "inspect" "1c3f6cc0df71bf009a8754936f511f86950470690637ea95e441fd270b00537c", kill_on_drop: false }`
[INFO] running `Command { std: "docker" "rm" "-f" "1c3f6cc0df71bf009a8754936f511f86950470690637ea95e441fd270b00537c", kill_on_drop: false }`
[INFO] [stdout] 1c3f6cc0df71bf009a8754936f511f86950470690637ea95e441fd270b00537c
[INFO] running `Command { std: "docker" "create" "-v" "/var/lib/crater-agent-workspace/builds/worker-71/target:/opt/rustwide/target:rw,Z" "-v" "/var/lib/crater-agent-workspace/builds/worker-71/source:/opt/rustwide/workdir:ro,Z" "-v" "/var/lib/crater-agent-workspace/cargo-home:/opt/rustwide/cargo-home:ro,Z" "-v" "/var/lib/crater-agent-workspace/rustup-home:/opt/rustwide/rustup-home:ro,Z" "-e" "SOURCE_DIR=/opt/rustwide/workdir" "-e" "CARGO_TARGET_DIR=/opt/rustwide/target" "-e" "CARGO_INCREMENTAL=0" "-e" "RUST_BACKTRACE=full" "-e" "RUSTFLAGS=--cap-lints=warn" "-e" "CARGO_HOME=/opt/rustwide/cargo-home" "-e" "RUSTUP_HOME=/opt/rustwide/rustup-home" "-w" "/opt/rustwide/workdir" "-m" "1610612736" "--user" "0:0" "--network" "none" "ghcr.io/rust-lang/crates-build-env/linux@sha256:a89201d6b5b9fd45c15d5952ece0a0129e7e80cb26ec023fd59cf09bc26f1604" "/opt/rustwide/cargo-home/bin/cargo" "+beta-2021-10-15" "check" "--frozen" "--all" "--all-targets" "--message-format=json", kill_on_drop: false }`
[INFO] [stdout] 237e15142786be1f1221852ff2efdd58deec189c0a619f395998dd77be7d9187
[INFO] running `Command { std: "docker" "start" "-a" "237e15142786be1f1221852ff2efdd58deec189c0a619f395998dd77be7d9187", kill_on_drop: false }`
[INFO] [stderr]     Blocking waiting for file lock on package cache
[INFO] [stderr]    Compiling libc v0.2.66
[INFO] [stderr]    Compiling proc-macro2 v1.0.8
[INFO] [stderr]    Compiling syn v1.0.13
[INFO] [stderr]    Compiling memchr v2.3.0
[INFO] [stderr]     Checking futures-core v0.3.1
[INFO] [stderr]     Checking futures-sink v0.3.1
[INFO] [stderr]     Checking smallvec v1.1.0
[INFO] [stderr]    Compiling proc-macro-nested v0.1.3
[INFO] [stderr]     Checking fnv v1.0.6
[INFO] [stderr]     Checking bytes v0.5.3
[INFO] [stderr]     Checking arc-swap v0.4.4
[INFO] [stderr]     Checking futures-task v0.3.1
[INFO] [stderr]     Checking pin-utils v0.1.0-alpha.4
[INFO] [stderr]     Checking futures-io v0.3.1
[INFO] [stderr]     Checking pin-project-lite v0.1.2
[INFO] [stderr]    Compiling autocfg v0.1.7
[INFO] [stderr]     Checking scopeguard v1.0.0
[INFO] [stderr]    Compiling byteorder v1.3.2
[INFO] [stderr]    Compiling typenum v1.11.2
[INFO] [stderr]    Compiling failure_derive v0.1.6
[INFO] [stderr]    Compiling unicode-segmentation v1.6.0
[INFO] [stderr]     Checking itoa v0.4.4
[INFO] [stderr]    Compiling openssl v0.10.26
[INFO] [stderr]     Checking rustc-demangle v0.1.16
[INFO] [stderr]     Checking copyless v0.1.4
[INFO] [stderr]     Checking either v1.5.3
[INFO] [stderr]    Compiling serde v1.0.104
[INFO] [stderr]     Checking byte-tools v0.3.1
[INFO] [stderr]     Checking untrusted v0.7.0
[INFO] [stderr]     Checking linked-hash-map v0.5.2
[INFO] [stderr]     Checking spin v0.5.2
[INFO] [stderr]     Checking regex-syntax v0.6.13
[INFO] [stderr]    Compiling encoding_rs v0.8.22
[INFO] [stderr]     Checking opaque-debug v0.2.3
[INFO] [stderr]     Checking fake-simd v0.1.2
[INFO] [stderr]     Checking dtoa v0.4.4
[INFO] [stderr]     Checking base64 v0.11.0
[INFO] [stderr]    Compiling backtrace-sys v0.1.32
[INFO] [stderr]    Compiling num-traits v0.2.11
[INFO] [stderr]    Compiling ring v0.16.9
[INFO] [stderr]    Compiling num-integer v0.1.42
[INFO] [stderr]    Compiling indexmap v1.3.1
[INFO] [stderr]    Compiling heck v0.3.1
[INFO] [stderr]     Checking futures-channel v0.3.1
[INFO] [stderr]     Checking unicode-normalization v0.1.11
[INFO] [stderr]    Compiling openssl-sys v0.9.53
[INFO] [stderr]     Checking lock_api v0.3.3
[INFO] [stderr]     Checking aho-corasick v0.7.6
[INFO] [stderr]     Checking iovec v0.1.4
[INFO] [stderr]     Checking net2 v0.2.33
[INFO] [stderr]     Checking signal-hook-registry v1.2.0
[INFO] [stderr]     Checking parking_lot_core v0.7.0
[INFO] [stderr]     Checking num_cpus v1.12.0
[INFO] [stderr]     Checking getrandom v0.1.14
[INFO] [stderr]     Checking socket2 v0.3.11
[INFO] [stderr]     Checking hostname v0.1.5
[INFO] [stderr]     Checking block-padding v0.1.5
[INFO] [stderr]     Checking time v0.1.42
[INFO] [stderr]     Checking atty v0.2.14
[INFO] [stderr]     Checking lru-cache v0.1.2
[INFO] [stderr]     Checking http v0.2.0
[INFO] [stderr]     Checking resolv-conf v0.6.2
[INFO] [stderr]     Checking threadpool v1.7.1
[INFO] [stderr]     Checking rand_core v0.5.1
[INFO] [stderr]    Compiling quote v1.0.2
[INFO] [stderr]     Checking parking_lot v0.10.0
[INFO] [stderr]     Checking fxhash v0.2.1
[INFO] [stderr]     Checking base64 v0.10.1
[INFO] [stderr]     Checking idna v0.2.0
[INFO] [stderr]     Checking backtrace v0.3.42
[INFO] [stderr]     Checking generic-array v0.12.3
[INFO] [stderr]     Checking mio v0.6.21
[INFO] [stderr]     Checking rand_chacha v0.2.1
[INFO] [stderr]     Checking regex v1.3.3
[INFO] [stderr]     Checking chrono v0.4.10
[INFO] [stderr]     Checking block-buffer v0.7.3
[INFO] [stderr]     Checking digest v0.8.1
[INFO] [stderr]     Checking url v2.1.1
[INFO] [stderr]     Checking rand v0.7.3
[INFO] [stderr]     Checking sha-1 v0.8.2
[INFO] [stderr]     Checking mio-uds v0.6.7
[INFO] [stderr]     Checking tokio v0.2.9
[INFO] [stderr]     Checking env_logger v0.6.2
[INFO] [stderr]     Checking serde_json v1.0.44
[INFO] [stderr]     Checking serde_urlencoded v0.6.1
[INFO] [stderr]     Checking webpki v0.21.0
[INFO] [stderr]     Checking sct v0.6.0
[INFO] [stderr]     Checking rustls v0.16.0
[INFO] [stderr]     Checking tokio-util v0.2.0
[INFO] [stderr]     Checking tokio-openssl v0.4.0
[INFO] [stderr]     Checking actori-codec v0.2.0
[INFO] [stderr]    Compiling synstructure v0.12.3
[INFO] [stderr]    Compiling proc-macro-hack v0.5.11
[INFO] [stderr]    Compiling pin-project-internal v0.4.6
[INFO] [stderr]    Compiling derive_more v0.99.2
[INFO] [stderr]    Compiling actori-macros v0.1.1
[INFO] [stderr]    Compiling enum-as-inner v0.3.0
[INFO] [stderr]    Compiling async-trait v0.1.22
[INFO] [stderr]    Compiling serde_derive v1.0.104
[INFO] [stderr]    Compiling futures-macro v0.3.1
[INFO] [stderr]     Checking failure v0.1.6
[INFO] [stderr]     Checking pin-project v0.4.6
[INFO] [stderr]     Checking futures-util v0.3.1
[INFO] [stderr]     Checking actori-threadpool v0.3.1
[INFO] [stderr]     Checking futures-executor v0.3.1
[INFO] [stderr]     Checking actori-service v1.0.5
[INFO] [stderr]     Checking h2 v0.2.1
[INFO] [stderr]     Checking futures v0.3.1
[INFO] [stderr]     Checking actori-rt v1.0.0
[INFO] [stderr]     Checking trust-dns-proto v0.18.0-alpha.2
[INFO] [stderr]     Checking actori-utils v1.0.6
[INFO] [stderr]     Checking actori-tls v1.0.0
[INFO] [stderr]     Checking actori-server v1.0.1
[INFO] [stderr]     Checking trust-dns-resolver v0.18.0-alpha.2
[INFO] [stderr]     Checking actori-connect v1.0.2
[INFO] [stderr]     Checking actori-http v1.0.1 (/opt/rustwide/workdir)
[INFO] [stdout] warning: this attribute can only be applied at the crate level
[INFO] [stdout]   --> src/cookie/mod.rs:49:8
[INFO] [stdout]    |
[INFO] [stdout] 49 | #![doc(html_root_url = "https://docs.rs/cookie/0.11")]
[INFO] [stdout]    |        ^^^^^^^^^^^^^^^^^^^^^^^^^^^^^^^^^^^^^^^^^^^^^
[INFO] [stdout]    |
[INFO] [stdout] note: the lint level is defined here
[INFO] [stdout]   --> src/lib.rs:2:27
[INFO] [stdout]    |
[INFO] [stdout] 2  | #![deny(rust_2018_idioms, warnings)]
[INFO] [stdout]    |                           ^^^^^^^^
[INFO] [stdout]    = note: `#[warn(invalid_doc_attributes)]` implied by `#[warn(warnings)]`
[INFO] [stdout]    = warning: this was previously accepted by the compiler but is being phased out; it will become a hard error in a future release!
[INFO] [stdout]    = note: for more information, see issue #82730 <https://github.com/rust-lang/rust/issues/82730>
[INFO] [stdout]    = note: read https://doc.rust-lang.org/nightly/rustdoc/the-doc-attribute.html#at-the-crate-level for more information
[INFO] [stdout] 
[INFO] [stdout] 
[INFO] [stdout] warning: unused attribute `doc`
[INFO] [stdout]   --> src/header/common/accept_charset.rs:66:9
[INFO] [stdout]    |
[INFO] [stdout] 66 |         /// Test case from RFC
[INFO] [stdout]    |         ^^^^^^^^^^^^^^^^^^^^^^
[INFO] [stdout]    |
[INFO] [stdout] note: the lint level is defined here
[INFO] [stdout]   --> src/lib.rs:2:27
[INFO] [stdout]    |
[INFO] [stdout] 2  | #![deny(rust_2018_idioms, warnings)]
[INFO] [stdout]    |                           ^^^^^^^^
[INFO] [stdout]    = note: `#[warn(unused_attributes)]` implied by `#[warn(warnings)]`
[INFO] [stdout] note: the built-in attribute `doc` will be ignored, since it's applied to the macro invocation `test_header`
[INFO] [stdout]   --> src/header/common/accept_charset.rs:67:9
[INFO] [stdout]    |
[INFO] [stdout] 67 |         test_header!(test1, vec![b"iso-8859-5, unicode-1-1;q=0.8"]);
[INFO] [stdout]    |         ^^^^^^^^^^^
[INFO] [stdout] 
[INFO] [stdout] 
[INFO] [stdout] warning: this attribute can only be applied at the crate level
[INFO] [stdout]   --> src/cookie/mod.rs:49:8
[INFO] [stdout]    |
[INFO] [stdout] 49 | #![doc(html_root_url = "https://docs.rs/cookie/0.11")]
[INFO] [stdout]    |        ^^^^^^^^^^^^^^^^^^^^^^^^^^^^^^^^^^^^^^^^^^^^^
[INFO] [stdout]    |
[INFO] [stdout] note: the lint level is defined here
[INFO] [stdout]   --> src/lib.rs:2:27
[INFO] [stdout]    |
[INFO] [stdout] 2  | #![deny(rust_2018_idioms, warnings)]
[INFO] [stdout]    |                           ^^^^^^^^
[INFO] [stdout]    = note: `#[warn(invalid_doc_attributes)]` implied by `#[warn(warnings)]`
[INFO] [stdout]    = warning: this was previously accepted by the compiler but is being phased out; it will become a hard error in a future release!
[INFO] [stdout]    = note: for more information, see issue #82730 <https://github.com/rust-lang/rust/issues/82730>
[INFO] [stdout]    = note: read https://doc.rust-lang.org/nightly/rustdoc/the-doc-attribute.html#at-the-crate-level for more information
[INFO] [stdout] 
[INFO] [stdout] 
[INFO] [stdout] warning: trait objects without an explicit `dyn` are deprecated
[INFO] [stdout]   --> src/error.rs:59:9
[INFO] [stdout]    |
[INFO] [stdout] 59 |         ResponseError::downcast_ref(self.cause.as_ref())
[INFO] [stdout]    |         ^^^^^^^^^^^^^ help: use `dyn`: `<dyn ResponseError>`
[INFO] [stdout]    |
[INFO] [stdout] note: the lint level is defined here
[INFO] [stdout]   --> src/lib.rs:2:9
[INFO] [stdout]    |
[INFO] [stdout] 2  | #![deny(rust_2018_idioms, warnings)]
[INFO] [stdout]    |         ^^^^^^^^^^^^^^^^
[INFO] [stdout]    = note: `#[warn(bare_trait_objects)]` implied by `#[warn(rust_2018_idioms)]`
[INFO] [stdout]    = warning: this is accepted in the current edition (Rust 2018) but is a hard error in Rust 2021!
[INFO] [stdout]    = note: for more information, see <https://doc.rust-lang.org/nightly/edition-guide/rust-2021/warnings-promoted-to-error.html>
[INFO] [stdout] 
[INFO] [stdout] 
[INFO] [stdout] warning: trait objects without an explicit `dyn` are deprecated
[INFO] [stdout]   --> src/error.rs:59:9
[INFO] [stdout]    |
[INFO] [stdout] 59 |         ResponseError::downcast_ref(self.cause.as_ref())
[INFO] [stdout]    |         ^^^^^^^^^^^^^ help: use `dyn`: `<dyn ResponseError>`
[INFO] [stdout]    |
[INFO] [stdout] note: the lint level is defined here
[INFO] [stdout]   --> src/lib.rs:2:9
[INFO] [stdout]    |
[INFO] [stdout] 2  | #![deny(rust_2018_idioms, warnings)]
[INFO] [stdout]    |         ^^^^^^^^^^^^^^^^
[INFO] [stdout]    = note: `#[warn(bare_trait_objects)]` implied by `#[warn(rust_2018_idioms)]`
[INFO] [stdout]    = warning: this is accepted in the current edition (Rust 2018) but is a hard error in Rust 2021!
[INFO] [stdout]    = note: for more information, see <https://doc.rust-lang.org/nightly/edition-guide/rust-2021/warnings-promoted-to-error.html>
[INFO] [stdout] 
[INFO] [stdout] 
[INFO] [stdout] warning: unused borrow that must be used
[INFO] [stdout]    --> src/body.rs:363:1
[INFO] [stdout]     |
[INFO] [stdout] 363 | #[pin_project]
[INFO] [stdout]     | ^^^^^^^^^^^^^^ the borrow produces a value
[INFO] [stdout]     |
[INFO] [stdout] note: the lint level is defined here
[INFO] [stdout]    --> src/lib.rs:2:27
[INFO] [stdout]     |
[INFO] [stdout] 2   | #![deny(rust_2018_idioms, warnings)]
[INFO] [stdout]     |                           ^^^^^^^^
[INFO] [stdout]     = note: `#[warn(unused_must_use)]` implied by `#[warn(warnings)]`
[INFO] [stdout]     = note: this warning originates in the derive macro `::pin_project::__private::__PinProjectInternalDerive` (in Nightly builds, run with -Z macro-backtrace for more info)
[INFO] [stdout] 
[INFO] [stdout] 
[INFO] [stdout] warning: unused borrow that must be used
[INFO] [stdout]    --> src/body.rs:363:1
[INFO] [stdout]     |
[INFO] [stdout] 363 | #[pin_project]
[INFO] [stdout]     | ^^^^^^^^^^^^^^ the borrow produces a value
[INFO] [stdout]     |
[INFO] [stdout]     = note: this warning originates in the derive macro `::pin_project::__private::__PinProjectInternalDerive` (in Nightly builds, run with -Z macro-backtrace for more info)
[INFO] [stdout] 
[INFO] [stdout] 
[INFO] [stdout] warning: unused borrow that must be used
[INFO] [stdout]    --> src/body.rs:403:1
[INFO] [stdout]     |
[INFO] [stdout] 403 | #[pin_project]
[INFO] [stdout]     | ^^^^^^^^^^^^^^ the borrow produces a value
[INFO] [stdout]     |
[INFO] [stdout]     = note: this warning originates in the derive macro `::pin_project::__private::__PinProjectInternalDerive` (in Nightly builds, run with -Z macro-backtrace for more info)
[INFO] [stdout] 
[INFO] [stdout] 
[INFO] [stdout] warning: unused borrow that must be used
[INFO] [stdout]    --> src/service.rs:365:1
[INFO] [stdout]     |
[INFO] [stdout] 365 | #[pin_project]
[INFO] [stdout]     | ^^^^^^^^^^^^^^ the borrow produces a value
[INFO] [stdout]     |
[INFO] [stdout]     = note: this warning originates in the derive macro `::pin_project::__private::__PinProjectInternalDerive` (in Nightly builds, run with -Z macro-backtrace for more info)
[INFO] [stdout] 
[INFO] [stdout] 
[INFO] [stdout] warning: unused borrow that must be used
[INFO] [stdout]    --> src/service.rs:603:1
[INFO] [stdout]     |
[INFO] [stdout] 603 | #[pin_project]
[INFO] [stdout]     | ^^^^^^^^^^^^^^ the borrow produces a value
[INFO] [stdout]     |
[INFO] [stdout]     = note: this warning originates in the derive macro `::pin_project::__private::__PinProjectInternalDerive` (in Nightly builds, run with -Z macro-backtrace for more info)
[INFO] [stdout] 
[INFO] [stdout] 
[INFO] [stdout] warning: unused borrow that must be used
[INFO] [stdout]    --> src/h1/service.rs:284:1
[INFO] [stdout]     |
[INFO] [stdout] 284 | #[pin_project::pin_project]
[INFO] [stdout]     | ^^^^^^^^^^^^^^^^^^^^^^^^^^^ the borrow produces a value
[INFO] [stdout]     |
[INFO] [stdout]     = note: this warning originates in the derive macro `::pin_project::__private::__PinProjectInternalDerive` (in Nightly builds, run with -Z macro-backtrace for more info)
[INFO] [stdout] 
[INFO] [stdout] 
[INFO] [stdout] warning: unused borrow that must be used
[INFO] [stdout]   --> src/h1/utils.rs:13:1
[INFO] [stdout]    |
[INFO] [stdout] 13 | #[pin_project::pin_project]
[INFO] [stdout]    | ^^^^^^^^^^^^^^^^^^^^^^^^^^^ the borrow produces a value
[INFO] [stdout]    |
[INFO] [stdout]    = note: this warning originates in the derive macro `::pin_project::__private::__PinProjectInternalDerive` (in Nightly builds, run with -Z macro-backtrace for more info)
[INFO] [stdout] 
[INFO] [stdout] 
[INFO] [stdout] warning: unused borrow that must be used
[INFO] [stdout]   --> src/h2/dispatcher.rs:31:1
[INFO] [stdout]    |
[INFO] [stdout] 31 | #[pin_project::pin_project]
[INFO] [stdout]    | ^^^^^^^^^^^^^^^^^^^^^^^^^^^ the borrow produces a value
[INFO] [stdout]    |
[INFO] [stdout]    = note: this warning originates in the derive macro `::pin_project::__private::__PinProjectInternalDerive` (in Nightly builds, run with -Z macro-backtrace for more info)
[INFO] [stdout] 
[INFO] [stdout] 
[INFO] [stdout] warning: unused borrow that must be used
[INFO] [stdout]    --> src/h2/dispatcher.rs:159:1
[INFO] [stdout]     |
[INFO] [stdout] 159 | #[pin_project::pin_project]
[INFO] [stdout]     | ^^^^^^^^^^^^^^^^^^^^^^^^^^^ the borrow produces a value
[INFO] [stdout]     |
[INFO] [stdout]     = note: this warning originates in the derive macro `::pin_project::__private::__PinProjectInternalDerive` (in Nightly builds, run with -Z macro-backtrace for more info)
[INFO] [stdout] 
[INFO] [stdout] 
[INFO] [stdout] warning: unused borrow that must be used
[INFO] [stdout]    --> src/h2/service.rs:214:1
[INFO] [stdout]     |
[INFO] [stdout] 214 | #[pin_project::pin_project]
[INFO] [stdout]     | ^^^^^^^^^^^^^^^^^^^^^^^^^^^ the borrow produces a value
[INFO] [stdout]     |
[INFO] [stdout]     = note: this warning originates in the derive macro `::pin_project::__private::__PinProjectInternalDerive` (in Nightly builds, run with -Z macro-backtrace for more info)
[INFO] [stdout] 
[INFO] [stdout] 
[INFO] [stdout] warning: 12 warnings emitted
[INFO] [stdout] 
[INFO] [stdout] 
[INFO] [stdout] error[E0432]: unresolved import `actori_http_test`
[INFO] [stdout]  --> tests/test_client.rs:6:5
[INFO] [stdout]   |
[INFO] [stdout] 6 | use actori_http_test::test_server;
[INFO] [stdout]   |     ^^^^^^^^^^^^^^^^ use of undeclared crate or module `actori_http_test`
[INFO] [stdout] 
[INFO] [stdout] 
[INFO] [stdout] error[E0432]: unresolved import `actori_http_test`
[INFO] [stdout]  --> tests/test_ws.rs:8:5
[INFO] [stdout]   |
[INFO] [stdout] 8 | use actori_http_test::test_server;
[INFO] [stdout]   |     ^^^^^^^^^^^^^^^^ use of undeclared crate or module `actori_http_test`
[INFO] [stdout] 
[INFO] [stdout] 
[INFO] [stdout] error: aborting due to previous error
[INFO] [stdout] 
[INFO] [stdout] 
[INFO] [stdout] For more information about this error, try `rustc --explain E0432`.
[INFO] [stdout] 
[INFO] [stderr] error: could not compile `actori-http` due to 2 previous errors
[INFO] [stderr] warning: build failed, waiting for other jobs to finish...
[INFO] [stdout] error[E0432]: unresolved import `actori_http_test`
[INFO] [stdout]  --> tests/test_server.rs:5:5
[INFO] [stdout]   |
[INFO] [stdout] 5 | use actori_http_test::test_server;
[INFO] [stdout]   |     ^^^^^^^^^^^^^^^^ use of undeclared crate or module `actori_http_test`
[INFO] [stdout] 
[INFO] [stdout] 
[INFO] [stdout] warning: unused import: `StreamExt`
[INFO] [stdout]   --> tests/test_ws.rs:14:32
[INFO] [stdout]    |
[INFO] [stdout] 14 | use futures::{Future, SinkExt, StreamExt};
[INFO] [stdout]    |                                ^^^^^^^^^
[INFO] [stdout]    |
[INFO] [stdout]    = note: `#[warn(unused_imports)]` on by default
[INFO] [stdout] 
[INFO] [stdout] 
[INFO] [stdout] error: aborting due to previous error; 1 warning emitted
[INFO] [stdout] 
[INFO] [stdout] 
[INFO] [stdout] For more information about this error, try `rustc --explain E0432`.
[INFO] [stdout] 
[INFO] [stdout] error: aborting due to previous error
[INFO] [stdout] 
[INFO] [stdout] 
[INFO] [stdout] For more information about this error, try `rustc --explain E0432`.
[INFO] [stdout] 
[INFO] [stdout] warning: unused borrow that must be used
[INFO] [stdout]    --> src/body.rs:363:1
[INFO] [stdout]     |
[INFO] [stdout] 363 | #[pin_project]
[INFO] [stdout]     | ^^^^^^^^^^^^^^ the borrow produces a value
[INFO] [stdout]     |
[INFO] [stdout] note: the lint level is defined here
[INFO] [stdout]    --> src/lib.rs:2:27
[INFO] [stdout]     |
[INFO] [stdout] 2   | #![deny(rust_2018_idioms, warnings)]
[INFO] [stdout]     |                           ^^^^^^^^
[INFO] [stdout]     = note: `#[warn(unused_must_use)]` implied by `#[warn(warnings)]`
[INFO] [stdout]     = note: this warning originates in the derive macro `::pin_project::__private::__PinProjectInternalDerive` (in Nightly builds, run with -Z macro-backtrace for more info)
[INFO] [stdout] 
[INFO] [stdout] 
[INFO] [stdout] warning: unused borrow that must be used
[INFO] [stdout]    --> src/body.rs:363:1
[INFO] [stdout]     |
[INFO] [stdout] 363 | #[pin_project]
[INFO] [stdout]     | ^^^^^^^^^^^^^^ the borrow produces a value
[INFO] [stdout]     |
[INFO] [stdout]     = note: this warning originates in the derive macro `::pin_project::__private::__PinProjectInternalDerive` (in Nightly builds, run with -Z macro-backtrace for more info)
[INFO] [stdout] 
[INFO] [stdout] 
[INFO] [stdout] warning: unused borrow that must be used
[INFO] [stdout]    --> src/body.rs:403:1
[INFO] [stdout]     |
[INFO] [stdout] 403 | #[pin_project]
[INFO] [stdout]     | ^^^^^^^^^^^^^^ the borrow produces a value
[INFO] [stdout]     |
[INFO] [stdout]     = note: this warning originates in the derive macro `::pin_project::__private::__PinProjectInternalDerive` (in Nightly builds, run with -Z macro-backtrace for more info)
[INFO] [stdout] 
[INFO] [stdout] 
[INFO] [stdout] warning: unused borrow that must be used
[INFO] [stdout]    --> src/service.rs:365:1
[INFO] [stdout]     |
[INFO] [stdout] 365 | #[pin_project]
[INFO] [stdout]     | ^^^^^^^^^^^^^^ the borrow produces a value
[INFO] [stdout]     |
[INFO] [stdout]     = note: this warning originates in the derive macro `::pin_project::__private::__PinProjectInternalDerive` (in Nightly builds, run with -Z macro-backtrace for more info)
[INFO] [stdout] 
[INFO] [stdout] 
[INFO] [stdout] warning: unused borrow that must be used
[INFO] [stdout]    --> src/service.rs:603:1
[INFO] [stdout]     |
[INFO] [stdout] 603 | #[pin_project]
[INFO] [stdout]     | ^^^^^^^^^^^^^^ the borrow produces a value
[INFO] [stdout]     |
[INFO] [stdout]     = note: this warning originates in the derive macro `::pin_project::__private::__PinProjectInternalDerive` (in Nightly builds, run with -Z macro-backtrace for more info)
[INFO] [stdout] 
[INFO] [stdout] 
[INFO] [stdout] warning: unused borrow that must be used
[INFO] [stdout]    --> src/h1/service.rs:284:1
[INFO] [stdout]     |
[INFO] [stdout] 284 | #[pin_project::pin_project]
[INFO] [stdout]     | ^^^^^^^^^^^^^^^^^^^^^^^^^^^ the borrow produces a value
[INFO] [stdout]     |
[INFO] [stdout]     = note: this warning originates in the derive macro `::pin_project::__private::__PinProjectInternalDerive` (in Nightly builds, run with -Z macro-backtrace for more info)
[INFO] [stdout] 
[INFO] [stdout] 
[INFO] [stdout] warning: unused borrow that must be used
[INFO] [stdout]   --> src/h1/utils.rs:13:1
[INFO] [stdout]    |
[INFO] [stdout] 13 | #[pin_project::pin_project]
[INFO] [stdout]    | ^^^^^^^^^^^^^^^^^^^^^^^^^^^ the borrow produces a value
[INFO] [stdout]    |
[INFO] [stdout]    = note: this warning originates in the derive macro `::pin_project::__private::__PinProjectInternalDerive` (in Nightly builds, run with -Z macro-backtrace for more info)
[INFO] [stdout] 
[INFO] [stdout] 
[INFO] [stdout] warning: unused borrow that must be used
[INFO] [stdout]   --> src/h2/dispatcher.rs:31:1
[INFO] [stdout]    |
[INFO] [stdout] 31 | #[pin_project::pin_project]
[INFO] [stdout]    | ^^^^^^^^^^^^^^^^^^^^^^^^^^^ the borrow produces a value
[INFO] [stdout]    |
[INFO] [stdout]    = note: this warning originates in the derive macro `::pin_project::__private::__PinProjectInternalDerive` (in Nightly builds, run with -Z macro-backtrace for more info)
[INFO] [stdout] 
[INFO] [stdout] 
[INFO] [stdout] warning: unused borrow that must be used
[INFO] [stdout]    --> src/h2/dispatcher.rs:159:1
[INFO] [stdout]     |
[INFO] [stdout] 159 | #[pin_project::pin_project]
[INFO] [stdout]     | ^^^^^^^^^^^^^^^^^^^^^^^^^^^ the borrow produces a value
[INFO] [stdout]     |
[INFO] [stdout]     = note: this warning originates in the derive macro `::pin_project::__private::__PinProjectInternalDerive` (in Nightly builds, run with -Z macro-backtrace for more info)
[INFO] [stdout] 
[INFO] [stdout] 
[INFO] [stdout] warning: unused borrow that must be used
[INFO] [stdout]    --> src/h2/service.rs:214:1
[INFO] [stdout]     |
[INFO] [stdout] 214 | #[pin_project::pin_project]
[INFO] [stdout]     | ^^^^^^^^^^^^^^^^^^^^^^^^^^^ the borrow produces a value
[INFO] [stdout]     |
[INFO] [stdout]     = note: this warning originates in the derive macro `::pin_project::__private::__PinProjectInternalDerive` (in Nightly builds, run with -Z macro-backtrace for more info)
[INFO] [stdout] 
[INFO] [stdout] 
[INFO] [stdout] warning: 13 warnings emitted
[INFO] [stdout] 
[INFO] [stdout] 
[INFO] [stderr] error: build failed
[INFO] running `Command { std: "docker" "inspect" "237e15142786be1f1221852ff2efdd58deec189c0a619f395998dd77be7d9187", kill_on_drop: false }`
[INFO] running `Command { std: "docker" "rm" "-f" "237e15142786be1f1221852ff2efdd58deec189c0a619f395998dd77be7d9187", kill_on_drop: false }`
[INFO] [stdout] 237e15142786be1f1221852ff2efdd58deec189c0a619f395998dd77be7d9187
