[INFO] fetching crate actix-tls 3.0.0-beta.5...
[INFO] checking actix-tls-3.0.0-beta.5 against 1.55.0 for beta-1.56-3
[INFO] extracting crate actix-tls 3.0.0-beta.5 into /workspace/builds/worker-5/source
[INFO] validating manifest of crates.io crate actix-tls 3.0.0-beta.5 on toolchain 1.55.0
[INFO] running `Command { std: "/workspace/cargo-home/bin/cargo" "+1.55.0" "metadata" "--manifest-path" "Cargo.toml" "--no-deps", kill_on_drop: false }`
[INFO] started tweaking crates.io crate actix-tls 3.0.0-beta.5
[INFO] removed 0 missing examples
[INFO] finished tweaking crates.io crate actix-tls 3.0.0-beta.5
[INFO] tweaked toml for crates.io crate actix-tls 3.0.0-beta.5 written to /workspace/builds/worker-5/source/Cargo.toml
[INFO] crate crates.io crate actix-tls 3.0.0-beta.5 already has a lockfile, it will not be regenerated
[INFO] running `Command { std: "/workspace/cargo-home/bin/cargo" "+1.55.0" "fetch" "--manifest-path" "Cargo.toml", kill_on_drop: false }`
[INFO] [stderr]     Blocking waiting for file lock on package cache
[INFO] [stderr]     Blocking waiting for file lock on package cache
[INFO] [stderr]  Downloading crates ...
[INFO] [stderr]   Downloaded tokio-openssl v0.6.1
[INFO] running `Command { std: "docker" "create" "-v" "/var/lib/crater-agent-workspace/builds/worker-5/target:/opt/rustwide/target:rw,Z" "-v" "/var/lib/crater-agent-workspace/builds/worker-5/source:/opt/rustwide/workdir:ro,Z" "-v" "/var/lib/crater-agent-workspace/cargo-home:/opt/rustwide/cargo-home:ro,Z" "-v" "/var/lib/crater-agent-workspace/rustup-home:/opt/rustwide/rustup-home:ro,Z" "-e" "SOURCE_DIR=/opt/rustwide/workdir" "-e" "CARGO_TARGET_DIR=/opt/rustwide/target" "-e" "CARGO_HOME=/opt/rustwide/cargo-home" "-e" "RUSTUP_HOME=/opt/rustwide/rustup-home" "-w" "/opt/rustwide/workdir" "-m" "1610612736" "--user" "0:0" "--network" "none" "ghcr.io/rust-lang/crates-build-env/linux@sha256:a89201d6b5b9fd45c15d5952ece0a0129e7e80cb26ec023fd59cf09bc26f1604" "/opt/rustwide/cargo-home/bin/cargo" "+1.55.0" "metadata" "--no-deps" "--format-version=1", kill_on_drop: false }`
[INFO] [stdout] cf974d26ea5f08faa5be1686e627f0050bd7fa4c55899fc636edb1caccb09eea
[INFO] running `Command { std: "docker" "start" "-a" "cf974d26ea5f08faa5be1686e627f0050bd7fa4c55899fc636edb1caccb09eea", kill_on_drop: false }`
[INFO] running `Command { std: "docker" "inspect" "cf974d26ea5f08faa5be1686e627f0050bd7fa4c55899fc636edb1caccb09eea", kill_on_drop: false }`
[INFO] running `Command { std: "docker" "rm" "-f" "cf974d26ea5f08faa5be1686e627f0050bd7fa4c55899fc636edb1caccb09eea", kill_on_drop: false }`
[INFO] [stdout] cf974d26ea5f08faa5be1686e627f0050bd7fa4c55899fc636edb1caccb09eea
[INFO] running `Command { std: "docker" "create" "-v" "/var/lib/crater-agent-workspace/builds/worker-5/target:/opt/rustwide/target:rw,Z" "-v" "/var/lib/crater-agent-workspace/builds/worker-5/source:/opt/rustwide/workdir:ro,Z" "-v" "/var/lib/crater-agent-workspace/cargo-home:/opt/rustwide/cargo-home:ro,Z" "-v" "/var/lib/crater-agent-workspace/rustup-home:/opt/rustwide/rustup-home:ro,Z" "-e" "SOURCE_DIR=/opt/rustwide/workdir" "-e" "CARGO_TARGET_DIR=/opt/rustwide/target" "-e" "CARGO_INCREMENTAL=0" "-e" "RUST_BACKTRACE=full" "-e" "RUSTFLAGS=--cap-lints=warn" "-e" "CARGO_HOME=/opt/rustwide/cargo-home" "-e" "RUSTUP_HOME=/opt/rustwide/rustup-home" "-w" "/opt/rustwide/workdir" "-m" "1610612736" "--user" "0:0" "--network" "none" "ghcr.io/rust-lang/crates-build-env/linux@sha256:a89201d6b5b9fd45c15d5952ece0a0129e7e80cb26ec023fd59cf09bc26f1604" "/opt/rustwide/cargo-home/bin/cargo" "+1.55.0" "check" "--frozen" "--all" "--all-targets" "--message-format=json", kill_on_drop: false }`
[INFO] [stdout] e4ae24279319e6950b2590a1b4e2bf59cdff1f2d9f4e0e2229b7a2eaa00d0f9e
[INFO] running `Command { std: "docker" "start" "-a" "e4ae24279319e6950b2590a1b4e2bf59cdff1f2d9f4e0e2229b7a2eaa00d0f9e", kill_on_drop: false }`
[INFO] [stderr]     Blocking waiting for file lock on package cache
[INFO] [stderr]    Compiling libc v0.2.91
[INFO] [stderr]     Checking smallvec v1.6.1
[INFO] [stderr]     Checking pin-project-lite v0.2.6
[INFO] [stderr]     Checking futures-core v0.3.13
[INFO] [stderr]     Checking once_cell v1.7.2
[INFO] [stderr]    Compiling proc-macro2 v1.0.24
[INFO] [stderr]    Compiling unicode-xid v0.2.1
[INFO] [stderr]    Compiling bitflags v1.2.1
[INFO] [stderr]     Checking bytes v1.0.1
[INFO] [stderr]    Compiling syn v1.0.67
[INFO] [stderr]     Checking futures-sink v0.3.13
[INFO] [stderr]    Compiling convert_case v0.4.0
[INFO] [stderr]     Checking itoa v0.4.7
[INFO] [stderr]     Checking instant v0.1.9
[INFO] [stderr]    Compiling tokio v1.4.0
[INFO] [stderr]     Checking lock_api v0.4.2
[INFO] [stderr]     Checking actix-service v2.0.0-beta.5
[INFO] [stderr]     Checking http v0.2.3
[INFO] [stderr]    Compiling quote v1.0.9
[INFO] [stderr]     Checking parking_lot_core v0.8.3
[INFO] [stderr]     Checking signal-hook-registry v1.3.0
[INFO] [stderr]     Checking mio v0.7.11
[INFO] [stderr]     Checking parking_lot v0.11.1
[INFO] [stderr]     Checking tokio-util v0.6.5
[INFO] [stderr]     Checking actix-rt v2.2.0
[INFO] [stderr]     Checking actix-codec v0.4.0-beta.1
[INFO] [stderr]     Checking actix-utils v3.0.0-beta.2
[INFO] [stderr]    Compiling derive_more v0.99.13
[INFO] [stderr]     Checking actix-tls v3.0.0-beta.5 (/opt/rustwide/workdir)
[INFO] [stdout] error[E0432]: unresolved import `actix_server`
[INFO] [stdout]  --> tests/test_resolvers.rs:9:5
[INFO] [stdout]   |
[INFO] [stdout] 9 | use actix_server::TestServer;
[INFO] [stdout]   |     ^^^^^^^^^^^^ use of undeclared crate or module `actix_server`
[INFO] [stdout] 
[INFO] [stdout] 
[INFO] [stdout] error[E0432]: unresolved import `trust_dns_resolver`
[INFO] [stdout]   --> tests/test_resolvers.rs:39:9
[INFO] [stdout]    |
[INFO] [stdout] 39 |     use trust_dns_resolver::TokioAsyncResolver;
[INFO] [stdout]    |         ^^^^^^^^^^^^^^^^^^ use of undeclared crate or module `trust_dns_resolver`
[INFO] [stdout] 
[INFO] [stdout] 
[INFO] [stdout] error[E0433]: failed to resolve: could not find `test` in `actix_rt`
[INFO] [stdout]   --> tests/test_resolvers.rs:15:13
[INFO] [stdout]    |
[INFO] [stdout] 15 | #[actix_rt::test]
[INFO] [stdout]    |             ^^^^ could not find `test` in `actix_rt`
[INFO] [stdout] 
[INFO] [stdout] 
[INFO] [stdout] error[E0433]: failed to resolve: could not find `test` in `actix_rt`
[INFO] [stdout]   --> tests/test_resolvers.rs:37:13
[INFO] [stdout]    |
[INFO] [stdout] 37 | #[actix_rt::test]
[INFO] [stdout]    |             ^^^^ could not find `test` in `actix_rt`
[INFO] [stdout] 
[INFO] [stdout] 
[INFO] [stdout] error[E0432]: unresolved import `actix_server`
[INFO] [stdout]   --> tests/test_connect.rs:10:5
[INFO] [stdout]    |
[INFO] [stdout] 10 | use actix_server::TestServer;
[INFO] [stdout]    |     ^^^^^^^^^^^^ use of undeclared crate or module `actix_server`
[INFO] [stdout] 
[INFO] [stdout] 
[INFO] [stdout] error[E0433]: failed to resolve: use of undeclared crate or module `futures_util`
[INFO] [stdout]   --> tests/test_connect.rs:13:5
[INFO] [stdout]    |
[INFO] [stdout] 13 | use futures_util::sink::SinkExt;
[INFO] [stdout]    |     ^^^^^^^^^^^^ use of undeclared crate or module `futures_util`
[INFO] [stdout] 
[INFO] [stdout] 
[INFO] [stdout] error[E0432]: unresolved import `bytes`
[INFO] [stdout]   --> tests/test_connect.rs:12:5
[INFO] [stdout]    |
[INFO] [stdout] 12 | use bytes::Bytes;
[INFO] [stdout]    |     ^^^^^ use of undeclared crate or module `bytes`
[INFO] [stdout] 
[INFO] [stdout] 
[INFO] [stdout] error[E0433]: failed to resolve: could not find `test` in `actix_rt`
[INFO] [stdout]   --> tests/test_connect.rs:51:13
[INFO] [stdout]    |
[INFO] [stdout] 51 | #[actix_rt::test]
[INFO] [stdout]    |             ^^^^ could not find `test` in `actix_rt`
[INFO] [stdout] 
[INFO] [stdout] 
[INFO] [stdout] error[E0433]: failed to resolve: could not find `test` in `actix_rt`
[INFO] [stdout]   --> tests/test_connect.rs:76:13
[INFO] [stdout]    |
[INFO] [stdout] 76 | #[actix_rt::test]
[INFO] [stdout]    |             ^^^^ could not find `test` in `actix_rt`
[INFO] [stdout] 
[INFO] [stdout] 
[INFO] [stdout] error[E0433]: failed to resolve: could not find `test` in `actix_rt`
[INFO] [stdout]    --> tests/test_connect.rs:134:13
[INFO] [stdout]     |
[INFO] [stdout] 134 | #[actix_rt::test]
[INFO] [stdout]     |             ^^^^ could not find `test` in `actix_rt`
[INFO] [stdout] 
[INFO] [stdout] 
[INFO] [stdout] error: aborting due to 4 previous errors
[INFO] [stdout] 
[INFO] [stdout] 
[INFO] [stdout] Some errors have detailed explanations: E0432, E0433.
[INFO] [stdout] 
[INFO] [stdout] For more information about an error, try `rustc --explain E0432`.
[INFO] [stdout] 
[INFO] [stderr] error: could not compile `actix-tls` due to 5 previous errors
[INFO] [stderr] warning: build failed, waiting for other jobs to finish...
[INFO] [stdout] error[E0599]: no method named `send` found for struct `Framed` in the current scope
[INFO] [stdout]   --> tests/test_connect.rs:56:20
[INFO] [stdout]    |
[INFO] [stdout] 56 |             framed.send(Bytes::from_static(b"test")).await?;
[INFO] [stdout]    |                    ^^^^ method not found in `Framed<actix_rt::net::TcpStream, BytesCodec>`
[INFO] [stdout] 
[INFO] [stdout] 
[INFO] [stdout] error[E0599]: no method named `send` found for struct `Framed` in the current scope
[INFO] [stdout]   --> tests/test_connect.rs:81:20
[INFO] [stdout]    |
[INFO] [stdout] 81 |             framed.send(Bytes::from_static(b"test")).await?;
[INFO] [stdout]    |                    ^^^^ method not found in `Framed<actix_rt::net::TcpStream, BytesCodec>`
[INFO] [stdout] 
[INFO] [stdout] 
[INFO] [stdout] error[E0599]: no method named `send` found for struct `Framed` in the current scope
[INFO] [stdout]    --> tests/test_connect.rs:139:20
[INFO] [stdout]     |
[INFO] [stdout] 139 |             framed.send(Bytes::from_static(b"test")).await?;
[INFO] [stdout]     |                    ^^^^ method not found in `Framed<actix_rt::net::TcpStream, BytesCodec>`
[INFO] [stdout] 
[INFO] [stdout] 
[INFO] [stdout] error: aborting due to 9 previous errors
[INFO] [stdout] 
[INFO] [stdout] 
[INFO] [stdout] Some errors have detailed explanations: E0432, E0433, E0599.
[INFO] [stdout] 
[INFO] [stdout] For more information about an error, try `rustc --explain E0432`.
[INFO] [stdout] 
[INFO] [stderr] error: build failed
[INFO] running `Command { std: "docker" "inspect" "e4ae24279319e6950b2590a1b4e2bf59cdff1f2d9f4e0e2229b7a2eaa00d0f9e", kill_on_drop: false }`
[INFO] running `Command { std: "docker" "rm" "-f" "e4ae24279319e6950b2590a1b4e2bf59cdff1f2d9f4e0e2229b7a2eaa00d0f9e", kill_on_drop: false }`
[INFO] [stdout] e4ae24279319e6950b2590a1b4e2bf59cdff1f2d9f4e0e2229b7a2eaa00d0f9e
