[INFO] fetching crate actix-service 2.0.1...
[INFO] checking actix-service-2.0.1 against 1.55.0 for beta-1.56-3
[INFO] extracting crate actix-service 2.0.1 into /workspace/builds/worker-28/source
[INFO] validating manifest of crates.io crate actix-service 2.0.1 on toolchain 1.55.0
[INFO] running `Command { std: "/workspace/cargo-home/bin/cargo" "+1.55.0" "metadata" "--manifest-path" "Cargo.toml" "--no-deps", kill_on_drop: false }`
[INFO] started tweaking crates.io crate actix-service 2.0.1
[INFO] finished tweaking crates.io crate actix-service 2.0.1
[INFO] tweaked toml for crates.io crate actix-service 2.0.1 written to /workspace/builds/worker-28/source/Cargo.toml
[INFO] running `Command { std: "/workspace/cargo-home/bin/cargo" "+1.55.0" "generate-lockfile" "--manifest-path" "Cargo.toml" "-Zno-index-update", kill_on_drop: false }`
[INFO] running `Command { std: "/workspace/cargo-home/bin/cargo" "+1.55.0" "fetch" "--manifest-path" "Cargo.toml", kill_on_drop: false }`
[INFO] running `Command { std: "docker" "create" "-v" "/var/lib/crater-agent-workspace/builds/worker-28/target:/opt/rustwide/target:rw,Z" "-v" "/var/lib/crater-agent-workspace/builds/worker-28/source:/opt/rustwide/workdir:ro,Z" "-v" "/var/lib/crater-agent-workspace/cargo-home:/opt/rustwide/cargo-home:ro,Z" "-v" "/var/lib/crater-agent-workspace/rustup-home:/opt/rustwide/rustup-home:ro,Z" "-e" "SOURCE_DIR=/opt/rustwide/workdir" "-e" "CARGO_TARGET_DIR=/opt/rustwide/target" "-e" "CARGO_HOME=/opt/rustwide/cargo-home" "-e" "RUSTUP_HOME=/opt/rustwide/rustup-home" "-w" "/opt/rustwide/workdir" "-m" "1610612736" "--user" "0:0" "--network" "none" "ghcr.io/rust-lang/crates-build-env/linux@sha256:a89201d6b5b9fd45c15d5952ece0a0129e7e80cb26ec023fd59cf09bc26f1604" "/opt/rustwide/cargo-home/bin/cargo" "+1.55.0" "metadata" "--no-deps" "--format-version=1", kill_on_drop: false }`
[INFO] [stdout] 4e82e24c2235f1bf8800db436856425f08eed61aea06f3fcadfd9e4e93b50a20
[INFO] running `Command { std: "docker" "start" "-a" "4e82e24c2235f1bf8800db436856425f08eed61aea06f3fcadfd9e4e93b50a20", kill_on_drop: false }`
[INFO] running `Command { std: "docker" "inspect" "4e82e24c2235f1bf8800db436856425f08eed61aea06f3fcadfd9e4e93b50a20", kill_on_drop: false }`
[INFO] running `Command { std: "docker" "rm" "-f" "4e82e24c2235f1bf8800db436856425f08eed61aea06f3fcadfd9e4e93b50a20", kill_on_drop: false }`
[INFO] [stdout] 4e82e24c2235f1bf8800db436856425f08eed61aea06f3fcadfd9e4e93b50a20
[INFO] running `Command { std: "docker" "create" "-v" "/var/lib/crater-agent-workspace/builds/worker-28/target:/opt/rustwide/target:rw,Z" "-v" "/var/lib/crater-agent-workspace/builds/worker-28/source:/opt/rustwide/workdir:ro,Z" "-v" "/var/lib/crater-agent-workspace/cargo-home:/opt/rustwide/cargo-home:ro,Z" "-v" "/var/lib/crater-agent-workspace/rustup-home:/opt/rustwide/rustup-home:ro,Z" "-e" "SOURCE_DIR=/opt/rustwide/workdir" "-e" "CARGO_TARGET_DIR=/opt/rustwide/target" "-e" "CARGO_INCREMENTAL=0" "-e" "RUST_BACKTRACE=full" "-e" "RUSTFLAGS=--cap-lints=warn" "-e" "CARGO_HOME=/opt/rustwide/cargo-home" "-e" "RUSTUP_HOME=/opt/rustwide/rustup-home" "-w" "/opt/rustwide/workdir" "-m" "1610612736" "--user" "0:0" "--network" "none" "ghcr.io/rust-lang/crates-build-env/linux@sha256:a89201d6b5b9fd45c15d5952ece0a0129e7e80cb26ec023fd59cf09bc26f1604" "/opt/rustwide/cargo-home/bin/cargo" "+1.55.0" "check" "--frozen" "--all" "--all-targets" "--message-format=json", kill_on_drop: false }`
[INFO] [stdout] 98eaac50db90371c5973d77a96c10c5bb92238e7a4d4d893aec295ba8a4fd9b4
[INFO] running `Command { std: "docker" "start" "-a" "98eaac50db90371c5973d77a96c10c5bb92238e7a4d4d893aec295ba8a4fd9b4", kill_on_drop: false }`
[INFO] [stderr]     Blocking waiting for file lock on package cache
[INFO] [stderr]    Compiling futures-core v0.3.17
[INFO] [stderr]     Checking pin-project-lite v0.2.7
[INFO] [stderr]    Compiling paste v1.0.5
[INFO] [stderr]     Checking actix-service v2.0.1 (/opt/rustwide/workdir)
[INFO] [stdout] error[E0433]: failed to resolve: use of undeclared crate or module `futures_util`
[INFO] [stdout]   --> src/macros.rs:95:9
[INFO] [stdout]    |
[INFO] [stdout] 95 |     use futures_util::{
[INFO] [stdout]    |         ^^^^^^^^^^^^ use of undeclared crate or module `futures_util`
[INFO] [stdout] 
[INFO] [stdout] 
[INFO] [stdout] error[E0433]: failed to resolve: use of undeclared crate or module `actix_utils`
[INFO] [stdout]    --> src/transform.rs:226:9
[INFO] [stdout]     |
[INFO] [stdout] 226 |     use actix_utils::future::{ready, Ready};
[INFO] [stdout]     |         ^^^^^^^^^^^ use of undeclared crate or module `actix_utils`
[INFO] [stdout] 
[INFO] [stdout] 
[INFO] [stdout] error[E0433]: failed to resolve: use of undeclared crate or module `futures_util`
[INFO] [stdout]    --> src/and_then.rs:272:9
[INFO] [stdout]     |
[INFO] [stdout] 272 |     use futures_util::future::lazy;
[INFO] [stdout]     |         ^^^^^^^^^^^^ use of undeclared crate or module `futures_util`
[INFO] [stdout] 
[INFO] [stdout] 
[INFO] [stdout] error[E0433]: failed to resolve: use of undeclared crate or module `futures_util`
[INFO] [stdout]    --> src/apply.rs:214:9
[INFO] [stdout]     |
[INFO] [stdout] 214 |     use futures_util::future::lazy;
[INFO] [stdout]     |         ^^^^^^^^^^^^ use of undeclared crate or module `futures_util`
[INFO] [stdout] 
[INFO] [stdout] 
[INFO] [stdout] error[E0433]: failed to resolve: use of undeclared crate or module `futures_util`
[INFO] [stdout]    --> src/fn_service.rs:356:9
[INFO] [stdout]     |
[INFO] [stdout] 356 |     use futures_util::future::lazy;
[INFO] [stdout]     |         ^^^^^^^^^^^^ use of undeclared crate or module `futures_util`
[INFO] [stdout] 
[INFO] [stdout] 
[INFO] [stdout] error[E0433]: failed to resolve: use of undeclared crate or module `futures_util`
[INFO] [stdout]    --> src/map.rs:202:9
[INFO] [stdout]     |
[INFO] [stdout] 202 |     use futures_util::future::lazy;
[INFO] [stdout]     |         ^^^^^^^^^^^^ use of undeclared crate or module `futures_util`
[INFO] [stdout] 
[INFO] [stdout] 
[INFO] [stdout] error[E0433]: failed to resolve: use of undeclared crate or module `futures_util`
[INFO] [stdout]    --> src/map_err.rs:206:9
[INFO] [stdout]     |
[INFO] [stdout] 206 |     use futures_util::future::lazy;
[INFO] [stdout]     |         ^^^^^^^^^^^^ use of undeclared crate or module `futures_util`
[INFO] [stdout] 
[INFO] [stdout] 
[INFO] [stdout] error[E0433]: failed to resolve: use of undeclared crate or module `futures_util`
[INFO] [stdout]    --> src/then.rs:247:9
[INFO] [stdout]     |
[INFO] [stdout] 247 |     use futures_util::future::lazy;
[INFO] [stdout]     |         ^^^^^^^^^^^^ use of undeclared crate or module `futures_util`
[INFO] [stdout] 
[INFO] [stdout] 
[INFO] [stdout] error[E0433]: failed to resolve: use of undeclared crate or module `actix_rt`
[INFO] [stdout]    --> src/and_then.rs:315:7
[INFO] [stdout]     |
[INFO] [stdout] 315 |     #[actix_rt::test]
[INFO] [stdout]     |       ^^^^^^^^ use of undeclared crate or module `actix_rt`
[INFO] [stdout] 
[INFO] [stdout] 
[INFO] [stdout] error[E0433]: failed to resolve: use of undeclared crate or module `actix_rt`
[INFO] [stdout]    --> src/and_then.rs:324:7
[INFO] [stdout]     |
[INFO] [stdout] 324 |     #[actix_rt::test]
[INFO] [stdout]     |       ^^^^^^^^ use of undeclared crate or module `actix_rt`
[INFO] [stdout] 
[INFO] [stdout] 
[INFO] [stdout] error[E0433]: failed to resolve: use of undeclared crate or module `actix_rt`
[INFO] [stdout]    --> src/and_then.rs:333:7
[INFO] [stdout]     |
[INFO] [stdout] 333 |     #[actix_rt::test]
[INFO] [stdout]     |       ^^^^^^^^ use of undeclared crate or module `actix_rt`
[INFO] [stdout] 
[INFO] [stdout] 
[INFO] [stdout] error[E0433]: failed to resolve: use of undeclared crate or module `actix_rt`
[INFO] [stdout]    --> src/apply.rs:238:7
[INFO] [stdout]     |
[INFO] [stdout] 238 |     #[actix_rt::test]
[INFO] [stdout]     |       ^^^^^^^^ use of undeclared crate or module `actix_rt`
[INFO] [stdout] 
[INFO] [stdout] 
[INFO] [stdout] error[E0433]: failed to resolve: use of undeclared crate or module `actix_rt`
[INFO] [stdout]    --> src/apply.rs:255:7
[INFO] [stdout]     |
[INFO] [stdout] 255 |     #[actix_rt::test]
[INFO] [stdout]     |       ^^^^^^^^ use of undeclared crate or module `actix_rt`
[INFO] [stdout] 
[INFO] [stdout] 
[INFO] [stdout] error[E0433]: failed to resolve: use of undeclared crate or module `actix_rt`
[INFO] [stdout]    --> src/fn_service.rs:361:7
[INFO] [stdout]     |
[INFO] [stdout] 361 |     #[actix_rt::test]
[INFO] [stdout]     |       ^^^^^^^^ use of undeclared crate or module `actix_rt`
[INFO] [stdout] 
[INFO] [stdout] 
[INFO] [stdout] error[E0433]: failed to resolve: use of undeclared crate or module `actix_rt`
[INFO] [stdout]    --> src/fn_service.rs:372:7
[INFO] [stdout]     |
[INFO] [stdout] 372 |     #[actix_rt::test]
[INFO] [stdout]     |       ^^^^^^^^ use of undeclared crate or module `actix_rt`
[INFO] [stdout] 
[INFO] [stdout] 
[INFO] [stdout] error[E0433]: failed to resolve: use of undeclared crate or module `actix_rt`
[INFO] [stdout]    --> src/fn_service.rs:382:7
[INFO] [stdout]     |
[INFO] [stdout] 382 |     #[actix_rt::test]
[INFO] [stdout]     |       ^^^^^^^^ use of undeclared crate or module `actix_rt`
[INFO] [stdout] 
[INFO] [stdout] 
[INFO] [stdout] error[E0433]: failed to resolve: use of undeclared crate or module `actix_rt`
[INFO] [stdout]    --> src/map.rs:223:7
[INFO] [stdout]     |
[INFO] [stdout] 223 |     #[actix_rt::test]
[INFO] [stdout]     |       ^^^^^^^^ use of undeclared crate or module `actix_rt`
[INFO] [stdout] 
[INFO] [stdout] 
[INFO] [stdout] error[E0433]: failed to resolve: use of undeclared crate or module `actix_rt`
[INFO] [stdout]    --> src/map.rs:230:7
[INFO] [stdout]     |
[INFO] [stdout] 230 |     #[actix_rt::test]
[INFO] [stdout]     |       ^^^^^^^^ use of undeclared crate or module `actix_rt`
[INFO] [stdout] 
[INFO] [stdout] 
[INFO] [stdout] error[E0433]: failed to resolve: use of undeclared crate or module `actix_rt`
[INFO] [stdout]    --> src/map.rs:238:7
[INFO] [stdout]     |
[INFO] [stdout] 238 |     #[actix_rt::test]
[INFO] [stdout]     |       ^^^^^^^^ use of undeclared crate or module `actix_rt`
[INFO] [stdout] 
[INFO] [stdout] 
[INFO] [stdout] error[E0433]: failed to resolve: use of undeclared crate or module `actix_rt`
[INFO] [stdout]    --> src/map_err.rs:230:7
[INFO] [stdout]     |
[INFO] [stdout] 230 |     #[actix_rt::test]
[INFO] [stdout]     |       ^^^^^^^^ use of undeclared crate or module `actix_rt`
[INFO] [stdout] 
[INFO] [stdout] 
[INFO] [stdout] error[E0433]: failed to resolve: use of undeclared crate or module `actix_rt`
[INFO] [stdout]    --> src/map_err.rs:237:7
[INFO] [stdout]     |
[INFO] [stdout] 237 |     #[actix_rt::test]
[INFO] [stdout]     |       ^^^^^^^^ use of undeclared crate or module `actix_rt`
[INFO] [stdout] 
[INFO] [stdout] 
[INFO] [stdout] error[E0433]: failed to resolve: use of undeclared crate or module `actix_rt`
[INFO] [stdout]    --> src/map_err.rs:245:7
[INFO] [stdout]     |
[INFO] [stdout] 245 |     #[actix_rt::test]
[INFO] [stdout]     |       ^^^^^^^^ use of undeclared crate or module `actix_rt`
[INFO] [stdout] 
[INFO] [stdout] 
[INFO] [stdout] error[E0433]: failed to resolve: use of undeclared crate or module `actix_rt`
[INFO] [stdout]    --> src/then.rs:296:7
[INFO] [stdout]     |
[INFO] [stdout] 296 |     #[actix_rt::test]
[INFO] [stdout]     |       ^^^^^^^^ use of undeclared crate or module `actix_rt`
[INFO] [stdout] 
[INFO] [stdout] 
[INFO] [stdout] error[E0433]: failed to resolve: use of undeclared crate or module `actix_rt`
[INFO] [stdout]    --> src/then.rs:305:7
[INFO] [stdout]     |
[INFO] [stdout] 305 |     #[actix_rt::test]
[INFO] [stdout]     |       ^^^^^^^^ use of undeclared crate or module `actix_rt`
[INFO] [stdout] 
[INFO] [stdout] 
[INFO] [stdout] error[E0433]: failed to resolve: use of undeclared crate or module `actix_rt`
[INFO] [stdout]    --> src/then.rs:319:7
[INFO] [stdout]     |
[INFO] [stdout] 319 |     #[actix_rt::test]
[INFO] [stdout]     |       ^^^^^^^^ use of undeclared crate or module `actix_rt`
[INFO] [stdout] 
[INFO] [stdout] 
[INFO] [stdout] error[E0425]: cannot find function `lazy` in this scope
[INFO] [stdout]    --> src/and_then.rs:319:19
[INFO] [stdout]     |
[INFO] [stdout] 319 |         let res = lazy(|cx| srv.poll_ready(cx)).await;
[INFO] [stdout]     |                   ^^^^ not found in this scope
[INFO] [stdout] 
[INFO] [stdout] 
[INFO] [stdout] error[E0425]: cannot find function `lazy` in this scope
[INFO] [stdout]    --> src/apply.rs:248:20
[INFO] [stdout]     |
[INFO] [stdout] 248 |         assert_eq!(lazy(|cx| srv.poll_ready(cx)).await, Poll::Ready(Ok(())));
[INFO] [stdout]     |                    ^^^^ not found in this scope
[INFO] [stdout] 
[INFO] [stdout] 
[INFO] [stdout] error[E0425]: cannot find function `lazy` in this scope
[INFO] [stdout]    --> src/apply.rs:270:20
[INFO] [stdout]     |
[INFO] [stdout] 270 |         assert_eq!(lazy(|cx| srv.poll_ready(cx)).await, Poll::Ready(Ok(())));
[INFO] [stdout]     |                    ^^^^ not found in this scope
[INFO] [stdout] 
[INFO] [stdout] 
[INFO] [stdout] error[E0425]: cannot find function `lazy` in this scope
[INFO] [stdout]    --> src/fn_service.rs:367:20
[INFO] [stdout]     |
[INFO] [stdout] 367 |         assert_eq!(lazy(|cx| srv.poll_ready(cx)).await, Poll::Ready(Ok(())));
[INFO] [stdout]     |                    ^^^^ not found in this scope
[INFO] [stdout] 
[INFO] [stdout] 
[INFO] [stdout] error[E0425]: cannot find function `lazy` in this scope
[INFO] [stdout]    --> src/fn_service.rs:377:20
[INFO] [stdout]     |
[INFO] [stdout] 377 |         assert_eq!(lazy(|cx| srv.poll_ready(cx)).await, Poll::Ready(Ok(())));
[INFO] [stdout]     |                    ^^^^ not found in this scope
[INFO] [stdout] 
[INFO] [stdout] 
[INFO] [stdout] error[E0425]: cannot find function `lazy` in this scope
[INFO] [stdout]    --> src/fn_service.rs:390:20
[INFO] [stdout]     |
[INFO] [stdout] 390 |         assert_eq!(lazy(|cx| srv.poll_ready(cx)).await, Poll::Ready(Ok(())));
[INFO] [stdout]     |                    ^^^^ not found in this scope
[INFO] [stdout] 
[INFO] [stdout] 
[INFO] [stdout] error[E0412]: cannot find type `Ready` in this scope
[INFO] [stdout]    --> src/macros.rs:107:23
[INFO] [stdout]     |
[INFO] [stdout] 107 |         type Future = Ready<Result<Self::Response, Self::Error>>;
[INFO] [stdout]     |                       ^^^^^ not found in this scope
[INFO] [stdout]     |
[INFO] [stdout] help: consider importing one of these items
[INFO] [stdout]     |
[INFO] [stdout] 89  |     use core::future::Ready;
[INFO] [stdout]     |
[INFO] [stdout] 89  |     use crate::Ready;
[INFO] [stdout]     |
[INFO] [stdout] 
[INFO] [stdout] 
[INFO] [stdout] error[E0425]: cannot find function `ready` in this scope
[INFO] [stdout]    --> src/macros.rs:112:13
[INFO] [stdout]     |
[INFO] [stdout] 112 |             ready(Ok(req))
[INFO] [stdout]     |             ^^^^^ not found in this scope
[INFO] [stdout]     |
[INFO] [stdout] help: consider importing one of these items
[INFO] [stdout]     |
[INFO] [stdout] 89  |     use core::future::ready;
[INFO] [stdout]     |
[INFO] [stdout] 89  |     use crate::ready;
[INFO] [stdout]     |
[INFO] [stdout] 
[INFO] [stdout] 
[INFO] [stdout] error[E0412]: cannot find type `Ready` in this scope
[INFO] [stdout]    --> src/macros.rs:121:23
[INFO] [stdout]     |
[INFO] [stdout] 121 |         type Future = Ready<Result<Self::Response, Self::Error>>;
[INFO] [stdout]     |                       ^^^^^ not found in this scope
[INFO] [stdout]     |
[INFO] [stdout] help: consider importing one of these items
[INFO] [stdout]     |
[INFO] [stdout] 89  |     use core::future::Ready;
[INFO] [stdout]     |
[INFO] [stdout] 89  |     use crate::Ready;
[INFO] [stdout]     |
[INFO] [stdout] 
[INFO] [stdout] 
[INFO] [stdout] error[E0425]: cannot find function `ready` in this scope
[INFO] [stdout]    --> src/macros.rs:136:13
[INFO] [stdout]     |
[INFO] [stdout] 136 |             ready(Ok(()))
[INFO] [stdout]     |             ^^^^^ not found in this scope
[INFO] [stdout]     |
[INFO] [stdout] help: consider importing one of these items
[INFO] [stdout]     |
[INFO] [stdout] 89  |     use core::future::ready;
[INFO] [stdout]     |
[INFO] [stdout] 89  |     use crate::ready;
[INFO] [stdout]     |
[INFO] [stdout] 
[INFO] [stdout] 
[INFO] [stdout] error[E0425]: cannot find function `noop_waker` in this scope
[INFO] [stdout]    --> src/macros.rs:161:21
[INFO] [stdout]     |
[INFO] [stdout] 161 |         let waker = noop_waker();
[INFO] [stdout]     |                     ^^^^^^^^^^ not found in this scope
[INFO] [stdout] 
[INFO] [stdout] 
[INFO] [stdout] error[E0425]: cannot find function `noop_waker` in this scope
[INFO] [stdout]    --> src/macros.rs:173:21
[INFO] [stdout]     |
[INFO] [stdout] 173 |         let waker = noop_waker();
[INFO] [stdout]     |                     ^^^^^^^^^^ not found in this scope
[INFO] [stdout] 
[INFO] [stdout] 
[INFO] [stdout] error[E0425]: cannot find function `lazy` in this scope
[INFO] [stdout]    --> src/map.rs:226:19
[INFO] [stdout]     |
[INFO] [stdout] 226 |         let res = lazy(|cx| srv.poll_ready(cx)).await;
[INFO] [stdout]     |                   ^^^^ not found in this scope
[INFO] [stdout] 
[INFO] [stdout] 
[INFO] [stdout] error[E0425]: cannot find function `lazy` in this scope
[INFO] [stdout]    --> src/map_err.rs:233:19
[INFO] [stdout]     |
[INFO] [stdout] 233 |         let res = lazy(|cx| srv.poll_ready(cx)).await;
[INFO] [stdout]     |                   ^^^^ not found in this scope
[INFO] [stdout] 
[INFO] [stdout] 
[INFO] [stdout] error[E0425]: cannot find function `lazy` in this scope
[INFO] [stdout]    --> src/then.rs:300:19
[INFO] [stdout]     |
[INFO] [stdout] 300 |         let res = lazy(|cx| srv.poll_ready(cx)).await;
[INFO] [stdout]     |                   ^^^^ not found in this scope
[INFO] [stdout] 
[INFO] [stdout] 
[INFO] [stdout] error[E0412]: cannot find type `Ready` in this scope
[INFO] [stdout]    --> src/transform.rs:242:23
[INFO] [stdout]     |
[INFO] [stdout] 242 |         type Future = Ready<Result<Self::Transform, Self::InitError>>;
[INFO] [stdout]     |                       ^^^^^ not found in this scope
[INFO] [stdout]     |
[INFO] [stdout] help: consider importing one of these items
[INFO] [stdout]     |
[INFO] [stdout] 224 |     use core::future::Ready;
[INFO] [stdout]     |
[INFO] [stdout] 224 |     use crate::Ready;
[INFO] [stdout]     |
[INFO] [stdout] 
[INFO] [stdout] 
[INFO] [stdout] error[E0425]: cannot find function `ready` in this scope
[INFO] [stdout]    --> src/transform.rs:245:13
[INFO] [stdout]     |
[INFO] [stdout] 245 |             ready(Ok(Timeout {
[INFO] [stdout]     |             ^^^^^ not found in this scope
[INFO] [stdout]     |
[INFO] [stdout] help: consider importing one of these items
[INFO] [stdout]     |
[INFO] [stdout] 224 |     use core::future::ready;
[INFO] [stdout]     |
[INFO] [stdout] 224 |     use crate::ready;
[INFO] [stdout]     |
[INFO] [stdout] 
[INFO] [stdout] 
[INFO] [stdout] error: aborting due to 42 previous errors
[INFO] [stdout] 
[INFO] [stdout] 
[INFO] [stdout] Some errors have detailed explanations: E0412, E0425, E0433.
[INFO] [stdout] 
[INFO] [stdout] For more information about an error, try `rustc --explain E0412`.
[INFO] [stdout] 
[INFO] [stderr] error: could not compile `actix-service` due to 43 previous errors
[INFO] running `Command { std: "docker" "inspect" "98eaac50db90371c5973d77a96c10c5bb92238e7a4d4d893aec295ba8a4fd9b4", kill_on_drop: false }`
[INFO] running `Command { std: "docker" "rm" "-f" "98eaac50db90371c5973d77a96c10c5bb92238e7a4d4d893aec295ba8a4fd9b4", kill_on_drop: false }`
[INFO] [stdout] 98eaac50db90371c5973d77a96c10c5bb92238e7a4d4d893aec295ba8a4fd9b4
