[INFO] fetching crate actix-cbor 0.1.4...
[INFO] checking actix-cbor-0.1.4 against beta-2021-10-15 for beta-1.56-3
[INFO] extracting crate actix-cbor 0.1.4 into /workspace/builds/worker-17/source
[INFO] validating manifest of crates.io crate actix-cbor 0.1.4 on toolchain beta-2021-10-15
[INFO] running `Command { std: "/workspace/cargo-home/bin/cargo" "+beta-2021-10-15" "metadata" "--manifest-path" "Cargo.toml" "--no-deps", kill_on_drop: false }`
[INFO] started tweaking crates.io crate actix-cbor 0.1.4
[INFO] finished tweaking crates.io crate actix-cbor 0.1.4
[INFO] tweaked toml for crates.io crate actix-cbor 0.1.4 written to /workspace/builds/worker-17/source/Cargo.toml
[INFO] running `Command { std: "/workspace/cargo-home/bin/cargo" "+beta-2021-10-15" "generate-lockfile" "--manifest-path" "Cargo.toml" "-Zno-index-update", kill_on_drop: false }`
[INFO] [stderr]     Blocking waiting for file lock on package cache
[INFO] running `Command { std: "/workspace/cargo-home/bin/cargo" "+beta-2021-10-15" "fetch" "--manifest-path" "Cargo.toml", kill_on_drop: false }`
[INFO] [stderr]     Blocking waiting for file lock on package cache
[INFO] [stderr]     Blocking waiting for file lock on package cache
[INFO] running `Command { std: "docker" "create" "-v" "/var/lib/crater-agent-workspace/builds/worker-17/target:/opt/rustwide/target:rw,Z" "-v" "/var/lib/crater-agent-workspace/builds/worker-17/source:/opt/rustwide/workdir:ro,Z" "-v" "/var/lib/crater-agent-workspace/cargo-home:/opt/rustwide/cargo-home:ro,Z" "-v" "/var/lib/crater-agent-workspace/rustup-home:/opt/rustwide/rustup-home:ro,Z" "-e" "SOURCE_DIR=/opt/rustwide/workdir" "-e" "CARGO_TARGET_DIR=/opt/rustwide/target" "-e" "CARGO_HOME=/opt/rustwide/cargo-home" "-e" "RUSTUP_HOME=/opt/rustwide/rustup-home" "-w" "/opt/rustwide/workdir" "-m" "1610612736" "--user" "0:0" "--network" "none" "ghcr.io/rust-lang/crates-build-env/linux@sha256:a89201d6b5b9fd45c15d5952ece0a0129e7e80cb26ec023fd59cf09bc26f1604" "/opt/rustwide/cargo-home/bin/cargo" "+beta-2021-10-15" "metadata" "--no-deps" "--format-version=1", kill_on_drop: false }`
[INFO] [stdout] 6500b39c0a72a97faed962b9448f7e1283ccb309051ba284b13039777bfccba2
[INFO] running `Command { std: "docker" "start" "-a" "6500b39c0a72a97faed962b9448f7e1283ccb309051ba284b13039777bfccba2", kill_on_drop: false }`
[INFO] running `Command { std: "docker" "inspect" "6500b39c0a72a97faed962b9448f7e1283ccb309051ba284b13039777bfccba2", kill_on_drop: false }`
[INFO] running `Command { std: "docker" "rm" "-f" "6500b39c0a72a97faed962b9448f7e1283ccb309051ba284b13039777bfccba2", kill_on_drop: false }`
[INFO] [stdout] 6500b39c0a72a97faed962b9448f7e1283ccb309051ba284b13039777bfccba2
[INFO] running `Command { std: "docker" "create" "-v" "/var/lib/crater-agent-workspace/builds/worker-17/target:/opt/rustwide/target:rw,Z" "-v" "/var/lib/crater-agent-workspace/builds/worker-17/source:/opt/rustwide/workdir:ro,Z" "-v" "/var/lib/crater-agent-workspace/cargo-home:/opt/rustwide/cargo-home:ro,Z" "-v" "/var/lib/crater-agent-workspace/rustup-home:/opt/rustwide/rustup-home:ro,Z" "-e" "SOURCE_DIR=/opt/rustwide/workdir" "-e" "CARGO_TARGET_DIR=/opt/rustwide/target" "-e" "CARGO_INCREMENTAL=0" "-e" "RUST_BACKTRACE=full" "-e" "RUSTFLAGS=--cap-lints=warn" "-e" "CARGO_HOME=/opt/rustwide/cargo-home" "-e" "RUSTUP_HOME=/opt/rustwide/rustup-home" "-w" "/opt/rustwide/workdir" "-m" "1610612736" "--user" "0:0" "--network" "none" "ghcr.io/rust-lang/crates-build-env/linux@sha256:a89201d6b5b9fd45c15d5952ece0a0129e7e80cb26ec023fd59cf09bc26f1604" "/opt/rustwide/cargo-home/bin/cargo" "+beta-2021-10-15" "check" "--frozen" "--all" "--all-targets" "--message-format=json", kill_on_drop: false }`
[INFO] [stdout] 7b1ddf4a8033fe1a7611b1f5273a2793c631814715313c4e28d06c5369400a6b
[INFO] running `Command { std: "docker" "start" "-a" "7b1ddf4a8033fe1a7611b1f5273a2793c631814715313c4e28d06c5369400a6b", kill_on_drop: false }`
[INFO] [stderr]     Blocking waiting for file lock on package cache
[INFO] [stderr]    Compiling syn v1.0.80
[INFO] [stderr]    Compiling proc-macro-hack v0.5.19
[INFO] [stderr]    Compiling futures-channel v0.3.17
[INFO] [stderr]    Compiling proc-macro-nested v0.1.7
[INFO] [stderr]     Checking smallvec v1.7.0
[INFO] [stderr]    Compiling pin-project-internal v0.4.28
[INFO] [stderr]    Compiling parking_lot_core v0.8.5
[INFO] [stderr]     Checking scopeguard v1.1.0
[INFO] [stderr]    Compiling getrandom v0.1.16
[INFO] [stderr]    Compiling convert_case v0.4.0
[INFO] [stderr]    Compiling serde_derive v1.0.130
[INFO] [stderr]     Checking copyless v0.1.5
[INFO] [stderr]    Compiling serde v1.0.130
[INFO] [stderr]    Compiling typenum v1.14.0
[INFO] [stderr]    Compiling async-trait v0.1.51
[INFO] [stderr]     Checking ppv-lite86 v0.2.14
[INFO] [stderr]     Checking either v1.6.1
[INFO] [stderr]    Compiling unicode-segmentation v1.8.0
[INFO] [stderr]    Compiling const_fn v0.4.8
[INFO] [stderr]     Checking match_cfg v0.1.0
[INFO] [stderr]     Checking linked-hash-map v0.5.4
[INFO] [stderr]     Checking quick-error v1.2.3
[INFO] [stderr]     Checking regex-syntax v0.6.25
[INFO] [stderr]    Compiling serde_json v1.0.68
[INFO] [stderr]     Checking opaque-debug v0.3.0
[INFO] [stderr]     Checking byteorder v1.4.3
[INFO] [stderr]     Checking cpufeatures v0.2.1
[INFO] [stderr]     Checking language-tags v0.2.2
[INFO] [stderr]     Checking half v1.8.0
[INFO] [stderr]    Compiling futures-macro v0.3.17
[INFO] [stderr]    Compiling futures-util v0.3.17
[INFO] [stderr]     Checking instant v0.1.11
[INFO] [stderr]    Compiling standback v0.2.17
[INFO] [stderr]    Compiling generic-array v0.14.4
[INFO] [stderr]    Compiling time v0.2.27
[INFO] [stderr]    Compiling cookie v0.14.4
[INFO] [stderr]     Checking bytestring v1.0.0
[INFO] [stderr]     Checking signal-hook-registry v1.4.0
[INFO] [stderr]     Checking aho-corasick v0.7.18
[INFO] [stderr]     Checking threadpool v1.8.1
[INFO] [stderr]     Checking mio-uds v0.6.8
[INFO] [stderr]     Checking lock_api v0.4.5
[INFO] [stderr]    Compiling heck v0.3.3
[INFO] [stderr]     Checking fxhash v0.2.1
[INFO] [stderr]     Checking tokio v0.2.25
[INFO] [stderr]     Checking parking_lot v0.11.2
[INFO] [stderr]     Checking hostname v0.3.1
[INFO] [stderr]     Checking lru-cache v0.1.2
[INFO] [stderr]     Checking resolv-conf v0.7.0
[INFO] [stderr]     Checking regex v1.5.4
[INFO] [stderr]     Checking rand_core v0.5.1
[INFO] [stderr]     Checking digest v0.9.0
[INFO] [stderr]     Checking block-buffer v0.9.0
[INFO] [stderr]     Checking rand_chacha v0.2.2
[INFO] [stderr]     Checking rand v0.7.3
[INFO] [stderr]     Checking sha-1 v0.9.8
[INFO] [stderr]     Checking tokio-util v0.3.1
[INFO] [stderr]    Compiling derive_more v0.99.16
[INFO] [stderr]    Compiling actix-macros v0.1.3
[INFO] [stderr]    Compiling thiserror-impl v1.0.30
[INFO] [stderr]    Compiling time-macros-impl v0.1.2
[INFO] [stderr]    Compiling pin-project-internal v1.0.8
[INFO] [stderr]    Compiling enum-as-inner v0.3.3
[INFO] [stderr]    Compiling actix-web-codegen v0.4.0
[INFO] [stderr]     Checking time-macros v0.1.1
[INFO] [stderr]     Checking pin-project v1.0.8
[INFO] [stderr]     Checking tracing-futures v0.2.5
[INFO] [stderr]     Checking thiserror v1.0.30
[INFO] [stderr]     Checking pin-project v0.4.28
[INFO] [stderr]     Checking actix-codec v0.3.0
[INFO] [stderr]     Checking actix-threadpool v0.3.3
[INFO] [stderr]     Checking actix-service v1.0.6
[INFO] [stderr]     Checking actix-rt v1.1.1
[INFO] [stderr]     Checking futures v0.3.17
[INFO] [stderr]     Checking h2 v0.2.7
[INFO] [stderr]     Checking trust-dns-proto v0.19.7
[INFO] [stderr]     Checking actix-utils v2.0.0
[INFO] [stderr]     Checking actix-server v1.0.4
[INFO] [stderr]     Checking actix-tls v2.0.0
[INFO] [stderr]     Checking actix-testing v1.0.1
[INFO] [stderr]     Checking trust-dns-resolver v0.19.7
[INFO] [stderr]     Checking actix-connect v2.0.0
[INFO] [stderr]     Checking serde_urlencoded v0.7.0
[INFO] [stderr]     Checking actix-router v0.2.7
[INFO] [stderr]     Checking serde_cbor v0.11.2
[INFO] [stderr]     Checking actix-http v2.2.1
[INFO] [stderr]     Checking awc v2.0.3
[INFO] [stderr]     Checking actix-web v3.3.2
[INFO] [stderr]     Checking actix-cbor v0.1.4 (/opt/rustwide/workdir)
[INFO] [stdout] error[E0433]: failed to resolve: could not find `core_reexport` in `futures_util`
[INFO] [stdout]   --> src/lib.rs:32:19
[INFO] [stdout]    |
[INFO] [stdout] 32 | use futures_util::core_reexport::fmt::Formatter;
[INFO] [stdout]    |                   ^^^^^^^^^^^^^ could not find `core_reexport` in `futures_util`
[INFO] [stdout] 
[INFO] [stdout] 
[INFO] [stdout] error[E0433]: failed to resolve: could not find `core_reexport` in `futures_util`
[INFO] [stdout]  --> src/error.rs:8:19
[INFO] [stdout]   |
[INFO] [stdout] 8 | use futures_util::core_reexport::fmt::{Display, Formatter};
[INFO] [stdout]   |                   ^^^^^^^^^^^^^ could not find `core_reexport` in `futures_util`
[INFO] [stdout] 
[INFO] [stdout] 
[INFO] [stdout] error[E0405]: cannot find trait `Display` in this scope
[INFO] [stdout]   --> src/error.rs:43:6
[INFO] [stdout]    |
[INFO] [stdout] 43 | impl Display for CborPayloadError {
[INFO] [stdout]    |      ^^^^^^^ not found in this scope
[INFO] [stdout]    |
[INFO] [stdout] help: consider importing one of these items
[INFO] [stdout]    |
[INFO] [stdout] 1  | use core::fmt::Display;
[INFO] [stdout]    |
[INFO] [stdout] 1  | use crate::fmt::Display;
[INFO] [stdout]    |
[INFO] [stdout] 1  | use serde::__private::fmt::Display;
[INFO] [stdout]    |
[INFO] [stdout] 1  | use std::fmt::Display;
[INFO] [stdout]    |
[INFO] [stdout] 
[INFO] [stdout] 
[INFO] [stdout] error[E0412]: cannot find type `Formatter` in this scope
[INFO] [stdout]   --> src/error.rs:44:27
[INFO] [stdout]    |
[INFO] [stdout] 44 |     fn fmt(&self, f: &mut Formatter<'_>) -> fmt::Result {
[INFO] [stdout]    |                           ^^^^^^^^^ not found in this scope
[INFO] [stdout]    |
[INFO] [stdout] help: consider importing one of these items
[INFO] [stdout]    |
[INFO] [stdout] 1  | use core::fmt::Formatter;
[INFO] [stdout]    |
[INFO] [stdout] 1  | use crate::fmt::Formatter;
[INFO] [stdout]    |
[INFO] [stdout] 1  | use serde::__private::Formatter;
[INFO] [stdout]    |
[INFO] [stdout] 1  | use std::fmt::Formatter;
[INFO] [stdout]    |
[INFO] [stdout] 
[INFO] [stdout] 
[INFO] [stdout] error[E0412]: cannot find type `Formatter` in this scope
[INFO] [stdout]   --> src/lib.rs:97:27
[INFO] [stdout]    |
[INFO] [stdout] 97 |     fn fmt(&self, f: &mut Formatter<'_>) -> fmt::Result {
[INFO] [stdout]    |                           ^^^^^^^^^ not found in this scope
[INFO] [stdout]    |
[INFO] [stdout] help: consider importing one of these items
[INFO] [stdout]    |
[INFO] [stdout] 24 | use core::fmt::Formatter;
[INFO] [stdout]    |
[INFO] [stdout] 24 | use crate::fmt::Formatter;
[INFO] [stdout]    |
[INFO] [stdout] 24 | use serde::__private::Formatter;
[INFO] [stdout]    |
[INFO] [stdout] 24 | use std::fmt::Formatter;
[INFO] [stdout]    |
[INFO] [stdout] 
[INFO] [stdout] 
[INFO] [stdout] error: aborting due to 5 previous errors
[INFO] [stdout] 
[INFO] [stdout] 
[INFO] [stdout] Some errors have detailed explanations: E0405, E0412, E0433.
[INFO] [stdout] 
[INFO] [stdout] For more information about an error, try `rustc --explain E0405`.
[INFO] [stdout] 
[INFO] [stdout] error[E0433]: failed to resolve: could not find `core_reexport` in `futures_util`
[INFO] [stdout]   --> src/lib.rs:32:19
[INFO] [stdout]    |
[INFO] [stdout] 32 | use futures_util::core_reexport::fmt::Formatter;
[INFO] [stdout]    |                   ^^^^^^^^^^^^^ could not find `core_reexport` in `futures_util`
[INFO] [stdout] 
[INFO] [stdout] 
[INFO] [stdout] error[E0433]: failed to resolve: could not find `core_reexport` in `futures_util`
[INFO] [stdout]  --> src/error.rs:8:19
[INFO] [stdout]   |
[INFO] [stdout] 8 | use futures_util::core_reexport::fmt::{Display, Formatter};
[INFO] [stdout]   |                   ^^^^^^^^^^^^^ could not find `core_reexport` in `futures_util`
[INFO] [stdout] 
[INFO] [stdout] 
[INFO] [stderr] error: could not compile `actix-cbor` due to 6 previous errors
[INFO] [stderr] warning: build failed, waiting for other jobs to finish...
[INFO] [stdout] error[E0405]: cannot find trait `Display` in this scope
[INFO] [stdout]   --> src/error.rs:43:6
[INFO] [stdout]    |
[INFO] [stdout] 43 | impl Display for CborPayloadError {
[INFO] [stdout]    |      ^^^^^^^ not found in this scope
[INFO] [stdout]    |
[INFO] [stdout] help: consider importing one of these items
[INFO] [stdout]    |
[INFO] [stdout] 1  | use core::fmt::Display;
[INFO] [stdout]    |
[INFO] [stdout] 1  | use crate::fmt::Display;
[INFO] [stdout]    |
[INFO] [stdout] 1  | use serde::__private::fmt::Display;
[INFO] [stdout]    |
[INFO] [stdout] 1  | use std::fmt::Display;
[INFO] [stdout]    |
[INFO] [stdout] 
[INFO] [stdout] 
[INFO] [stdout] error[E0412]: cannot find type `Formatter` in this scope
[INFO] [stdout]   --> src/error.rs:44:27
[INFO] [stdout]    |
[INFO] [stdout] 44 |     fn fmt(&self, f: &mut Formatter<'_>) -> fmt::Result {
[INFO] [stdout]    |                           ^^^^^^^^^ not found in this scope
[INFO] [stdout]    |
[INFO] [stdout] help: consider importing one of these items
[INFO] [stdout]    |
[INFO] [stdout] 1  | use core::fmt::Formatter;
[INFO] [stdout]    |
[INFO] [stdout] 1  | use crate::fmt::Formatter;
[INFO] [stdout]    |
[INFO] [stdout] 1  | use serde::__private::Formatter;
[INFO] [stdout]    |
[INFO] [stdout] 1  | use std::fmt::Formatter;
[INFO] [stdout]    |
[INFO] [stdout] 
[INFO] [stdout] 
[INFO] [stdout] error[E0412]: cannot find type `Formatter` in this scope
[INFO] [stdout]   --> src/lib.rs:97:27
[INFO] [stdout]    |
[INFO] [stdout] 97 |     fn fmt(&self, f: &mut Formatter<'_>) -> fmt::Result {
[INFO] [stdout]    |                           ^^^^^^^^^ not found in this scope
[INFO] [stdout]    |
[INFO] [stdout] help: consider importing one of these items
[INFO] [stdout]    |
[INFO] [stdout] 24 | use core::fmt::Formatter;
[INFO] [stdout]    |
[INFO] [stdout] 24 | use crate::fmt::Formatter;
[INFO] [stdout]    |
[INFO] [stdout] 24 | use serde::__private::Formatter;
[INFO] [stdout]    |
[INFO] [stdout] 24 | use std::fmt::Formatter;
[INFO] [stdout]    |
[INFO] [stdout] 
[INFO] [stdout] 
[INFO] [stdout] error: aborting due to 5 previous errors
[INFO] [stdout] 
[INFO] [stdout] 
[INFO] [stdout] Some errors have detailed explanations: E0405, E0412, E0433.
[INFO] [stdout] 
[INFO] [stdout] For more information about an error, try `rustc --explain E0405`.
[INFO] [stdout] 
[INFO] [stderr] error: build failed
[INFO] running `Command { std: "docker" "inspect" "7b1ddf4a8033fe1a7611b1f5273a2793c631814715313c4e28d06c5369400a6b", kill_on_drop: false }`
[INFO] running `Command { std: "docker" "rm" "-f" "7b1ddf4a8033fe1a7611b1f5273a2793c631814715313c4e28d06c5369400a6b", kill_on_drop: false }`
[INFO] [stdout] 7b1ddf4a8033fe1a7611b1f5273a2793c631814715313c4e28d06c5369400a6b
