[INFO] fetching crate actix-broker 0.4.1...
[INFO] checking actix-broker-0.4.1 against 1.55.0 for beta-1.56-3
[INFO] extracting crate actix-broker 0.4.1 into /workspace/builds/worker-5/source
[INFO] validating manifest of crates.io crate actix-broker 0.4.1 on toolchain 1.55.0
[INFO] running `Command { std: "/workspace/cargo-home/bin/cargo" "+1.55.0" "metadata" "--manifest-path" "Cargo.toml" "--no-deps", kill_on_drop: false }`
[INFO] started tweaking crates.io crate actix-broker 0.4.1
[INFO] finished tweaking crates.io crate actix-broker 0.4.1
[INFO] tweaked toml for crates.io crate actix-broker 0.4.1 written to /workspace/builds/worker-5/source/Cargo.toml
[INFO] crate crates.io crate actix-broker 0.4.1 already has a lockfile, it will not be regenerated
[INFO] running `Command { std: "/workspace/cargo-home/bin/cargo" "+1.55.0" "fetch" "--manifest-path" "Cargo.toml", kill_on_drop: false }`
[INFO] [stderr]     Blocking waiting for file lock on package cache
[INFO] running `Command { std: "docker" "create" "-v" "/var/lib/crater-agent-workspace/builds/worker-5/target:/opt/rustwide/target:rw,Z" "-v" "/var/lib/crater-agent-workspace/builds/worker-5/source:/opt/rustwide/workdir:ro,Z" "-v" "/var/lib/crater-agent-workspace/cargo-home:/opt/rustwide/cargo-home:ro,Z" "-v" "/var/lib/crater-agent-workspace/rustup-home:/opt/rustwide/rustup-home:ro,Z" "-e" "SOURCE_DIR=/opt/rustwide/workdir" "-e" "CARGO_TARGET_DIR=/opt/rustwide/target" "-e" "CARGO_HOME=/opt/rustwide/cargo-home" "-e" "RUSTUP_HOME=/opt/rustwide/rustup-home" "-w" "/opt/rustwide/workdir" "-m" "1610612736" "--user" "0:0" "--network" "none" "ghcr.io/rust-lang/crates-build-env/linux@sha256:a89201d6b5b9fd45c15d5952ece0a0129e7e80cb26ec023fd59cf09bc26f1604" "/opt/rustwide/cargo-home/bin/cargo" "+1.55.0" "metadata" "--no-deps" "--format-version=1", kill_on_drop: false }`
[INFO] [stdout] d4260395f71d712ed6db0dcd877a308f193eab8588ac5ca5a9877d7971654268
[INFO] running `Command { std: "docker" "start" "-a" "d4260395f71d712ed6db0dcd877a308f193eab8588ac5ca5a9877d7971654268", kill_on_drop: false }`
[INFO] running `Command { std: "docker" "inspect" "d4260395f71d712ed6db0dcd877a308f193eab8588ac5ca5a9877d7971654268", kill_on_drop: false }`
[INFO] running `Command { std: "docker" "rm" "-f" "d4260395f71d712ed6db0dcd877a308f193eab8588ac5ca5a9877d7971654268", kill_on_drop: false }`
[INFO] [stdout] d4260395f71d712ed6db0dcd877a308f193eab8588ac5ca5a9877d7971654268
[INFO] running `Command { std: "docker" "create" "-v" "/var/lib/crater-agent-workspace/builds/worker-5/target:/opt/rustwide/target:rw,Z" "-v" "/var/lib/crater-agent-workspace/builds/worker-5/source:/opt/rustwide/workdir:ro,Z" "-v" "/var/lib/crater-agent-workspace/cargo-home:/opt/rustwide/cargo-home:ro,Z" "-v" "/var/lib/crater-agent-workspace/rustup-home:/opt/rustwide/rustup-home:ro,Z" "-e" "SOURCE_DIR=/opt/rustwide/workdir" "-e" "CARGO_TARGET_DIR=/opt/rustwide/target" "-e" "CARGO_INCREMENTAL=0" "-e" "RUST_BACKTRACE=full" "-e" "RUSTFLAGS=--cap-lints=warn" "-e" "CARGO_HOME=/opt/rustwide/cargo-home" "-e" "RUSTUP_HOME=/opt/rustwide/rustup-home" "-w" "/opt/rustwide/workdir" "-m" "1610612736" "--user" "0:0" "--network" "none" "ghcr.io/rust-lang/crates-build-env/linux@sha256:a89201d6b5b9fd45c15d5952ece0a0129e7e80cb26ec023fd59cf09bc26f1604" "/opt/rustwide/cargo-home/bin/cargo" "+1.55.0" "check" "--frozen" "--all" "--all-targets" "--message-format=json", kill_on_drop: false }`
[INFO] [stdout] 8118939394b8105bb97a178d792bbbd81387f9ab5dcfa6a597010b461574e02a
[INFO] running `Command { std: "docker" "start" "-a" "8118939394b8105bb97a178d792bbbd81387f9ab5dcfa6a597010b461574e02a", kill_on_drop: false }`
[INFO] [stderr]     Blocking waiting for file lock on package cache
[INFO] [stderr]    Compiling libc v0.2.95
[INFO] [stderr]    Compiling proc-macro2 v1.0.27
[INFO] [stderr]    Compiling futures-core v0.3.15
[INFO] [stderr]    Compiling memchr v2.4.0
[INFO] [stderr]     Checking once_cell v1.7.2
[INFO] [stderr]    Compiling crossbeam-utils v0.8.5
[INFO] [stderr]    Compiling futures-task v0.3.15
[INFO] [stderr]    Compiling syn v1.0.72
[INFO] [stderr]     Checking futures-sink v0.3.15
[INFO] [stderr]     Checking lock_api v0.4.4
[INFO] [stderr]    Compiling tokio v1.6.1
[INFO] [stderr]    Compiling futures-util v0.3.15
[INFO] [stderr]    Compiling ahash v0.7.4
[INFO] [stderr]     Checking crossbeam-channel v0.5.1
[INFO] [stderr]    Compiling quote v1.0.9
[INFO] [stderr]     Checking parking_lot_core v0.8.3
[INFO] [stderr]     Checking mio v0.7.11
[INFO] [stderr]     Checking signal-hook-registry v1.4.0
[INFO] [stderr]     Checking getrandom v0.2.3
[INFO] [stderr]     Checking parking_lot v0.11.1
[INFO] [stderr]     Checking actix-rt v2.2.0
[INFO] [stderr]     Checking tokio-util v0.6.7
[INFO] [stderr]    Compiling actix_derive v0.6.0
[INFO] [stderr]     Checking actix v0.12.0
[INFO] [stderr]     Checking actix-broker v0.4.1 (/opt/rustwide/workdir)
[INFO] [stdout] error[E0432]: unresolved import `actix_web`
[INFO] [stdout]  --> examples/actix-web.rs:3:5
[INFO] [stdout]   |
[INFO] [stdout] 3 | use actix_web::{web, App, Error, HttpRequest, HttpResponse, HttpServer};
[INFO] [stdout]   |     ^^^^^^^^^ use of undeclared crate or module `actix_web`
[INFO] [stdout] 
[INFO] [stdout] 
[INFO] [stdout] error[E0433]: failed to resolve: use of undeclared crate or module `actix_web`
[INFO] [stdout]   --> examples/actix-web.rs:33:3
[INFO] [stdout]    |
[INFO] [stdout] 33 | #[actix_web::main]
[INFO] [stdout]    |   ^^^^^^^^^ use of undeclared crate or module `actix_web`
[INFO] [stdout] 
[INFO] [stdout] 
[INFO] [stdout] error[E0752]: `main` function is not allowed to be `async`
[INFO] [stdout]   --> examples/actix-web.rs:34:1
[INFO] [stdout]    |
[INFO] [stdout] 34 | async fn main() -> io::Result<()> {
[INFO] [stdout]    | ^^^^^^^^^^^^^^^^^^^^^^^^^^^^^^^^^ `main` function is not allowed to be `async`
[INFO] [stdout] 
[INFO] [stdout] 
[INFO] [stdout] error: aborting due to 3 previous errors
[INFO] [stdout] 
[INFO] [stdout] 
[INFO] [stdout] Some errors have detailed explanations: E0432, E0433, E0752.
[INFO] [stdout] 
[INFO] [stdout] For more information about an error, try `rustc --explain E0432`.
[INFO] [stdout] 
[INFO] [stderr] error: could not compile `actix-broker` due to 4 previous errors
[INFO] [stderr] warning: build failed, waiting for other jobs to finish...
[INFO] [stderr] error: build failed
[INFO] running `Command { std: "docker" "inspect" "8118939394b8105bb97a178d792bbbd81387f9ab5dcfa6a597010b461574e02a", kill_on_drop: false }`
[INFO] running `Command { std: "docker" "rm" "-f" "8118939394b8105bb97a178d792bbbd81387f9ab5dcfa6a597010b461574e02a", kill_on_drop: false }`
[INFO] [stdout] 8118939394b8105bb97a178d792bbbd81387f9ab5dcfa6a597010b461574e02a
