[INFO] fetching crate Xorfilter 0.2.1...
[INFO] checking Xorfilter-0.2.1 against 1.55.0 for beta-1.56-3
[INFO] extracting crate Xorfilter 0.2.1 into /workspace/builds/worker-77/source
[INFO] validating manifest of crates.io crate Xorfilter 0.2.1 on toolchain 1.55.0
[INFO] running `Command { std: "/workspace/cargo-home/bin/cargo" "+1.55.0" "metadata" "--manifest-path" "Cargo.toml" "--no-deps", kill_on_drop: false }`
[INFO] started tweaking crates.io crate Xorfilter 0.2.1
[INFO] finished tweaking crates.io crate Xorfilter 0.2.1
[INFO] tweaked toml for crates.io crate Xorfilter 0.2.1 written to /workspace/builds/worker-77/source/Cargo.toml
[INFO] crate crates.io crate Xorfilter 0.2.1 already has a lockfile, it will not be regenerated
[INFO] running `Command { std: "/workspace/cargo-home/bin/cargo" "+1.55.0" "fetch" "--manifest-path" "Cargo.toml", kill_on_drop: false }`
[INFO] running `Command { std: "docker" "create" "-v" "/var/lib/crater-agent-workspace/builds/worker-77/target:/opt/rustwide/target:rw,Z" "-v" "/var/lib/crater-agent-workspace/builds/worker-77/source:/opt/rustwide/workdir:ro,Z" "-v" "/var/lib/crater-agent-workspace/cargo-home:/opt/rustwide/cargo-home:ro,Z" "-v" "/var/lib/crater-agent-workspace/rustup-home:/opt/rustwide/rustup-home:ro,Z" "-e" "SOURCE_DIR=/opt/rustwide/workdir" "-e" "CARGO_TARGET_DIR=/opt/rustwide/target" "-e" "CARGO_HOME=/opt/rustwide/cargo-home" "-e" "RUSTUP_HOME=/opt/rustwide/rustup-home" "-w" "/opt/rustwide/workdir" "-m" "1610612736" "--user" "0:0" "--network" "none" "ghcr.io/rust-lang/crates-build-env/linux@sha256:a89201d6b5b9fd45c15d5952ece0a0129e7e80cb26ec023fd59cf09bc26f1604" "/opt/rustwide/cargo-home/bin/cargo" "+1.55.0" "metadata" "--no-deps" "--format-version=1", kill_on_drop: false }`
[INFO] [stdout] 8ba33402ff6f958edb80b7684b8836a6c94053fd7c38ceb44c711b90af257f29
[INFO] running `Command { std: "docker" "start" "-a" "8ba33402ff6f958edb80b7684b8836a6c94053fd7c38ceb44c711b90af257f29", kill_on_drop: false }`
[INFO] running `Command { std: "docker" "inspect" "8ba33402ff6f958edb80b7684b8836a6c94053fd7c38ceb44c711b90af257f29", kill_on_drop: false }`
[INFO] running `Command { std: "docker" "rm" "-f" "8ba33402ff6f958edb80b7684b8836a6c94053fd7c38ceb44c711b90af257f29", kill_on_drop: false }`
[INFO] [stdout] 8ba33402ff6f958edb80b7684b8836a6c94053fd7c38ceb44c711b90af257f29
[INFO] running `Command { std: "docker" "create" "-v" "/var/lib/crater-agent-workspace/builds/worker-77/target:/opt/rustwide/target:rw,Z" "-v" "/var/lib/crater-agent-workspace/builds/worker-77/source:/opt/rustwide/workdir:ro,Z" "-v" "/var/lib/crater-agent-workspace/cargo-home:/opt/rustwide/cargo-home:ro,Z" "-v" "/var/lib/crater-agent-workspace/rustup-home:/opt/rustwide/rustup-home:ro,Z" "-e" "SOURCE_DIR=/opt/rustwide/workdir" "-e" "CARGO_TARGET_DIR=/opt/rustwide/target" "-e" "CARGO_INCREMENTAL=0" "-e" "RUST_BACKTRACE=full" "-e" "RUSTFLAGS=--cap-lints=warn" "-e" "CARGO_HOME=/opt/rustwide/cargo-home" "-e" "RUSTUP_HOME=/opt/rustwide/rustup-home" "-w" "/opt/rustwide/workdir" "-m" "1610612736" "--user" "0:0" "--network" "none" "ghcr.io/rust-lang/crates-build-env/linux@sha256:a89201d6b5b9fd45c15d5952ece0a0129e7e80cb26ec023fd59cf09bc26f1604" "/opt/rustwide/cargo-home/bin/cargo" "+1.55.0" "check" "--frozen" "--all" "--all-targets" "--message-format=json", kill_on_drop: false }`
[INFO] [stdout] eb183f9fd2b31bb9e41318db48c187d6357bf88e7fdd0b669dc6d04da61907df
[INFO] running `Command { std: "docker" "start" "-a" "eb183f9fd2b31bb9e41318db48c187d6357bf88e7fdd0b669dc6d04da61907df", kill_on_drop: false }`
[INFO] [stderr]     Blocking waiting for file lock on package cache
[INFO] [stderr]     Blocking waiting for file lock on package cache
[INFO] [stderr]    Compiling crossbeam-utils v0.8.5
[INFO] [stderr]    Compiling serde v1.0.127
[INFO] [stderr]    Compiling semver v1.0.4
[INFO] [stderr]    Compiling libc v0.2.98
[INFO] [stderr]    Compiling memchr v2.4.0
[INFO] [stderr]    Compiling proc-macro2 v1.0.28
[INFO] [stderr]    Compiling crossbeam-epoch v0.9.5
[INFO] [stderr]    Compiling rayon-core v1.9.1
[INFO] [stderr]     Checking itoa v0.4.7
[INFO] [stderr]    Compiling syn v1.0.74
[INFO] [stderr]    Compiling serde_json v1.0.66
[INFO] [stderr]     Checking either v1.6.1
[INFO] [stderr]    Compiling serde_derive v1.0.127
[INFO] [stderr]     Checking unicode-width v0.1.8
[INFO] [stderr]     Checking plotters-backend v0.3.2
[INFO] [stderr]     Checking regex-automata v0.1.10
[INFO] [stderr]     Checking half v1.7.1
[INFO] [stderr]     Checking same-file v1.0.6
[INFO] [stderr]     Checking regex-syntax v0.6.25
[INFO] [stderr]     Checking oorandom v11.1.3
[INFO] [stderr]     Checking fastrand v1.5.0
[INFO] [stderr]     Checking Xorfilter v0.2.1 (/opt/rustwide/workdir)
[INFO] [stderr]    Compiling memoffset v0.6.4
[INFO] [stderr]    Compiling rayon v1.5.1
[INFO] [stderr]     Checking textwrap v0.11.0
[INFO] [stdout] error: type parameters must be declared prior to const parameters
[INFO] [stdout]   --> src/lib.rs:14:38
[INFO] [stdout]    |
[INFO] [stdout] 14 | pub struct XorFilter<const N: usize, T: Default + Copy = u8>
[INFO] [stdout]    |                     -----------------^---------------------- help: reorder the parameters: lifetimes, then types, then consts: `<T: Default + Copy = u8, const N: usize>`
[INFO] [stdout] 
[INFO] [stdout] 
[INFO] [stdout] error: type parameters must be declared prior to const parameters
[INFO] [stdout]   --> src/lib.rs:13:10
[INFO] [stdout]    |
[INFO] [stdout] 13 | #[derive(Debug)]
[INFO] [stdout]    |          ^^^^^ help: reorder the parameters: lifetimes, then types, then consts: `<T: ::core::fmt::Debug + Default + Copy, const N: usize>`
[INFO] [stdout] 
[INFO] [stdout] 
[INFO] [stdout] error: type parameters must be declared prior to const parameters
[INFO] [stdout]   --> src/lib.rs:29:22
[INFO] [stdout]    |
[INFO] [stdout] 29 | impl<const N: usize, T: Default + Copy> XorFilter<N, T>
[INFO] [stdout]    |     -----------------^----------------- help: reorder the parameters: lifetimes, then types, then consts: `<T: Default + Copy, const N: usize>`
[INFO] [stdout] 
[INFO] [stdout] 
[INFO] [stdout] error: generic parameters may not be used in const operations
[INFO] [stdout]   --> src/lib.rs:16:21
[INFO] [stdout]    |
[INFO] [stdout] 16 |     [u8; capacity::<N>()]: Sized,
[INFO] [stdout]    |                     ^ cannot perform const operation using `N`
[INFO] [stdout]    |
[INFO] [stdout]    = help: const parameters may only be used as standalone arguments, i.e. `N`
[INFO] [stdout] 
[INFO] [stdout] 
[INFO] [stdout] error: generic parameters may not be used in const operations
[INFO] [stdout]   --> src/lib.rs:17:15
[INFO] [stdout]    |
[INFO] [stdout] 17 |     [u8; bl::<N>()]: Sized,
[INFO] [stdout]    |               ^ cannot perform const operation using `N`
[INFO] [stdout]    |
[INFO] [stdout]    = help: const parameters may only be used as standalone arguments, i.e. `N`
[INFO] [stdout] 
[INFO] [stdout] 
[INFO] [stdout] error: generic parameters may not be used in const operations
[INFO] [stdout]   --> src/lib.rs:26:38
[INFO] [stdout]    |
[INFO] [stdout] 26 |     pub fingerprints: [T; capacity::<N>()],
[INFO] [stdout]    |                                      ^ cannot perform const operation using `N`
[INFO] [stdout]    |
[INFO] [stdout]    = help: const parameters may only be used as standalone arguments, i.e. `N`
[INFO] [stdout] 
[INFO] [stdout] 
[INFO] [stdout] error: generic parameters may not be used in const operations
[INFO] [stdout]   --> src/lib.rs:31:21
[INFO] [stdout]    |
[INFO] [stdout] 31 |     [u8; capacity::<N>()]: Sized,
[INFO] [stdout]    |                     ^ cannot perform const operation using `N`
[INFO] [stdout]    |
[INFO] [stdout]    = help: const parameters may only be used as standalone arguments, i.e. `N`
[INFO] [stdout] 
[INFO] [stdout] 
[INFO] [stdout] error: generic parameters may not be used in const operations
[INFO] [stdout]   --> src/lib.rs:32:15
[INFO] [stdout]    |
[INFO] [stdout] 32 |     [u8; bl::<N>()]: Sized,
[INFO] [stdout]    |               ^ cannot perform const operation using `N`
[INFO] [stdout]    |
[INFO] [stdout]    = help: const parameters may only be used as standalone arguments, i.e. `N`
[INFO] [stdout] 
[INFO] [stdout] 
[INFO] [stdout] error: generic parameters may not be used in const operations
[INFO] [stdout]   --> src/lib.rs:43:37
[INFO] [stdout]    |
[INFO] [stdout] 43 |         let mut q0: [Keyindex; bl::<N>() as usize] =
[INFO] [stdout]    |                                     ^ cannot perform const operation using `N`
[INFO] [stdout]    |
[INFO] [stdout]    = help: const parameters may only be used as standalone arguments, i.e. `N`
[INFO] [stdout] 
[INFO] [stdout] 
[INFO] [stdout] error: generic parameters may not be used in const operations
[INFO] [stdout]   --> src/lib.rs:44:51
[INFO] [stdout]    |
[INFO] [stdout] 44 |             [Keyindex { hash: 0, index: 0 }; bl::<N>() as usize];
[INFO] [stdout]    |                                                   ^ cannot perform const operation using `N`
[INFO] [stdout]    |
[INFO] [stdout]    = help: const parameters may only be used as standalone arguments, i.e. `N`
[INFO] [stdout] 
[INFO] [stdout] 
[INFO] [stdout] error: generic parameters may not be used in const operations
[INFO] [stdout]   --> src/lib.rs:45:37
[INFO] [stdout]    |
[INFO] [stdout] 45 |         let mut q1: [Keyindex; bl::<N>() as usize] =
[INFO] [stdout]    |                                     ^ cannot perform const operation using `N`
[INFO] [stdout]    |
[INFO] [stdout]    = help: const parameters may only be used as standalone arguments, i.e. `N`
[INFO] [stdout] 
[INFO] [stdout] 
[INFO] [stdout] error: generic parameters may not be used in const operations
[INFO] [stdout]   --> src/lib.rs:46:51
[INFO] [stdout]    |
[INFO] [stdout] 46 |             [Keyindex { hash: 0, index: 0 }; bl::<N>() as usize];
[INFO] [stdout]    |                                                   ^ cannot perform const operation using `N`
[INFO] [stdout]    |
[INFO] [stdout]    = help: const parameters may only be used as standalone arguments, i.e. `N`
[INFO] [stdout] 
[INFO] [stdout] 
[INFO] [stdout] error: generic parameters may not be used in const operations
[INFO] [stdout]   --> src/lib.rs:47:37
[INFO] [stdout]    |
[INFO] [stdout] 47 |         let mut q2: [Keyindex; bl::<N>() as usize] =
[INFO] [stdout]    |                                     ^ cannot perform const operation using `N`
[INFO] [stdout]    |
[INFO] [stdout]    = help: const parameters may only be used as standalone arguments, i.e. `N`
[INFO] [stdout] 
[INFO] [stdout] 
[INFO] [stdout] error: generic parameters may not be used in const operations
[INFO] [stdout]   --> src/lib.rs:48:51
[INFO] [stdout]    |
[INFO] [stdout] 48 |             [Keyindex { hash: 0, index: 0 }; bl::<N>() as usize];
[INFO] [stdout]    |                                                   ^ cannot perform const operation using `N`
[INFO] [stdout]    |
[INFO] [stdout]    = help: const parameters may only be used as standalone arguments, i.e. `N`
[INFO] [stdout] 
[INFO] [stdout] 
[INFO] [stdout] error: generic parameters may not be used in const operations
[INFO] [stdout]   --> src/lib.rs:51:38
[INFO] [stdout]    |
[INFO] [stdout] 51 |         let mut sets0: [Xorset; bl::<N>() as usize] = [Xorset {
[INFO] [stdout]    |                                      ^ cannot perform const operation using `N`
[INFO] [stdout]    |
[INFO] [stdout]    = help: const parameters may only be used as standalone arguments, i.e. `N`
[INFO] [stdout] 
[INFO] [stdout] 
[INFO] [stdout] error: generic parameters may not be used in const operations
[INFO] [stdout]   --> src/lib.rs:54:17
[INFO] [stdout]    |
[INFO] [stdout] 54 |         }; bl::<N>() as usize];
[INFO] [stdout]    |                 ^ cannot perform const operation using `N`
[INFO] [stdout]    |
[INFO] [stdout]    = help: const parameters may only be used as standalone arguments, i.e. `N`
[INFO] [stdout] 
[INFO] [stdout] 
[INFO] [stdout] error: generic parameters may not be used in const operations
[INFO] [stdout]   --> src/lib.rs:55:38
[INFO] [stdout]    |
[INFO] [stdout] 55 |         let mut sets1: [Xorset; bl::<N>() as usize] = [Xorset {
[INFO] [stdout]    |                                      ^ cannot perform const operation using `N`
[INFO] [stdout]    |
[INFO] [stdout]    = help: const parameters may only be used as standalone arguments, i.e. `N`
[INFO] [stdout] 
[INFO] [stdout] 
[INFO] [stdout] error: generic parameters may not be used in const operations
[INFO] [stdout]   --> src/lib.rs:58:17
[INFO] [stdout]    |
[INFO] [stdout] 58 |         }; bl::<N>() as usize];
[INFO] [stdout]    |                 ^ cannot perform const operation using `N`
[INFO] [stdout]    |
[INFO] [stdout]    = help: const parameters may only be used as standalone arguments, i.e. `N`
[INFO] [stdout] 
[INFO] [stdout] 
[INFO] [stdout] error: generic parameters may not be used in const operations
[INFO] [stdout]   --> src/lib.rs:59:38
[INFO] [stdout]    |
[INFO] [stdout] 59 |         let mut sets2: [Xorset; bl::<N>() as usize] = [Xorset {
[INFO] [stdout]    |                                      ^ cannot perform const operation using `N`
[INFO] [stdout]    |
[INFO] [stdout]    = help: const parameters may only be used as standalone arguments, i.e. `N`
[INFO] [stdout] 
[INFO] [stdout] 
[INFO] [stdout] error: generic parameters may not be used in const operations
[INFO] [stdout]   --> src/lib.rs:62:17
[INFO] [stdout]    |
[INFO] [stdout] 62 |         }; bl::<N>() as usize];
[INFO] [stdout]    |                 ^ cannot perform const operation using `N`
[INFO] [stdout]    |
[INFO] [stdout]    = help: const parameters may only be used as standalone arguments, i.e. `N`
[INFO] [stdout] 
[INFO] [stdout] 
[INFO] [stdout] error: generic parameters may not be used in const operations
[INFO] [stdout]    --> src/lib.rs:283:61
[INFO] [stdout]     |
[INFO] [stdout] 283 |             fingerprints: [Default::default(); capacity::<{ N }>()],
[INFO] [stdout]     |                                                             ^ cannot perform const operation using `N`
[INFO] [stdout]     |
[INFO] [stdout]     = help: const parameters may only be used as standalone arguments, i.e. `N`
[INFO] [stdout] 
[INFO] [stdout] 
[INFO] [stdout] error: generic parameters may not be used in const operations
[INFO] [stdout]    --> src/lib.rs:324:21
[INFO] [stdout]     |
[INFO] [stdout] 324 |     [(); capacity::<N>()]: Sized,
[INFO] [stdout]     |                     ^ cannot perform const operation using `N`
[INFO] [stdout]     |
[INFO] [stdout]     = help: const parameters may only be used as standalone arguments, i.e. `N`
[INFO] [stdout] 
[INFO] [stdout] 
[INFO] [stdout] error: generic parameters may not be used in const operations
[INFO] [stdout]    --> src/lib.rs:325:15
[INFO] [stdout]     |
[INFO] [stdout] 325 |     [(); bl::<N>()]: Sized,
[INFO] [stdout]     |               ^ cannot perform const operation using `N`
[INFO] [stdout]     |
[INFO] [stdout]     = help: const parameters may only be used as standalone arguments, i.e. `N`
[INFO] [stdout] 
[INFO] [stdout] 
[INFO] [stdout] error: generic parameters may not be used in const operations
[INFO] [stdout]    --> src/lib.rs:331:61
[INFO] [stdout]     |
[INFO] [stdout] 331 |             fingerprints: [Default::default(); capacity::<{ N }>()],
[INFO] [stdout]     |                                                             ^ cannot perform const operation using `N`
[INFO] [stdout]     |
[INFO] [stdout]     = help: const parameters may only be used as standalone arguments, i.e. `N`
[INFO] [stdout] 
[INFO] [stdout] 
[INFO] [stdout] error[E0554]: `#![feature]` may not be used on the stable release channel
[INFO] [stdout]  --> src/lib.rs:3:1
[INFO] [stdout]   |
[INFO] [stdout] 3 | #![feature(const_fn_floating_point_arithmetic)]
[INFO] [stdout]   | ^^^^^^^^^^^^^^^^^^^^^^^^^^^^^^^^^^^^^^^^^^^^^^^
[INFO] [stdout] 
[INFO] [stdout] 
[INFO] [stdout] error[E0554]: `#![feature]` may not be used on the stable release channel
[INFO] [stdout]  --> src/lib.rs:4:1
[INFO] [stdout]   |
[INFO] [stdout] 4 | #![feature(generic_const_exprs)]
[INFO] [stdout]   | ^^^^^^^^^^^^^^^^^^^^^^^^^^^^^^^^
[INFO] [stdout] 
[INFO] [stdout] 
[INFO] [stdout] warning: unused import: `core::hash::SipHasher`
[INFO] [stdout]  --> src/lib.rs:8:5
[INFO] [stdout]   |
[INFO] [stdout] 8 | use core::hash::SipHasher;
[INFO] [stdout]   |     ^^^^^^^^^^^^^^^^^^^^^
[INFO] [stdout]   |
[INFO] [stdout]   = note: `#[warn(unused_imports)]` on by default
[INFO] [stdout] 
[INFO] [stdout] 
[INFO] [stderr]     Checking walkdir v2.3.2
[INFO] [stderr] error: could not compile `Xorfilter` due to 31 previous errors; 5 warnings emitted
[INFO] [stdout] warning: denote infinite loops with `loop { ... }`
[INFO] [stdout]   --> src/lib.rs:63:9
[INFO] [stdout]    |
[INFO] [stdout] 63 |         while true {
[INFO] [stdout]    |         ^^^^^^^^^^ help: use `loop`
[INFO] [stdout]    |
[INFO] [stdout]    = note: `#[warn(while_true)]` on by default
[INFO] [stdout] 
[INFO] [stdout] 
[INFO] [stderr] warning: build failed, waiting for other jobs to finish...
[INFO] [stdout] warning: unnecessary parentheses around assigned value
[INFO] [stdout]    --> src/lib.rs:182:42
[INFO] [stdout]     |
[INFO] [stdout] 182 |                     Keyindexvar.index += (2 * bl::<N>() as u32);
[INFO] [stdout]     |                                          ^^^^^^^^^^^^^^^^^^^^^^ help: remove these parentheses
[INFO] [stdout]     |
[INFO] [stdout]     = note: `#[warn(unused_parens)]` on by default
[INFO] [stdout] 
[INFO] [stdout] 
[INFO] [stdout] warning: unnecessary braces around const expression
[INFO] [stdout]    --> src/lib.rs:279:28
[INFO] [stdout]     |
[INFO] [stdout] 279 |     pub fn new(keys: [u64; { N }]) -> Self {
[INFO] [stdout]     |                            ^^^^^ help: remove these braces
[INFO] [stdout]     |
[INFO] [stdout]     = note: `#[warn(unused_braces)]` on by default
[INFO] [stdout] 
[INFO] [stdout] 
[INFO] [stdout] warning: use of deprecated struct `core::hash::SipHasher`: use `std::collections::hash_map::DefaultHasher` instead
[INFO] [stdout]  --> src/lib.rs:8:17
[INFO] [stdout]   |
[INFO] [stdout] 8 | use core::hash::SipHasher;
[INFO] [stdout]   |                 ^^^^^^^^^
[INFO] [stdout]   |
[INFO] [stdout]   = note: `#[warn(deprecated)]` on by default
[INFO] [stdout] 
[INFO] [stdout] 
[INFO] [stdout] error[E0747]: unresolved item provided when a constant was expected
[INFO] [stdout]    --> src/lib.rs:324:21
[INFO] [stdout]     |
[INFO] [stdout] 324 |     [(); capacity::<N>()]: Sized,
[INFO] [stdout]     |                     ^
[INFO] [stdout]     |
[INFO] [stdout] help: if this generic argument was intended as a const parameter, surround it with braces
[INFO] [stdout]     |
[INFO] [stdout] 324 |     [(); capacity::<{ N }>()]: Sized,
[INFO] [stdout]     |                     ^   ^
[INFO] [stdout] 
[INFO] [stdout] 
[INFO] [stdout] error[E0747]: unresolved item provided when a constant was expected
[INFO] [stdout]    --> src/lib.rs:325:15
[INFO] [stdout]     |
[INFO] [stdout] 325 |     [(); bl::<N>()]: Sized,
[INFO] [stdout]     |               ^
[INFO] [stdout]     |
[INFO] [stdout] help: if this generic argument was intended as a const parameter, surround it with braces
[INFO] [stdout]     |
[INFO] [stdout] 325 |     [(); bl::<{ N }>()]: Sized,
[INFO] [stdout]     |               ^   ^
[INFO] [stdout] 
[INFO] [stdout] 
[INFO] [stdout] error[E0747]: unresolved item provided when a constant was expected
[INFO] [stdout]   --> src/lib.rs:16:21
[INFO] [stdout]    |
[INFO] [stdout] 16 |     [u8; capacity::<N>()]: Sized,
[INFO] [stdout]    |                     ^
[INFO] [stdout]    |
[INFO] [stdout] help: if this generic argument was intended as a const parameter, surround it with braces
[INFO] [stdout]    |
[INFO] [stdout] 16 |     [u8; capacity::<{ N }>()]: Sized,
[INFO] [stdout]    |                     ^   ^
[INFO] [stdout] 
[INFO] [stdout] 
[INFO] [stdout] error[E0747]: unresolved item provided when a constant was expected
[INFO] [stdout]   --> src/lib.rs:17:15
[INFO] [stdout]    |
[INFO] [stdout] 17 |     [u8; bl::<N>()]: Sized,
[INFO] [stdout]    |               ^
[INFO] [stdout]    |
[INFO] [stdout] help: if this generic argument was intended as a const parameter, surround it with braces
[INFO] [stdout]    |
[INFO] [stdout] 17 |     [u8; bl::<{ N }>()]: Sized,
[INFO] [stdout]    |               ^   ^
[INFO] [stdout] 
[INFO] [stdout] 
[INFO] [stdout] error: aborting due to 30 previous errors; 5 warnings emitted
[INFO] [stdout] 
[INFO] [stdout] 
[INFO] [stdout] Some errors have detailed explanations: E0554, E0747.
[INFO] [stdout] 
[INFO] [stdout] For more information about an error, try `rustc --explain E0554`.
[INFO] [stdout] 
[INFO] [stderr] error: build failed
[INFO] running `Command { std: "docker" "inspect" "eb183f9fd2b31bb9e41318db48c187d6357bf88e7fdd0b669dc6d04da61907df", kill_on_drop: false }`
[INFO] running `Command { std: "docker" "rm" "-f" "eb183f9fd2b31bb9e41318db48c187d6357bf88e7fdd0b669dc6d04da61907df", kill_on_drop: false }`
[INFO] [stdout] eb183f9fd2b31bb9e41318db48c187d6357bf88e7fdd0b669dc6d04da61907df
