[INFO] fetching crate TCFSMFTTTCS 0.1.3...
[INFO] checking TCFSMFTTTCS-0.1.3 against 1.55.0 for beta-1.56-3
[INFO] extracting crate TCFSMFTTTCS 0.1.3 into /workspace/builds/worker-114/source
[INFO] validating manifest of crates.io crate TCFSMFTTTCS 0.1.3 on toolchain 1.55.0
[INFO] running `Command { std: "/workspace/cargo-home/bin/cargo" "+1.55.0" "metadata" "--manifest-path" "Cargo.toml" "--no-deps", kill_on_drop: false }`
[INFO] started tweaking crates.io crate TCFSMFTTTCS 0.1.3
[INFO] finished tweaking crates.io crate TCFSMFTTTCS 0.1.3
[INFO] tweaked toml for crates.io crate TCFSMFTTTCS 0.1.3 written to /workspace/builds/worker-114/source/Cargo.toml
[INFO] running `Command { std: "/workspace/cargo-home/bin/cargo" "+1.55.0" "generate-lockfile" "--manifest-path" "Cargo.toml" "-Zno-index-update", kill_on_drop: false }`
[INFO] [stderr]     Blocking waiting for file lock on package cache
[INFO] running `Command { std: "/workspace/cargo-home/bin/cargo" "+1.55.0" "fetch" "--manifest-path" "Cargo.toml", kill_on_drop: false }`
[INFO] running `Command { std: "docker" "create" "-v" "/var/lib/crater-agent-workspace/builds/worker-114/target:/opt/rustwide/target:rw,Z" "-v" "/var/lib/crater-agent-workspace/builds/worker-114/source:/opt/rustwide/workdir:ro,Z" "-v" "/var/lib/crater-agent-workspace/cargo-home:/opt/rustwide/cargo-home:ro,Z" "-v" "/var/lib/crater-agent-workspace/rustup-home:/opt/rustwide/rustup-home:ro,Z" "-e" "SOURCE_DIR=/opt/rustwide/workdir" "-e" "CARGO_TARGET_DIR=/opt/rustwide/target" "-e" "CARGO_HOME=/opt/rustwide/cargo-home" "-e" "RUSTUP_HOME=/opt/rustwide/rustup-home" "-w" "/opt/rustwide/workdir" "-m" "1610612736" "--user" "0:0" "--network" "none" "ghcr.io/rust-lang/crates-build-env/linux@sha256:a89201d6b5b9fd45c15d5952ece0a0129e7e80cb26ec023fd59cf09bc26f1604" "/opt/rustwide/cargo-home/bin/cargo" "+1.55.0" "metadata" "--no-deps" "--format-version=1", kill_on_drop: false }`
[INFO] [stdout] 07ae5ebca151c4e79c4f23a685eef39036c998a98906f506f8c0c7ff29e5b558
[INFO] running `Command { std: "docker" "start" "-a" "07ae5ebca151c4e79c4f23a685eef39036c998a98906f506f8c0c7ff29e5b558", kill_on_drop: false }`
[INFO] running `Command { std: "docker" "inspect" "07ae5ebca151c4e79c4f23a685eef39036c998a98906f506f8c0c7ff29e5b558", kill_on_drop: false }`
[INFO] running `Command { std: "docker" "rm" "-f" "07ae5ebca151c4e79c4f23a685eef39036c998a98906f506f8c0c7ff29e5b558", kill_on_drop: false }`
[INFO] [stdout] 07ae5ebca151c4e79c4f23a685eef39036c998a98906f506f8c0c7ff29e5b558
[INFO] running `Command { std: "docker" "create" "-v" "/var/lib/crater-agent-workspace/builds/worker-114/target:/opt/rustwide/target:rw,Z" "-v" "/var/lib/crater-agent-workspace/builds/worker-114/source:/opt/rustwide/workdir:ro,Z" "-v" "/var/lib/crater-agent-workspace/cargo-home:/opt/rustwide/cargo-home:ro,Z" "-v" "/var/lib/crater-agent-workspace/rustup-home:/opt/rustwide/rustup-home:ro,Z" "-e" "SOURCE_DIR=/opt/rustwide/workdir" "-e" "CARGO_TARGET_DIR=/opt/rustwide/target" "-e" "CARGO_INCREMENTAL=0" "-e" "RUST_BACKTRACE=full" "-e" "RUSTFLAGS=--cap-lints=warn" "-e" "CARGO_HOME=/opt/rustwide/cargo-home" "-e" "RUSTUP_HOME=/opt/rustwide/rustup-home" "-w" "/opt/rustwide/workdir" "-m" "1610612736" "--user" "0:0" "--network" "none" "ghcr.io/rust-lang/crates-build-env/linux@sha256:a89201d6b5b9fd45c15d5952ece0a0129e7e80cb26ec023fd59cf09bc26f1604" "/opt/rustwide/cargo-home/bin/cargo" "+1.55.0" "check" "--frozen" "--all" "--all-targets" "--message-format=json", kill_on_drop: false }`
[INFO] [stdout] d5ace2cff2808eeb55a74e1a811a40442a1ad1554718765496ceb51c30f6fd95
[INFO] running `Command { std: "docker" "start" "-a" "d5ace2cff2808eeb55a74e1a811a40442a1ad1554718765496ceb51c30f6fd95", kill_on_drop: false }`
[INFO] [stderr]     Blocking waiting for file lock on package cache
[INFO] [stderr]     Checking proc-macro2 v1.0.30
[INFO] [stderr]     Checking TCFSMFTTTCS v0.1.3 (/opt/rustwide/workdir)
[INFO] [stdout] error[E0557]: feature has been removed
[INFO] [stdout]  --> src/lib.rs:2:12
[INFO] [stdout]   |
[INFO] [stdout] 2 | #![feature(external_doc)]
[INFO] [stdout]   |            ^^^^^^^^^^^^ feature has been removed
[INFO] [stdout]   |
[INFO] [stdout]   = note: use #[doc = include_str!("filename")] instead, which handles macro invocations
[INFO] [stdout] 
[INFO] [stdout] 
[INFO] [stdout] error[E0557]: feature has been removed
[INFO] [stdout]  --> src/lib.rs:2:12
[INFO] [stdout]   |
[INFO] [stdout] 2 | #![feature(external_doc)]
[INFO] [stdout]   |            ^^^^^^^^^^^^ feature has been removed
[INFO] [stdout]   |
[INFO] [stdout]   = note: use #[doc = include_str!("filename")] instead, which handles macro invocations
[INFO] [stdout] 
[INFO] [stdout] 
[INFO] [stdout] error[E0554]: `#![feature]` may not be used on the stable release channel
[INFO] [stdout]  --> src/lib.rs:2:1
[INFO] [stdout]   |
[INFO] [stdout] 2 | #![feature(external_doc)]
[INFO] [stdout]   | ^^^^^^^^^^^^^^^^^^^^^^^^^
[INFO] [stdout] 
[INFO] [stdout] 
[INFO] [stdout] error[E0554]: `#![feature]` may not be used on the stable release channel
[INFO] [stdout]  --> src/lib.rs:2:1
[INFO] [stdout]   |
[INFO] [stdout] 2 | #![feature(external_doc)]
[INFO] [stdout]   | ^^^^^^^^^^^^^^^^^^^^^^^^^
[INFO] [stdout] 
[INFO] [stdout] 
[INFO] [stdout] warning: unknown `doc` attribute `include`
[INFO] [stdout]   --> src/lib.rs:15:7
[INFO] [stdout]    |
[INFO] [stdout] 15 | #[doc(include = "../doc/struct TCFSMFTTTCS/description")]
[INFO] [stdout]    | ------^^^^^^^^^^^^^^^^^^^^^^^^^^^^^^^^^^^^^^^^^^^^^^^^^-- help: use `doc = include_str!` instead: `#[doc = include_str!("../doc/struct TCFSMFTTTCS/description")]`
[INFO] [stdout]    |
[INFO] [stdout]    = note: `#[warn(invalid_doc_attributes)]` on by default
[INFO] [stdout]    = warning: this was previously accepted by the compiler but is being phased out; it will become a hard error in a future release!
[INFO] [stdout]    = note: for more information, see issue #82730 <https://github.com/rust-lang/rust/issues/82730>
[INFO] [stdout] 
[INFO] [stdout] 
[INFO] [stdout] warning: unknown `doc` attribute `include`
[INFO] [stdout]   --> src/lib.rs:15:7
[INFO] [stdout]    |
[INFO] [stdout] 15 | #[doc(include = "../doc/struct TCFSMFTTTCS/description")]
[INFO] [stdout]    | ------^^^^^^^^^^^^^^^^^^^^^^^^^^^^^^^^^^^^^^^^^^^^^^^^^-- help: use `doc = include_str!` instead: `#[doc = include_str!("../doc/struct TCFSMFTTTCS/description")]`
[INFO] [stdout]    |
[INFO] [stdout]    = note: `#[warn(invalid_doc_attributes)]` on by default
[INFO] [stdout]    = warning: this was previously accepted by the compiler but is being phased out; it will become a hard error in a future release!
[INFO] [stdout]    = note: for more information, see issue #82730 <https://github.com/rust-lang/rust/issues/82730>
[INFO] [stdout] 
[INFO] [stdout] 
[INFO] [stdout] warning: unknown `doc` attribute `include`
[INFO] [stdout]   --> src/lib.rs:16:7
[INFO] [stdout]    |
[INFO] [stdout] 16 | #[doc(include = "../doc/struct TCFSMFTTTCS/md-links")]
[INFO] [stdout]    | ------^^^^^^^^^^^^^^^^^^^^^^^^^^^^^^^^^^^^^^^^^^^^^^-- help: use `doc = include_str!` instead: `#[doc = include_str!("../doc/struct TCFSMFTTTCS/md-links")]`
[INFO] [stdout]    |
[INFO] [stdout]    = warning: this was previously accepted by the compiler but is being phased out; it will become a hard error in a future release!
[INFO] [stdout]    = note: for more information, see issue #82730 <https://github.com/rust-lang/rust/issues/82730>
[INFO] [stdout] 
[INFO] [stdout] 
[INFO] [stdout] warning: unknown `doc` attribute `include`
[INFO] [stdout]   --> src/lib.rs:16:7
[INFO] [stdout]    |
[INFO] [stdout] 16 | #[doc(include = "../doc/struct TCFSMFTTTCS/md-links")]
[INFO] [stdout]    | ------^^^^^^^^^^^^^^^^^^^^^^^^^^^^^^^^^^^^^^^^^^^^^^-- help: use `doc = include_str!` instead: `#[doc = include_str!("../doc/struct TCFSMFTTTCS/md-links")]`
[INFO] [stdout]    |
[INFO] [stdout]    = warning: this was previously accepted by the compiler but is being phased out; it will become a hard error in a future release!
[INFO] [stdout]    = note: for more information, see issue #82730 <https://github.com/rust-lang/rust/issues/82730>
[INFO] [stdout] 
[INFO] [stdout] 
[INFO] [stdout] warning: unknown `doc` attribute `include`
[INFO] [stdout]   --> src/lib.rs:24:11
[INFO] [stdout]    |
[INFO] [stdout] 24 |     #[doc(include = "../doc/struct TCFSMFTTTCS/impl/description")]
[INFO] [stdout]    |     ------^^^^^^^^^^^^^^^^^^^^^^^^^^^^^^^^^^^^^^^^^^^^^^^^^^^^^^-- help: use `doc = include_str!` instead: `#[doc = include_str!("../doc/struct TCFSMFTTTCS/impl/description")]`
[INFO] [stdout]    |
[INFO] [stdout]    = warning: this was previously accepted by the compiler but is being phased out; it will become a hard error in a future release!
[INFO] [stdout]    = note: for more information, see issue #82730 <https://github.com/rust-lang/rust/issues/82730>
[INFO] [stdout] 
[INFO] [stdout] 
[INFO] [stdout] warning: unknown `doc` attribute `include`
[INFO] [stdout]   --> src/lib.rs:24:11
[INFO] [stdout]    |
[INFO] [stdout] 24 |     #[doc(include = "../doc/struct TCFSMFTTTCS/impl/description")]
[INFO] [stdout]    |     ------^^^^^^^^^^^^^^^^^^^^^^^^^^^^^^^^^^^^^^^^^^^^^^^^^^^^^^-- help: use `doc = include_str!` instead: `#[doc = include_str!("../doc/struct TCFSMFTTTCS/impl/description")]`
[INFO] [stdout]    |
[INFO] [stdout]    = warning: this was previously accepted by the compiler but is being phased out; it will become a hard error in a future release!
[INFO] [stdout]    = note: for more information, see issue #82730 <https://github.com/rust-lang/rust/issues/82730>
[INFO] [stdout] 
[INFO] [stdout] 
[INFO] [stdout] warning: unknown `doc` attribute `include`
[INFO] [stdout]  --> src/lib.rs:5:8
[INFO] [stdout]   |
[INFO] [stdout] 5 | #![doc(include = "../doc/struct TCFSMFTTTCS/description")]
[INFO] [stdout]   | -------^^^^^^^^^^^^^^^^^^^^^^^^^^^^^^^^^^^^^^^^^^^^^^^^^-- help: use `doc = include_str!` instead: `#![doc = include_str!("../doc/struct TCFSMFTTTCS/description")]`
[INFO] [stdout]   |
[INFO] [stdout]   = warning: this was previously accepted by the compiler but is being phased out; it will become a hard error in a future release!
[INFO] [stdout]   = note: for more information, see issue #82730 <https://github.com/rust-lang/rust/issues/82730>
[INFO] [stdout] 
[INFO] [stdout] 
[INFO] [stdout] warning: unknown `doc` attribute `include`
[INFO] [stdout]  --> src/lib.rs:6:8
[INFO] [stdout]   |
[INFO] [stdout] 6 | #![doc(include = "../doc/ToC")] // Table of Contents
[INFO] [stdout]   | -------^^^^^^^^^^^^^^^^^^^^^^-- help: use `doc = include_str!` instead: `#![doc = include_str!("../doc/ToC")]`
[INFO] [stdout]   |
[INFO] [stdout]   = warning: this was previously accepted by the compiler but is being phased out; it will become a hard error in a future release!
[INFO] [stdout]   = note: for more information, see issue #82730 <https://github.com/rust-lang/rust/issues/82730>
[INFO] [stdout] 
[INFO] [stdout] 
[INFO] [stdout] warning: unknown `doc` attribute `include`
[INFO] [stdout]  --> src/lib.rs:5:8
[INFO] [stdout]   |
[INFO] [stdout] 5 | #![doc(include = "../doc/struct TCFSMFTTTCS/description")]
[INFO] [stdout]   | -------^^^^^^^^^^^^^^^^^^^^^^^^^^^^^^^^^^^^^^^^^^^^^^^^^-- help: use `doc = include_str!` instead: `#![doc = include_str!("../doc/struct TCFSMFTTTCS/description")]`
[INFO] [stdout]   |
[INFO] [stdout]   = warning: this was previously accepted by the compiler but is being phased out; it will become a hard error in a future release!
[INFO] [stdout]   = note: for more information, see issue #82730 <https://github.com/rust-lang/rust/issues/82730>
[INFO] [stdout] 
[INFO] [stdout] 
[INFO] [stdout] warning: unknown `doc` attribute `include`
[INFO] [stdout]  --> src/lib.rs:7:8
[INFO] [stdout]   |
[INFO] [stdout] 7 | #![doc(include = "../doc/definitions, signs, and properties")]
[INFO] [stdout]   | -------^^^^^^^^^^^^^^^^^^^^^^^^^^^^^^^^^^^^^^^^^^^^^^^^^^^^^-- help: use `doc = include_str!` instead: `#![doc = include_str!("../doc/definitions, signs, and properties")]`
[INFO] [stdout]   |
[INFO] [stdout]   = warning: this was previously accepted by the compiler but is being phased out; it will become a hard error in a future release!
[INFO] [stdout]   = note: for more information, see issue #82730 <https://github.com/rust-lang/rust/issues/82730>
[INFO] [stdout] 
[INFO] [stdout] 
[INFO] [stdout] warning: unknown `doc` attribute `include`
[INFO] [stdout]  --> src/lib.rs:6:8
[INFO] [stdout]   |
[INFO] [stdout] 6 | #![doc(include = "../doc/ToC")] // Table of Contents
[INFO] [stdout]   | -------^^^^^^^^^^^^^^^^^^^^^^-- help: use `doc = include_str!` instead: `#![doc = include_str!("../doc/ToC")]`
[INFO] [stdout]   |
[INFO] [stdout]   = warning: this was previously accepted by the compiler but is being phased out; it will become a hard error in a future release!
[INFO] [stdout]   = note: for more information, see issue #82730 <https://github.com/rust-lang/rust/issues/82730>
[INFO] [stdout] 
[INFO] [stdout] 
[INFO] [stdout] warning: unknown `doc` attribute `include`
[INFO] [stdout]  --> src/lib.rs:8:8
[INFO] [stdout]   |
[INFO] [stdout] 8 | #![doc(include = "../doc/md-links")]
[INFO] [stdout]   | -------^^^^^^^^^^^^^^^^^^^^^^^^^^^-- help: use `doc = include_str!` instead: `#![doc = include_str!("../doc/md-links")]`
[INFO] [stdout]   |
[INFO] [stdout]   = warning: this was previously accepted by the compiler but is being phased out; it will become a hard error in a future release!
[INFO] [stdout]   = note: for more information, see issue #82730 <https://github.com/rust-lang/rust/issues/82730>
[INFO] [stdout] 
[INFO] [stdout] 
[INFO] [stdout] warning: unknown `doc` attribute `include`
[INFO] [stdout]  --> src/lib.rs:7:8
[INFO] [stdout]   |
[INFO] [stdout] 7 | #![doc(include = "../doc/definitions, signs, and properties")]
[INFO] [stdout]   | -------^^^^^^^^^^^^^^^^^^^^^^^^^^^^^^^^^^^^^^^^^^^^^^^^^^^^^-- help: use `doc = include_str!` instead: `#![doc = include_str!("../doc/definitions, signs, and properties")]`
[INFO] [stdout]   |
[INFO] [stdout]   = warning: this was previously accepted by the compiler but is being phased out; it will become a hard error in a future release!
[INFO] [stdout]   = note: for more information, see issue #82730 <https://github.com/rust-lang/rust/issues/82730>
[INFO] [stdout] 
[INFO] [stdout] 
[INFO] [stdout] warning: unknown `doc` attribute `include`
[INFO] [stdout]  --> src/lib.rs:8:8
[INFO] [stdout]   |
[INFO] [stdout] 8 | #![doc(include = "../doc/md-links")]
[INFO] [stdout]   | -------^^^^^^^^^^^^^^^^^^^^^^^^^^^-- help: use `doc = include_str!` instead: `#![doc = include_str!("../doc/md-links")]`
[INFO] [stdout]   |
[INFO] [stdout]   = warning: this was previously accepted by the compiler but is being phased out; it will become a hard error in a future release!
[INFO] [stdout]   = note: for more information, see issue #82730 <https://github.com/rust-lang/rust/issues/82730>
[INFO] [stdout] 
[INFO] [stdout] 
[INFO] [stdout] error: aborting due to 2 previous errors; 7 warnings emitted
[INFO] [stdout] 
[INFO] [stdout] 
[INFO] [stdout] Some errors have detailed explanations: E0554, E0557.
[INFO] [stdout] 
[INFO] [stdout] For more information about an error, try `rustc --explain E0554`.
[INFO] [stdout] 
[INFO] [stdout] error: aborting due to 2 previous errors; 7 warnings emitted
[INFO] [stdout] 
[INFO] [stdout] 
[INFO] [stdout] Some errors have detailed explanations: E0554, E0557.
[INFO] [stdout] 
[INFO] [stdout] For more information about an error, try `rustc --explain E0554`.
[INFO] [stdout] 
[INFO] [stderr] error: could not compile `TCFSMFTTTCS` due to 3 previous errors; 7 warnings emitted
[INFO] [stderr] warning: build failed, waiting for other jobs to finish...
[INFO] [stderr] error: build failed
[INFO] running `Command { std: "docker" "inspect" "d5ace2cff2808eeb55a74e1a811a40442a1ad1554718765496ceb51c30f6fd95", kill_on_drop: false }`
[INFO] running `Command { std: "docker" "rm" "-f" "d5ace2cff2808eeb55a74e1a811a40442a1ad1554718765496ceb51c30f6fd95", kill_on_drop: false }`
[INFO] [stdout] d5ace2cff2808eeb55a74e1a811a40442a1ad1554718765496ceb51c30f6fd95
