[INFO] cloning repository https://github.com/zyansheep/dither-onion-router
[INFO] running `Command { std: "git" "-c" "credential.helper=" "-c" "credential.helper=/workspace/cargo-home/bin/git-credential-null" "clone" "--bare" "https://github.com/zyansheep/dither-onion-router" "/workspace/cache/git-repos/https%3A%2F%2Fgithub.com%2Fzyansheep%2Fdither-onion-router", kill_on_drop: false }`
[INFO] [stderr] Cloning into bare repository '/workspace/cache/git-repos/https%3A%2F%2Fgithub.com%2Fzyansheep%2Fdither-onion-router'...
[INFO] running `Command { std: "git" "rev-parse" "HEAD", kill_on_drop: false }`
[INFO] [stdout] 0ac49fbf4e329993eed0cca39a5320b5eff07d92
[INFO] checking zyansheep/dither-onion-router against 1.55.0 for beta-1.56-3
[INFO] running `Command { std: "git" "clone" "/workspace/cache/git-repos/https%3A%2F%2Fgithub.com%2Fzyansheep%2Fdither-onion-router" "/workspace/builds/worker-88/source", kill_on_drop: false }`
[INFO] [stderr] Cloning into '/workspace/builds/worker-88/source'...
[INFO] [stderr] done.
[INFO] validating manifest of git repo https://github.com/zyansheep/dither-onion-router on toolchain 1.55.0
[INFO] running `Command { std: "/workspace/cargo-home/bin/cargo" "+1.55.0" "metadata" "--manifest-path" "Cargo.toml" "--no-deps", kill_on_drop: false }`
[INFO] started tweaking git repo https://github.com/zyansheep/dither-onion-router
[INFO] finished tweaking git repo https://github.com/zyansheep/dither-onion-router
[INFO] tweaked toml for git repo https://github.com/zyansheep/dither-onion-router written to /workspace/builds/worker-88/source/Cargo.toml
[INFO] crate git repo https://github.com/zyansheep/dither-onion-router already has a lockfile, it will not be regenerated
[INFO] running `Command { std: "/workspace/cargo-home/bin/cargo" "+1.55.0" "fetch" "--manifest-path" "Cargo.toml", kill_on_drop: false }`
[INFO] [stderr]     Blocking waiting for file lock on package cache
[INFO] [stderr]     Blocking waiting for file lock on package cache
[INFO] running `Command { std: "docker" "create" "-v" "/var/lib/crater-agent-workspace/builds/worker-88/target:/opt/rustwide/target:rw,Z" "-v" "/var/lib/crater-agent-workspace/builds/worker-88/source:/opt/rustwide/workdir:ro,Z" "-v" "/var/lib/crater-agent-workspace/cargo-home:/opt/rustwide/cargo-home:ro,Z" "-v" "/var/lib/crater-agent-workspace/rustup-home:/opt/rustwide/rustup-home:ro,Z" "-e" "SOURCE_DIR=/opt/rustwide/workdir" "-e" "CARGO_TARGET_DIR=/opt/rustwide/target" "-e" "CARGO_HOME=/opt/rustwide/cargo-home" "-e" "RUSTUP_HOME=/opt/rustwide/rustup-home" "-w" "/opt/rustwide/workdir" "-m" "1610612736" "--user" "0:0" "--network" "none" "ghcr.io/rust-lang/crates-build-env/linux@sha256:a89201d6b5b9fd45c15d5952ece0a0129e7e80cb26ec023fd59cf09bc26f1604" "/opt/rustwide/cargo-home/bin/cargo" "+1.55.0" "metadata" "--no-deps" "--format-version=1", kill_on_drop: false }`
[INFO] [stdout] a533ddcf7259992d8eef48df8b16a8e9d932edc36fe55296510aa925b5a68abd
[INFO] running `Command { std: "docker" "start" "-a" "a533ddcf7259992d8eef48df8b16a8e9d932edc36fe55296510aa925b5a68abd", kill_on_drop: false }`
[INFO] running `Command { std: "docker" "inspect" "a533ddcf7259992d8eef48df8b16a8e9d932edc36fe55296510aa925b5a68abd", kill_on_drop: false }`
[INFO] running `Command { std: "docker" "rm" "-f" "a533ddcf7259992d8eef48df8b16a8e9d932edc36fe55296510aa925b5a68abd", kill_on_drop: false }`
[INFO] [stdout] a533ddcf7259992d8eef48df8b16a8e9d932edc36fe55296510aa925b5a68abd
[INFO] running `Command { std: "docker" "create" "-v" "/var/lib/crater-agent-workspace/builds/worker-88/target:/opt/rustwide/target:rw,Z" "-v" "/var/lib/crater-agent-workspace/builds/worker-88/source:/opt/rustwide/workdir:ro,Z" "-v" "/var/lib/crater-agent-workspace/cargo-home:/opt/rustwide/cargo-home:ro,Z" "-v" "/var/lib/crater-agent-workspace/rustup-home:/opt/rustwide/rustup-home:ro,Z" "-e" "SOURCE_DIR=/opt/rustwide/workdir" "-e" "CARGO_TARGET_DIR=/opt/rustwide/target" "-e" "CARGO_INCREMENTAL=0" "-e" "RUST_BACKTRACE=full" "-e" "RUSTFLAGS=--cap-lints=warn" "-e" "CARGO_HOME=/opt/rustwide/cargo-home" "-e" "RUSTUP_HOME=/opt/rustwide/rustup-home" "-w" "/opt/rustwide/workdir" "-m" "1610612736" "--user" "0:0" "--network" "none" "ghcr.io/rust-lang/crates-build-env/linux@sha256:a89201d6b5b9fd45c15d5952ece0a0129e7e80cb26ec023fd59cf09bc26f1604" "/opt/rustwide/cargo-home/bin/cargo" "+1.55.0" "check" "--frozen" "--all" "--all-targets" "--message-format=json", kill_on_drop: false }`
[INFO] [stdout] 7b1a9e3be7e53c824463885c04a301a8fef1c3291b2787c0e37ad2e2911fefca
[INFO] running `Command { std: "docker" "start" "-a" "7b1a9e3be7e53c824463885c04a301a8fef1c3291b2787c0e37ad2e2911fefca", kill_on_drop: false }`
[INFO] [stderr]     Blocking waiting for file lock on package cache
[INFO] [stderr]    Compiling libc v0.2.92
[INFO] [stderr]    Compiling syn v1.0.68
[INFO] [stderr]    Compiling serde_derive v1.0.125
[INFO] [stderr]    Compiling serde v1.0.125
[INFO] [stderr]     Checking adler32 v1.2.0
[INFO] [stderr]    Compiling crc32fast v1.2.1
[INFO] [stderr]    Compiling semver-parser v0.7.0
[INFO] [stderr]    Compiling getrandom v0.1.16
[INFO] [stderr]    Compiling getrandom v0.2.2
[INFO] [stderr]     Checking color_quant v1.1.0
[INFO] [stderr]     Checking gimli v0.23.0
[INFO] [stderr]    Compiling arrayvec v0.4.12
[INFO] [stderr]     Checking jpeg-decoder v0.1.22
[INFO] [stderr]     Checking rustc-demangle v0.1.18
[INFO] [stderr]     Checking lzw v0.10.0
[INFO] [stderr]     Checking regex-syntax v0.6.23
[INFO] [stderr]     Checking object v0.23.0
[INFO] [stderr]     Checking nodrop v0.1.14
[INFO] [stderr]     Checking plotters-backend v0.3.0
[INFO] [stderr]    Compiling paste v1.0.5
[INFO] [stderr]     Checking rawpointer v0.2.1
[INFO] [stderr]     Checking bytemuck v1.5.1
[INFO] [stderr]    Compiling serde_json v1.0.64
[INFO] [stderr]    Compiling anyhow v1.0.40
[INFO] [stderr]     Checking float-ord v0.2.0
[INFO] [stderr]     Checking constant_time_eq v0.1.5
[INFO] [stderr]     Checking itoa v0.4.7
[INFO] [stderr]     Checking bit-vec v0.6.3
[INFO] [stderr]     Checking humantime v2.1.0
[INFO] [stderr]     Checking fixedbitset v0.2.0
[INFO] [stderr]    Compiling num-traits v0.2.14
[INFO] [stderr]    Compiling num-integer v0.1.44
[INFO] [stderr]    Compiling num-iter v0.1.42
[INFO] [stderr]    Compiling num-rational v0.2.4
[INFO] [stderr]    Compiling num-rational v0.3.2
[INFO] [stderr]    Compiling priority-queue v1.1.1
[INFO] [stderr]    Compiling cmake v0.1.45
[INFO] [stderr]    Compiling servo-fontconfig-sys v4.0.9
[INFO] [stderr]    Compiling error-chain v0.12.4
[INFO] [stderr]    Compiling slotmap v1.0.2
[INFO] [stderr]     Checking stb_truetype v0.3.1
[INFO] [stderr]     Checking regex-automata v0.1.9
[INFO] [stderr]     Checking csv-core v0.1.10
[INFO] [stderr]     Checking deflate v0.7.20
[INFO] [stderr]     Checking inflate v0.4.5
[INFO] [stderr]     Checking miniz_oxide v0.3.7
[INFO] [stderr]     Checking deflate v0.8.6
[INFO] [stderr]    Compiling semver v0.9.0
[INFO] [stderr]     Checking matrixmultiply v0.3.0
[INFO] [stderr]    Compiling rustc_version v0.2.3
[INFO] [stderr]    Compiling servo-freetype-sys v4.0.5
[INFO] [stderr]    Compiling expat-sys v2.1.6
[INFO] [stderr]     Checking plotters-svg v0.3.0
[INFO] [stderr]     Checking bit-set v0.5.2
[INFO] [stderr]     Checking gif v0.10.3
[INFO] [stderr]    Compiling pathfinder_simd v0.5.0
[INFO] [stderr]     Checking dirs-sys v0.3.5
[INFO] [stderr]     Checking time v0.1.43
[INFO] [stderr]     Checking atty v0.2.14
[INFO] [stderr]     Checking addr2line v0.14.1
[INFO] [stderr]     Checking regex v1.4.5
[INFO] [stderr]     Checking png v0.15.3
[INFO] [stderr]     Checking png v0.16.8
[INFO] [stderr]     Checking dirs v2.0.2
[INFO] [stderr]     Checking blake2-rfc v0.2.18
[INFO] [stderr]     Checking freetype v0.4.1
[INFO] [stderr]     Checking approx v0.4.0
[INFO] [stderr]     Checking approx v0.3.2
[INFO] [stderr]     Checking ordered-float v1.1.1
[INFO] [stderr]     Checking vpsearch v2.0.1
[INFO] [stderr]     Checking rand_core v0.5.1
[INFO] [stderr]     Checking rand_core v0.6.2
[INFO] [stderr]     Checking servo-fontconfig v0.4.0
[INFO] [stderr]     Checking backtrace v0.3.56
[INFO] [stderr]     Checking rusttype v0.8.3
[INFO] [stderr]     Checking rand_chacha v0.2.2
[INFO] [stderr]     Checking rand_chacha v0.3.0
[INFO] [stderr]     Checking chrono v0.4.19
[INFO] [stderr]     Checking rand v0.8.3
[INFO] [stderr]     Checking rand v0.7.3
[INFO] [stderr]     Checking image v0.22.5
[INFO] [stderr]     Checking pathfinder_geometry v0.5.1
[INFO] [stderr]     Checking ta v0.4.0
[INFO] [stderr]     Checking image v0.23.14
[INFO] [stderr]     Checking env_logger v0.8.3
[INFO] [stderr]     Checking fancy-regex v0.5.0
[INFO] [stderr]     Checking font-kit v0.7.1
[INFO] [stderr]     Checking permutation_iterator v0.1.2
[INFO] [stderr]     Checking plotters-bitmap v0.3.0
[INFO] [stderr]    Compiling thiserror-impl v1.0.24
[INFO] [stderr]    Compiling derivative v2.2.0
[INFO] [stderr]     Checking plotters v0.3.0
[INFO] [stderr]     Checking thiserror v1.0.24
[INFO] [stderr]     Checking num-complex v0.3.1
[INFO] [stderr]     Checking bstr v0.2.15
[INFO] [stderr]     Checking bincode v1.3.2
[INFO] [stderr]     Checking bimap v0.6.0
[INFO] [stderr]     Checking petgraph v0.5.1
[INFO] [stderr]     Checking smallvec v1.6.1
[INFO] [stderr]     Checking simba v0.4.0
[INFO] [stderr]     Checking csv v1.1.6
[INFO] [stderr]     Checking nalgebra v0.25.3
[INFO] [stderr]     Checking dbr-sim v0.1.0 (/opt/rustwide/workdir)
[INFO] [stdout] error[E0554]: `#![feature]` may not be used on the stable release channel
[INFO] [stdout]  --> src/main.rs:1:1
[INFO] [stdout]   |
[INFO] [stdout] 1 | #![feature(drain_filter)]
[INFO] [stdout]   | ^^^^^^^^^^^^^^^^^^^^^^^^^
[INFO] [stdout] 
[INFO] [stdout] 
[INFO] [stdout] error[E0554]: `#![feature]` may not be used on the stable release channel
[INFO] [stdout]  --> src/main.rs:2:1
[INFO] [stdout]   |
[INFO] [stdout] 2 | #![feature(backtrace)]
[INFO] [stdout]   | ^^^^^^^^^^^^^^^^^^^^^^
[INFO] [stdout] 
[INFO] [stdout] 
[INFO] [stdout] error[E0554]: `#![feature]` may not be used on the stable release channel
[INFO] [stdout]  --> src/main.rs:3:1
[INFO] [stdout]   |
[INFO] [stdout] 3 | #![feature(try_blocks)]
[INFO] [stdout]   | ^^^^^^^^^^^^^^^^^^^^^^^
[INFO] [stdout] 
[INFO] [stdout] 
[INFO] [stdout] error[E0554]: `#![feature]` may not be used on the stable release channel
[INFO] [stdout]  --> src/main.rs:1:1
[INFO] [stdout]   |
[INFO] [stdout] 1 | #![feature(drain_filter)]
[INFO] [stdout]   | ^^^^^^^^^^^^^^^^^^^^^^^^^
[INFO] [stdout] 
[INFO] [stdout] 
[INFO] [stdout] error[E0554]: `#![feature]` may not be used on the stable release channel
[INFO] [stdout]  --> src/main.rs:2:1
[INFO] [stdout]   |
[INFO] [stdout] 2 | #![feature(backtrace)]
[INFO] [stdout]   | ^^^^^^^^^^^^^^^^^^^^^^
[INFO] [stdout] 
[INFO] [stdout] 
[INFO] [stdout] error[E0554]: `#![feature]` may not be used on the stable release channel
[INFO] [stdout]  --> src/main.rs:3:1
[INFO] [stdout]   |
[INFO] [stdout] 3 | #![feature(try_blocks)]
[INFO] [stdout]   | ^^^^^^^^^^^^^^^^^^^^^^^
[INFO] [stdout] 
[INFO] [stdout] 
[INFO] [stderr] error: could not compile `dbr-sim` due to 4 previous errors
[INFO] [stdout] error: aborting due to 3 previous errors
[INFO] [stdout] 
[INFO] [stdout] 
[INFO] [stderr] warning: build failed, waiting for other jobs to finish...
[INFO] [stdout] error: aborting due to 3 previous errors
[INFO] [stdout] 
[INFO] [stdout] 
[INFO] [stdout] For more information about this error, try `rustc --explain E0554`.
[INFO] [stdout] 
[INFO] [stdout] For more information about this error, try `rustc --explain E0554`.
[INFO] [stdout] 
[INFO] [stderr] error: build failed
[INFO] running `Command { std: "docker" "inspect" "7b1a9e3be7e53c824463885c04a301a8fef1c3291b2787c0e37ad2e2911fefca", kill_on_drop: false }`
[INFO] running `Command { std: "docker" "rm" "-f" "7b1a9e3be7e53c824463885c04a301a8fef1c3291b2787c0e37ad2e2911fefca", kill_on_drop: false }`
[INFO] [stdout] 7b1a9e3be7e53c824463885c04a301a8fef1c3291b2787c0e37ad2e2911fefca
