[INFO] cloning repository https://github.com/zhiwei-w-luo/near-rpc
[INFO] running `Command { std: "git" "-c" "credential.helper=" "-c" "credential.helper=/workspace/cargo-home/bin/git-credential-null" "clone" "--bare" "https://github.com/zhiwei-w-luo/near-rpc" "/workspace/cache/git-repos/https%3A%2F%2Fgithub.com%2Fzhiwei-w-luo%2Fnear-rpc", kill_on_drop: false }`
[INFO] [stderr] Cloning into bare repository '/workspace/cache/git-repos/https%3A%2F%2Fgithub.com%2Fzhiwei-w-luo%2Fnear-rpc'...
[INFO] running `Command { std: "git" "rev-parse" "HEAD", kill_on_drop: false }`
[INFO] [stdout] 69837849f347a7d52fa1e5d804025766f17e9815
[INFO] checking zhiwei-w-luo/near-rpc against 1.55.0 for beta-1.56-3
[INFO] running `Command { std: "git" "clone" "/workspace/cache/git-repos/https%3A%2F%2Fgithub.com%2Fzhiwei-w-luo%2Fnear-rpc" "/workspace/builds/worker-115/source", kill_on_drop: false }`
[INFO] [stderr] Cloning into '/workspace/builds/worker-115/source'...
[INFO] [stderr] done.
[INFO] [stderr] Updating files:  77% (31/40)
Updating files:  80% (32/40)
Updating files:  82% (33/40)
Updating files:  85% (34/40)
Updating files:  87% (35/40)
Updating files:  90% (36/40)
Updating files:  92% (37/40)
Updating files:  95% (38/40)
Updating files:  97% (39/40)
Updating files: 100% (40/40)
Updating files: 100% (40/40), done.
[INFO] validating manifest of git repo https://github.com/zhiwei-w-luo/near-rpc on toolchain 1.55.0
[INFO] running `Command { std: "/workspace/cargo-home/bin/cargo" "+1.55.0" "metadata" "--manifest-path" "Cargo.toml" "--no-deps", kill_on_drop: false }`
[INFO] started tweaking git repo https://github.com/zhiwei-w-luo/near-rpc
[INFO] finished tweaking git repo https://github.com/zhiwei-w-luo/near-rpc
[INFO] tweaked toml for git repo https://github.com/zhiwei-w-luo/near-rpc written to /workspace/builds/worker-115/source/Cargo.toml
[INFO] crate git repo https://github.com/zhiwei-w-luo/near-rpc already has a lockfile, it will not be regenerated
[INFO] running `Command { std: "/workspace/cargo-home/bin/cargo" "+1.55.0" "fetch" "--manifest-path" "Cargo.toml", kill_on_drop: false }`
[INFO] [stderr] warning: file found to be present in multiple build targets: /workspace/builds/worker-115/source/examples/status.rs
[INFO] [stderr]     Blocking waiting for file lock on package cache
[INFO] [stderr]     Blocking waiting for file lock on package cache
[INFO] running `Command { std: "docker" "create" "-v" "/var/lib/crater-agent-workspace/builds/worker-115/target:/opt/rustwide/target:rw,Z" "-v" "/var/lib/crater-agent-workspace/builds/worker-115/source:/opt/rustwide/workdir:ro,Z" "-v" "/var/lib/crater-agent-workspace/cargo-home:/opt/rustwide/cargo-home:ro,Z" "-v" "/var/lib/crater-agent-workspace/rustup-home:/opt/rustwide/rustup-home:ro,Z" "-e" "SOURCE_DIR=/opt/rustwide/workdir" "-e" "CARGO_TARGET_DIR=/opt/rustwide/target" "-e" "CARGO_HOME=/opt/rustwide/cargo-home" "-e" "RUSTUP_HOME=/opt/rustwide/rustup-home" "-w" "/opt/rustwide/workdir" "-m" "1610612736" "--user" "0:0" "--network" "none" "ghcr.io/rust-lang/crates-build-env/linux@sha256:a89201d6b5b9fd45c15d5952ece0a0129e7e80cb26ec023fd59cf09bc26f1604" "/opt/rustwide/cargo-home/bin/cargo" "+1.55.0" "metadata" "--no-deps" "--format-version=1", kill_on_drop: false }`
[INFO] [stdout] ddb45834b8dd20789eecaf422d3736b60a66fc1adcaa417f0682c788f44122c3
[INFO] running `Command { std: "docker" "start" "-a" "ddb45834b8dd20789eecaf422d3736b60a66fc1adcaa417f0682c788f44122c3", kill_on_drop: false }`
[INFO] running `Command { std: "docker" "inspect" "ddb45834b8dd20789eecaf422d3736b60a66fc1adcaa417f0682c788f44122c3", kill_on_drop: false }`
[INFO] running `Command { std: "docker" "rm" "-f" "ddb45834b8dd20789eecaf422d3736b60a66fc1adcaa417f0682c788f44122c3", kill_on_drop: false }`
[INFO] [stdout] ddb45834b8dd20789eecaf422d3736b60a66fc1adcaa417f0682c788f44122c3
[INFO] running `Command { std: "docker" "create" "-v" "/var/lib/crater-agent-workspace/builds/worker-115/target:/opt/rustwide/target:rw,Z" "-v" "/var/lib/crater-agent-workspace/builds/worker-115/source:/opt/rustwide/workdir:ro,Z" "-v" "/var/lib/crater-agent-workspace/cargo-home:/opt/rustwide/cargo-home:ro,Z" "-v" "/var/lib/crater-agent-workspace/rustup-home:/opt/rustwide/rustup-home:ro,Z" "-e" "SOURCE_DIR=/opt/rustwide/workdir" "-e" "CARGO_TARGET_DIR=/opt/rustwide/target" "-e" "CARGO_INCREMENTAL=0" "-e" "RUST_BACKTRACE=full" "-e" "RUSTFLAGS=--cap-lints=warn" "-e" "CARGO_HOME=/opt/rustwide/cargo-home" "-e" "RUSTUP_HOME=/opt/rustwide/rustup-home" "-w" "/opt/rustwide/workdir" "-m" "1610612736" "--user" "0:0" "--network" "none" "ghcr.io/rust-lang/crates-build-env/linux@sha256:a89201d6b5b9fd45c15d5952ece0a0129e7e80cb26ec023fd59cf09bc26f1604" "/opt/rustwide/cargo-home/bin/cargo" "+1.55.0" "check" "--frozen" "--all" "--all-targets" "--message-format=json", kill_on_drop: false }`
[INFO] [stdout] 07f88864cdee48ac3c6e8fbe1ec763d07c999d0fa2c01963eff493271bacc687
[INFO] running `Command { std: "docker" "start" "-a" "07f88864cdee48ac3c6e8fbe1ec763d07c999d0fa2c01963eff493271bacc687", kill_on_drop: false }`
[INFO] [stderr] warning: file found to be present in multiple build targets: /opt/rustwide/workdir/examples/status.rs
[INFO] [stderr]    Compiling libc v0.2.68
[INFO] [stderr]    Compiling autocfg v1.0.0
[INFO] [stderr]    Compiling log v0.4.8
[INFO] [stderr]    Compiling proc-macro2 v1.0.9
[INFO] [stderr]    Compiling byteorder v1.3.4
[INFO] [stderr]    Compiling syn v1.0.17
[INFO] [stderr]    Compiling cc v1.0.50
[INFO] [stderr]     Checking either v1.5.3
[INFO] [stderr]     Checking itoa v0.4.5
[INFO] [stderr]    Compiling typenum v1.11.2
[INFO] [stderr]    Compiling pkg-config v0.3.17
[INFO] [stderr]     Checking bytes v0.5.4
[INFO] [stderr]     Checking futures-core v0.3.4
[INFO] [stderr]    Compiling getrandom v0.1.14
[INFO] [stderr]    Compiling memchr v2.3.3
[INFO] [stderr]     Checking arc-swap v0.4.5
[INFO] [stderr]     Checking smallvec v1.2.0
[INFO] [stderr]     Checking pin-project-lite v0.1.4
[INFO] [stderr]    Compiling serde v1.0.105
[INFO] [stderr]    Compiling ryu v1.0.3
[INFO] [stderr]     Checking byte-tools v0.3.1
[INFO] [stderr]     Checking try-lock v0.2.2
[INFO] [stderr]    Compiling openssl v0.10.28
[INFO] [stderr]     Checking ppv-lite86 v0.2.6
[INFO] [stderr]    Compiling native-tls v0.2.4
[INFO] [stderr]     Checking futures-sink v0.3.4
[INFO] [stderr]     Checking futures-task v0.3.4
[INFO] [stderr]     Checking pin-utils v0.1.0-alpha.4
[INFO] [stderr]     Checking opaque-debug v0.2.3
[INFO] [stderr]     Checking zeroize v1.1.0
[INFO] [stderr]     Checking subtle v2.2.2
[INFO] [stderr]     Checking fake-simd v0.1.2
[INFO] [stderr]    Compiling crunchy v0.2.2
[INFO] [stderr]    Compiling encoding_rs v0.8.22
[INFO] [stderr]     Checking subtle v1.0.0
[INFO] [stderr]     Checking dtoa v0.4.5
[INFO] [stderr]    Compiling tiny-keccak v2.0.1
[INFO] [stderr]     Checking arrayvec v0.5.1
[INFO] [stderr]     Checking bs58 v0.3.0
[INFO] [stderr]     Checking arrayref v0.3.6
[INFO] [stderr]     Checking rustc-hex v2.1.0
[INFO] [stderr]     Checking lock_api v0.3.3
[INFO] [stderr]    Compiling unicase v2.6.0
[INFO] [stderr]     Checking tokio-sync v0.1.8
[INFO] [stderr]     Checking tokio-timer v0.1.2
[INFO] [stderr]     Checking smallvec v0.6.13
[INFO] [stderr]    Compiling hyper v0.12.35
[INFO] [stderr]    Compiling parking_lot_core v0.6.2
[INFO] [stderr]    Compiling parking_lot v0.9.0
[INFO] [stderr]     Checking rlp v0.4.5
[INFO] [stderr]     Checking futures-channel v0.3.4
[INFO] [stderr]     Checking unicode-normalization v0.1.12
[INFO] [stderr]     Checking block-padding v0.1.5
[INFO] [stderr]    Compiling crossbeam-utils v0.7.2
[INFO] [stderr]    Compiling memoffset v0.5.4
[INFO] [stderr]    Compiling indexmap v1.3.2
[INFO] [stderr]    Compiling crossbeam-epoch v0.8.2
[INFO] [stderr]     Checking futures-util v0.3.4
[INFO] [stderr]     Checking http v0.2.1
[INFO] [stderr]     Checking idna v0.2.0
[INFO] [stderr]    Compiling openssl-sys v0.9.54
[INFO] [stderr]    Compiling clear_on_drop v0.2.3
[INFO] [stderr]    Compiling parity-secp256k1 v0.7.0
[INFO] [stderr]     Checking want v0.3.0
[INFO] [stderr]     Checking want v0.2.0
[INFO] [stderr]    Compiling quote v1.0.3
[INFO] [stderr]     Checking iovec v0.1.4
[INFO] [stderr]     Checking num_cpus v1.12.0
[INFO] [stderr]     Checking net2 v0.2.33
[INFO] [stderr]     Checking signal-hook-registry v1.2.0
[INFO] [stderr]     Checking time v0.1.42
[INFO] [stderr]     Checking parking_lot_core v0.7.0
[INFO] [stderr]     Checking http-body v0.3.1
[INFO] [stderr]    Compiling mime_guess v2.0.3
[INFO] [stderr]     Checking generic-array v0.12.3
[INFO] [stderr]     Checking url v2.1.1
[INFO] [stderr]     Checking tokio-executor v0.1.10
[INFO] [stderr]     Checking crossbeam-queue v0.2.1
[INFO] [stderr]     Checking digest v0.8.1
[INFO] [stderr]     Checking block-buffer v0.7.3
[INFO] [stderr]     Checking stream-cipher v0.3.2
[INFO] [stderr]     Checking crypto-mac v0.7.0
[INFO] [stderr]     Checking sha2 v0.8.1
[INFO] [stderr]     Checking c2-chacha v0.2.3
[INFO] [stderr]     Checking bytes v0.4.12
[INFO] [stderr]     Checking rand_core v0.5.1
[INFO] [stderr]     Checking parking_lot v0.10.0
[INFO] [stderr]     Checking futures-cpupool v0.1.8
[INFO] [stderr]     Checking mio v0.6.21
[INFO] [stderr]     Checking tokio-current-thread v0.1.7
[INFO] [stderr]     Checking tokio-timer v0.2.13
[INFO] [stderr]     Checking crossbeam-deque v0.7.3
[INFO] [stderr]     Checking rand_chacha v0.2.2
[INFO] [stderr]     Checking curve25519-dalek v2.0.0
[INFO] [stderr]     Checking blake2 v0.8.1
[INFO] [stderr]     Checking tokio-io v0.1.13
[INFO] [stderr]     Checking http v0.1.21
[INFO] [stderr]     Checking tokio-buf v0.1.1
[INFO] [stderr]     Checking string v0.2.1
[INFO] [stderr]     Checking rand v0.7.3
[INFO] [stderr]     Checking tokio-threadpool v0.1.18
[INFO] [stderr]     Checking mio-uds v0.6.7
[INFO] [stderr]     Checking tokio-reactor v0.1.12
[INFO] [stderr]     Checking tokio-codec v0.1.2
[INFO] [stderr]     Checking tokio-fs v0.1.7
[INFO] [stderr]     Checking tokio-tcp v0.1.4
[INFO] [stderr]     Checking tokio-udp v0.1.6
[INFO] [stderr]     Checking tokio-uds v0.2.6
[INFO] [stderr]     Checking ed25519-dalek v1.0.0-pre.3
[INFO] [stderr]     Checking tokio v0.1.22
[INFO] [stderr]     Checking tokio-core v0.1.17
[INFO] [stderr]    Compiling borsh-schema-derive-internal v0.6.1
[INFO] [stderr]    Compiling borsh-derive-internal v0.6.1
[INFO] [stderr]     Checking h2 v0.1.26
[INFO] [stderr]     Checking http-body v0.1.0
[INFO] [stderr]    Compiling tokio-macros v0.2.5
[INFO] [stderr]    Compiling serde_derive v1.0.105
[INFO] [stderr]    Compiling pin-project-internal v0.4.9
[INFO] [stderr]    Compiling borsh-derive v0.6.1
[INFO] [stderr]    Compiling derive_more v0.99.3
[INFO] [stderr]     Checking borsh v0.6.1
[INFO] [stderr]     Checking tokio v0.2.18
[INFO] [stderr]     Checking pin-project v0.4.9
[INFO] [stderr]     Checking tokio-util v0.3.1
[INFO] [stderr]     Checking tokio-tls v0.3.0
[INFO] [stderr]     Checking h2 v0.2.4
[INFO] [stderr]     Checking hyper v0.13.5
[INFO] [stderr]     Checking hyper-tls v0.4.1
[INFO] [stderr]     Checking serde_json v1.0.48
[INFO] [stderr]     Checking serde_urlencoded v0.6.1
[INFO] [stderr]     Checking jsonrpc-core v14.0.5
[INFO] [stderr]     Checking near-crypto v0.1.0 (/opt/rustwide/workdir/src/crypto)
[INFO] [stderr]     Checking reqwest v0.10.4
[INFO] [stderr]     Checking near_rpc v0.1.0 (/opt/rustwide/workdir)
[INFO] [stdout] error[E0432]: unresolved import `crate::types::StoreKey`
[INFO] [stdout]    --> src/types/serialize.rs:314:9
[INFO] [stdout]     |
[INFO] [stdout] 314 |     use crate::types::StoreKey;
[INFO] [stdout]     |         ^^^^^^^^^^^^^^^^^^^^^^ no `StoreKey` in `types`
[INFO] [stdout] 
[INFO] [stdout] 
[INFO] [stdout] warning: unused import: `MerkleHash`
[INFO] [stdout]  --> src/types/transaction.rs:7:47
[INFO] [stdout]   |
[INFO] [stdout] 7 | use crate::types::{AccountId, Balance, Nonce, MerkleHash, MerklePath, CryptoHash, hash, AccessKey, logging, Gas, AccessKeyPermission};
[INFO] [stdout]   |                                               ^^^^^^^^^^
[INFO] [stdout]   |
[INFO] [stdout]   = note: `#[warn(unused_imports)]` on by default
[INFO] [stdout] 
[INFO] [stdout] 
[INFO] [stdout] error[E0432]: unresolved imports `crate::types::Bytes`, `crate::types::H256`
[INFO] [stdout]   --> src/api/rpc.rs:87:24
[INFO] [stdout]    |
[INFO] [stdout] 87 |     use crate::types::{Bytes, H256};
[INFO] [stdout]    |                        ^^^^^  ^^^^ no `H256` in `types`
[INFO] [stdout]    |                        |
[INFO] [stdout]    |                        no `Bytes` in `types`
[INFO] [stdout] 
[INFO] [stdout] 
[INFO] [stdout] warning: unused imports: `BlockIdOrFinality`, `BlockId`, `ChunkId`, `to_base64`
[INFO] [stdout]  --> src/api/rpc.rs:9:20
[INFO] [stdout]   |
[INFO] [stdout] 9 | use crate::types::{BlockId, ChunkId, BlockIdOrFinality, to_base64};
[INFO] [stdout]   |                    ^^^^^^^  ^^^^^^^  ^^^^^^^^^^^^^^^^^  ^^^^^^^^^
[INFO] [stdout] 
[INFO] [stdout] 
[INFO] [stdout] error[E0433]: failed to resolve: use of undeclared type `NearRpc`
[INFO] [stdout]    --> src/lib.rs:245:22
[INFO] [stdout]     |
[INFO] [stdout] 245 |         let _rpc_1 = NearRpc::new(transport);
[INFO] [stdout]     |                      ^^^^^^^
[INFO] [stdout]     | 
[INFO] [stdout]    ::: src/api/mod.rs:20:1
[INFO] [stdout]     |
[INFO] [stdout] 20  | pub struct NearApi<T: Transport> {
[INFO] [stdout]     | -------------------------------- similarly named struct `NearApi` defined here
[INFO] [stdout]     |
[INFO] [stdout] help: a struct with a similar name exists
[INFO] [stdout]     |
[INFO] [stdout] 245 |         let _rpc_1 = NearApi::new(transport);
[INFO] [stdout]     |                      ^^^^^^^
[INFO] [stdout] help: consider importing this struct
[INFO] [stdout]     |
[INFO] [stdout] 221 |     use crate::api::rpc::NearRpc;
[INFO] [stdout]     |
[INFO] [stdout] 
[INFO] [stdout] 
[INFO] [stdout] error[E0433]: failed to resolve: use of undeclared type `NearRpc`
[INFO] [stdout]    --> src/lib.rs:246:22
[INFO] [stdout]     |
[INFO] [stdout] 246 |         let _rpc_2 = NearRpc::new(transport2);
[INFO] [stdout]     |                      ^^^^^^^
[INFO] [stdout]     | 
[INFO] [stdout]    ::: src/api/mod.rs:20:1
[INFO] [stdout]     |
[INFO] [stdout] 20  | pub struct NearApi<T: Transport> {
[INFO] [stdout]     | -------------------------------- similarly named struct `NearApi` defined here
[INFO] [stdout]     |
[INFO] [stdout] help: a struct with a similar name exists
[INFO] [stdout]     |
[INFO] [stdout] 246 |         let _rpc_2 = NearApi::new(transport2);
[INFO] [stdout]     |                      ^^^^^^^
[INFO] [stdout] help: consider importing this struct
[INFO] [stdout]     |
[INFO] [stdout] 221 |     use crate::api::rpc::NearRpc;
[INFO] [stdout]     |
[INFO] [stdout] 
[INFO] [stdout] 
[INFO] [stdout] warning: unused import: `MerkleHash`
[INFO] [stdout]  --> src/types/transaction.rs:7:47
[INFO] [stdout]   |
[INFO] [stdout] 7 | use crate::types::{AccountId, Balance, Nonce, MerkleHash, MerklePath, CryptoHash, hash, AccessKey, logging, Gas, AccessKeyPermission};
[INFO] [stdout]   |                                               ^^^^^^^^^^
[INFO] [stdout]   |
[INFO] [stdout]   = note: `#[warn(unused_imports)]` on by default
[INFO] [stdout] 
[INFO] [stdout] 
[INFO] [stdout] warning: unused imports: `BlockIdOrFinality`, `BlockId`, `ChunkId`, `to_base64`
[INFO] [stdout]  --> src/api/rpc.rs:9:20
[INFO] [stdout]   |
[INFO] [stdout] 9 | use crate::types::{BlockId, ChunkId, BlockIdOrFinality, to_base64};
[INFO] [stdout]   |                    ^^^^^^^  ^^^^^^^  ^^^^^^^^^^^^^^^^^  ^^^^^^^^^
[INFO] [stdout] 
[INFO] [stdout] 
[INFO] [stdout] warning: unused import: `crate::api::NearApi`
[INFO] [stdout]    --> src/lib.rs:222:9
[INFO] [stdout]     |
[INFO] [stdout] 222 |     use crate::api::NearApi;
[INFO] [stdout]     |         ^^^^^^^^^^^^^^^^^^^
[INFO] [stdout] 
[INFO] [stdout] 
[INFO] [stdout] warning: unused variable: `args`
[INFO] [stdout]   --> src/api/rpc.rs:50:13
[INFO] [stdout]    |
[INFO] [stdout] 50 |         let args = helpers::serialize(&params);
[INFO] [stdout]    |             ^^^^ help: if this is intentional, prefix it with an underscore: `_args`
[INFO] [stdout]    |
[INFO] [stdout]    = note: `#[warn(unused_variables)]` on by default
[INFO] [stdout] 
[INFO] [stdout] 
[INFO] [stdout] error: aborting due to 4 previous errors; 3 warnings emitted
[INFO] [stdout] 
[INFO] [stdout] 
[INFO] [stdout] Some errors have detailed explanations: E0432, E0433.
[INFO] [stdout] 
[INFO] [stdout] For more information about an error, try `rustc --explain E0432`.
[INFO] [stdout] 
[INFO] [stderr] error: could not compile `near_rpc` due to 5 previous errors; 3 warnings emitted
[INFO] [stderr] warning: build failed, waiting for other jobs to finish...
[INFO] [stdout] warning: associated function is never used: `to_hashes`
[INFO] [stdout]    --> src/types/transaction.rs:328:12
[INFO] [stdout]     |
[INFO] [stdout] 328 |     pub fn to_hashes(&self) -> Vec<CryptoHash> {
[INFO] [stdout]     |            ^^^^^^^^^
[INFO] [stdout]     |
[INFO] [stdout]     = note: `#[warn(dead_code)]` on by default
[INFO] [stdout] 
[INFO] [stdout] 
[INFO] [stdout] warning: associated function is never used: `to_hashes`
[INFO] [stdout]    --> src/types/transaction.rs:367:12
[INFO] [stdout]     |
[INFO] [stdout] 367 |     pub fn to_hashes(&self) -> Vec<CryptoHash> {
[INFO] [stdout]     |            ^^^^^^^^^
[INFO] [stdout] 
[INFO] [stdout] 
[INFO] [stdout] warning: associated function is never used: `id`
[INFO] [stdout]    --> src/types/transaction.rs:383:12
[INFO] [stdout]     |
[INFO] [stdout] 383 |     pub fn id(&self) -> &CryptoHash {
[INFO] [stdout]     |            ^^
[INFO] [stdout] 
[INFO] [stdout] 
[INFO] [stdout] warning: function is never used: `verify_transaction_signature`
[INFO] [stdout]    --> src/types/transaction.rs:388:8
[INFO] [stdout]     |
[INFO] [stdout] 388 | pub fn verify_transaction_signature(
[INFO] [stdout]     |        ^^^^^^^^^^^^^^^^^^^^^^^^^^^^
[INFO] [stdout] 
[INFO] [stdout] 
[INFO] [stdout] warning: function is never used: `pretty_result`
[INFO] [stdout]   --> src/types/logging.rs:48:8
[INFO] [stdout]    |
[INFO] [stdout] 48 | pub fn pretty_result(result: &Option<Vec<u8>>) -> String {
[INFO] [stdout]    |        ^^^^^^^^^^^^^
[INFO] [stdout] 
[INFO] [stdout] 
[INFO] [stdout] warning: function is never used: `pretty_results`
[INFO] [stdout]   --> src/types/logging.rs:55:8
[INFO] [stdout]    |
[INFO] [stdout] 55 | pub fn pretty_results(results: &[Option<Vec<u8>>]) -> String {
[INFO] [stdout]    |        ^^^^^^^^^^^^^^
[INFO] [stdout] 
[INFO] [stdout] 
[INFO] [stdout] warning: function is never used: `from_base64`
[INFO] [stdout]   --> src/types/serialize.rs:15:8
[INFO] [stdout]    |
[INFO] [stdout] 15 | pub fn from_base64(s: &str) -> Result<Vec<u8>, Box<dyn std::error::Error>> {
[INFO] [stdout]    |        ^^^^^^^^^^^
[INFO] [stdout] 
[INFO] [stdout] 
[INFO] [stdout] warning: function is never used: `from_base_buf`
[INFO] [stdout]   --> src/types/serialize.rs:19:8
[INFO] [stdout]    |
[INFO] [stdout] 19 | pub fn from_base_buf(s: &str, buffer: &mut Vec<u8>) -> Result<(), Box<dyn std::error::Error>> {
[INFO] [stdout]    |        ^^^^^^^^^^^^^
[INFO] [stdout] 
[INFO] [stdout] 
[INFO] [stdout] warning: function is never used: `serialize`
[INFO] [stdout]   --> src/types/serialize.rs:52:12
[INFO] [stdout]    |
[INFO] [stdout] 52 |     pub fn serialize<T, S>(data: &T, serializer: S) -> Result<S::Ok, S::Error>
[INFO] [stdout]    |            ^^^^^^^^^
[INFO] [stdout] 
[INFO] [stdout] 
[INFO] [stdout] warning: function is never used: `deserialize`
[INFO] [stdout]   --> src/types/serialize.rs:60:12
[INFO] [stdout]    |
[INFO] [stdout] 60 |     pub fn deserialize<'de, T, D>(deserializer: D) -> Result<T, D::Error>
[INFO] [stdout]    |            ^^^^^^^^^^^
[INFO] [stdout] 
[INFO] [stdout] 
[INFO] [stdout] warning: function is never used: `serialize`
[INFO] [stdout]   --> src/types/serialize.rs:76:12
[INFO] [stdout]    |
[INFO] [stdout] 76 |     pub fn serialize<T, S>(data: &Option<T>, serializer: S) -> Result<S::Ok, S::Error>
[INFO] [stdout]    |            ^^^^^^^^^
[INFO] [stdout] 
[INFO] [stdout] 
[INFO] [stdout] warning: function is never used: `deserialize`
[INFO] [stdout]   --> src/types/serialize.rs:88:12
[INFO] [stdout]    |
[INFO] [stdout] 88 |     pub fn deserialize<'de, T, D>(deserializer: D) -> Result<Option<T>, D::Error>
[INFO] [stdout]    |            ^^^^^^^^^^^
[INFO] [stdout] 
[INFO] [stdout] 
[INFO] [stdout] warning: function is never used: `serialize`
[INFO] [stdout]    --> src/types/serialize.rs:113:12
[INFO] [stdout]     |
[INFO] [stdout] 113 |     pub fn serialize<T, S>(data: &Vec<T>, serializer: S) -> Result<S::Ok, S::Error>
[INFO] [stdout]     |            ^^^^^^^^^
[INFO] [stdout] 
[INFO] [stdout] 
[INFO] [stdout] warning: function is never used: `deserialize`
[INFO] [stdout]    --> src/types/serialize.rs:149:12
[INFO] [stdout]     |
[INFO] [stdout] 149 |     pub fn deserialize<'de, T, D>(deserializer: D) -> Result<Vec<T>, D::Error>
[INFO] [stdout]     |            ^^^^^^^^^^^
[INFO] [stdout] 
[INFO] [stdout] 
[INFO] [stdout] warning: function is never used: `serialize`
[INFO] [stdout]    --> src/types/serialize.rs:164:12
[INFO] [stdout]     |
[INFO] [stdout] 164 |     pub fn serialize<S, T>(data: T, serializer: S) -> Result<S::Ok, S::Error>
[INFO] [stdout]     |            ^^^^^^^^^
[INFO] [stdout] 
[INFO] [stdout] 
[INFO] [stdout] warning: function is never used: `deserialize`
[INFO] [stdout]    --> src/types/serialize.rs:172:12
[INFO] [stdout]     |
[INFO] [stdout] 172 |     pub fn deserialize<'de, D, T>(deserializer: D) -> Result<T, D::Error>
[INFO] [stdout]     |            ^^^^^^^^^^^
[INFO] [stdout] 
[INFO] [stdout] 
[INFO] [stdout] warning: function is never used: `serialize`
[INFO] [stdout]    --> src/types/serialize.rs:188:12
[INFO] [stdout]     |
[INFO] [stdout] 188 |     pub fn serialize<S>(data: &Option<Vec<u8>>, serializer: S) -> Result<S::Ok, S::Error>
[INFO] [stdout]     |            ^^^^^^^^^
[INFO] [stdout] 
[INFO] [stdout] 
[INFO] [stdout] warning: function is never used: `deserialize`
[INFO] [stdout]    --> src/types/serialize.rs:199:12
[INFO] [stdout]     |
[INFO] [stdout] 199 |     pub fn deserialize<'de, D>(deserializer: D) -> Result<Option<Vec<u8>>, D::Error>
[INFO] [stdout]     |            ^^^^^^^^^^^
[INFO] [stdout] 
[INFO] [stdout] 
[INFO] [stdout] warning: function is never used: `serialize`
[INFO] [stdout]    --> src/types/serialize.rs:218:12
[INFO] [stdout]     |
[INFO] [stdout] 218 |     pub fn serialize<S>(data: &[u8], serializer: S) -> Result<S::Ok, S::Error>
[INFO] [stdout]     |            ^^^^^^^^^
[INFO] [stdout] 
[INFO] [stdout] 
[INFO] [stdout] warning: function is never used: `deserialize`
[INFO] [stdout]    --> src/types/serialize.rs:225:12
[INFO] [stdout]     |
[INFO] [stdout] 225 |     pub fn deserialize<'de, D>(deserializer: D) -> Result<Vec<u8>, D::Error>
[INFO] [stdout]     |            ^^^^^^^^^^^
[INFO] [stdout] 
[INFO] [stdout] 
[INFO] [stdout] warning: function is never used: `serialize`
[INFO] [stdout]    --> src/types/serialize.rs:238:12
[INFO] [stdout]     |
[INFO] [stdout] 238 |     pub fn serialize<S>(num: &u128, serializer: S) -> Result<S::Ok, S::Error>
[INFO] [stdout]     |            ^^^^^^^^^
[INFO] [stdout] 
[INFO] [stdout] 
[INFO] [stdout] warning: function is never used: `deserialize`
[INFO] [stdout]    --> src/types/serialize.rs:245:12
[INFO] [stdout]     |
[INFO] [stdout] 245 |     pub fn deserialize<'de, D>(deserializer: D) -> Result<u128, D::Error>
[INFO] [stdout]     |            ^^^^^^^^^^^
[INFO] [stdout] 
[INFO] [stdout] 
[INFO] [stdout] warning: function is never used: `deserialize`
[INFO] [stdout]    --> src/types/serialize.rs:271:12
[INFO] [stdout]     |
[INFO] [stdout] 271 |     pub fn deserialize<'de, D>(deserializer: D) -> Result<u128, D::Error>
[INFO] [stdout]     |            ^^^^^^^^^^^
[INFO] [stdout] 
[INFO] [stdout] 
[INFO] [stdout] warning: function is never used: `serialize`
[INFO] [stdout]    --> src/types/serialize.rs:286:12
[INFO] [stdout]     |
[INFO] [stdout] 286 |     pub fn serialize<S>(data: &Option<u128>, serializer: S) -> Result<S::Ok, S::Error>
[INFO] [stdout]     |            ^^^^^^^^^
[INFO] [stdout] 
[INFO] [stdout] 
[INFO] [stdout] warning: function is never used: `deserialize`
[INFO] [stdout]    --> src/types/serialize.rs:297:12
[INFO] [stdout]     |
[INFO] [stdout] 297 |     pub fn deserialize<'de, D>(deserializer: D) -> Result<Option<u128>, D::Error>
[INFO] [stdout]     |            ^^^^^^^^^^^
[INFO] [stdout] 
[INFO] [stdout] 
[INFO] [stdout] warning: function is never used: `combine_hash`
[INFO] [stdout]   --> src/types/merkle.rs:21:8
[INFO] [stdout]    |
[INFO] [stdout] 21 | pub fn combine_hash(hash1: MerkleHash, hash2: MerkleHash) -> MerkleHash {
[INFO] [stdout]    |        ^^^^^^^^^^^^
[INFO] [stdout] 
[INFO] [stdout] 
[INFO] [stdout] warning: function is never used: `merklize`
[INFO] [stdout]   --> src/types/merkle.rs:28:8
[INFO] [stdout]    |
[INFO] [stdout] 28 | pub fn merklize<T: BorshSerialize>(arr: &[T]) -> (MerkleHash, Vec<MerklePath>) {
[INFO] [stdout]    |        ^^^^^^^^
[INFO] [stdout] 
[INFO] [stdout] 
[INFO] [stdout] warning: function is never used: `verify_path`
[INFO] [stdout]   --> src/types/merkle.rs:86:8
[INFO] [stdout]    |
[INFO] [stdout] 86 | pub fn verify_path<T: BorshSerialize>(root: MerkleHash, path: &MerklePath, item: &T) -> bool {
[INFO] [stdout]    |        ^^^^^^^^^^^
[INFO] [stdout] 
[INFO] [stdout] 
[INFO] [stdout] warning: missing documentation for a module
[INFO] [stdout]   --> src/lib.rs:19:1
[INFO] [stdout]    |
[INFO] [stdout] 19 | pub mod types;
[INFO] [stdout]    | ^^^^^^^^^^^^^^
[INFO] [stdout]    |
[INFO] [stdout] note: the lint level is defined here
[INFO] [stdout]   --> src/lib.rs:10:9
[INFO] [stdout]    |
[INFO] [stdout] 10 | #![warn(missing_docs)]
[INFO] [stdout]    |         ^^^^^^^^^^^^
[INFO] [stdout] 
[INFO] [stdout] 
[INFO] [stdout] warning: missing documentation for an associated function
[INFO] [stdout]   --> src/types/account.rs:22:5
[INFO] [stdout]    |
[INFO] [stdout] 22 |     pub fn new(amount: Balance, code_hash: CryptoHash, storage_paid_at: BlockHeight) -> Self {
[INFO] [stdout]    |     ^^^^^^^^^^^^^^^^^^^^^^^^^^^^^^^^^^^^^^^^^^^^^^^^^^^^^^^^^^^^^^^^^^^^^^^^^^^^^^^^^^^^^^^^
[INFO] [stdout] 
[INFO] [stdout] 
[INFO] [stdout] warning: missing documentation for an associated function
[INFO] [stdout]   --> src/types/account.rs:45:5
[INFO] [stdout]    |
[INFO] [stdout] 45 |     pub fn full_access() -> Self {
[INFO] [stdout]    |     ^^^^^^^^^^^^^^^^^^^^^^^^^^^^
[INFO] [stdout] 
[INFO] [stdout] 
[INFO] [stdout] warning: missing documentation for a variant
[INFO] [stdout]   --> src/types/account.rs:53:5
[INFO] [stdout]    |
[INFO] [stdout] 53 |     FunctionCall(FunctionCallPermission),
[INFO] [stdout]    |     ^^^^^^^^^^^^^^^^^^^^^^^^^^^^^^^^^^^^
[INFO] [stdout] 
[INFO] [stdout] 
[INFO] [stdout] warning: missing documentation for a struct
[INFO] [stdout]   --> src/types/hash.rs:16:1
[INFO] [stdout]    |
[INFO] [stdout] 16 | pub struct CryptoHash(pub Digest);
[INFO] [stdout]    | ^^^^^^^^^^^^^^^^^^^^^^^^^^^^^^^^^^
[INFO] [stdout] 
[INFO] [stdout] 
[INFO] [stdout] warning: missing documentation for an enum
[INFO] [stdout]   --> src/types/near_types.rs:42:1
[INFO] [stdout]    |
[INFO] [stdout] 42 | pub enum BlockId {
[INFO] [stdout]    | ^^^^^^^^^^^^^^^^
[INFO] [stdout] 
[INFO] [stdout] 
[INFO] [stdout] warning: missing documentation for a variant
[INFO] [stdout]   --> src/types/near_types.rs:43:5
[INFO] [stdout]    |
[INFO] [stdout] 43 |     Height(BlockHeight),
[INFO] [stdout]    |     ^^^^^^^^^^^^^^^^^^^
[INFO] [stdout] 
[INFO] [stdout] 
[INFO] [stdout] warning: missing documentation for a variant
[INFO] [stdout]   --> src/types/near_types.rs:44:5
[INFO] [stdout]    |
[INFO] [stdout] 44 |     Hash(CryptoHash),
[INFO] [stdout]    |     ^^^^^^^^^^^^^^^^
[INFO] [stdout] 
[INFO] [stdout] 
[INFO] [stdout] warning: missing documentation for an enum
[INFO] [stdout]   --> src/types/near_types.rs:49:1
[INFO] [stdout]    |
[INFO] [stdout] 49 | pub enum ChunkId {
[INFO] [stdout]    | ^^^^^^^^^^^^^^^^
[INFO] [stdout] 
[INFO] [stdout] 
[INFO] [stdout] warning: missing documentation for a variant
[INFO] [stdout]   --> src/types/near_types.rs:50:5
[INFO] [stdout]    |
[INFO] [stdout] 50 |     BlockShardId(BlockId, ShardId),
[INFO] [stdout]    |     ^^^^^^^^^^^^^^^^^^^^^^^^^^^^^^
[INFO] [stdout] 
[INFO] [stdout] 
[INFO] [stdout] warning: missing documentation for a variant
[INFO] [stdout]   --> src/types/near_types.rs:51:5
[INFO] [stdout]    |
[INFO] [stdout] 51 |     Hash(CryptoHash),
[INFO] [stdout]    |     ^^^^^^^^^^^^^^^^
[INFO] [stdout] 
[INFO] [stdout] 
[INFO] [stdout] warning: missing documentation for an enum
[INFO] [stdout]   --> src/types/near_types.rs:56:1
[INFO] [stdout]    |
[INFO] [stdout] 56 | pub enum BlockIdOrFinality {
[INFO] [stdout]    | ^^^^^^^^^^^^^^^^^^^^^^^^^^
[INFO] [stdout] 
[INFO] [stdout] 
[INFO] [stdout] warning: missing documentation for a variant
[INFO] [stdout]   --> src/types/near_types.rs:57:5
[INFO] [stdout]    |
[INFO] [stdout] 57 |     BlockId(BlockId),
[INFO] [stdout]    |     ^^^^^^^^^^^^^^^^
[INFO] [stdout] 
[INFO] [stdout] 
[INFO] [stdout] warning: missing documentation for a variant
[INFO] [stdout]   --> src/types/near_types.rs:58:5
[INFO] [stdout]    |
[INFO] [stdout] 58 |     Finality(Finality),
[INFO] [stdout]    |     ^^^^^^^^^^^^^^^^^^
[INFO] [stdout] 
[INFO] [stdout] 
[INFO] [stdout] warning: missing documentation for an associated function
[INFO] [stdout]   --> src/types/near_types.rs:62:5
[INFO] [stdout]    |
[INFO] [stdout] 62 |     pub fn latest() -> Self {
[INFO] [stdout]    |     ^^^^^^^^^^^^^^^^^^^^^^^
[INFO] [stdout] 
[INFO] [stdout] 
[INFO] [stdout] warning: missing documentation for a struct
[INFO] [stdout]   --> src/types/near_types.rs:68:1
[INFO] [stdout]    |
[INFO] [stdout] 68 | pub struct RpcAutoSendConfig {
[INFO] [stdout]    | ^^^^^^^^^^^^^^^^^^^^^^^^^^^^
[INFO] [stdout] 
[INFO] [stdout] 
[INFO] [stdout] warning: missing documentation for a struct field
[INFO] [stdout]   --> src/types/near_types.rs:69:5
[INFO] [stdout]    |
[INFO] [stdout] 69 |     pub url: String,
[INFO] [stdout]    |     ^^^^^^^^^^^^^^^
[INFO] [stdout] 
[INFO] [stdout] 
[INFO] [stdout] warning: missing documentation for a struct field
[INFO] [stdout]   --> src/types/near_types.rs:70:5
[INFO] [stdout]    |
[INFO] [stdout] 70 |     pub key_path: String,
[INFO] [stdout]    |     ^^^^^^^^^^^^^^^^^^^^
[INFO] [stdout] 
[INFO] [stdout] 
[INFO] [stdout] warning: missing documentation for a struct field
[INFO] [stdout]   --> src/types/near_types.rs:71:5
[INFO] [stdout]    |
[INFO] [stdout] 71 |     pub account: AccountId,
[INFO] [stdout]    |     ^^^^^^^^^^^^^^^^^^^^^^
[INFO] [stdout] 
[INFO] [stdout] 
[INFO] [stdout] warning: missing documentation for a struct field
[INFO] [stdout]   --> src/types/near_types.rs:72:5
[INFO] [stdout]    |
[INFO] [stdout] 72 |     pub start_nonce: u64,
[INFO] [stdout]    |     ^^^^^^^^^^^^^^^^^^^^
[INFO] [stdout] 
[INFO] [stdout] 
[INFO] [stdout] warning: missing documentation for a struct field
[INFO] [stdout]   --> src/types/near_types.rs:73:5
[INFO] [stdout]    |
[INFO] [stdout] 73 |     pub max_count: u64,
[INFO] [stdout]    |     ^^^^^^^^^^^^^^^^^^
[INFO] [stdout] 
[INFO] [stdout] 
[INFO] [stdout] warning: missing documentation for a struct
[INFO] [stdout]   --> src/types/transaction.rs:13:1
[INFO] [stdout]    |
[INFO] [stdout] 13 | pub struct Transaction {
[INFO] [stdout]    | ^^^^^^^^^^^^^^^^^^^^^^
[INFO] [stdout] 
[INFO] [stdout] 
[INFO] [stdout] warning: missing documentation for an associated function
[INFO] [stdout]   --> src/types/transaction.rs:37:5
[INFO] [stdout]    |
[INFO] [stdout] 37 |     pub fn sign(self, signer: &dyn Signer) -> SignedTransaction {
[INFO] [stdout]    |     ^^^^^^^^^^^^^^^^^^^^^^^^^^^^^^^^^^^^^^^^^^^^^^^^^^^^^^^^^^^
[INFO] [stdout] 
[INFO] [stdout] 
[INFO] [stdout] warning: missing documentation for a struct
[INFO] [stdout]    --> src/types/transaction.rs:147:1
[INFO] [stdout]     |
[INFO] [stdout] 147 | pub struct SignedTransaction {
[INFO] [stdout]     | ^^^^^^^^^^^^^^^^^^^^^^^^^^^^
[INFO] [stdout] 
[INFO] [stdout] 
[INFO] [stdout] warning: missing documentation for a struct field
[INFO] [stdout]    --> src/types/transaction.rs:148:5
[INFO] [stdout]     |
[INFO] [stdout] 148 |     pub transaction: Transaction,
[INFO] [stdout]     |     ^^^^^^^^^^^^^^^^^^^^^^^^^^^^
[INFO] [stdout] 
[INFO] [stdout] 
[INFO] [stdout] warning: missing documentation for a struct field
[INFO] [stdout]    --> src/types/transaction.rs:149:5
[INFO] [stdout]     |
[INFO] [stdout] 149 |     pub signature: Signature,
[INFO] [stdout]     |     ^^^^^^^^^^^^^^^^^^^^^^^^
[INFO] [stdout] 
[INFO] [stdout] 
[INFO] [stdout] warning: missing documentation for an associated function
[INFO] [stdout]    --> src/types/transaction.rs:155:5
[INFO] [stdout]     |
[INFO] [stdout] 155 |     pub fn new(signature: Signature, transaction: Transaction) -> Self {
[INFO] [stdout]     |     ^^^^^^^^^^^^^^^^^^^^^^^^^^^^^^^^^^^^^^^^^^^^^^^^^^^^^^^^^^^^^^^^^^
[INFO] [stdout] 
[INFO] [stdout] 
[INFO] [stdout] warning: missing documentation for an associated function
[INFO] [stdout]    --> src/types/transaction.rs:161:5
[INFO] [stdout]     |
[INFO] [stdout] 161 |     pub fn init(&mut self) {
[INFO] [stdout]     |     ^^^^^^^^^^^^^^^^^^^^^^
[INFO] [stdout] 
[INFO] [stdout] 
[INFO] [stdout] warning: missing documentation for an associated function
[INFO] [stdout]    --> src/types/transaction.rs:165:5
[INFO] [stdout]     |
[INFO] [stdout] 165 |     pub fn get_hash(&self) -> CryptoHash {
[INFO] [stdout]     |     ^^^^^^^^^^^^^^^^^^^^^^^^^^^^^^^^^^^^
[INFO] [stdout] 
[INFO] [stdout] 
[INFO] [stdout] warning: missing documentation for an associated function
[INFO] [stdout]    --> src/types/transaction.rs:169:5
[INFO] [stdout]     |
[INFO] [stdout] 169 | /     pub fn from_actions(
[INFO] [stdout] 170 | |         nonce: Nonce,
[INFO] [stdout] 171 | |         signer_id: AccountId,
[INFO] [stdout] 172 | |         receiver_id: AccountId,
[INFO] [stdout] ...   |
[INFO] [stdout] 184 | |         }.sign(signer)
[INFO] [stdout] 185 | |     }
[INFO] [stdout]     | |_____^
[INFO] [stdout] 
[INFO] [stdout] 
[INFO] [stdout] warning: missing documentation for an associated function
[INFO] [stdout]    --> src/types/transaction.rs:187:5
[INFO] [stdout]     |
[INFO] [stdout] 187 | /     pub fn send_money(
[INFO] [stdout] 188 | |         nonce: Nonce,
[INFO] [stdout] 189 | |         signer_id: AccountId,
[INFO] [stdout] 190 | |         receiver_id: AccountId,
[INFO] [stdout] ...   |
[INFO] [stdout] 202 | |         )
[INFO] [stdout] 203 | |     }
[INFO] [stdout]     | |_____^
[INFO] [stdout] 
[INFO] [stdout] 
[INFO] [stdout] warning: missing documentation for an associated function
[INFO] [stdout]    --> src/types/transaction.rs:205:5
[INFO] [stdout]     |
[INFO] [stdout] 205 | /     pub fn stake(
[INFO] [stdout] 206 | |         nonce: Nonce,
[INFO] [stdout] 207 | |         signer_id: AccountId,
[INFO] [stdout] 208 | |         signer: &dyn Signer,
[INFO] [stdout] ...   |
[INFO] [stdout] 220 | |         )
[INFO] [stdout] 221 | |     }
[INFO] [stdout]     | |_____^
[INFO] [stdout] 
[INFO] [stdout] 
[INFO] [stdout] warning: missing documentation for an associated function
[INFO] [stdout]    --> src/types/transaction.rs:223:5
[INFO] [stdout]     |
[INFO] [stdout] 223 | /     pub fn create_account(
[INFO] [stdout] 224 | |         nonce: Nonce,
[INFO] [stdout] 225 | |         originator: AccountId,
[INFO] [stdout] 226 | |         new_account_id: AccountId,
[INFO] [stdout] ...   |
[INFO] [stdout] 246 | |         )
[INFO] [stdout] 247 | |     }
[INFO] [stdout]     | |_____^
[INFO] [stdout] 
[INFO] [stdout] 
[INFO] [stdout] warning: missing documentation for an associated function
[INFO] [stdout]    --> src/types/transaction.rs:249:5
[INFO] [stdout]     |
[INFO] [stdout] 249 |     pub fn empty(block_hash: CryptoHash) -> Self {
[INFO] [stdout]     |     ^^^^^^^^^^^^^^^^^^^^^^^^^^^^^^^^^^^^^^^^^^^^
[INFO] [stdout] 
[INFO] [stdout] 
[INFO] [stdout] warning: missing documentation for a function
[INFO] [stdout]   --> src/types/logging.rs:31:1
[INFO] [stdout]    |
[INFO] [stdout] 31 | pub fn pretty_hash(s: &str) -> String {
[INFO] [stdout]    | ^^^^^^^^^^^^^^^^^^^^^^^^^^^^^^^^^^^^^
[INFO] [stdout] 
[INFO] [stdout] 
[INFO] [stdout] warning: missing documentation for a function
[INFO] [stdout]  --> src/types/serialize.rs:3:1
[INFO] [stdout]   |
[INFO] [stdout] 3 | pub fn to_base<T: AsRef<[u8]>>(input: T) -> String {
[INFO] [stdout]   | ^^^^^^^^^^^^^^^^^^^^^^^^^^^^^^^^^^^^^^^^^^^^^^^^^^
[INFO] [stdout] 
[INFO] [stdout] 
[INFO] [stdout] warning: missing documentation for a function
[INFO] [stdout]  --> src/types/serialize.rs:7:1
[INFO] [stdout]   |
[INFO] [stdout] 7 | pub fn from_base(s: &str) -> Result<Vec<u8>, Box<dyn std::error::Error>> {
[INFO] [stdout]   | ^^^^^^^^^^^^^^^^^^^^^^^^^^^^^^^^^^^^^^^^^^^^^^^^^^^^^^^^^^^^^^^^^^^^^^^^
[INFO] [stdout] 
[INFO] [stdout] 
[INFO] [stdout] warning: missing documentation for a function
[INFO] [stdout]   --> src/types/serialize.rs:11:1
[INFO] [stdout]    |
[INFO] [stdout] 11 | pub fn to_base64<T: AsRef<[u8]>>(input: T) -> String {
[INFO] [stdout]    | ^^^^^^^^^^^^^^^^^^^^^^^^^^^^^^^^^^^^^^^^^^^^^^^^^^^^
[INFO] [stdout] 
[INFO] [stdout] 
[INFO] [stdout] warning: missing documentation for a trait
[INFO] [stdout]   --> src/types/serialize.rs:39:1
[INFO] [stdout]    |
[INFO] [stdout] 39 | pub trait BaseDecode: for<'a> TryFrom<&'a [u8], Error = Box<dyn std::error::Error>> {
[INFO] [stdout]    | ^^^^^^^^^^^^^^^^^^^^^^^^^^^^^^^^^^^^^^^^^^^^^^^^^^^^^^^^^^^^^^^^^^^^^^^^^^^^^^^^^^^
[INFO] [stdout] 
[INFO] [stdout] 
[INFO] [stdout] warning: missing documentation for an associated function
[INFO] [stdout]   --> src/types/serialize.rs:40:5
[INFO] [stdout]    |
[INFO] [stdout] 40 |     fn from_base(s: &str) -> Result<Self, Box<dyn std::error::Error>> {
[INFO] [stdout]    |     ^^^^^^^^^^^^^^^^^^^^^^^^^^^^^^^^^^^^^^^^^^^^^^^^^^^^^^^^^^^^^^^^^
[INFO] [stdout] 
[INFO] [stdout] 
[INFO] [stdout] warning: missing documentation for a type alias
[INFO] [stdout]   --> src/types/merkle.rs:13:1
[INFO] [stdout]    |
[INFO] [stdout] 13 | pub type MerklePath = Vec<MerklePathItem>;
[INFO] [stdout]    | ^^^^^^^^^^^^^^^^^^^^^^^^^^^^^^^^^^^^^^^^^^
[INFO] [stdout] 
[INFO] [stdout] 
[INFO] [stdout] warning: 72 warnings emitted
[INFO] [stdout] 
[INFO] [stdout] 
[INFO] [stderr] error: build failed
[INFO] running `Command { std: "docker" "inspect" "07f88864cdee48ac3c6e8fbe1ec763d07c999d0fa2c01963eff493271bacc687", kill_on_drop: false }`
[INFO] running `Command { std: "docker" "rm" "-f" "07f88864cdee48ac3c6e8fbe1ec763d07c999d0fa2c01963eff493271bacc687", kill_on_drop: false }`
[INFO] [stdout] 07f88864cdee48ac3c6e8fbe1ec763d07c999d0fa2c01963eff493271bacc687
