[INFO] cloning repository https://github.com/zhangshuyx/neat-api
[INFO] running `Command { std: "git" "-c" "credential.helper=" "-c" "credential.helper=/workspace/cargo-home/bin/git-credential-null" "clone" "--bare" "https://github.com/zhangshuyx/neat-api" "/workspace/cache/git-repos/https%3A%2F%2Fgithub.com%2Fzhangshuyx%2Fneat-api", kill_on_drop: false }`
[INFO] [stderr] Cloning into bare repository '/workspace/cache/git-repos/https%3A%2F%2Fgithub.com%2Fzhangshuyx%2Fneat-api'...
[INFO] running `Command { std: "git" "rev-parse" "HEAD", kill_on_drop: false }`
[INFO] [stdout] b9cde72d6b2149067a1cb8bbe41a1f70233e8ca3
[INFO] checking zhangshuyx/neat-api against beta-2021-10-15 for beta-1.56-3
[INFO] running `Command { std: "git" "clone" "/workspace/cache/git-repos/https%3A%2F%2Fgithub.com%2Fzhangshuyx%2Fneat-api" "/workspace/builds/worker-47/source", kill_on_drop: false }`
[INFO] [stderr] Cloning into '/workspace/builds/worker-47/source'...
[INFO] [stderr] done.
[INFO] validating manifest of git repo https://github.com/zhangshuyx/neat-api on toolchain beta-2021-10-15
[INFO] running `Command { std: "/workspace/cargo-home/bin/cargo" "+beta-2021-10-15" "metadata" "--manifest-path" "Cargo.toml" "--no-deps", kill_on_drop: false }`
[INFO] started tweaking git repo https://github.com/zhangshuyx/neat-api
[INFO] finished tweaking git repo https://github.com/zhangshuyx/neat-api
[INFO] tweaked toml for git repo https://github.com/zhangshuyx/neat-api written to /workspace/builds/worker-47/source/Cargo.toml
[INFO] crate git repo https://github.com/zhangshuyx/neat-api already has a lockfile, it will not be regenerated
[INFO] running `Command { std: "/workspace/cargo-home/bin/cargo" "+beta-2021-10-15" "fetch" "--manifest-path" "Cargo.toml", kill_on_drop: false }`
[INFO] running `Command { std: "docker" "create" "-v" "/var/lib/crater-agent-workspace/builds/worker-47/target:/opt/rustwide/target:rw,Z" "-v" "/var/lib/crater-agent-workspace/builds/worker-47/source:/opt/rustwide/workdir:ro,Z" "-v" "/var/lib/crater-agent-workspace/cargo-home:/opt/rustwide/cargo-home:ro,Z" "-v" "/var/lib/crater-agent-workspace/rustup-home:/opt/rustwide/rustup-home:ro,Z" "-e" "SOURCE_DIR=/opt/rustwide/workdir" "-e" "CARGO_TARGET_DIR=/opt/rustwide/target" "-e" "CARGO_HOME=/opt/rustwide/cargo-home" "-e" "RUSTUP_HOME=/opt/rustwide/rustup-home" "-w" "/opt/rustwide/workdir" "-m" "1610612736" "--user" "0:0" "--network" "none" "ghcr.io/rust-lang/crates-build-env/linux@sha256:a89201d6b5b9fd45c15d5952ece0a0129e7e80cb26ec023fd59cf09bc26f1604" "/opt/rustwide/cargo-home/bin/cargo" "+beta-2021-10-15" "metadata" "--no-deps" "--format-version=1", kill_on_drop: false }`
[INFO] [stdout] 561832acded167f3bfbe2552092231f7137c0f357992d96225ac9c5e48765fb2
[INFO] running `Command { std: "docker" "start" "-a" "561832acded167f3bfbe2552092231f7137c0f357992d96225ac9c5e48765fb2", kill_on_drop: false }`
[INFO] running `Command { std: "docker" "inspect" "561832acded167f3bfbe2552092231f7137c0f357992d96225ac9c5e48765fb2", kill_on_drop: false }`
[INFO] running `Command { std: "docker" "rm" "-f" "561832acded167f3bfbe2552092231f7137c0f357992d96225ac9c5e48765fb2", kill_on_drop: false }`
[INFO] [stdout] 561832acded167f3bfbe2552092231f7137c0f357992d96225ac9c5e48765fb2
[INFO] running `Command { std: "docker" "create" "-v" "/var/lib/crater-agent-workspace/builds/worker-47/target:/opt/rustwide/target:rw,Z" "-v" "/var/lib/crater-agent-workspace/builds/worker-47/source:/opt/rustwide/workdir:ro,Z" "-v" "/var/lib/crater-agent-workspace/cargo-home:/opt/rustwide/cargo-home:ro,Z" "-v" "/var/lib/crater-agent-workspace/rustup-home:/opt/rustwide/rustup-home:ro,Z" "-e" "SOURCE_DIR=/opt/rustwide/workdir" "-e" "CARGO_TARGET_DIR=/opt/rustwide/target" "-e" "CARGO_INCREMENTAL=0" "-e" "RUST_BACKTRACE=full" "-e" "RUSTFLAGS=--cap-lints=warn" "-e" "CARGO_HOME=/opt/rustwide/cargo-home" "-e" "RUSTUP_HOME=/opt/rustwide/rustup-home" "-w" "/opt/rustwide/workdir" "-m" "1610612736" "--user" "0:0" "--network" "none" "ghcr.io/rust-lang/crates-build-env/linux@sha256:a89201d6b5b9fd45c15d5952ece0a0129e7e80cb26ec023fd59cf09bc26f1604" "/opt/rustwide/cargo-home/bin/cargo" "+beta-2021-10-15" "check" "--frozen" "--all" "--all-targets" "--message-format=json", kill_on_drop: false }`
[INFO] [stdout] 5a8ac60dee26ac25901e1d7d7fa8aea582c2a2f48621632ce66544fb619ed873
[INFO] running `Command { std: "docker" "start" "-a" "5a8ac60dee26ac25901e1d7d7fa8aea582c2a2f48621632ce66544fb619ed873", kill_on_drop: false }`
[INFO] [stderr]    Compiling libc v0.2.95
[INFO] [stderr]     Checking cfg-if v1.0.0
[INFO] [stderr]    Compiling proc-macro2 v1.0.27
[INFO] [stderr]    Compiling unicode-xid v0.2.2
[INFO] [stderr]    Compiling version_check v0.9.3
[INFO] [stderr]    Compiling syn v1.0.72
[INFO] [stderr]    Compiling log v0.4.14
[INFO] [stderr]     Checking itoa v0.4.7
[INFO] [stderr]    Compiling memchr v2.4.0
[INFO] [stderr]    Compiling futures-core v0.3.15
[INFO] [stderr]     Checking fnv v1.0.7
[INFO] [stderr]    Compiling autocfg v1.0.1
[INFO] [stderr]     Checking cfg-if v0.1.10
[INFO] [stderr]    Compiling typenum v1.13.0
[INFO] [stderr]     Checking bytes v1.0.1
[INFO] [stderr]    Compiling getrandom v0.1.16
[INFO] [stderr]     Checking slab v0.4.3
[INFO] [stderr]     Checking lazy_static v1.4.0
[INFO] [stderr]     Checking bytes v0.5.6
[INFO] [stderr]     Checking ppv-lite86 v0.2.10
[INFO] [stderr]     Checking tinyvec_macros v0.1.0
[INFO] [stderr]    Compiling futures-task v0.3.15
[INFO] [stderr]     Checking pin-project-lite v0.2.6
[INFO] [stderr]     Checking matches v0.1.8
[INFO] [stderr]     Checking futures-sink v0.3.15
[INFO] [stderr]    Compiling httparse v1.4.1
[INFO] [stderr]    Compiling serde_derive v1.0.126
[INFO] [stderr]     Checking pin-project-lite v0.1.12
[INFO] [stderr]     Checking percent-encoding v2.1.0
[INFO] [stderr]     Checking pin-utils v0.1.0
[INFO] [stderr]    Compiling serde v1.0.126
[INFO] [stderr]    Compiling pin-project-internal v0.4.28
[INFO] [stderr]     Checking opaque-debug v0.3.0
[INFO] [stderr]     Checking cpufeatures v0.1.4
[INFO] [stderr]    Compiling futures-channel v0.3.15
[INFO] [stderr]     Checking mime v0.3.16
[INFO] [stderr]     Checking hashbrown v0.9.1
[INFO] [stderr]    Compiling ryu v1.0.5
[INFO] [stderr]    Compiling bitflags v1.2.1
[INFO] [stderr]     Checking utf-8 v0.7.6
[INFO] [stderr]     Checking byteorder v1.4.3
[INFO] [stderr]     Checking try-lock v0.2.3
[INFO] [stderr]     Checking base64 v0.12.3
[INFO] [stderr]    Compiling serde_json v1.0.64
[INFO] [stderr]     Checking remove_dir_all v0.5.3
[INFO] [stderr]     Checking safemem v0.3.3
[INFO] [stderr]     Checking smallvec v1.6.1
[INFO] [stderr]     Checking tower-service v0.3.1
[INFO] [stderr]     Checking base64 v0.13.0
[INFO] [stderr]     Checking httpdate v0.3.2
[INFO] [stderr]     Checking quick-error v1.2.3
[INFO] [stderr]     Checking futures-io v0.3.15
[INFO] [stderr]     Checking dtoa v0.4.8
[INFO] [stderr]     Checking scopeguard v1.1.0
[INFO] [stderr]     Checking urlencoding v1.3.3
[INFO] [stderr]     Checking scoped-tls v1.0.0
[INFO] [stderr]     Checking tinyvec v1.2.0
[INFO] [stderr]     Checking unicode-bidi v0.3.5
[INFO] [stderr]     Checking form_urlencoded v1.0.1
[INFO] [stderr]     Checking lock_api v0.3.4
[INFO] [stderr]     Checking tracing-core v0.1.18
[INFO] [stderr]    Compiling generic-array v0.14.4
[INFO] [stderr]    Compiling unicase v2.6.0
[INFO] [stderr]     Checking http v0.2.4
[INFO] [stderr]    Compiling futures-util v0.3.15
[INFO] [stderr]    Compiling indexmap v1.6.2
[INFO] [stderr]     Checking want v0.3.0
[INFO] [stderr]     Checking input_buffer v0.3.1
[INFO] [stderr]     Checking tracing v0.1.26
[INFO] [stderr]     Checking twoway v0.1.8
[INFO] [stderr]     Checking buf_redux v0.8.4
[INFO] [stderr]    Compiling quote v1.0.9
[INFO] [stderr]     Checking iovec v0.1.4
[INFO] [stderr]     Checking net2 v0.2.37
[INFO] [stderr]     Checking getrandom v0.2.3
[INFO] [stderr]     Checking socket2 v0.3.19
[INFO] [stderr]     Checking time v0.1.43
[INFO] [stderr]     Checking parking_lot_core v0.7.2
[INFO] [stderr]     Checking unicode-normalization v0.1.17
[INFO] [stderr]    Compiling mime_guess v2.0.3
[INFO] [stderr]     Checking rand_core v0.5.1
[INFO] [stderr]     Checking rand_core v0.6.2
[INFO] [stderr]     Checking parking_lot v0.10.2
[INFO] [stderr]     Checking mio v0.6.23
[INFO] [stderr]     Checking rand_chacha v0.3.0
[INFO] [stderr]     Checking rand_chacha v0.2.2
[INFO] [stderr]     Checking rand v0.7.3
[INFO] [stderr]     Checking rand v0.8.3
[INFO] [stderr]     Checking block-buffer v0.9.0
[INFO] [stderr]     Checking digest v0.9.0
[INFO] [stderr]     Checking sha-1 v0.9.6
[INFO] [stderr]     Checking idna v0.2.3
[INFO] [stderr]     Checking headers-core v0.2.0
[INFO] [stderr]     Checking http-body v0.3.1
[INFO] [stderr]     Checking headers v0.3.4
[INFO] [stderr]     Checking tempfile v3.2.0
[INFO] [stderr]     Checking url v2.2.2
[INFO] [stderr]     Checking multipart v0.17.1
[INFO] [stderr]     Checking futures v0.3.15
[INFO] [stderr]     Checking tungstenite v0.11.1
[INFO] [stderr]    Compiling tokio-macros v0.2.6
[INFO] [stderr]    Compiling pin-project-internal v1.0.7
[INFO] [stderr]     Checking tokio v0.2.25
[INFO] [stderr]     Checking pin-project v1.0.7
[INFO] [stderr]     Checking tracing-futures v0.2.5
[INFO] [stderr]     Checking pin-project v0.4.28
[INFO] [stderr]     Checking tokio-util v0.3.1
[INFO] [stderr]     Checking tokio-tungstenite v0.11.0
[INFO] [stderr]     Checking h2 v0.2.7
[INFO] [stderr]     Checking hyper v0.13.10
[INFO] [stderr]     Checking serde_urlencoded v0.6.1
[INFO] [stderr]     Checking warp v0.2.5
[INFO] [stderr]     Checking neat-api v0.1.0 (/opt/rustwide/workdir)
[INFO] [stdout] error[E0433]: failed to resolve: use of undeclared type `HashMap`
[INFO] [stdout]   --> src/main.rs:18:48
[INFO] [stdout]    |
[INFO] [stdout] 18 |             grocery_list: Arc::new(RwLock::new(HashMap::new())),
[INFO] [stdout]    |                                                ^^^^^^^ not found in this scope
[INFO] [stdout]    |
[INFO] [stdout] help: consider importing this struct
[INFO] [stdout]    |
[INFO] [stdout] 1  | use std::collections::HashMap;
[INFO] [stdout]    |
[INFO] [stdout] 
[INFO] [stdout] 
[INFO] [stdout] error[E0433]: failed to resolve: use of undeclared type `HashMap`
[INFO] [stdout]   --> src/main.rs:18:48
[INFO] [stdout]    |
[INFO] [stdout] 18 |             grocery_list: Arc::new(RwLock::new(HashMap::new())),
[INFO] [stdout]    |                                                ^^^^^^^ not found in this scope
[INFO] [stdout]    |
[INFO] [stdout] help: consider importing this struct
[INFO] [stdout]    |
[INFO] [stdout] 1  | use std::collections::HashMap;
[INFO] [stdout]    |
[INFO] [stdout] 
[INFO] [stdout] 
[INFO] [stdout] error[E0599]: no method named `insert` found for struct `parking_lot::lock_api::RwLockWriteGuard<'_, parking_lot::RawRwLock, Item>` in the current scope
[INFO] [stdout]   --> src/main.rs:27:36
[INFO] [stdout]    |
[INFO] [stdout] 27 |         store.grocery_list.write().insert(item.name, item.quantity);
[INFO] [stdout]    |                                    ^^^^^^ method not found in `parking_lot::lock_api::RwLockWriteGuard<'_, parking_lot::RawRwLock, Item>`
[INFO] [stdout]    |
[INFO] [stdout]    = help: items from traits can only be used if the trait is implemented and in scope
[INFO] [stdout]    = note: the following traits define an item `insert`, perhaps you need to implement one of them:
[INFO] [stdout]            candidate #1: `warp::http::header::map::into_header_name::Sealed`
[INFO] [stdout]            candidate #2: `ppv_lite86::types::Vec2`
[INFO] [stdout]            candidate #3: `ppv_lite86::types::Vec4`
[INFO] [stdout] 
[INFO] [stdout] 
[INFO] [stdout] error[E0277]: the trait bound `for<'de> Item: serde::de::Deserialize<'de>` is not satisfied
[INFO] [stdout]    --> src/main.rs:38:53
[INFO] [stdout]     |
[INFO] [stdout] 38  |     warp::body::content_length_limit(1024 * 16).and(warp::body::json())
[INFO] [stdout]     |                                                     ^^^^^^^^^^^^^^^^ the trait `for<'de> serde::de::Deserialize<'de>` is not implemented for `Item`
[INFO] [stdout]     |
[INFO] [stdout]     = note: required because of the requirements on the impl of `serde::de::DeserializeOwned` for `Item`
[INFO] [stdout] note: required by a bound in `warp::body::json`
[INFO] [stdout]    --> /opt/rustwide/cargo-home/registry/src/github.com-1ecc6299db9ec823/warp-0.2.5/src/filters/body.rs:173:16
[INFO] [stdout]     |
[INFO] [stdout] 173 | pub fn json<T: DeserializeOwned + Send>() -> impl Filter<Extract = (T,), Error = Rejection> + Copy {
[INFO] [stdout]     |                ^^^^^^^^^^^^^^^^ required by this bound in `warp::body::json`
[INFO] [stdout] 
[INFO] [stdout] 
[INFO] [stdout] error[E0599]: no method named `insert` found for struct `parking_lot::lock_api::RwLockWriteGuard<'_, parking_lot::RawRwLock, Item>` in the current scope
[INFO] [stdout]   --> src/main.rs:27:36
[INFO] [stdout]    |
[INFO] [stdout] 27 |         store.grocery_list.write().insert(item.name, item.quantity);
[INFO] [stdout]    |                                    ^^^^^^ method not found in `parking_lot::lock_api::RwLockWriteGuard<'_, parking_lot::RawRwLock, Item>`
[INFO] [stdout]    |
[INFO] [stdout]    = help: items from traits can only be used if the trait is implemented and in scope
[INFO] [stdout]    = note: the following traits define an item `insert`, perhaps you need to implement one of them:
[INFO] [stdout]            candidate #1: `warp::http::header::map::into_header_name::Sealed`
[INFO] [stdout]            candidate #2: `ppv_lite86::types::Vec2`
[INFO] [stdout]            candidate #3: `ppv_lite86::types::Vec4`
[INFO] [stdout] 
[INFO] [stdout] 
[INFO] [stdout] error[E0277]: the trait bound `for<'de> Item: serde::de::Deserialize<'de>` is not satisfied
[INFO] [stdout]    --> src/main.rs:38:53
[INFO] [stdout]     |
[INFO] [stdout] 38  |     warp::body::content_length_limit(1024 * 16).and(warp::body::json())
[INFO] [stdout]     |                                                     ^^^^^^^^^^^^^^^^ the trait `for<'de> serde::de::Deserialize<'de>` is not implemented for `Item`
[INFO] [stdout]     |
[INFO] [stdout]     = note: required because of the requirements on the impl of `serde::de::DeserializeOwned` for `Item`
[INFO] [stdout] note: required by a bound in `warp::body::json`
[INFO] [stdout]    --> /opt/rustwide/cargo-home/registry/src/github.com-1ecc6299db9ec823/warp-0.2.5/src/filters/body.rs:173:16
[INFO] [stdout]     |
[INFO] [stdout] 173 | pub fn json<T: DeserializeOwned + Send>() -> impl Filter<Extract = (T,), Error = Rejection> + Copy {
[INFO] [stdout]     |                ^^^^^^^^^^^^^^^^ required by this bound in `warp::body::json`
[INFO] [stdout] 
[INFO] [stdout] 
[INFO] [stdout] error: aborting due to 3 previous errors
[INFO] [stdout] 
[INFO] [stdout] 
[INFO] [stdout] Some errors have detailed explanations: E0277, E0433, E0599.
[INFO] [stdout] 
[INFO] [stdout] For more information about an error, try `rustc --explain E0277`.
[INFO] [stdout] 
[INFO] [stdout] error: aborting due to 3 previous errors
[INFO] [stdout] 
[INFO] [stdout] 
[INFO] [stdout] Some errors have detailed explanations: E0277, E0433, E0599.
[INFO] [stdout] 
[INFO] [stdout] For more information about an error, try `rustc --explain E0277`.
[INFO] [stdout] 
[INFO] [stderr] error: could not compile `neat-api` due to 4 previous errors
[INFO] [stderr] warning: build failed, waiting for other jobs to finish...
[INFO] [stderr] error: build failed
[INFO] running `Command { std: "docker" "inspect" "5a8ac60dee26ac25901e1d7d7fa8aea582c2a2f48621632ce66544fb619ed873", kill_on_drop: false }`
[INFO] running `Command { std: "docker" "rm" "-f" "5a8ac60dee26ac25901e1d7d7fa8aea582c2a2f48621632ce66544fb619ed873", kill_on_drop: false }`
[INFO] [stdout] 5a8ac60dee26ac25901e1d7d7fa8aea582c2a2f48621632ce66544fb619ed873
