[INFO] cloning repository https://github.com/zeroqn/rocket-pastebin
[INFO] running `Command { std: "git" "-c" "credential.helper=" "-c" "credential.helper=/workspace/cargo-home/bin/git-credential-null" "clone" "--bare" "https://github.com/zeroqn/rocket-pastebin" "/workspace/cache/git-repos/https%3A%2F%2Fgithub.com%2Fzeroqn%2Frocket-pastebin", kill_on_drop: false }`
[INFO] [stderr] Cloning into bare repository '/workspace/cache/git-repos/https%3A%2F%2Fgithub.com%2Fzeroqn%2Frocket-pastebin'...
[INFO] running `Command { std: "git" "rev-parse" "HEAD", kill_on_drop: false }`
[INFO] [stdout] 6dba75bc667d15fbb848f29fbf6708be6804f194
[INFO] checking zeroqn/rocket-pastebin against 1.55.0 for beta-1.56-3
[INFO] running `Command { std: "git" "clone" "/workspace/cache/git-repos/https%3A%2F%2Fgithub.com%2Fzeroqn%2Frocket-pastebin" "/workspace/builds/worker-19/source", kill_on_drop: false }`
[INFO] [stderr] Cloning into '/workspace/builds/worker-19/source'...
[INFO] [stderr] done.
[INFO] validating manifest of git repo https://github.com/zeroqn/rocket-pastebin on toolchain 1.55.0
[INFO] running `Command { std: "/workspace/cargo-home/bin/cargo" "+1.55.0" "metadata" "--manifest-path" "Cargo.toml" "--no-deps", kill_on_drop: false }`
[INFO] started tweaking git repo https://github.com/zeroqn/rocket-pastebin
[INFO] finished tweaking git repo https://github.com/zeroqn/rocket-pastebin
[INFO] tweaked toml for git repo https://github.com/zeroqn/rocket-pastebin written to /workspace/builds/worker-19/source/Cargo.toml
[INFO] crate git repo https://github.com/zeroqn/rocket-pastebin already has a lockfile, it will not be regenerated
[INFO] running `Command { std: "/workspace/cargo-home/bin/cargo" "+1.55.0" "fetch" "--manifest-path" "Cargo.toml", kill_on_drop: false }`
[INFO] [stderr]     Updating git repository `https://github.com/SergioBenitez/Rocket.git`
[INFO] [stderr]     Blocking waiting for file lock on package cache
[INFO] [stderr]  Downloading crates ...
[INFO] [stderr]   Downloaded smallvec v0.3.3
[INFO] [stderr]   Downloaded pear v0.0.8
[INFO] [stderr]   Downloaded serde_derive v1.0.2
[INFO] [stderr]   Downloaded hyper v0.10.9
[INFO] [stderr]   Downloaded thread-id v3.0.0
[INFO] [stderr]   Downloaded r2d2-diesel v0.12.0
[INFO] [stderr]   Downloaded pq-sys v0.4.3
[INFO] [stderr]   Downloaded diesel_infer_schema v0.12.0
[INFO] [stderr]   Downloaded pear_codegen v0.0.8
[INFO] [stderr]   Downloaded rayon v0.7.0
[INFO] [stderr]   Downloaded dotenv v0.8.0
[INFO] [stderr]   Downloaded diesel_codegen v0.12.0
[INFO] [stderr]   Downloaded untrusted v0.3.2
[INFO] [stderr]   Downloaded state v0.2.1
[INFO] [stderr]   Downloaded dotenv v0.10.0
[INFO] [stderr]   Downloaded scheduled-thread-pool v0.1.0
[INFO] [stderr]   Downloaded rayon-core v1.0.0
[INFO] [stderr]   Downloaded serde_json v1.0.1
[INFO] [stderr]   Downloaded serde v1.0.2
[INFO] [stderr]   Downloaded r2d2 v0.7.2
[INFO] [stderr]   Downloaded jsonwebtoken v2.0.0
[INFO] [stderr]   Downloaded ring v0.7.5
[INFO] [stderr]   Downloaded diesel v0.12.0
[INFO] [stderr]   Downloaded base64 v0.4.1
[INFO] [stderr]   Downloaded base64 v0.5.0
[INFO] [stderr]   Downloaded derive-error-chain v0.10.0
[INFO] [stderr]   Downloaded cookie v0.7.5
[INFO] running `Command { std: "docker" "create" "-v" "/var/lib/crater-agent-workspace/builds/worker-19/target:/opt/rustwide/target:rw,Z" "-v" "/var/lib/crater-agent-workspace/builds/worker-19/source:/opt/rustwide/workdir:ro,Z" "-v" "/var/lib/crater-agent-workspace/cargo-home:/opt/rustwide/cargo-home:ro,Z" "-v" "/var/lib/crater-agent-workspace/rustup-home:/opt/rustwide/rustup-home:ro,Z" "-e" "SOURCE_DIR=/opt/rustwide/workdir" "-e" "CARGO_TARGET_DIR=/opt/rustwide/target" "-e" "CARGO_HOME=/opt/rustwide/cargo-home" "-e" "RUSTUP_HOME=/opt/rustwide/rustup-home" "-w" "/opt/rustwide/workdir" "-m" "1610612736" "--user" "0:0" "--network" "none" "ghcr.io/rust-lang/crates-build-env/linux@sha256:a89201d6b5b9fd45c15d5952ece0a0129e7e80cb26ec023fd59cf09bc26f1604" "/opt/rustwide/cargo-home/bin/cargo" "+1.55.0" "metadata" "--no-deps" "--format-version=1", kill_on_drop: false }`
[INFO] [stdout] 153529b6425958a68ad178eff18b72c69ccc2316da26c8a0e26ac284ba05c97b
[INFO] running `Command { std: "docker" "start" "-a" "153529b6425958a68ad178eff18b72c69ccc2316da26c8a0e26ac284ba05c97b", kill_on_drop: false }`
[INFO] running `Command { std: "docker" "inspect" "153529b6425958a68ad178eff18b72c69ccc2316da26c8a0e26ac284ba05c97b", kill_on_drop: false }`
[INFO] running `Command { std: "docker" "rm" "-f" "153529b6425958a68ad178eff18b72c69ccc2316da26c8a0e26ac284ba05c97b", kill_on_drop: false }`
[INFO] [stdout] 153529b6425958a68ad178eff18b72c69ccc2316da26c8a0e26ac284ba05c97b
[INFO] running `Command { std: "docker" "create" "-v" "/var/lib/crater-agent-workspace/builds/worker-19/target:/opt/rustwide/target:rw,Z" "-v" "/var/lib/crater-agent-workspace/builds/worker-19/source:/opt/rustwide/workdir:ro,Z" "-v" "/var/lib/crater-agent-workspace/cargo-home:/opt/rustwide/cargo-home:ro,Z" "-v" "/var/lib/crater-agent-workspace/rustup-home:/opt/rustwide/rustup-home:ro,Z" "-e" "SOURCE_DIR=/opt/rustwide/workdir" "-e" "CARGO_TARGET_DIR=/opt/rustwide/target" "-e" "CARGO_INCREMENTAL=0" "-e" "RUST_BACKTRACE=full" "-e" "RUSTFLAGS=--cap-lints=warn" "-e" "CARGO_HOME=/opt/rustwide/cargo-home" "-e" "RUSTUP_HOME=/opt/rustwide/rustup-home" "-w" "/opt/rustwide/workdir" "-m" "1610612736" "--user" "0:0" "--network" "none" "ghcr.io/rust-lang/crates-build-env/linux@sha256:a89201d6b5b9fd45c15d5952ece0a0129e7e80cb26ec023fd59cf09bc26f1604" "/opt/rustwide/cargo-home/bin/cargo" "+1.55.0" "check" "--frozen" "--all" "--all-targets" "--message-format=json", kill_on_drop: false }`
[INFO] [stdout] 0df4802a8006333da729259131d91f920ef1d036b2509f3cf7e54f6161de11ff
[INFO] running `Command { std: "docker" "start" "-a" "0df4802a8006333da729259131d91f920ef1d036b2509f3cf7e54f6161de11ff", kill_on_drop: false }`
[INFO] [stderr]     Blocking waiting for file lock on package cache
[INFO] [stderr]    Compiling libc v0.2.21
[INFO] [stderr]    Compiling gcc v0.3.45
[INFO] [stderr]    Compiling winapi-build v0.1.1
[INFO] [stderr]    Compiling rayon-core v1.0.0
[INFO] [stderr]    Compiling lazy_static v0.2.8
[INFO] [stderr]    Compiling semver v0.1.20
[INFO] [stderr]    Compiling unicode-xid v0.0.4
[INFO] [stderr]    Compiling pq-sys v0.4.3
[INFO] [stderr]    Compiling quote v0.3.15
[INFO] [stderr]    Compiling ansi_term v0.9.0
[INFO] [stderr]     Checking byteorder v1.0.0
[INFO] [stderr]    Compiling version_check v0.1.0
[INFO] [stderr]     Checking num-traits v0.1.37
[INFO] [stderr]    Compiling matches v0.1.4
[INFO] [stderr]    Compiling winapi v0.2.8
[INFO] [stderr]    Compiling unicode-normalization v0.1.4
[INFO] [stderr]     Checking log v0.3.7
[INFO] [stderr]     Checking untrusted v0.3.2
[INFO] [stderr]    Compiling backtrace v0.3.0
[INFO] [stderr]     Checking void v1.0.2
[INFO] [stderr]     Checking cfg-if v0.1.0
[INFO] [stderr]     Checking rustc-demangle v0.1.4
[INFO] [stderr]    Compiling pear_codegen v0.0.8
[INFO] [stderr]    Compiling regex-syntax v0.3.9
[INFO] [stderr]    Compiling traitobject v0.1.0
[INFO] [stderr]    Compiling rustc-serialize v0.3.24
[INFO] [stderr]     Checking dtoa v0.4.1
[INFO] [stderr]    Compiling language-tags v0.2.2
[INFO] [stderr]    Compiling term v0.4.5
[INFO] [stderr]     Checking antidote v1.0.0
[INFO] [stderr]    Compiling typeable v0.1.2
[INFO] [stderr]    Compiling utf8-ranges v0.1.3
[INFO] [stderr]     Checking serde v1.0.2
[INFO] [stderr]     Checking httparse v1.2.2
[INFO] [stderr]     Checking itoa v0.3.1
[INFO] [stderr]     Checking pear v0.0.8
[INFO] [stderr]     Checking toml v0.2.1
[INFO] [stderr]     Checking regex-syntax v0.4.0
[INFO] [stderr]     Checking utf8-ranges v1.0.0
[INFO] [stderr]    Compiling state v0.2.1
[INFO] [stderr]     Checking smallvec v0.3.3
[INFO] [stderr]     Checking unicode-bidi v0.2.5
[INFO] [stderr]     Checking mime v0.2.3
[INFO] [stderr]    Compiling rand v0.3.15
[INFO] [stderr]    Compiling num_cpus v1.3.0
[INFO] [stderr]    Compiling memchr v0.1.11
[INFO] [stderr]    Compiling time v0.1.36
[INFO] [stderr]    Compiling memchr v1.0.1
[INFO] [stderr]    Compiling base64 v0.4.1
[INFO] [stderr]    Compiling kernel32-sys v0.2.2
[INFO] [stderr]    Compiling dbghelp-sys v0.2.0
[INFO] [stdout] error[E0557]: feature has been removed
[INFO] [stdout]  --> /opt/rustwide/cargo-home/registry/src/github.com-1ecc6299db9ec823/state-0.2.1/src/lib.rs:1:12
[INFO] [stdout]   |
[INFO] [stdout] 1 | #![feature(const_fn)]
[INFO] [stdout]   |            ^^^^^^^^ feature has been removed
[INFO] [stdout]   |
[INFO] [stdout]   = note: split into finer-grained feature gates
[INFO] [stdout] 
[INFO] [stdout] 
[INFO] [stdout] error[E0554]: `#![feature]` may not be used on the stable release channel
[INFO] [stdout]  --> /opt/rustwide/cargo-home/registry/src/github.com-1ecc6299db9ec823/state-0.2.1/src/lib.rs:1:1
[INFO] [stdout]   |
[INFO] [stdout] 1 | #![feature(const_fn)]
[INFO] [stdout]   | ^^^^^^^^^^^^^^^^^^^^^
[INFO] [stdout] 
[INFO] [stdout] 
[INFO] [stdout] error[E0557]: feature has been removed
[INFO] [stdout]  --> /opt/rustwide/cargo-home/registry/src/github.com-1ecc6299db9ec823/pear_codegen-0.0.8/src/lib.rs:1:45
[INFO] [stdout]   |
[INFO] [stdout] 1 | #![feature(plugin_registrar, rustc_private, quote)]
[INFO] [stdout]   |                                             ^^^^^ feature has been removed
[INFO] [stdout] 
[INFO] [stdout] 
[INFO] [stdout] error[E0557]: feature has been removed
[INFO] [stdout]  --> /opt/rustwide/cargo-home/registry/src/github.com-1ecc6299db9ec823/state-0.2.1/src/lib.rs:1:12
[INFO] [stdout]   |
[INFO] [stdout] 1 | #![feature(const_fn)]
[INFO] [stdout]   |            ^^^^^^^^ feature has been removed
[INFO] [stdout]   |
[INFO] [stdout]   = note: split into finer-grained feature gates
[INFO] [stdout] 
[INFO] [stdout] 
[INFO] [stdout] error[E0462]: found staticlib `rustc` instead of rlib or dylib
[INFO] [stdout]  --> /opt/rustwide/cargo-home/registry/src/github.com-1ecc6299db9ec823/pear_codegen-0.0.8/src/lib.rs:3:1
[INFO] [stdout]   |
[INFO] [stdout] 3 | extern crate rustc;
[INFO] [stdout]   | ^^^^^^^^^^^^^^^^^^^
[INFO] [stdout]   |
[INFO] [stdout]   = help: please recompile that crate using --crate-type lib
[INFO] [stdout]   = note: the following crate versions were found:
[INFO] [stdout]           crate `rustc`: /opt/rustwide/rustup-home/toolchains/1.55.0-x86_64-unknown-linux-gnu/lib/rustlib/x86_64-unknown-linux-gnu/lib/librustc-stable_rt.msan.a
[INFO] [stdout]           crate `rustc`: /opt/rustwide/rustup-home/toolchains/1.55.0-x86_64-unknown-linux-gnu/lib/rustlib/x86_64-unknown-linux-gnu/lib/librustc-stable_rt.lsan.a
[INFO] [stdout]           crate `rustc`: /opt/rustwide/rustup-home/toolchains/1.55.0-x86_64-unknown-linux-gnu/lib/rustlib/x86_64-unknown-linux-gnu/lib/librustc-stable_rt.tsan.a
[INFO] [stdout]           crate `rustc`: /opt/rustwide/rustup-home/toolchains/1.55.0-x86_64-unknown-linux-gnu/lib/rustlib/x86_64-unknown-linux-gnu/lib/librustc-stable_rt.asan.a
[INFO] [stdout] 
[INFO] [stdout] 
[INFO] [stdout] error: aborting due to 2 previous errors
[INFO] [stdout] 
[INFO] [stdout] 
[INFO] [stdout] For more information about this error, try `rustc --explain E0557`.
[INFO] [stdout] 
[INFO] [stdout] error[E0554]: `#![feature]` may not be used on the stable release channel
[INFO] [stdout]  --> /opt/rustwide/cargo-home/registry/src/github.com-1ecc6299db9ec823/state-0.2.1/src/lib.rs:1:1
[INFO] [stdout]   |
[INFO] [stdout] 1 | #![feature(const_fn)]
[INFO] [stdout]   | ^^^^^^^^^^^^^^^^^^^^^
[INFO] [stdout] 
[INFO] [stdout] 
[INFO] [stderr] error: could not compile `pear_codegen` due to 3 previous errors
[INFO] [stderr] warning: build failed, waiting for other jobs to finish...
[INFO] [stdout] error: aborting due to 2 previous errors
[INFO] [stdout] 
[INFO] [stdout] 
[INFO] [stdout] Some errors have detailed explanations: E0554, E0557.
[INFO] [stdout] 
[INFO] [stdout] For more information about an error, try `rustc --explain E0554`.
[INFO] [stdout] 
[INFO] [stdout] error: aborting due to 2 previous errors
[INFO] [stdout] 
[INFO] [stdout] 
[INFO] [stdout] Some errors have detailed explanations: E0554, E0557.
[INFO] [stdout] 
[INFO] [stdout] For more information about an error, try `rustc --explain E0554`.
[INFO] [stdout] 
[INFO] [stderr] error: build failed
[INFO] running `Command { std: "docker" "inspect" "0df4802a8006333da729259131d91f920ef1d036b2509f3cf7e54f6161de11ff", kill_on_drop: false }`
[INFO] running `Command { std: "docker" "rm" "-f" "0df4802a8006333da729259131d91f920ef1d036b2509f3cf7e54f6161de11ff", kill_on_drop: false }`
[INFO] [stdout] 0df4802a8006333da729259131d91f920ef1d036b2509f3cf7e54f6161de11ff
