[INFO] cloning repository https://github.com/zelinf/rustymos
[INFO] running `Command { std: "git" "-c" "credential.helper=" "-c" "credential.helper=/workspace/cargo-home/bin/git-credential-null" "clone" "--bare" "https://github.com/zelinf/rustymos" "/workspace/cache/git-repos/https%3A%2F%2Fgithub.com%2Fzelinf%2Frustymos", kill_on_drop: false }`
[INFO] [stderr] Cloning into bare repository '/workspace/cache/git-repos/https%3A%2F%2Fgithub.com%2Fzelinf%2Frustymos'...
[INFO] running `Command { std: "git" "rev-parse" "HEAD", kill_on_drop: false }`
[INFO] [stdout] 4482b82381549593d447d70906bc3ca1a6aa1329
[INFO] checking zelinf/rustymos against beta-2021-10-15 for beta-1.56-3
[INFO] running `Command { std: "git" "clone" "/workspace/cache/git-repos/https%3A%2F%2Fgithub.com%2Fzelinf%2Frustymos" "/workspace/builds/worker-30/source", kill_on_drop: false }`
[INFO] [stderr] Cloning into '/workspace/builds/worker-30/source'...
[INFO] [stderr] done.
[INFO] validating manifest of git repo https://github.com/zelinf/rustymos on toolchain beta-2021-10-15
[INFO] running `Command { std: "/workspace/cargo-home/bin/cargo" "+beta-2021-10-15" "metadata" "--manifest-path" "Cargo.toml" "--no-deps", kill_on_drop: false }`
[INFO] started tweaking git repo https://github.com/zelinf/rustymos
[INFO] finished tweaking git repo https://github.com/zelinf/rustymos
[INFO] tweaked toml for git repo https://github.com/zelinf/rustymos written to /workspace/builds/worker-30/source/Cargo.toml
[INFO] crate git repo https://github.com/zelinf/rustymos already has a lockfile, it will not be regenerated
[INFO] running `Command { std: "/workspace/cargo-home/bin/cargo" "+beta-2021-10-15" "fetch" "--manifest-path" "Cargo.toml", kill_on_drop: false }`
[INFO] [stderr]     Blocking waiting for file lock on package cache
[INFO] [stderr]  Downloading crates ...
[INFO] [stderr]   Downloaded nasm-rs v0.1.3
[INFO] running `Command { std: "docker" "create" "-v" "/var/lib/crater-agent-workspace/builds/worker-30/target:/opt/rustwide/target:rw,Z" "-v" "/var/lib/crater-agent-workspace/builds/worker-30/source:/opt/rustwide/workdir:ro,Z" "-v" "/var/lib/crater-agent-workspace/cargo-home:/opt/rustwide/cargo-home:ro,Z" "-v" "/var/lib/crater-agent-workspace/rustup-home:/opt/rustwide/rustup-home:ro,Z" "-e" "SOURCE_DIR=/opt/rustwide/workdir" "-e" "CARGO_TARGET_DIR=/opt/rustwide/target" "-e" "CARGO_HOME=/opt/rustwide/cargo-home" "-e" "RUSTUP_HOME=/opt/rustwide/rustup-home" "-w" "/opt/rustwide/workdir" "-m" "1610612736" "--user" "0:0" "--network" "none" "ghcr.io/rust-lang/crates-build-env/linux@sha256:a89201d6b5b9fd45c15d5952ece0a0129e7e80cb26ec023fd59cf09bc26f1604" "/opt/rustwide/cargo-home/bin/cargo" "+beta-2021-10-15" "metadata" "--no-deps" "--format-version=1", kill_on_drop: false }`
[INFO] [stdout] 19ae01c46c010febd5c66c20f1a848c7ef6a8a4f37109612bdcb29198ce99126
[INFO] running `Command { std: "docker" "start" "-a" "19ae01c46c010febd5c66c20f1a848c7ef6a8a4f37109612bdcb29198ce99126", kill_on_drop: false }`
[INFO] running `Command { std: "docker" "inspect" "19ae01c46c010febd5c66c20f1a848c7ef6a8a4f37109612bdcb29198ce99126", kill_on_drop: false }`
[INFO] running `Command { std: "docker" "rm" "-f" "19ae01c46c010febd5c66c20f1a848c7ef6a8a4f37109612bdcb29198ce99126", kill_on_drop: false }`
[INFO] [stdout] 19ae01c46c010febd5c66c20f1a848c7ef6a8a4f37109612bdcb29198ce99126
[INFO] running `Command { std: "docker" "create" "-v" "/var/lib/crater-agent-workspace/builds/worker-30/target:/opt/rustwide/target:rw,Z" "-v" "/var/lib/crater-agent-workspace/builds/worker-30/source:/opt/rustwide/workdir:ro,Z" "-v" "/var/lib/crater-agent-workspace/cargo-home:/opt/rustwide/cargo-home:ro,Z" "-v" "/var/lib/crater-agent-workspace/rustup-home:/opt/rustwide/rustup-home:ro,Z" "-e" "SOURCE_DIR=/opt/rustwide/workdir" "-e" "CARGO_TARGET_DIR=/opt/rustwide/target" "-e" "CARGO_INCREMENTAL=0" "-e" "RUST_BACKTRACE=full" "-e" "RUSTFLAGS=--cap-lints=warn" "-e" "CARGO_HOME=/opt/rustwide/cargo-home" "-e" "RUSTUP_HOME=/opt/rustwide/rustup-home" "-w" "/opt/rustwide/workdir" "-m" "1610612736" "--user" "0:0" "--network" "none" "ghcr.io/rust-lang/crates-build-env/linux@sha256:a89201d6b5b9fd45c15d5952ece0a0129e7e80cb26ec023fd59cf09bc26f1604" "/opt/rustwide/cargo-home/bin/cargo" "+beta-2021-10-15" "check" "--frozen" "--all" "--all-targets" "--message-format=json", kill_on_drop: false }`
[INFO] [stdout] 3286b0af73776c7ba2aaabc7a621663519ed92cb2ba9beddd91c9704e1cf8a8b
[INFO] running `Command { std: "docker" "start" "-a" "3286b0af73776c7ba2aaabc7a621663519ed92cb2ba9beddd91c9704e1cf8a8b", kill_on_drop: false }`
[INFO] [stderr]    Compiling nasm-rs v0.1.3
[INFO] [stderr]    Compiling rustymos-kernel v0.1.0 (/opt/rustwide/workdir/kernel)
[INFO] [stdout] error[E0554]: `#![feature]` may not be used on the beta release channel
[INFO] [stdout]  --> kernel/src/main.rs:1:1
[INFO] [stdout]   |
[INFO] [stdout] 1 | #![feature(lang_items)]
[INFO] [stdout]   | ^^^^^^^^^^^^^^^^^^^^^^^
[INFO] [stdout] 
[INFO] [stdout] 
[INFO] [stdout] error[E0152]: found duplicate lang item `panic_fmt`
[INFO] [stdout]   --> kernel/src/main.rs:14:1
[INFO] [stdout]    |
[INFO] [stdout] 14 | pub extern fn panic_fmt() -> ! { loop {} }
[INFO] [stdout]    | ^^^^^^^^^^^^^^^^^^^^^^^^^^^^^^
[INFO] [stdout]    |
[INFO] [stdout]    = note: the lang item is first defined in crate `core` (which `rustymos_kernel` depends on)
[INFO] [stdout]    = note: first definition in `core` loaded from /opt/rustwide/rustup-home/toolchains/beta-2021-10-15-x86_64-unknown-linux-gnu/lib/rustlib/x86_64-unknown-linux-gnu/lib/libcore-8ef7dd43fc671f88.rlib
[INFO] [stdout]    = note: second definition in the local crate (`rustymos_kernel`)
[INFO] [stdout] 
[INFO] [stdout] 
[INFO] [stdout] error: `#[panic_handler]` function required, but not found
[INFO] [stdout] 
[INFO] [stdout] 
[INFO] [stdout] error: aborting due to 3 previous errors
[INFO] [stdout] 
[INFO] [stdout] 
[INFO] [stdout] Some errors have detailed explanations: E0152, E0554.
[INFO] [stdout] 
[INFO] [stdout] For more information about an error, try `rustc --explain E0152`.
[INFO] [stdout] 
[INFO] [stderr] error: could not compile `rustymos-kernel` due to 4 previous errors
[INFO] [stderr] warning: build failed, waiting for other jobs to finish...
[INFO] [stdout] error[E0554]: `#![feature]` may not be used on the beta release channel
[INFO] [stdout]  --> kernel/src/main.rs:1:1
[INFO] [stdout]   |
[INFO] [stdout] 1 | #![feature(lang_items)]
[INFO] [stdout]   | ^^^^^^^^^^^^^^^^^^^^^^^
[INFO] [stdout] 
[INFO] [stdout] 
[INFO] [stdout] error[E0152]: found duplicate lang item `eh_personality`
[INFO] [stdout]   --> kernel/src/main.rs:10:1
[INFO] [stdout]    |
[INFO] [stdout] 10 | pub extern fn eh_personality() {}
[INFO] [stdout]    | ^^^^^^^^^^^^^^^^^^^^^^^^^^^^^^
[INFO] [stdout]    |
[INFO] [stdout]    = note: the lang item is first defined in crate `panic_unwind` (which `std` depends on)
[INFO] [stdout]    = note: first definition in `panic_unwind` loaded from /opt/rustwide/rustup-home/toolchains/beta-2021-10-15-x86_64-unknown-linux-gnu/lib/rustlib/x86_64-unknown-linux-gnu/lib/libpanic_unwind-3b1b529ec96b3df7.rlib
[INFO] [stdout]    = note: second definition in the local crate (`rustymos_kernel`)
[INFO] [stdout] 
[INFO] [stdout] 
[INFO] [stdout] error[E0152]: found duplicate lang item `panic_fmt`
[INFO] [stdout]   --> kernel/src/main.rs:14:1
[INFO] [stdout]    |
[INFO] [stdout] 14 | pub extern fn panic_fmt() -> ! { loop {} }
[INFO] [stdout]    | ^^^^^^^^^^^^^^^^^^^^^^^^^^^^^^
[INFO] [stdout]    |
[INFO] [stdout]    = note: the lang item is first defined in crate `core` (which `rustymos_kernel` depends on)
[INFO] [stdout]    = note: first definition in `core` loaded from /opt/rustwide/rustup-home/toolchains/beta-2021-10-15-x86_64-unknown-linux-gnu/lib/rustlib/x86_64-unknown-linux-gnu/lib/libcore-8ef7dd43fc671f88.rlib
[INFO] [stdout]    = note: second definition in the local crate (`rustymos_kernel`)
[INFO] [stdout] 
[INFO] [stdout] 
[INFO] [stdout] error: aborting due to 3 previous errors
[INFO] [stdout] 
[INFO] [stdout] 
[INFO] [stdout] Some errors have detailed explanations: E0152, E0554.
[INFO] [stdout] 
[INFO] [stdout] For more information about an error, try `rustc --explain E0152`.
[INFO] [stdout] 
[INFO] [stderr] error: build failed
[INFO] running `Command { std: "docker" "inspect" "3286b0af73776c7ba2aaabc7a621663519ed92cb2ba9beddd91c9704e1cf8a8b", kill_on_drop: false }`
[INFO] running `Command { std: "docker" "rm" "-f" "3286b0af73776c7ba2aaabc7a621663519ed92cb2ba9beddd91c9704e1cf8a8b", kill_on_drop: false }`
[INFO] [stdout] 3286b0af73776c7ba2aaabc7a621663519ed92cb2ba9beddd91c9704e1cf8a8b
