[INFO] cloning repository https://github.com/zakionigiri/kvs
[INFO] running `Command { std: "git" "-c" "credential.helper=" "-c" "credential.helper=/workspace/cargo-home/bin/git-credential-null" "clone" "--bare" "https://github.com/zakionigiri/kvs" "/workspace/cache/git-repos/https%3A%2F%2Fgithub.com%2Fzakionigiri%2Fkvs", kill_on_drop: false }`
[INFO] [stderr] Cloning into bare repository '/workspace/cache/git-repos/https%3A%2F%2Fgithub.com%2Fzakionigiri%2Fkvs'...
[INFO] running `Command { std: "git" "rev-parse" "HEAD", kill_on_drop: false }`
[INFO] [stdout] 1dad0ddcddf09a4c4dd1c1ff5655a41deeb33937
[INFO] checking zakionigiri/kvs against beta-2021-10-15 for beta-1.56-3
[INFO] running `Command { std: "git" "clone" "/workspace/cache/git-repos/https%3A%2F%2Fgithub.com%2Fzakionigiri%2Fkvs" "/workspace/builds/worker-2/source", kill_on_drop: false }`
[INFO] [stderr] Cloning into '/workspace/builds/worker-2/source'...
[INFO] [stderr] done.
[INFO] validating manifest of git repo https://github.com/zakionigiri/kvs on toolchain beta-2021-10-15
[INFO] running `Command { std: "/workspace/cargo-home/bin/cargo" "+beta-2021-10-15" "metadata" "--manifest-path" "Cargo.toml" "--no-deps", kill_on_drop: false }`
[INFO] started tweaking git repo https://github.com/zakionigiri/kvs
[INFO] finished tweaking git repo https://github.com/zakionigiri/kvs
[INFO] tweaked toml for git repo https://github.com/zakionigiri/kvs written to /workspace/builds/worker-2/source/Cargo.toml
[INFO] crate git repo https://github.com/zakionigiri/kvs already has a lockfile, it will not be regenerated
[INFO] running `Command { std: "/workspace/cargo-home/bin/cargo" "+beta-2021-10-15" "fetch" "--manifest-path" "Cargo.toml", kill_on_drop: false }`
[INFO] [stderr]     Updating crates.io index
[INFO] [stderr]  Downloading crates ...
[INFO] [stderr]   Downloaded clap_derive v3.0.0-beta.5
[INFO] [stderr]   Downloaded clap v3.0.0-beta.5
[INFO] running `Command { std: "docker" "create" "-v" "/var/lib/crater-agent-workspace/builds/worker-2/target:/opt/rustwide/target:rw,Z" "-v" "/var/lib/crater-agent-workspace/builds/worker-2/source:/opt/rustwide/workdir:ro,Z" "-v" "/var/lib/crater-agent-workspace/cargo-home:/opt/rustwide/cargo-home:ro,Z" "-v" "/var/lib/crater-agent-workspace/rustup-home:/opt/rustwide/rustup-home:ro,Z" "-e" "SOURCE_DIR=/opt/rustwide/workdir" "-e" "CARGO_TARGET_DIR=/opt/rustwide/target" "-e" "CARGO_HOME=/opt/rustwide/cargo-home" "-e" "RUSTUP_HOME=/opt/rustwide/rustup-home" "-w" "/opt/rustwide/workdir" "-m" "1610612736" "--user" "0:0" "--network" "none" "ghcr.io/rust-lang/crates-build-env/linux@sha256:a89201d6b5b9fd45c15d5952ece0a0129e7e80cb26ec023fd59cf09bc26f1604" "/opt/rustwide/cargo-home/bin/cargo" "+beta-2021-10-15" "metadata" "--no-deps" "--format-version=1", kill_on_drop: false }`
[INFO] [stderr] WARNING: Your kernel does not support swap limit capabilities or the cgroup is not mounted. Memory limited without swap.
[INFO] [stdout] 4d28a657c6b63b1dd4cb8ba47afaa210775f85f9537e90d88b284732735da232
[INFO] running `Command { std: "docker" "start" "-a" "4d28a657c6b63b1dd4cb8ba47afaa210775f85f9537e90d88b284732735da232", kill_on_drop: false }`
[INFO] running `Command { std: "docker" "inspect" "4d28a657c6b63b1dd4cb8ba47afaa210775f85f9537e90d88b284732735da232", kill_on_drop: false }`
[INFO] running `Command { std: "docker" "rm" "-f" "4d28a657c6b63b1dd4cb8ba47afaa210775f85f9537e90d88b284732735da232", kill_on_drop: false }`
[INFO] [stdout] 4d28a657c6b63b1dd4cb8ba47afaa210775f85f9537e90d88b284732735da232
[INFO] running `Command { std: "docker" "create" "-v" "/var/lib/crater-agent-workspace/builds/worker-2/target:/opt/rustwide/target:rw,Z" "-v" "/var/lib/crater-agent-workspace/builds/worker-2/source:/opt/rustwide/workdir:ro,Z" "-v" "/var/lib/crater-agent-workspace/cargo-home:/opt/rustwide/cargo-home:ro,Z" "-v" "/var/lib/crater-agent-workspace/rustup-home:/opt/rustwide/rustup-home:ro,Z" "-e" "SOURCE_DIR=/opt/rustwide/workdir" "-e" "CARGO_TARGET_DIR=/opt/rustwide/target" "-e" "CARGO_INCREMENTAL=0" "-e" "RUST_BACKTRACE=full" "-e" "RUSTFLAGS=--cap-lints=warn" "-e" "CARGO_HOME=/opt/rustwide/cargo-home" "-e" "RUSTUP_HOME=/opt/rustwide/rustup-home" "-w" "/opt/rustwide/workdir" "-m" "1610612736" "--user" "0:0" "--network" "none" "ghcr.io/rust-lang/crates-build-env/linux@sha256:a89201d6b5b9fd45c15d5952ece0a0129e7e80cb26ec023fd59cf09bc26f1604" "/opt/rustwide/cargo-home/bin/cargo" "+beta-2021-10-15" "check" "--frozen" "--all" "--all-targets" "--message-format=json", kill_on_drop: false }`
[INFO] [stderr] WARNING: Your kernel does not support swap limit capabilities or the cgroup is not mounted. Memory limited without swap.
[INFO] [stdout] 56c0901d55a005b093449952d8fdb8f7855369394f19fd2086e665c724f34dd4
[INFO] running `Command { std: "docker" "start" "-a" "56c0901d55a005b093449952d8fdb8f7855369394f19fd2086e665c724f34dd4", kill_on_drop: false }`
[INFO] [stderr]    Compiling serde_derive v1.0.127
[INFO] [stderr]    Compiling serde v1.0.127
[INFO] [stderr]    Compiling serde_json v1.0.66
[INFO] [stderr]    Compiling libc v0.2.104
[INFO] [stderr]    Compiling escargot v0.4.0
[INFO] [stderr]     Checking strsim v0.10.0
[INFO] [stderr]     Checking predicates-tree v1.0.2
[INFO] [stderr]     Checking textwrap v0.14.2
[INFO] [stderr]     Checking os_str_bytes v4.2.0
[INFO] [stderr]    Compiling syn v1.0.74
[INFO] [stderr]    Compiling proc-macro-error-attr v1.0.4
[INFO] [stderr]     Checking float-cmp v0.8.0
[INFO] [stderr]     Checking predicates v1.0.8
[INFO] [stderr]     Checking atty v0.2.14
[INFO] [stderr]    Compiling proc-macro-error v1.0.4
[INFO] [stderr]    Compiling clap_derive v3.0.0-beta.5
[INFO] [stderr]     Checking clap v3.0.0-beta.5
[INFO] [stderr]     Checking assert_cmd v0.11.1
[INFO] [stderr]     Checking kvs v0.1.0 (/opt/rustwide/workdir)
[INFO] [stdout] error[E0432]: unresolved import `clap::Clap`
[INFO] [stdout]  --> src/bin/kvs.rs:1:25
[INFO] [stdout]   |
[INFO] [stdout] 1 | use clap::{AppSettings, Clap};
[INFO] [stdout]   |                         ^^^^ no `Clap` in the root
[INFO] [stdout] 
[INFO] [stdout] 
[INFO] [stdout] warning: unused import: `AppSettings`
[INFO] [stdout]  --> src/bin/kvs.rs:1:12
[INFO] [stdout]   |
[INFO] [stdout] 1 | use clap::{AppSettings, Clap};
[INFO] [stdout]   |            ^^^^^^^^^^^
[INFO] [stdout]   |
[INFO] [stdout]   = note: `#[warn(unused_imports)]` on by default
[INFO] [stdout] 
[INFO] [stdout] 
[INFO] [stdout] error[E0601]: `main` function not found in crate `kvs`
[INFO] [stdout]  --> src/bin/kvs.rs:1:1
[INFO] [stdout]   |
[INFO] [stdout] 1 | use clap::{AppSettings, Clap};
[INFO] [stdout]   | ^^^^^^^^^^^^^^^^^^^^^^^^^^^^^^ consider adding a `main` function to `src/bin/kvs.rs`
[INFO] [stdout] 
[INFO] [stdout] 
[INFO] [stdout] error: aborting due to 2 previous errors; 1 warning emitted
[INFO] [stdout] 
[INFO] [stdout] 
[INFO] [stdout] Some errors have detailed explanations: E0432, E0601.
[INFO] [stdout] 
[INFO] [stdout] For more information about an error, try `rustc --explain E0432`.
[INFO] [stdout] 
[INFO] [stdout] error[E0432]: unresolved import `clap::Clap`
[INFO] [stdout]  --> src/bin/kvs.rs:1:25
[INFO] [stdout]   |
[INFO] [stdout] 1 | use clap::{AppSettings, Clap};
[INFO] [stdout]   |                         ^^^^ no `Clap` in the root
[INFO] [stdout] 
[INFO] [stdout] 
[INFO] [stdout] warning: unused import: `AppSettings`
[INFO] [stdout]  --> src/bin/kvs.rs:1:12
[INFO] [stdout]   |
[INFO] [stdout] 1 | use clap::{AppSettings, Clap};
[INFO] [stdout]   |            ^^^^^^^^^^^
[INFO] [stdout]   |
[INFO] [stdout]   = note: `#[warn(unused_imports)]` on by default
[INFO] [stdout] 
[INFO] [stdout] 
[INFO] [stdout] error: aborting due to previous error; 1 warning emitted
[INFO] [stdout] 
[INFO] [stdout] 
[INFO] [stdout] For more information about this error, try `rustc --explain E0432`.
[INFO] [stdout] 
[INFO] [stderr] error: could not compile `kvs` due to 3 previous errors; 1 warning emitted
[INFO] [stderr] warning: build failed, waiting for other jobs to finish...
[INFO] [stderr] error: build failed
[INFO] running `Command { std: "docker" "inspect" "56c0901d55a005b093449952d8fdb8f7855369394f19fd2086e665c724f34dd4", kill_on_drop: false }`
[INFO] running `Command { std: "docker" "rm" "-f" "56c0901d55a005b093449952d8fdb8f7855369394f19fd2086e665c724f34dd4", kill_on_drop: false }`
[INFO] [stdout] 56c0901d55a005b093449952d8fdb8f7855369394f19fd2086e665c724f34dd4
