[INFO] cloning repository https://github.com/zachwolfe/abs
[INFO] running `Command { std: "git" "-c" "credential.helper=" "-c" "credential.helper=/workspace/cargo-home/bin/git-credential-null" "clone" "--bare" "https://github.com/zachwolfe/abs" "/workspace/cache/git-repos/https%3A%2F%2Fgithub.com%2Fzachwolfe%2Fabs", kill_on_drop: false }`
[INFO] [stderr] Cloning into bare repository '/workspace/cache/git-repos/https%3A%2F%2Fgithub.com%2Fzachwolfe%2Fabs'...
[INFO] running `Command { std: "git" "rev-parse" "HEAD", kill_on_drop: false }`
[INFO] [stdout] f55a8dcfeeb10aea7e8422938d59a68d31be8c67
[INFO] checking zachwolfe/abs against 1.55.0 for beta-1.56-3
[INFO] running `Command { std: "git" "clone" "/workspace/cache/git-repos/https%3A%2F%2Fgithub.com%2Fzachwolfe%2Fabs" "/workspace/builds/worker-5/source", kill_on_drop: false }`
[INFO] [stderr] Cloning into '/workspace/builds/worker-5/source'...
[INFO] [stderr] done.
[INFO] validating manifest of git repo https://github.com/zachwolfe/abs on toolchain 1.55.0
[INFO] running `Command { std: "/workspace/cargo-home/bin/cargo" "+1.55.0" "metadata" "--manifest-path" "Cargo.toml" "--no-deps", kill_on_drop: false }`
[INFO] started tweaking git repo https://github.com/zachwolfe/abs
[INFO] finished tweaking git repo https://github.com/zachwolfe/abs
[INFO] tweaked toml for git repo https://github.com/zachwolfe/abs written to /workspace/builds/worker-5/source/Cargo.toml
[INFO] crate git repo https://github.com/zachwolfe/abs already has a lockfile, it will not be regenerated
[INFO] running `Command { std: "/workspace/cargo-home/bin/cargo" "+1.55.0" "fetch" "--manifest-path" "Cargo.toml", kill_on_drop: false }`
[INFO] running `Command { std: "docker" "create" "-v" "/var/lib/crater-agent-workspace/builds/worker-5/target:/opt/rustwide/target:rw,Z" "-v" "/var/lib/crater-agent-workspace/builds/worker-5/source:/opt/rustwide/workdir:ro,Z" "-v" "/var/lib/crater-agent-workspace/cargo-home:/opt/rustwide/cargo-home:ro,Z" "-v" "/var/lib/crater-agent-workspace/rustup-home:/opt/rustwide/rustup-home:ro,Z" "-e" "SOURCE_DIR=/opt/rustwide/workdir" "-e" "CARGO_TARGET_DIR=/opt/rustwide/target" "-e" "CARGO_HOME=/opt/rustwide/cargo-home" "-e" "RUSTUP_HOME=/opt/rustwide/rustup-home" "-w" "/opt/rustwide/workdir" "-m" "1610612736" "--user" "0:0" "--network" "none" "ghcr.io/rust-lang/crates-build-env/linux@sha256:a89201d6b5b9fd45c15d5952ece0a0129e7e80cb26ec023fd59cf09bc26f1604" "/opt/rustwide/cargo-home/bin/cargo" "+1.55.0" "metadata" "--no-deps" "--format-version=1", kill_on_drop: false }`
[INFO] [stdout] a7fba115d78bdd9202193ce1043fd18af579d013f556efae5ee6dde92b398b47
[INFO] [stderr] WARNING: Your kernel does not support swap limit capabilities or the cgroup is not mounted. Memory limited without swap.
[INFO] running `Command { std: "docker" "start" "-a" "a7fba115d78bdd9202193ce1043fd18af579d013f556efae5ee6dde92b398b47", kill_on_drop: false }`
[INFO] running `Command { std: "docker" "inspect" "a7fba115d78bdd9202193ce1043fd18af579d013f556efae5ee6dde92b398b47", kill_on_drop: false }`
[INFO] running `Command { std: "docker" "rm" "-f" "a7fba115d78bdd9202193ce1043fd18af579d013f556efae5ee6dde92b398b47", kill_on_drop: false }`
[INFO] [stdout] a7fba115d78bdd9202193ce1043fd18af579d013f556efae5ee6dde92b398b47
[INFO] running `Command { std: "docker" "create" "-v" "/var/lib/crater-agent-workspace/builds/worker-5/target:/opt/rustwide/target:rw,Z" "-v" "/var/lib/crater-agent-workspace/builds/worker-5/source:/opt/rustwide/workdir:ro,Z" "-v" "/var/lib/crater-agent-workspace/cargo-home:/opt/rustwide/cargo-home:ro,Z" "-v" "/var/lib/crater-agent-workspace/rustup-home:/opt/rustwide/rustup-home:ro,Z" "-e" "SOURCE_DIR=/opt/rustwide/workdir" "-e" "CARGO_TARGET_DIR=/opt/rustwide/target" "-e" "CARGO_INCREMENTAL=0" "-e" "RUST_BACKTRACE=full" "-e" "RUSTFLAGS=--cap-lints=warn" "-e" "CARGO_HOME=/opt/rustwide/cargo-home" "-e" "RUSTUP_HOME=/opt/rustwide/rustup-home" "-w" "/opt/rustwide/workdir" "-m" "1610612736" "--user" "0:0" "--network" "none" "ghcr.io/rust-lang/crates-build-env/linux@sha256:a89201d6b5b9fd45c15d5952ece0a0129e7e80cb26ec023fd59cf09bc26f1604" "/opt/rustwide/cargo-home/bin/cargo" "+1.55.0" "check" "--frozen" "--all" "--all-targets" "--message-format=json", kill_on_drop: false }`
[INFO] [stdout] 0068abf5caefc50088aa0b9770392fe73ccaaa2d82fa7af3ecd5efc88cafff4c
[INFO] [stderr] WARNING: Your kernel does not support swap limit capabilities or the cgroup is not mounted. Memory limited without swap.
[INFO] running `Command { std: "docker" "start" "-a" "0068abf5caefc50088aa0b9770392fe73ccaaa2d82fa7af3ecd5efc88cafff4c", kill_on_drop: false }`
[INFO] [stderr]    Compiling syn v1.0.70
[INFO] [stderr]    Compiling openssl v0.10.33
[INFO] [stderr]     Checking os_str_bytes v2.4.0
[INFO] [stderr]    Compiling tokio v1.5.0
[INFO] [stderr]    Compiling openssl-sys v0.9.61
[INFO] [stderr]     Checking futures-channel v0.3.14
[INFO] [stderr]     Checking textwrap v0.12.1
[INFO] [stderr]     Checking mio v0.7.11
[INFO] [stderr]     Checking futures-util v0.3.14
[INFO] [stderr]     Checking socket2 v0.4.0
[INFO] [stderr]     Checking atty v0.2.14
[INFO] [stderr]    Compiling proc-macro-error-attr v1.0.4
[INFO] [stderr]    Compiling native-tls v0.2.7
[INFO] [stderr]     Checking tokio-util v0.6.6
[INFO] [stderr]    Compiling proc-macro-error v1.0.4
[INFO] [stderr]     Checking h2 v0.3.2
[INFO] [stderr]     Checking tokio-native-tls v0.3.0
[INFO] [stderr]    Compiling pin-project-internal v1.0.7
[INFO] [stderr]    Compiling serde_derive v1.0.125
[INFO] [stderr]    Compiling clap_derive v3.0.0-beta.2
[INFO] [stderr]     Checking pin-project v1.0.7
[INFO] [stderr]     Checking hyper v0.14.7
[INFO] [stderr]     Checking clap v3.0.0-beta.2
[INFO] [stderr]     Checking serde v1.0.125
[INFO] [stderr]     Checking hyper-tls v0.5.0
[INFO] [stderr]     Checking serde_urlencoded v0.7.0
[INFO] [stderr]     Checking serde_json v1.0.64
[INFO] [stderr]     Checking reqwest v0.11.3
[INFO] [stderr]     Checking abs v0.1.0 (/opt/rustwide/workdir)
[INFO] [stdout] error[E0433]: failed to resolve: could not find `windows` in `os`
[INFO] [stdout]  --> src/build.rs:7:14
[INFO] [stdout]   |
[INFO] [stdout] 7 | use std::os::windows::prelude::*;
[INFO] [stdout]   |              ^^^^^^^ could not find `windows` in `os`
[INFO] [stdout] 
[INFO] [stdout] 
[INFO] [stdout] error[E0433]: failed to resolve: could not find `windows` in `os`
[INFO] [stdout]  --> src/build.rs:7:14
[INFO] [stdout]   |
[INFO] [stdout] 7 | use std::os::windows::prelude::*;
[INFO] [stdout]   |              ^^^^^^^ could not find `windows` in `os`
[INFO] [stdout] 
[INFO] [stdout] 
[INFO] [stdout] error[E0599]: no method named `last_write_time` found for struct `Metadata` in the current scope
[INFO] [stdout]    --> src/build.rs:282:42
[INFO] [stdout]     |
[INFO] [stdout] 282 |                 Ok(metadata) => metadata.last_write_time(),
[INFO] [stdout]     |                                          ^^^^^^^^^^^^^^^ method not found in `Metadata`
[INFO] [stdout] 
[INFO] [stdout] 
[INFO] [stdout] error: aborting due to 2 previous errors
[INFO] [stdout] 
[INFO] [stdout] 
[INFO] [stdout] Some errors have detailed explanations: E0433, E0599.
[INFO] [stdout] 
[INFO] [stdout] For more information about an error, try `rustc --explain E0433`.
[INFO] [stdout] 
[INFO] [stderr] error: could not compile `abs` due to 3 previous errors
[INFO] [stderr] warning: build failed, waiting for other jobs to finish...
[INFO] [stdout] error[E0599]: no method named `last_write_time` found for struct `Metadata` in the current scope
[INFO] [stdout]    --> src/build.rs:282:42
[INFO] [stdout]     |
[INFO] [stdout] 282 |                 Ok(metadata) => metadata.last_write_time(),
[INFO] [stdout]     |                                          ^^^^^^^^^^^^^^^ method not found in `Metadata`
[INFO] [stdout] 
[INFO] [stdout] 
[INFO] [stdout] error: aborting due to 2 previous errors
[INFO] [stdout] 
[INFO] [stdout] 
[INFO] [stdout] Some errors have detailed explanations: E0433, E0599.
[INFO] [stdout] 
[INFO] [stdout] For more information about an error, try `rustc --explain E0433`.
[INFO] [stdout] 
[INFO] [stderr] error: build failed
[INFO] running `Command { std: "docker" "inspect" "0068abf5caefc50088aa0b9770392fe73ccaaa2d82fa7af3ecd5efc88cafff4c", kill_on_drop: false }`
[INFO] running `Command { std: "docker" "rm" "-f" "0068abf5caefc50088aa0b9770392fe73ccaaa2d82fa7af3ecd5efc88cafff4c", kill_on_drop: false }`
[INFO] [stdout] 0068abf5caefc50088aa0b9770392fe73ccaaa2d82fa7af3ecd5efc88cafff4c
