[INFO] cloning repository https://github.com/yydcnjjw/my-tool
[INFO] running `Command { std: "git" "-c" "credential.helper=" "-c" "credential.helper=/workspace/cargo-home/bin/git-credential-null" "clone" "--bare" "https://github.com/yydcnjjw/my-tool" "/workspace/cache/git-repos/https%3A%2F%2Fgithub.com%2Fyydcnjjw%2Fmy-tool", kill_on_drop: false }`
[INFO] [stderr] Cloning into bare repository '/workspace/cache/git-repos/https%3A%2F%2Fgithub.com%2Fyydcnjjw%2Fmy-tool'...
[INFO] running `Command { std: "git" "rev-parse" "HEAD", kill_on_drop: false }`
[INFO] [stdout] 05b2112ba59849d25a1ec62747375aa49897891a
[INFO] checking yydcnjjw/my-tool against 1.55.0 for beta-1.56-3
[INFO] running `Command { std: "git" "clone" "/workspace/cache/git-repos/https%3A%2F%2Fgithub.com%2Fyydcnjjw%2Fmy-tool" "/workspace/builds/worker-8/source", kill_on_drop: false }`
[INFO] [stderr] Cloning into '/workspace/builds/worker-8/source'...
[INFO] [stderr] done.
[INFO] validating manifest of git repo https://github.com/yydcnjjw/my-tool on toolchain 1.55.0
[INFO] running `Command { std: "/workspace/cargo-home/bin/cargo" "+1.55.0" "metadata" "--manifest-path" "Cargo.toml" "--no-deps", kill_on_drop: false }`
[INFO] started tweaking git repo https://github.com/yydcnjjw/my-tool
[INFO] finished tweaking git repo https://github.com/yydcnjjw/my-tool
[INFO] tweaked toml for git repo https://github.com/yydcnjjw/my-tool written to /workspace/builds/worker-8/source/Cargo.toml
[INFO] crate git repo https://github.com/yydcnjjw/my-tool already has a lockfile, it will not be regenerated
[INFO] running `Command { std: "/workspace/cargo-home/bin/cargo" "+1.55.0" "fetch" "--manifest-path" "Cargo.toml", kill_on_drop: false }`
[INFO] [stderr]     Blocking waiting for file lock on package cache
[INFO] [stderr]     Blocking waiting for file lock on package cache
[INFO] running `Command { std: "docker" "create" "-v" "/var/lib/crater-agent-workspace/builds/worker-8/target:/opt/rustwide/target:rw,Z" "-v" "/var/lib/crater-agent-workspace/builds/worker-8/source:/opt/rustwide/workdir:ro,Z" "-v" "/var/lib/crater-agent-workspace/cargo-home:/opt/rustwide/cargo-home:ro,Z" "-v" "/var/lib/crater-agent-workspace/rustup-home:/opt/rustwide/rustup-home:ro,Z" "-e" "SOURCE_DIR=/opt/rustwide/workdir" "-e" "CARGO_TARGET_DIR=/opt/rustwide/target" "-e" "CARGO_HOME=/opt/rustwide/cargo-home" "-e" "RUSTUP_HOME=/opt/rustwide/rustup-home" "-w" "/opt/rustwide/workdir" "-m" "1610612736" "--user" "0:0" "--network" "none" "ghcr.io/rust-lang/crates-build-env/linux@sha256:a89201d6b5b9fd45c15d5952ece0a0129e7e80cb26ec023fd59cf09bc26f1604" "/opt/rustwide/cargo-home/bin/cargo" "+1.55.0" "metadata" "--no-deps" "--format-version=1", kill_on_drop: false }`
[INFO] [stdout] 808a8307bbfd1058250219217ae9d797b6a118539720b375d492a0cb967db02a
[INFO] [stderr] WARNING: Your kernel does not support swap limit capabilities or the cgroup is not mounted. Memory limited without swap.
[INFO] running `Command { std: "docker" "start" "-a" "808a8307bbfd1058250219217ae9d797b6a118539720b375d492a0cb967db02a", kill_on_drop: false }`
[INFO] running `Command { std: "docker" "inspect" "808a8307bbfd1058250219217ae9d797b6a118539720b375d492a0cb967db02a", kill_on_drop: false }`
[INFO] running `Command { std: "docker" "rm" "-f" "808a8307bbfd1058250219217ae9d797b6a118539720b375d492a0cb967db02a", kill_on_drop: false }`
[INFO] [stdout] 808a8307bbfd1058250219217ae9d797b6a118539720b375d492a0cb967db02a
[INFO] running `Command { std: "docker" "create" "-v" "/var/lib/crater-agent-workspace/builds/worker-8/target:/opt/rustwide/target:rw,Z" "-v" "/var/lib/crater-agent-workspace/builds/worker-8/source:/opt/rustwide/workdir:ro,Z" "-v" "/var/lib/crater-agent-workspace/cargo-home:/opt/rustwide/cargo-home:ro,Z" "-v" "/var/lib/crater-agent-workspace/rustup-home:/opt/rustwide/rustup-home:ro,Z" "-e" "SOURCE_DIR=/opt/rustwide/workdir" "-e" "CARGO_TARGET_DIR=/opt/rustwide/target" "-e" "CARGO_INCREMENTAL=0" "-e" "RUST_BACKTRACE=full" "-e" "RUSTFLAGS=--cap-lints=warn" "-e" "CARGO_HOME=/opt/rustwide/cargo-home" "-e" "RUSTUP_HOME=/opt/rustwide/rustup-home" "-w" "/opt/rustwide/workdir" "-m" "1610612736" "--user" "0:0" "--network" "none" "ghcr.io/rust-lang/crates-build-env/linux@sha256:a89201d6b5b9fd45c15d5952ece0a0129e7e80cb26ec023fd59cf09bc26f1604" "/opt/rustwide/cargo-home/bin/cargo" "+1.55.0" "check" "--frozen" "--all" "--all-targets" "--message-format=json", kill_on_drop: false }`
[INFO] [stdout] a22492fb2da9e6d4e66fe7c23fad72a06dc90ce6ac9ce0b26ac7724a773d7ebd
[INFO] [stderr] WARNING: Your kernel does not support swap limit capabilities or the cgroup is not mounted. Memory limited without swap.
[INFO] running `Command { std: "docker" "start" "-a" "a22492fb2da9e6d4e66fe7c23fad72a06dc90ce6ac9ce0b26ac7724a773d7ebd", kill_on_drop: false }`
[INFO] [stderr]    Compiling proc-macro2 v1.0.28
[INFO] [stderr]    Compiling syn v1.0.57
[INFO] [stderr]    Compiling gimli v0.25.0
[INFO] [stderr]    Compiling rustc-demangle v0.1.20
[INFO] [stderr]    Compiling shell-words v0.1.0
[INFO] [stderr]    Compiling termcolor v1.1.2
[INFO] [stderr]    Compiling dunce v1.0.2
[INFO] [stderr]    Compiling pathdiff v0.1.0
[INFO] [stderr]    Compiling futures-core v0.3.16
[INFO] [stderr]     Checking futures-sink v0.3.16
[INFO] [stderr]    Compiling futures-channel v0.3.16
[INFO] [stderr]    Compiling futures-task v0.3.16
[INFO] [stderr]     Checking futures-io v0.3.16
[INFO] [stderr]    Compiling siphasher v0.3.6
[INFO] [stderr]    Compiling scratch v1.0.0
[INFO] [stderr]    Compiling unicode-width v0.1.8
[INFO] [stderr]    Compiling cxxbridge-flags v1.0.41
[INFO] [stderr]    Compiling signal-hook v0.3.9
[INFO] [stderr]    Compiling crossbeam-queue v0.3.2
[INFO] [stderr]     Checking unicode-xid v0.2.2
[INFO] [stderr]    Compiling my-tool v0.1.0 (/opt/rustwide/workdir)
[INFO] [stderr]    Compiling backtrace v0.3.61
[INFO] [stderr]    Compiling ahash v0.7.4
[INFO] [stderr]    Compiling futures-macro v0.3.16
[INFO] [stderr]    Compiling openssl-sys v0.9.65
[INFO] [stderr]    Compiling tokio v1.9.0
[INFO] [stderr]    Compiling futures-util v0.3.16
[INFO] [stderr]    Compiling link-cplusplus v1.0.5
[INFO] [stderr]    Compiling libz-sys v1.1.3
[INFO] [stderr]    Compiling libsqlite3-sys v0.22.2
[INFO] [stderr]    Compiling minilzo-rs v0.6.0
[INFO] [stderr]    Compiling cmake v0.1.45
[INFO] [stderr]    Compiling itertools v0.8.2
[INFO] [stderr]    Compiling term-painter v0.2.4
[INFO] [stderr]     Checking minimad v0.8.0
[INFO] [stderr]    Compiling phf_shared v0.8.0
[INFO] [stderr]    Compiling libc v0.2.98
[INFO] [stderr]    Compiling cxx v1.0.41
[INFO] [stderr]    Compiling codespan-reporting v0.11.1
[INFO] [stderr]     Checking tendril v0.4.2
[INFO] [stderr]     Checking signal-hook-registry v1.4.0
[INFO] [stderr]     Checking parking_lot_core v0.8.3
[INFO] [stderr]     Checking num_cpus v1.13.0
[INFO] [stderr]     Checking socket2 v0.4.0
[INFO] [stderr]     Checking cpp_core v0.6.0
[INFO] [stderr]     Checking time v0.1.44
[INFO] [stderr]     Checking rand v0.4.6
[INFO] [stderr]    Compiling object v0.26.0
[INFO] [stderr]    Compiling aho-corasick v0.7.18
[INFO] [stderr]     Checking mio v0.7.13
[INFO] [stderr]     Checking idna v0.2.3
[INFO] [stderr]     Checking crossbeam-channel v0.5.1
[INFO] [stderr]     Checking phf v0.8.0
[INFO] [stderr]     Checking colored v2.0.0
[INFO] [stderr]     Checking crossbeam-epoch v0.9.5
[INFO] [stderr]     Checking parking_lot v0.11.1
[INFO] [stderr]    Compiling atty v0.2.14
[INFO] [stderr]    Compiling rand_os v0.1.3
[INFO] [stderr]    Compiling getrandom v0.1.16
[INFO] [stderr]     Checking chrono v0.4.19
[INFO] [stderr]    Compiling openssl v0.10.35
[INFO] [stderr]    Compiling native-tls v0.2.7
[INFO] [stderr]     Checking rand v0.3.23
[INFO] [stderr]    Compiling html5ever v0.22.5
[INFO] [stderr]     Checking ripemd128 v0.1.2
[INFO] [stderr]     Checking signal-hook-mio v0.2.1
[INFO] [stderr]     Checking hashbrown v0.11.2
[INFO] [stderr]     Checking quote v1.0.9
[INFO] [stderr]     Checking crossbeam-deque v0.8.1
[INFO] [stderr]     Checking flate2 v1.0.20
[INFO] [stderr]     Checking url v2.2.2
[INFO] [stderr]    Compiling rand v0.6.5
[INFO] [stderr]    Compiling regex v1.5.4
[INFO] [stderr]     Checking rust-crypto v0.2.36
[INFO] [stderr]    Compiling rand_core v0.5.1
[INFO] [stderr]     Checking crossterm v0.20.0
[INFO] [stderr]     Checking crossbeam v0.8.1
[INFO] [stderr]    Compiling addr2line v0.16.0
[INFO] [stderr]     Checking indexmap v1.7.0
[INFO] [stderr]     Checking hashlink v0.7.0
[INFO] [stderr]    Compiling proc-macro-error-attr v1.0.4
[INFO] [stderr]    Compiling rand_chacha v0.2.2
[INFO] [stderr]    Compiling rand_pcg v0.2.1
[INFO] [stderr]    Compiling phf_generator v0.7.24
[INFO] [stderr]    Compiling rand v0.7.3
[INFO] [stderr]    Compiling string_cache_codegen v0.4.4
[INFO] [stderr]    Compiling phf_codegen v0.7.24
[INFO] [stderr]    Compiling env_logger v0.7.1
[INFO] [stderr]    Compiling string_cache v0.7.5
[INFO] [stderr]    Compiling phf_generator v0.8.0
[INFO] [stderr]    Compiling string_cache_codegen v0.5.1
[INFO] [stderr]    Compiling phf_codegen v0.8.0
[INFO] [stderr]    Compiling markup5ever v0.10.1
[INFO] [stderr]    Compiling synstructure v0.12.5
[INFO] [stderr]    Compiling cxx-build v1.0.41
[INFO] [stderr]    Compiling proc-macro-error v1.0.4
[INFO] [stderr]     Checking rusqlite v0.25.3
[INFO] [stderr]    Compiling serde_derive v1.0.118
[INFO] [stderr]    Compiling failure_derive v0.1.8
[INFO] [stderr]    Compiling tokio-macros v1.3.0
[INFO] [stderr]    Compiling thiserror-impl v1.0.26
[INFO] [stderr]    Compiling qt_macros v0.1.1
[INFO] [stderr]    Compiling html5ever v0.25.1
[INFO] [stderr]    Compiling cxxbridge-macro v1.0.41
[INFO] [stderr]    Compiling async-trait v0.1.42
[INFO] [stderr]    Compiling clap_derive v3.0.0-beta.2
[INFO] [stderr]    Compiling failure v0.1.8
[INFO] [stderr]     Checking thiserror v1.0.26
[INFO] [stderr]     Checking termimad v0.14.2
[INFO] [stderr]     Checking clap v3.0.0-beta.2
[INFO] [stderr]    Compiling serde v1.0.118
[INFO] [stderr]     Checking futures-executor v0.3.16
[INFO] [stderr]     Checking tokio-util v0.6.7
[INFO] [stderr]     Checking tokio-native-tls v0.3.0
[INFO] [stderr]     Checking futures v0.3.16
[INFO] [stderr]     Checking h2 v0.3.3
[INFO] [stderr]     Checking serde_json v1.0.64
[INFO] [stderr]     Checking serde_urlencoded v0.7.0
[INFO] [stderr]     Checking string_cache v0.8.1
[INFO] [stderr]     Checking quick-xml v0.22.0
[INFO] [stderr]     Checking toml v0.4.10
[INFO] [stderr]     Checking hyper v0.14.11
[INFO] [stderr]    Compiling bincode v1.3.3
[INFO] [stderr]     Checking mdict v0.1.0 (/opt/rustwide/workdir/crates/mdict)
[INFO] [stderr]     Checking xml5ever v0.16.1
[INFO] [stderr]    Compiling markup5ever v0.7.5
[INFO] [stderr]    Compiling ritual_common v0.4.0
[INFO] [stderr]     Checking markup5ever_rcdom v0.1.0
[INFO] [stderr]     Checking html2md v0.2.13
[INFO] [stderr]     Checking html2text v0.2.1
[INFO] [stderr]     Checking hyper-tls v0.5.0
[INFO] [stderr]    Compiling ritual_build v0.4.0
[INFO] [stderr]    Compiling qt_ritual_common v0.4.0
[INFO] [stderr]     Checking reqwest v0.11.4
[INFO] [stderr]    Compiling qt_ritual_build v0.5.0
[INFO] [stderr]    Compiling qt_core v0.5.0
[INFO] [stderr]    Compiling qt_gui v0.5.0
[INFO] [stderr]    Compiling qt_qml v0.5.0
[INFO] [stderr]    Compiling qt_widgets v0.5.0
[INFO] [stderr]    Compiling ocr v0.1.0 (/opt/rustwide/workdir/crates/ocr)
[INFO] [stderr]    Compiling search v0.1.0 (/opt/rustwide/workdir/crates/search)
[INFO] [stderr]     Checking cloud-api v0.1.0 (/opt/rustwide/workdir/crates/cloud-api)
[INFO] [stderr]     Checking translate v0.1.0 (/opt/rustwide/workdir/crates/translate)
[INFO] [stdout] error[E0554]: `#![feature]` may not be used on the stable release channel
[INFO] [stdout]  --> crates/translate/src/lib.rs:1:1
[INFO] [stdout]   |
[INFO] [stdout] 1 | #![feature(option_zip)]
[INFO] [stdout]   | ^^^^^^^^^^^^^^^^^^^^^^^
[INFO] [stdout] 
[INFO] [stdout] 
[INFO] [stdout] error[E0554]: `#![feature]` may not be used on the stable release channel
[INFO] [stdout]  --> crates/translate/src/lib.rs:1:1
[INFO] [stdout]   |
[INFO] [stdout] 1 | #![feature(option_zip)]
[INFO] [stdout]   | ^^^^^^^^^^^^^^^^^^^^^^^
[INFO] [stdout] 
[INFO] [stdout] 
[INFO] [stdout] error: aborting due to previous error
[INFO] [stdout] 
[INFO] [stdout] 
[INFO] [stdout] For more information about this error, try `rustc --explain E0554`.
[INFO] [stdout] 
[INFO] [stderr] error: could not compile `translate` due to 2 previous errors
[INFO] [stderr] warning: build failed, waiting for other jobs to finish...
[INFO] [stdout] error[E0277]: `main` has invalid return type `std::result::Result<std::string::String, google::Error>`
[INFO] [stdout]    --> crates/translate/src/google.rs:176:11
[INFO] [stdout]     |
[INFO] [stdout] 175 |       #[tokio::test]
[INFO] [stdout]     |       -------------- in this procedural macro expansion
[INFO] [stdout] 176 |       async fn test() -> google::Result<String> {
[INFO] [stdout]     |  ___________^
[INFO] [stdout] 177 | |         google::query("english", "auto", "zh-CN").await
[INFO] [stdout] 178 | |     }
[INFO] [stdout]     | |_____^ `main` can only return types that implement `Termination`
[INFO] [stdout]     |
[INFO] [stdout]     = help: the trait `Termination` is not implemented for `std::result::Result<std::string::String, google::Error>`
[INFO] [stdout]     = note: this error originates in the attribute macro `::core::prelude::v1::test` (in Nightly builds, run with -Z macro-backtrace for more info)
[INFO] [stdout] 
[INFO] [stdout] 
[INFO] [stdout] error: aborting due to 2 previous errors
[INFO] [stdout] 
[INFO] [stdout] 
[INFO] [stdout] Some errors have detailed explanations: E0277, E0554.
[INFO] [stdout] 
[INFO] [stdout] For more information about an error, try `rustc --explain E0277`.
[INFO] [stdout] 
[INFO] [stderr] error: build failed
[INFO] running `Command { std: "docker" "inspect" "a22492fb2da9e6d4e66fe7c23fad72a06dc90ce6ac9ce0b26ac7724a773d7ebd", kill_on_drop: false }`
[INFO] running `Command { std: "docker" "rm" "-f" "a22492fb2da9e6d4e66fe7c23fad72a06dc90ce6ac9ce0b26ac7724a773d7ebd", kill_on_drop: false }`
[INFO] [stdout] a22492fb2da9e6d4e66fe7c23fad72a06dc90ce6ac9ce0b26ac7724a773d7ebd
