[INFO] cloning repository https://github.com/yvan-sraka/complementary_color
[INFO] running `Command { std: "git" "-c" "credential.helper=" "-c" "credential.helper=/workspace/cargo-home/bin/git-credential-null" "clone" "--bare" "https://github.com/yvan-sraka/complementary_color" "/workspace/cache/git-repos/https%3A%2F%2Fgithub.com%2Fyvan-sraka%2Fcomplementary_color", kill_on_drop: false }`
[INFO] [stderr] Cloning into bare repository '/workspace/cache/git-repos/https%3A%2F%2Fgithub.com%2Fyvan-sraka%2Fcomplementary_color'...
[INFO] running `Command { std: "git" "rev-parse" "HEAD", kill_on_drop: false }`
[INFO] [stdout] b1908742500eafcf0d74f9ee920bc88ebc15c0ef
[INFO] checking yvan-sraka/complementary_color against beta-2021-10-15 for beta-1.56-3
[INFO] running `Command { std: "git" "clone" "/workspace/cache/git-repos/https%3A%2F%2Fgithub.com%2Fyvan-sraka%2Fcomplementary_color" "/workspace/builds/worker-9/source", kill_on_drop: false }`
[INFO] [stderr] Cloning into '/workspace/builds/worker-9/source'...
[INFO] [stderr] done.
[INFO] validating manifest of git repo https://github.com/yvan-sraka/complementary_color on toolchain beta-2021-10-15
[INFO] running `Command { std: "/workspace/cargo-home/bin/cargo" "+beta-2021-10-15" "metadata" "--manifest-path" "Cargo.toml" "--no-deps", kill_on_drop: false }`
[INFO] started tweaking git repo https://github.com/yvan-sraka/complementary_color
[INFO] finished tweaking git repo https://github.com/yvan-sraka/complementary_color
[INFO] tweaked toml for git repo https://github.com/yvan-sraka/complementary_color written to /workspace/builds/worker-9/source/Cargo.toml
[INFO] crate git repo https://github.com/yvan-sraka/complementary_color already has a lockfile, it will not be regenerated
[INFO] running `Command { std: "/workspace/cargo-home/bin/cargo" "+beta-2021-10-15" "fetch" "--manifest-path" "Cargo.toml", kill_on_drop: false }`
[INFO] running `Command { std: "docker" "create" "-v" "/var/lib/crater-agent-workspace/builds/worker-9/target:/opt/rustwide/target:rw,Z" "-v" "/var/lib/crater-agent-workspace/builds/worker-9/source:/opt/rustwide/workdir:ro,Z" "-v" "/var/lib/crater-agent-workspace/cargo-home:/opt/rustwide/cargo-home:ro,Z" "-v" "/var/lib/crater-agent-workspace/rustup-home:/opt/rustwide/rustup-home:ro,Z" "-e" "SOURCE_DIR=/opt/rustwide/workdir" "-e" "CARGO_TARGET_DIR=/opt/rustwide/target" "-e" "CARGO_HOME=/opt/rustwide/cargo-home" "-e" "RUSTUP_HOME=/opt/rustwide/rustup-home" "-w" "/opt/rustwide/workdir" "-m" "1610612736" "--user" "0:0" "--network" "none" "ghcr.io/rust-lang/crates-build-env/linux@sha256:a89201d6b5b9fd45c15d5952ece0a0129e7e80cb26ec023fd59cf09bc26f1604" "/opt/rustwide/cargo-home/bin/cargo" "+beta-2021-10-15" "metadata" "--no-deps" "--format-version=1", kill_on_drop: false }`
[INFO] [stderr] WARNING: Your kernel does not support swap limit capabilities or the cgroup is not mounted. Memory limited without swap.
[INFO] [stdout] 96ce7bf936e593f3a18c5fd940be3cff48319c2bbb56995d52c9f69facc7cf72
[INFO] running `Command { std: "docker" "start" "-a" "96ce7bf936e593f3a18c5fd940be3cff48319c2bbb56995d52c9f69facc7cf72", kill_on_drop: false }`
[INFO] running `Command { std: "docker" "inspect" "96ce7bf936e593f3a18c5fd940be3cff48319c2bbb56995d52c9f69facc7cf72", kill_on_drop: false }`
[INFO] running `Command { std: "docker" "rm" "-f" "96ce7bf936e593f3a18c5fd940be3cff48319c2bbb56995d52c9f69facc7cf72", kill_on_drop: false }`
[INFO] [stdout] 96ce7bf936e593f3a18c5fd940be3cff48319c2bbb56995d52c9f69facc7cf72
[INFO] running `Command { std: "docker" "create" "-v" "/var/lib/crater-agent-workspace/builds/worker-9/target:/opt/rustwide/target:rw,Z" "-v" "/var/lib/crater-agent-workspace/builds/worker-9/source:/opt/rustwide/workdir:ro,Z" "-v" "/var/lib/crater-agent-workspace/cargo-home:/opt/rustwide/cargo-home:ro,Z" "-v" "/var/lib/crater-agent-workspace/rustup-home:/opt/rustwide/rustup-home:ro,Z" "-e" "SOURCE_DIR=/opt/rustwide/workdir" "-e" "CARGO_TARGET_DIR=/opt/rustwide/target" "-e" "CARGO_INCREMENTAL=0" "-e" "RUST_BACKTRACE=full" "-e" "RUSTFLAGS=--cap-lints=warn" "-e" "CARGO_HOME=/opt/rustwide/cargo-home" "-e" "RUSTUP_HOME=/opt/rustwide/rustup-home" "-w" "/opt/rustwide/workdir" "-m" "1610612736" "--user" "0:0" "--network" "none" "ghcr.io/rust-lang/crates-build-env/linux@sha256:a89201d6b5b9fd45c15d5952ece0a0129e7e80cb26ec023fd59cf09bc26f1604" "/opt/rustwide/cargo-home/bin/cargo" "+beta-2021-10-15" "check" "--frozen" "--all" "--all-targets" "--message-format=json", kill_on_drop: false }`
[INFO] [stderr] WARNING: Your kernel does not support swap limit capabilities or the cgroup is not mounted. Memory limited without swap.
[INFO] [stdout] 896d6ba9884d525d90af5786651c913900bec27278ce19ea115b2dfbb7abcf78
[INFO] running `Command { std: "docker" "start" "-a" "896d6ba9884d525d90af5786651c913900bec27278ce19ea115b2dfbb7abcf78", kill_on_drop: false }`
[INFO] [stderr]     Blocking waiting for file lock on package cache
[INFO] [stderr]     Checking complementary_color v0.1.0 (/opt/rustwide/workdir)
[INFO] [stdout] error[E0308]: mismatched types
[INFO] [stdout]   --> src/main.rs:27:27
[INFO] [stdout]    |
[INFO] [stdout] 27 |     display(complementary(red));
[INFO] [stdout]    |                           ^^^
[INFO] [stdout]    |                           |
[INFO] [stdout]    |                           expected `&Color`, found struct `Color`
[INFO] [stdout]    |                           help: consider borrowing here: `&red`
[INFO] [stdout] 
[INFO] [stdout] 
[INFO] [stdout] error[E0308]: mismatched types
[INFO] [stdout]   --> src/main.rs:29:28
[INFO] [stdout]    |
[INFO] [stdout] 29 |     complementary_in_place(red);
[INFO] [stdout]    |                            ^^^
[INFO] [stdout]    |                            |
[INFO] [stdout]    |                            expected `&mut Color`, found struct `Color`
[INFO] [stdout]    |                            help: consider mutably borrowing here: `&mut red`
[INFO] [stdout] 
[INFO] [stdout] 
[INFO] [stdout] error: aborting due to 2 previous errors
[INFO] [stdout] 
[INFO] [stdout] 
[INFO] [stdout] For more information about this error, try `rustc --explain E0308`.
[INFO] [stdout] 
[INFO] [stdout] error[E0308]: mismatched types
[INFO] [stdout]   --> src/main.rs:27:27
[INFO] [stdout]    |
[INFO] [stdout] 27 |     display(complementary(red));
[INFO] [stdout]    |                           ^^^
[INFO] [stdout]    |                           |
[INFO] [stdout]    |                           expected `&Color`, found struct `Color`
[INFO] [stdout]    |                           help: consider borrowing here: `&red`
[INFO] [stdout] 
[INFO] [stdout] 
[INFO] [stdout] error[E0308]: mismatched types
[INFO] [stdout]   --> src/main.rs:29:28
[INFO] [stdout]    |
[INFO] [stdout] 29 |     complementary_in_place(red);
[INFO] [stdout]    |                            ^^^
[INFO] [stdout]    |                            |
[INFO] [stdout]    |                            expected `&mut Color`, found struct `Color`
[INFO] [stdout]    |                            help: consider mutably borrowing here: `&mut red`
[INFO] [stdout] 
[INFO] [stdout] 
[INFO] [stdout] error: aborting due to 2 previous errors
[INFO] [stdout] 
[INFO] [stdout] 
[INFO] [stdout] For more information about this error, try `rustc --explain E0308`.
[INFO] [stdout] 
[INFO] [stderr] error: could not compile `complementary_color` due to 3 previous errors
[INFO] [stderr] warning: build failed, waiting for other jobs to finish...
[INFO] [stderr] error: build failed
[INFO] running `Command { std: "docker" "inspect" "896d6ba9884d525d90af5786651c913900bec27278ce19ea115b2dfbb7abcf78", kill_on_drop: false }`
[INFO] running `Command { std: "docker" "rm" "-f" "896d6ba9884d525d90af5786651c913900bec27278ce19ea115b2dfbb7abcf78", kill_on_drop: false }`
[INFO] [stdout] 896d6ba9884d525d90af5786651c913900bec27278ce19ea115b2dfbb7abcf78
