[INFO] cloning repository https://github.com/yusdacra/bernbot
[INFO] running `Command { std: "git" "-c" "credential.helper=" "-c" "credential.helper=/workspace/cargo-home/bin/git-credential-null" "clone" "--bare" "https://github.com/yusdacra/bernbot" "/workspace/cache/git-repos/https%3A%2F%2Fgithub.com%2Fyusdacra%2Fbernbot", kill_on_drop: false }`
[INFO] [stderr] Cloning into bare repository '/workspace/cache/git-repos/https%3A%2F%2Fgithub.com%2Fyusdacra%2Fbernbot'...
[INFO] running `Command { std: "git" "rev-parse" "HEAD", kill_on_drop: false }`
[INFO] [stdout] 765e245f71ec21c9ac0e39f3633741036b3727f7
[INFO] checking yusdacra/bernbot against 1.55.0 for beta-1.56-3
[INFO] running `Command { std: "git" "clone" "/workspace/cache/git-repos/https%3A%2F%2Fgithub.com%2Fyusdacra%2Fbernbot" "/workspace/builds/worker-12/source", kill_on_drop: false }`
[INFO] [stderr] Cloning into '/workspace/builds/worker-12/source'...
[INFO] [stderr] done.
[INFO] validating manifest of git repo https://github.com/yusdacra/bernbot on toolchain 1.55.0
[INFO] running `Command { std: "/workspace/cargo-home/bin/cargo" "+1.55.0" "metadata" "--manifest-path" "Cargo.toml" "--no-deps", kill_on_drop: false }`
[INFO] started tweaking git repo https://github.com/yusdacra/bernbot
[INFO] finished tweaking git repo https://github.com/yusdacra/bernbot
[INFO] tweaked toml for git repo https://github.com/yusdacra/bernbot written to /workspace/builds/worker-12/source/Cargo.toml
[INFO] crate git repo https://github.com/yusdacra/bernbot already has a lockfile, it will not be regenerated
[INFO] running `Command { std: "/workspace/cargo-home/bin/cargo" "+1.55.0" "fetch" "--manifest-path" "Cargo.toml", kill_on_drop: false }`
[INFO] [stderr]     Blocking waiting for file lock on package cache
[INFO] [stderr]     Blocking waiting for file lock on package cache
[INFO] [stderr]  Downloading crates ...
[INFO] [stderr]   Downloaded hrpc v0.8.0
[INFO] [stderr]   Downloaded harmony_derive v0.1.2
[INFO] [stderr]   Downloaded lz4_flex v0.8.1
[INFO] [stderr]   Downloaded harmony_rust_sdk v0.6.0
[INFO] [stderr]   Downloaded hrpc-build v0.5.0
[INFO] running `Command { std: "docker" "create" "-v" "/var/lib/crater-agent-workspace/builds/worker-12/target:/opt/rustwide/target:rw,Z" "-v" "/var/lib/crater-agent-workspace/builds/worker-12/source:/opt/rustwide/workdir:ro,Z" "-v" "/var/lib/crater-agent-workspace/cargo-home:/opt/rustwide/cargo-home:ro,Z" "-v" "/var/lib/crater-agent-workspace/rustup-home:/opt/rustwide/rustup-home:ro,Z" "-e" "SOURCE_DIR=/opt/rustwide/workdir" "-e" "CARGO_TARGET_DIR=/opt/rustwide/target" "-e" "CARGO_HOME=/opt/rustwide/cargo-home" "-e" "RUSTUP_HOME=/opt/rustwide/rustup-home" "-w" "/opt/rustwide/workdir" "-m" "1610612736" "--user" "0:0" "--network" "none" "ghcr.io/rust-lang/crates-build-env/linux@sha256:a89201d6b5b9fd45c15d5952ece0a0129e7e80cb26ec023fd59cf09bc26f1604" "/opt/rustwide/cargo-home/bin/cargo" "+1.55.0" "metadata" "--no-deps" "--format-version=1", kill_on_drop: false }`
[INFO] [stdout] d2140f46f45640b73356ba63a34725edc52f0a121703f9fdd9b1f7e7b3cf0560
[INFO] [stderr] WARNING: Your kernel does not support swap limit capabilities or the cgroup is not mounted. Memory limited without swap.
[INFO] running `Command { std: "docker" "start" "-a" "d2140f46f45640b73356ba63a34725edc52f0a121703f9fdd9b1f7e7b3cf0560", kill_on_drop: false }`
[INFO] running `Command { std: "docker" "inspect" "d2140f46f45640b73356ba63a34725edc52f0a121703f9fdd9b1f7e7b3cf0560", kill_on_drop: false }`
[INFO] running `Command { std: "docker" "rm" "-f" "d2140f46f45640b73356ba63a34725edc52f0a121703f9fdd9b1f7e7b3cf0560", kill_on_drop: false }`
[INFO] [stdout] d2140f46f45640b73356ba63a34725edc52f0a121703f9fdd9b1f7e7b3cf0560
[INFO] running `Command { std: "docker" "create" "-v" "/var/lib/crater-agent-workspace/builds/worker-12/target:/opt/rustwide/target:rw,Z" "-v" "/var/lib/crater-agent-workspace/builds/worker-12/source:/opt/rustwide/workdir:ro,Z" "-v" "/var/lib/crater-agent-workspace/cargo-home:/opt/rustwide/cargo-home:ro,Z" "-v" "/var/lib/crater-agent-workspace/rustup-home:/opt/rustwide/rustup-home:ro,Z" "-e" "SOURCE_DIR=/opt/rustwide/workdir" "-e" "CARGO_TARGET_DIR=/opt/rustwide/target" "-e" "CARGO_INCREMENTAL=0" "-e" "RUST_BACKTRACE=full" "-e" "RUSTFLAGS=--cap-lints=warn" "-e" "CARGO_HOME=/opt/rustwide/cargo-home" "-e" "RUSTUP_HOME=/opt/rustwide/rustup-home" "-w" "/opt/rustwide/workdir" "-m" "1610612736" "--user" "0:0" "--network" "none" "ghcr.io/rust-lang/crates-build-env/linux@sha256:a89201d6b5b9fd45c15d5952ece0a0129e7e80cb26ec023fd59cf09bc26f1604" "/opt/rustwide/cargo-home/bin/cargo" "+1.55.0" "check" "--frozen" "--all" "--all-targets" "--message-format=json", kill_on_drop: false }`
[INFO] [stdout] 331c7211f03daa42ff7490e6046a4af8c7fe82c2e097052077220a20712cef92
[INFO] [stderr] WARNING: Your kernel does not support swap limit capabilities or the cgroup is not mounted. Memory limited without swap.
[INFO] running `Command { std: "docker" "start" "-a" "331c7211f03daa42ff7490e6046a4af8c7fe82c2e097052077220a20712cef92", kill_on_drop: false }`
[INFO] [stderr]    Compiling syn v1.0.72
[INFO] [stderr]    Compiling serde v1.0.126
[INFO] [stderr]     Checking once_cell v1.7.2
[INFO] [stderr]     Checking regex-automata v0.1.10
[INFO] [stderr]    Compiling ahash v0.7.4
[INFO] [stderr]     Checking regex v1.5.4
[INFO] [stderr]    Compiling tokio v1.6.1
[INFO] [stderr]     Checking libc v0.2.95
[INFO] [stderr]     Checking twox-hash v1.6.0
[INFO] [stderr]     Checking tracing-log v0.1.2
[INFO] [stderr]     Checking crossbeam-channel v0.5.1
[INFO] [stderr]     Checking thread_local v1.1.3
[INFO] [stderr]     Checking lz4_flex v0.8.1
[INFO] [stderr]     Checking fuzzy-matcher v0.3.7
[INFO] [stderr]     Checking matchers v0.0.1
[INFO] [stderr]     Checking getrandom v0.2.3
[INFO] [stderr]     Checking time v0.1.43
[INFO] [stderr]     Checking parking_lot_core v0.8.3
[INFO] [stderr]     Checking num_cpus v1.13.0
[INFO] [stderr]     Checking mio v0.7.11
[INFO] [stderr]     Checking nix v0.20.0
[INFO] [stderr]     Checking signal-hook-registry v1.4.0
[INFO] [stderr]     Checking rand_core v0.6.2
[INFO] [stderr]     Checking chrono v0.4.19
[INFO] [stderr]     Checking rand_chacha v0.3.0
[INFO] [stderr]     Checking rand v0.8.3
[INFO] [stderr]     Checking ctrlc v3.1.9
[INFO] [stderr]    Compiling serde_derive v1.0.126
[INFO] [stderr]    Compiling tracing-attributes v0.1.15
[INFO] [stderr]    Compiling tokio-macros v1.2.0
[INFO] [stderr]    Compiling async-trait v0.1.50
[INFO] [stderr]     Checking tracing v0.1.26
[INFO] [stderr]     Checking serde_json v1.0.64
[INFO] [stderr]     Checking tracing-serde v0.1.2
[INFO] [stderr]     Checking lock_api v0.4.4
[INFO] [stderr]     Checking smol_str v0.1.17
[INFO] [stderr]     Checking dashmap v4.0.2
[INFO] [stderr]     Checking ron v0.6.4
[INFO] [stderr]     Checking parking_lot v0.11.1
[INFO] [stderr]     Checking markov v1.1.0 (https://github.com/yusdacra/markov.git?branch=stable#10146025)
[INFO] [stderr]     Checking tracing-subscriber v0.2.18
[INFO] [stderr]     Checking tracing-appender v0.1.2
[INFO] [stderr]     Checking bernbot v0.1.0 (/opt/rustwide/workdir)
[INFO] [stdout] error[E0433]: failed to resolve: could not find `fs` in `tokio`
[INFO] [stdout]    --> src/lib.rs:181:33
[INFO] [stdout]     |
[INFO] [stdout] 181 |         let compressed = tokio::fs::read(data_path).await?;
[INFO] [stdout]     |                                 ^^ could not find `fs` in `tokio`
[INFO] [stdout] 
[INFO] [stdout] 
[INFO] [stdout] error[E0433]: failed to resolve: could not find `fs` in `tokio`
[INFO] [stdout]    --> src/lib.rs:206:16
[INFO] [stdout]     |
[INFO] [stdout] 206 |         tokio::fs::write(
[INFO] [stdout]     |                ^^ could not find `fs` in `tokio`
[INFO] [stdout] 
[INFO] [stdout] 
[INFO] [stdout] error[E0433]: failed to resolve: could not find `fs` in `tokio`
[INFO] [stdout]    --> src/lib.rs:181:33
[INFO] [stdout]     |
[INFO] [stdout] 181 |         let compressed = tokio::fs::read(data_path).await?;
[INFO] [stdout]     |                                 ^^ could not find `fs` in `tokio`
[INFO] [stdout] 
[INFO] [stdout] 
[INFO] [stdout] error[E0433]: failed to resolve: could not find `fs` in `tokio`
[INFO] [stdout]    --> src/lib.rs:206:16
[INFO] [stdout]     |
[INFO] [stdout] 206 |         tokio::fs::write(
[INFO] [stdout]     |                ^^ could not find `fs` in `tokio`
[INFO] [stdout] 
[INFO] [stdout] 
[INFO] [stdout] error[E0277]: the size for values of type `[u8]` cannot be known at compilation time
[INFO] [stdout]    --> src/lib.rs:181:13
[INFO] [stdout]     |
[INFO] [stdout] 181 |         let compressed = tokio::fs::read(data_path).await?;
[INFO] [stdout]     |             ^^^^^^^^^^ doesn't have a size known at compile-time
[INFO] [stdout]     |
[INFO] [stdout]     = help: the trait `Sized` is not implemented for `[u8]`
[INFO] [stdout]     = note: all local variables must have a statically known size
[INFO] [stdout]     = help: unsized locals are gated as an unstable feature
[INFO] [stdout] 
[INFO] [stdout] 
[INFO] [stdout] error[E0277]: the size for values of type `[u8]` cannot be known at compilation time
[INFO] [stdout]    --> src/lib.rs:181:26
[INFO] [stdout]     |
[INFO] [stdout] 181 |         let compressed = tokio::fs::read(data_path).await?;
[INFO] [stdout]     |                          ^^^^^^^^^^^^^^^^^^^^^^^^^^^^^^^^^ doesn't have a size known at compile-time
[INFO] [stdout]     |
[INFO] [stdout]     = help: the trait `Sized` is not implemented for `[u8]`
[INFO] [stdout]     = note: all local variables must have a statically known size
[INFO] [stdout]     = help: unsized locals are gated as an unstable feature
[INFO] [stdout] 
[INFO] [stdout] 
[INFO] [stdout] error[E0277]: the size for values of type `[u8]` cannot be known at compilation time
[INFO] [stdout]    --> src/lib.rs:181:58
[INFO] [stdout]     |
[INFO] [stdout] 181 |         let compressed = tokio::fs::read(data_path).await?;
[INFO] [stdout]     |                                                          ^ doesn't have a size known at compile-time
[INFO] [stdout]     |
[INFO] [stdout]     = help: the trait `Sized` is not implemented for `[u8]`
[INFO] [stdout] note: required by `Break`
[INFO] [stdout] 
[INFO] [stdout] 
[INFO] [stdout] error[E0277]: the size for values of type `[u8]` cannot be known at compilation time
[INFO] [stdout]    --> src/lib.rs:181:13
[INFO] [stdout]     |
[INFO] [stdout] 181 |         let compressed = tokio::fs::read(data_path).await?;
[INFO] [stdout]     |             ^^^^^^^^^^ doesn't have a size known at compile-time
[INFO] [stdout]     |
[INFO] [stdout]     = help: the trait `Sized` is not implemented for `[u8]`
[INFO] [stdout]     = note: all local variables must have a statically known size
[INFO] [stdout]     = help: unsized locals are gated as an unstable feature
[INFO] [stdout] 
[INFO] [stdout] 
[INFO] [stdout] error[E0277]: the size for values of type `[u8]` cannot be known at compilation time
[INFO] [stdout]    --> src/lib.rs:181:26
[INFO] [stdout]     |
[INFO] [stdout] 181 |         let compressed = tokio::fs::read(data_path).await?;
[INFO] [stdout]     |                          ^^^^^^^^^^^^^^^^^^^^^^^^^^^^^^^^^ doesn't have a size known at compile-time
[INFO] [stdout]     |
[INFO] [stdout]     = help: the trait `Sized` is not implemented for `[u8]`
[INFO] [stdout]     = note: all local variables must have a statically known size
[INFO] [stdout]     = help: unsized locals are gated as an unstable feature
[INFO] [stdout] 
[INFO] [stdout] 
[INFO] [stdout] error[E0277]: the size for values of type `[u8]` cannot be known at compilation time
[INFO] [stdout]    --> src/lib.rs:181:58
[INFO] [stdout]     |
[INFO] [stdout] 181 |         let compressed = tokio::fs::read(data_path).await?;
[INFO] [stdout]     |                                                          ^ doesn't have a size known at compile-time
[INFO] [stdout]     |
[INFO] [stdout]     = help: the trait `Sized` is not implemented for `[u8]`
[INFO] [stdout] note: required by `Break`
[INFO] [stdout] 
[INFO] [stdout] 
[INFO] [stdout] error: aborting due to 5 previous errors
[INFO] [stdout] 
[INFO] [stdout] 
[INFO] [stdout] Some errors have detailed explanations: E0277, E0433.
[INFO] [stdout] 
[INFO] [stdout] For more information about an error, try `rustc --explain E0277`.
[INFO] [stdout] 
[INFO] [stderr] error: could not compile `bernbot` due to 6 previous errors
[INFO] [stdout] error: aborting due to 5 previous errors
[INFO] [stdout] 
[INFO] [stdout] 
[INFO] [stderr] warning: build failed, waiting for other jobs to finish...
[INFO] [stdout] Some errors have detailed explanations: E0277, E0433.
[INFO] [stdout] 
[INFO] [stdout] For more information about an error, try `rustc --explain E0277`.
[INFO] [stdout] 
[INFO] [stderr] error: build failed
[INFO] running `Command { std: "docker" "inspect" "331c7211f03daa42ff7490e6046a4af8c7fe82c2e097052077220a20712cef92", kill_on_drop: false }`
[INFO] running `Command { std: "docker" "rm" "-f" "331c7211f03daa42ff7490e6046a4af8c7fe82c2e097052077220a20712cef92", kill_on_drop: false }`
[INFO] [stdout] 331c7211f03daa42ff7490e6046a4af8c7fe82c2e097052077220a20712cef92
