[INFO] cloning repository https://github.com/yuby/react-rust-typescript-template
[INFO] running `Command { std: "git" "-c" "credential.helper=" "-c" "credential.helper=/workspace/cargo-home/bin/git-credential-null" "clone" "--bare" "https://github.com/yuby/react-rust-typescript-template" "/workspace/cache/git-repos/https%3A%2F%2Fgithub.com%2Fyuby%2Freact-rust-typescript-template", kill_on_drop: false }`
[INFO] [stderr] Cloning into bare repository '/workspace/cache/git-repos/https%3A%2F%2Fgithub.com%2Fyuby%2Freact-rust-typescript-template'...
[INFO] running `Command { std: "git" "rev-parse" "HEAD", kill_on_drop: false }`
[INFO] [stdout] d20fe39c69914540ef0126b8aa97e07e1d1fc4f8
[INFO] checking yuby/react-rust-typescript-template against 1.55.0 for beta-1.56-3
[INFO] running `Command { std: "git" "clone" "/workspace/cache/git-repos/https%3A%2F%2Fgithub.com%2Fyuby%2Freact-rust-typescript-template" "/workspace/builds/worker-7/source", kill_on_drop: false }`
[INFO] [stderr] Cloning into '/workspace/builds/worker-7/source'...
[INFO] [stderr] done.
[INFO] validating manifest of git repo https://github.com/yuby/react-rust-typescript-template on toolchain 1.55.0
[INFO] running `Command { std: "/workspace/cargo-home/bin/cargo" "+1.55.0" "metadata" "--manifest-path" "Cargo.toml" "--no-deps", kill_on_drop: false }`
[INFO] started tweaking git repo https://github.com/yuby/react-rust-typescript-template
[INFO] finished tweaking git repo https://github.com/yuby/react-rust-typescript-template
[INFO] tweaked toml for git repo https://github.com/yuby/react-rust-typescript-template written to /workspace/builds/worker-7/source/Cargo.toml
[INFO] crate git repo https://github.com/yuby/react-rust-typescript-template already has a lockfile, it will not be regenerated
[INFO] running `Command { std: "/workspace/cargo-home/bin/cargo" "+1.55.0" "fetch" "--manifest-path" "Cargo.toml", kill_on_drop: false }`
[INFO] running `Command { std: "docker" "create" "-v" "/var/lib/crater-agent-workspace/builds/worker-7/target:/opt/rustwide/target:rw,Z" "-v" "/var/lib/crater-agent-workspace/builds/worker-7/source:/opt/rustwide/workdir:ro,Z" "-v" "/var/lib/crater-agent-workspace/cargo-home:/opt/rustwide/cargo-home:ro,Z" "-v" "/var/lib/crater-agent-workspace/rustup-home:/opt/rustwide/rustup-home:ro,Z" "-e" "SOURCE_DIR=/opt/rustwide/workdir" "-e" "CARGO_TARGET_DIR=/opt/rustwide/target" "-e" "CARGO_HOME=/opt/rustwide/cargo-home" "-e" "RUSTUP_HOME=/opt/rustwide/rustup-home" "-w" "/opt/rustwide/workdir" "-m" "1610612736" "--user" "0:0" "--network" "none" "ghcr.io/rust-lang/crates-build-env/linux@sha256:a89201d6b5b9fd45c15d5952ece0a0129e7e80cb26ec023fd59cf09bc26f1604" "/opt/rustwide/cargo-home/bin/cargo" "+1.55.0" "metadata" "--no-deps" "--format-version=1", kill_on_drop: false }`
[INFO] [stdout] 2033982d3c9ddc5a1a44e34d73e086abea760f1938203fe35b58d3a9a26f061c
[INFO] [stderr] WARNING: Your kernel does not support swap limit capabilities or the cgroup is not mounted. Memory limited without swap.
[INFO] running `Command { std: "docker" "start" "-a" "2033982d3c9ddc5a1a44e34d73e086abea760f1938203fe35b58d3a9a26f061c", kill_on_drop: false }`
[INFO] running `Command { std: "docker" "inspect" "2033982d3c9ddc5a1a44e34d73e086abea760f1938203fe35b58d3a9a26f061c", kill_on_drop: false }`
[INFO] running `Command { std: "docker" "rm" "-f" "2033982d3c9ddc5a1a44e34d73e086abea760f1938203fe35b58d3a9a26f061c", kill_on_drop: false }`
[INFO] [stdout] 2033982d3c9ddc5a1a44e34d73e086abea760f1938203fe35b58d3a9a26f061c
[INFO] running `Command { std: "docker" "create" "-v" "/var/lib/crater-agent-workspace/builds/worker-7/target:/opt/rustwide/target:rw,Z" "-v" "/var/lib/crater-agent-workspace/builds/worker-7/source:/opt/rustwide/workdir:ro,Z" "-v" "/var/lib/crater-agent-workspace/cargo-home:/opt/rustwide/cargo-home:ro,Z" "-v" "/var/lib/crater-agent-workspace/rustup-home:/opt/rustwide/rustup-home:ro,Z" "-e" "SOURCE_DIR=/opt/rustwide/workdir" "-e" "CARGO_TARGET_DIR=/opt/rustwide/target" "-e" "CARGO_INCREMENTAL=0" "-e" "RUST_BACKTRACE=full" "-e" "RUSTFLAGS=--cap-lints=warn" "-e" "CARGO_HOME=/opt/rustwide/cargo-home" "-e" "RUSTUP_HOME=/opt/rustwide/rustup-home" "-w" "/opt/rustwide/workdir" "-m" "1610612736" "--user" "0:0" "--network" "none" "ghcr.io/rust-lang/crates-build-env/linux@sha256:a89201d6b5b9fd45c15d5952ece0a0129e7e80cb26ec023fd59cf09bc26f1604" "/opt/rustwide/cargo-home/bin/cargo" "+1.55.0" "check" "--frozen" "--all" "--all-targets" "--message-format=json", kill_on_drop: false }`
[INFO] [stdout] ba08fab0165d67ce53060544aba9971312dd5f9afe793ea4dbe096bd6b28874c
[INFO] [stderr] WARNING: Your kernel does not support swap limit capabilities or the cgroup is not mounted. Memory limited without swap.
[INFO] running `Command { std: "docker" "start" "-a" "ba08fab0165d67ce53060544aba9971312dd5f9afe793ea4dbe096bd6b28874c", kill_on_drop: false }`
[INFO] [stderr]    Compiling syn v1.0.73
[INFO] [stderr]    Compiling wasm-bindgen v0.2.74
[INFO] [stderr]    Compiling wasm-bindgen-test-macro v0.3.24
[INFO] [stderr]    Compiling wasm-bindgen-backend v0.2.74
[INFO] [stderr]    Compiling wasm-bindgen-macro-support v0.2.74
[INFO] [stderr]    Compiling wasm-bindgen-macro v0.2.74
[INFO] [stderr]     Checking js-sys v0.3.51
[INFO] [stderr]     Checking console_error_panic_hook v0.1.6
[INFO] [stderr]     Checking wasm-lib v0.1.0 (/opt/rustwide/workdir)
[INFO] [stdout] warning: function is never used: `set_panic_hook`
[INFO] [stdout]  --> src/utils.rs:1:8
[INFO] [stdout]   |
[INFO] [stdout] 1 | pub fn set_panic_hook() {
[INFO] [stdout]   |        ^^^^^^^^^^^^^^
[INFO] [stdout]   |
[INFO] [stdout]   = note: `#[warn(dead_code)]` on by default
[INFO] [stdout] 
[INFO] [stdout] 
[INFO] [stdout] warning: 1 warning emitted
[INFO] [stdout] 
[INFO] [stdout] 
[INFO] [stderr]     Checking wasm-bindgen-futures v0.4.24
[INFO] [stderr]     Checking wasm-bindgen-test v0.3.24
[INFO] [stdout] error[E0433]: failed to resolve: use of undeclared crate or module `futures`
[INFO] [stdout]  --> tests/app.rs:2:5
[INFO] [stdout]   |
[INFO] [stdout] 2 | use futures::prelude::*;
[INFO] [stdout]   |     ^^^^^^^ use of undeclared crate or module `futures`
[INFO] [stdout] 
[INFO] [stdout] 
[INFO] [stdout] error[E0432]: unresolved import `wasm_bindgen_futures`
[INFO] [stdout]  --> tests/app.rs:4:5
[INFO] [stdout]   |
[INFO] [stdout] 4 | use wasm_bindgen_futures::JsFuture;
[INFO] [stdout]   |     ^^^^^^^^^^^^^^^^^^^^ use of undeclared crate or module `wasm_bindgen_futures`
[INFO] [stdout] 
[INFO] [stdout] 
[INFO] [stdout] warning: function is never used: `set_panic_hook`
[INFO] [stdout]  --> src/utils.rs:1:8
[INFO] [stdout]   |
[INFO] [stdout] 1 | pub fn set_panic_hook() {
[INFO] [stdout]   |        ^^^^^^^^^^^^^^
[INFO] [stdout]   |
[INFO] [stdout]   = note: `#[warn(dead_code)]` on by default
[INFO] [stdout] 
[INFO] [stdout] 
[INFO] [stdout] error[E0433]: failed to resolve: use of undeclared crate or module `js_sys`
[INFO] [stdout]   --> tests/app.rs:27:19
[INFO] [stdout]    |
[INFO] [stdout] 27 |     let promise = js_sys::Promise::resolve(&JsValue::from(42));
[INFO] [stdout]    |                   ^^^^^^ use of undeclared crate or module `js_sys`
[INFO] [stdout] 
[INFO] [stdout] 
[INFO] [stdout] error[E0405]: cannot find trait `Future` in this scope
[INFO] [stdout]   --> tests/app.rs:25:25
[INFO] [stdout]    |
[INFO] [stdout] 25 | fn async_test() -> impl Future<Item = (), Error = JsValue> {
[INFO] [stdout]    |                         ^^^^^^ not found in this scope
[INFO] [stdout]    |
[INFO] [stdout] help: consider importing one of these items
[INFO] [stdout]    |
[INFO] [stdout] 1  | use core::future::Future;
[INFO] [stdout]    |
[INFO] [stdout] 1  | use std::future::Future;
[INFO] [stdout]    |
[INFO] [stdout] 
[INFO] [stdout] 
[INFO] [stdout] error: aborting due to 4 previous errors
[INFO] [stdout] 
[INFO] [stdout] 
[INFO] [stdout] Some errors have detailed explanations: E0405, E0432, E0433.
[INFO] [stdout] 
[INFO] [stdout] For more information about an error, try `rustc --explain E0405`.
[INFO] [stdout] 
[INFO] [stderr] error: could not compile `wasm-lib` due to 5 previous errors
[INFO] [stderr] warning: build failed, waiting for other jobs to finish...
[INFO] [stdout] warning: 1 warning emitted
[INFO] [stdout] 
[INFO] [stdout] 
[INFO] [stderr] error: build failed
[INFO] running `Command { std: "docker" "inspect" "ba08fab0165d67ce53060544aba9971312dd5f9afe793ea4dbe096bd6b28874c", kill_on_drop: false }`
[INFO] running `Command { std: "docker" "rm" "-f" "ba08fab0165d67ce53060544aba9971312dd5f9afe793ea4dbe096bd6b28874c", kill_on_drop: false }`
[INFO] [stdout] ba08fab0165d67ce53060544aba9971312dd5f9afe793ea4dbe096bd6b28874c
