[INFO] cloning repository https://github.com/ytdbuolf/cuda-pkt
[INFO] running `Command { std: "git" "-c" "credential.helper=" "-c" "credential.helper=/workspace/cargo-home/bin/git-credential-null" "clone" "--bare" "https://github.com/ytdbuolf/cuda-pkt" "/workspace/cache/git-repos/https%3A%2F%2Fgithub.com%2Fytdbuolf%2Fcuda-pkt", kill_on_drop: false }`
[INFO] [stderr] Cloning into bare repository '/workspace/cache/git-repos/https%3A%2F%2Fgithub.com%2Fytdbuolf%2Fcuda-pkt'...
[INFO] running `Command { std: "git" "rev-parse" "HEAD", kill_on_drop: false }`
[INFO] [stdout] a2b609919f3f39cfd0521fb2a8147f85cc531843
[INFO] checking ytdbuolf/cuda-pkt against beta-2021-10-15 for beta-1.56-3
[INFO] running `Command { std: "git" "clone" "/workspace/cache/git-repos/https%3A%2F%2Fgithub.com%2Fytdbuolf%2Fcuda-pkt" "/workspace/builds/worker-2/source", kill_on_drop: false }`
[INFO] [stderr] Cloning into '/workspace/builds/worker-2/source'...
[INFO] [stderr] done.
[INFO] validating manifest of git repo https://github.com/ytdbuolf/cuda-pkt on toolchain beta-2021-10-15
[INFO] running `Command { std: "/workspace/cargo-home/bin/cargo" "+beta-2021-10-15" "metadata" "--manifest-path" "Cargo.toml" "--no-deps", kill_on_drop: false }`
[INFO] removed /workspace/builds/worker-2/source/rust-toolchain
[INFO] started tweaking git repo https://github.com/ytdbuolf/cuda-pkt
[INFO] finished tweaking git repo https://github.com/ytdbuolf/cuda-pkt
[INFO] tweaked toml for git repo https://github.com/ytdbuolf/cuda-pkt written to /workspace/builds/worker-2/source/Cargo.toml
[INFO] crate git repo https://github.com/ytdbuolf/cuda-pkt already has a lockfile, it will not be regenerated
[INFO] running `Command { std: "/workspace/cargo-home/bin/cargo" "+beta-2021-10-15" "fetch" "--manifest-path" "Cargo.toml", kill_on_drop: false }`
[INFO] running `Command { std: "docker" "create" "-v" "/var/lib/crater-agent-workspace/builds/worker-2/target:/opt/rustwide/target:rw,Z" "-v" "/var/lib/crater-agent-workspace/builds/worker-2/source:/opt/rustwide/workdir:ro,Z" "-v" "/var/lib/crater-agent-workspace/cargo-home:/opt/rustwide/cargo-home:ro,Z" "-v" "/var/lib/crater-agent-workspace/rustup-home:/opt/rustwide/rustup-home:ro,Z" "-e" "SOURCE_DIR=/opt/rustwide/workdir" "-e" "CARGO_TARGET_DIR=/opt/rustwide/target" "-e" "CARGO_HOME=/opt/rustwide/cargo-home" "-e" "RUSTUP_HOME=/opt/rustwide/rustup-home" "-w" "/opt/rustwide/workdir" "-m" "1610612736" "--user" "0:0" "--network" "none" "ghcr.io/rust-lang/crates-build-env/linux@sha256:a89201d6b5b9fd45c15d5952ece0a0129e7e80cb26ec023fd59cf09bc26f1604" "/opt/rustwide/cargo-home/bin/cargo" "+beta-2021-10-15" "metadata" "--no-deps" "--format-version=1", kill_on_drop: false }`
[INFO] [stdout] ea62e8c310ecf6093bd40666f1f56fdc79a3d29f924c1cddc01ef5ad3a539414
[INFO] [stderr] WARNING: Your kernel does not support swap limit capabilities or the cgroup is not mounted. Memory limited without swap.
[INFO] running `Command { std: "docker" "start" "-a" "ea62e8c310ecf6093bd40666f1f56fdc79a3d29f924c1cddc01ef5ad3a539414", kill_on_drop: false }`
[INFO] running `Command { std: "docker" "inspect" "ea62e8c310ecf6093bd40666f1f56fdc79a3d29f924c1cddc01ef5ad3a539414", kill_on_drop: false }`
[INFO] running `Command { std: "docker" "rm" "-f" "ea62e8c310ecf6093bd40666f1f56fdc79a3d29f924c1cddc01ef5ad3a539414", kill_on_drop: false }`
[INFO] [stdout] ea62e8c310ecf6093bd40666f1f56fdc79a3d29f924c1cddc01ef5ad3a539414
[INFO] running `Command { std: "docker" "create" "-v" "/var/lib/crater-agent-workspace/builds/worker-2/target:/opt/rustwide/target:rw,Z" "-v" "/var/lib/crater-agent-workspace/builds/worker-2/source:/opt/rustwide/workdir:ro,Z" "-v" "/var/lib/crater-agent-workspace/cargo-home:/opt/rustwide/cargo-home:ro,Z" "-v" "/var/lib/crater-agent-workspace/rustup-home:/opt/rustwide/rustup-home:ro,Z" "-e" "SOURCE_DIR=/opt/rustwide/workdir" "-e" "CARGO_TARGET_DIR=/opt/rustwide/target" "-e" "CARGO_INCREMENTAL=0" "-e" "RUST_BACKTRACE=full" "-e" "RUSTFLAGS=--cap-lints=warn" "-e" "CARGO_HOME=/opt/rustwide/cargo-home" "-e" "RUSTUP_HOME=/opt/rustwide/rustup-home" "-w" "/opt/rustwide/workdir" "-m" "1610612736" "--user" "0:0" "--network" "none" "ghcr.io/rust-lang/crates-build-env/linux@sha256:a89201d6b5b9fd45c15d5952ece0a0129e7e80cb26ec023fd59cf09bc26f1604" "/opt/rustwide/cargo-home/bin/cargo" "+beta-2021-10-15" "check" "--frozen" "--all" "--all-targets" "--message-format=json", kill_on_drop: false }`
[INFO] [stdout] 2a7b0072d266844633a60d3d6ec3c4fd0dfd3d2678c91581bc83b65506692fa9
[INFO] [stderr] WARNING: Your kernel does not support swap limit capabilities or the cgroup is not mounted. Memory limited without swap.
[INFO] running `Command { std: "docker" "start" "-a" "2a7b0072d266844633a60d3d6ec3c4fd0dfd3d2678c91581bc83b65506692fa9", kill_on_drop: false }`
[INFO] [stderr]    Compiling libc v0.2.97
[INFO] [stderr]    Compiling syn v1.0.73
[INFO] [stderr]    Compiling futures-channel v0.3.15
[INFO] [stderr]     Checking signature v1.3.1
[INFO] [stderr]     Checking futures-io v0.3.15
[INFO] [stderr]     Checking urlencoding v1.3.3
[INFO] [stderr]    Compiling futures-util v0.3.15
[INFO] [stderr]    Compiling num-bigint v0.3.2
[INFO] [stderr]     Checking array-init v0.0.4
[INFO] [stderr]     Checking blake2b_simd v0.5.11
[INFO] [stderr]     Checking headers-core v0.2.0
[INFO] [stderr]    Compiling libsodium-sys v0.2.6 (https://github.com/cjdelisle/sodiumoxide?rev=76dc0e6e587b8c8a4bb193ebba9f8ae8f090b81b#76dc0e6e)
[INFO] [stderr]    Compiling packetcrypt-sys v0.4.0 (/opt/rustwide/workdir/packetcrypt-sys)
[INFO] [stderr]     Checking tracing v0.1.26
[INFO] [stderr]    Compiling unicase v2.6.0
[INFO] [stderr]     Checking sha2 v0.9.5
[INFO] [stderr]     Checking sha-1 v0.9.6
[INFO] [stderr]     Checking ed25519 v1.1.1
[INFO] [stderr]    Compiling mime_guess v2.0.3
[INFO] [stderr]     Checking iovec v0.1.4
[INFO] [stderr]     Checking net2 v0.2.37
[INFO] [stderr]     Checking signal-hook-registry v1.4.0
[INFO] [stderr]     Checking ring v0.16.20
[INFO] [stderr]     Checking socket2 v0.3.19
[INFO] [stderr]     Checking getrandom v0.1.16
[INFO] [stderr]     Checking atty v0.2.14
[INFO] [stderr]     Checking nix v0.20.0
[INFO] [stderr]     Checking parking_lot_core v0.8.3
[INFO] [stderr]     Checking num_cpus v1.13.0
[INFO] [stderr]     Checking time v0.1.44
[INFO] [stderr]     Checking env_logger v0.7.1
[INFO] [stderr]     Checking clap v2.33.3
[INFO] [stderr]     Checking rayon-core v1.9.1
[INFO] [stderr]     Checking rand_core v0.5.1
[INFO] [stderr]     Checking mio v0.6.23
[INFO] [stderr]     Checking parking_lot v0.11.1
[INFO] [stderr]     Checking headers v0.3.4
[INFO] [stderr]     Checking rand_chacha v0.2.2
[INFO] [stderr]     Checking rayon v1.5.1
[INFO] [stderr]     Checking rand v0.7.3
[INFO] [stderr]     Checking mio-uds v0.6.8
[INFO] [stderr]     Checking webpki v0.21.4
[INFO] [stderr]     Checking sct v0.6.1
[INFO] [stderr] The following warnings were emitted during compilation:
[INFO] [stderr] 
[INFO] [stderr] warning: march=native is enabled, this build is non-portable
[INFO] [stderr] warning: In file included from packetcrypt/src/Announce.h:11,
[INFO] [stderr] warning:                  from packetcrypt/src/Validate.c:9:
[INFO] [stderr] warning: packetcrypt/src/CryptoCycle.h:209:11: error: expected ';' before 'static'
[INFO] [stderr] warning:   209 | __device__ static inline uint64_t CryptoCycle_getItemNo(CryptoCycle_State_t* state) {
[INFO] [stderr] warning:       |           ^~~~~~~
[INFO] [stderr] warning:       |           ;
[INFO] [stderr] warning: packetcrypt/src/Validate.c:100:11: error: expected ';' before 'int'
[INFO] [stderr] warning:   100 | __global__ int checkPcHashKernal (CryptoCycle_State_t* d_pcState, uint64_t* d_indexesOut, PacketCrypt_HeaderAndProof_t* d_hap) {
[INFO] [stderr] warning:       |           ^~~~
[INFO] [stderr] warning:       |           ;
[INFO] [stderr] warning: packetcrypt/src/Validate.c: In function 'checkPcHashKernal':
[INFO] [stderr] warning: packetcrypt/src/Validate.c:101:17: error: 'threadIdx' undeclared (first use in this function)
[INFO] [stderr] warning:   101 |     int index = threadIdx.x + blockIdx.x * blockDim.x;
[INFO] [stderr] warning:       |                 ^~~~~~~~~
[INFO] [stderr] warning: packetcrypt/src/Validate.c:101:17: note: each undeclared identifier is reported only once for each function it appears in
[INFO] [stderr] warning: packetcrypt/src/Validate.c:101:31: error: 'blockIdx' undeclared (first use in this function)
[INFO] [stderr] warning:   101 |     int index = threadIdx.x + blockIdx.x * blockDim.x;
[INFO] [stderr] warning:       |                               ^~~~~~~~
[INFO] [stderr] warning: packetcrypt/src/Validate.c:101:44: error: 'blockDim' undeclared (first use in this function)
[INFO] [stderr] warning:   101 |     int index = threadIdx.x + blockIdx.x * blockDim.x;
[INFO] [stderr] warning:       |                                            ^~~~~~~~
[INFO] [stderr] warning: packetcrypt/src/Validate.c:103:5: error: 'indexesOut' undeclared (first use in this function); did you mean 'd_indexesOut'?
[INFO] [stderr] warning:   103 |     indexesOut[index] = CryptoCycle_getItemNo(&d_pcState);
[INFO] [stderr] warning:       |     ^~~~~~~~~~
[INFO] [stderr] warning:       |     d_indexesOut
[INFO] [stderr] warning: packetcrypt/src/Validate.c:103:47: warning: passing argument 1 of 'CryptoCycle_getItemNo' from incompatible pointer type [-Wincompatible-pointer-types]
[INFO] [stderr] warning:   103 |     indexesOut[index] = CryptoCycle_getItemNo(&d_pcState);
[INFO] [stderr] warning:       |                                               ^~~~~~~~~~
[INFO] [stderr] warning:       |                                               |
[INFO] [stderr] warning:       |                                               CryptoCycle_State_t ** {aka union <anonymous> **}
[INFO] [stderr] warning: In file included from packetcrypt/src/Announce.h:11,
[INFO] [stderr] warning:                  from packetcrypt/src/Validate.c:9:
[INFO] [stderr] warning: packetcrypt/src/CryptoCycle.h:209:78: note: expected 'CryptoCycle_State_t *' {aka 'union <anonymous> *'} but argument is of type 'CryptoCycle_State_t **' {aka 'union <anonymous> **'}
[INFO] [stderr] warning:   209 | __device__ static inline uint64_t CryptoCycle_getItemNo(CryptoCycle_State_t* state) {
[INFO] [stderr] warning:       |                                                         ~~~~~~~~~~~~~~~~~~~~~^~~~~
[INFO] [stderr] warning: In file included from packetcrypt/src/Validate.c:16:
[INFO] [stderr] warning: packetcrypt/src/Validate.c:105:43: warning: passing argument 1 of 'CryptoCycle_update' from incompatible pointer type [-Wincompatible-pointer-types]
[INFO] [stderr] warning:   105 |     if (Util_unlikely(!CryptoCycle_update(&d_pcState, it))) { return -1; }
[INFO] [stderr] warning:       |                                           ^~~~~~~~~~
[INFO] [stderr] warning:       |                                           |
[INFO] [stderr] warning:       |                                           CryptoCycle_State_t ** {aka union <anonymous> **}
[INFO] [stderr] warning: packetcrypt/src/Util.h:49:48: note: in definition of macro 'Util_unlikely'
[INFO] [stderr] warning:    49 | #define Util_unlikely(x)     __builtin_expect((x),0)
[INFO] [stderr] warning:       |                                                ^
[INFO] [stderr] warning: In file included from packetcrypt/src/Announce.h:11,
[INFO] [stderr] warning:                  from packetcrypt/src/Validate.c:9:
[INFO] [stderr] warning: packetcrypt/src/CryptoCycle.h:216:35: note: expected 'CryptoCycle_State_t * restrict' {aka 'union <anonymous> * restrict'} but argument is of type 'CryptoCycle_State_t **' {aka 'union <anonymous> **'}
[INFO] [stderr] warning:   216 |     CryptoCycle_State_t* restrict state,
[INFO] [stderr] warning:       |     ~~~~~~~~~~~~~~~~~~~~~~~~~~~~~~^~~~~
[INFO] [stderr] warning: packetcrypt/src/Validate.c:100:77: warning: unused parameter 'd_indexesOut' [-Wunused-parameter]
[INFO] [stderr] warning:   100 | __global__ int checkPcHashKernal (CryptoCycle_State_t* d_pcState, uint64_t* d_indexesOut, PacketCrypt_HeaderAndProof_t* d_hap) {
[INFO] [stderr] warning:       |                                                                   ~~~~~~~~~~^~~~~~~~~~~~
[INFO] [stderr] warning: packetcrypt/src/Validate.c: At top level:
[INFO] [stderr] warning: packetcrypt/src/Validate.c:108:11: error: expected ';' before 'int'
[INFO] [stderr] warning:   108 | __global__ int Validate_checkBlockKernal (PacketCrypt_HeaderAndProof_t* d_hap, uint8_t* d_blockHashes, Buf32_t* d_annHashes,
[INFO] [stderr] warning:       |           ^~~~
[INFO] [stderr] warning:       |           ;
[INFO] [stderr] warning: packetcrypt/src/Validate.c: In function 'Validate_checkBlockKernal':
[INFO] [stderr] warning: packetcrypt/src/Validate.c:110:17: error: 'threadIdx' undeclared (first use in this function)
[INFO] [stderr] warning:   110 |     int index = threadIdx.x + blockIdx.x * blockDim.x;
[INFO] [stderr] warning:       |                 ^~~~~~~~~
[INFO] [stderr] warning: packetcrypt/src/Validate.c:110:31: error: 'blockIdx' undeclared (first use in this function)
[INFO] [stderr] warning:   110 |     int index = threadIdx.x + blockIdx.x * blockDim.x;
[INFO] [stderr] warning:       |                               ^~~~~~~~
[INFO] [stderr] warning: packetcrypt/src/Validate.c:110:44: error: 'blockDim' undeclared (first use in this function)
[INFO] [stderr] warning:   110 |     int index = threadIdx.x + blockIdx.x * blockDim.x;
[INFO] [stderr] warning:       |                                            ^~~~~~~~
[INFO] [stderr] warning: packetcrypt/src/Validate.c:112:9: error: 'blockHashes' undeclared (first use in this function); did you mean 'd_blockHashes'?
[INFO] [stderr] warning:   112 |     if (blockHashes != NULL) {
[INFO] [stderr] warning:       |         ^~~~~~~~~~~
[INFO] [stderr] warning:       |         d_blockHashes
[INFO] [stderr] warning: packetcrypt/src/Validate.c: In function 'checkPcHash':
[INFO] [stderr] warning: packetcrypt/src/Validate.c:166:65: error: 'cudaMemcpyHostToDevice' undeclared (first use in this function)
[INFO] [stderr] warning:   166 |     cudaMemcpy(d_pcState, pcState, sizeof(CryptoCycle_State_t), cudaMemcpyHostToDevice);
[INFO] [stderr] warning:       |                                                                 ^~~~~~~~~~~~~~~~~~~~~~
[INFO] [stderr] warning: packetcrypt/src/Validate.c:169:24: error: expected expression before '<' token
[INFO] [stderr] warning:   169 |     checkPcHashKernal<<<1, 4>>>(d_pcState, d_indexesOut, d_hap);
[INFO] [stderr] warning:       |                        ^
[INFO] [stderr] warning: packetcrypt/src/Validate.c:170:65: error: 'cudaMemcpyDeviceToHost' undeclared (first use in this function)
[INFO] [stderr] warning:   170 |     cudaMemcpy(pcState, d_pcState, sizeof(CryptoCycle_State_t), cudaMemcpyDeviceToHost);
[INFO] [stderr] warning:       |                                                                 ^~~~~~~~~~~~~~~~~~~~~~
[INFO] [stderr] warning: packetcrypt/src/Validate.c: In function 'Validate_checkBlock':
[INFO] [stderr] warning: packetcrypt/src/Validate.c:227:41: error: invalid application of 'sizeof' to incomplete type 'PacketCrypt_ValidateCtx_t' {aka 'struct PacketCrypt_ValidateCtx_s'}
[INFO] [stderr] warning:   227 |     cudaMalloc((void **)&d_vctx, sizeof(PacketCrypt_ValidateCtx_t));
[INFO] [stderr] warning:       |                                         ^~~~~~~~~~~~~~~~~~~~~~~~~
[INFO] [stderr] warning: packetcrypt/src/Validate.c:230:66: error: 'cudaMemcpyHostToDevice' undeclared (first use in this function)
[INFO] [stderr] warning:   230 |     cudaMemcpy(d_hap, hap, sizeof(PacketCrypt_HeaderAndProof_t), cudaMemcpyHostToDevice);
[INFO] [stderr] warning:       |                                                                  ^~~~~~~~~~~~~~~~~~~~~~
[INFO] [stderr] warning: packetcrypt/src/Validate.c:233:37: error: invalid application of 'sizeof' to incomplete type 'PacketCrypt_ValidateCtx_t' {aka 'struct PacketCrypt_ValidateCtx_s'}
[INFO] [stderr] warning:   233 |     cudaMemcpy(d_vctx, vctx, sizeof(PacketCrypt_ValidateCtx_t), cudaMemcpyHostToDevice);
[INFO] [stderr] warning:       |                                     ^~~~~~~~~~~~~~~~~~~~~~~~~
[INFO] [stderr] warning: packetcrypt/src/Validate.c:236:32: error: expected expression before '<' token
[INFO] [stderr] warning:   236 |     Validate_checkBlockKernal<<<1, PacketCrypt_NUM_ANNS>>>(d_hap, d_blockHashes, d_annHashes, d_vctx, d_coinbaseCommitment, blockHeight);
[INFO] [stderr] warning:       |                                ^
[INFO] [stderr] warning: packetcrypt/src/Validate.c:237:66: error: 'cudaMemcpyDeviceToHost' undeclared (first use in this function)
[INFO] [stderr] warning:   237 |     cudaMemcpy(hap, d_hap, sizeof(PacketCrypt_HeaderAndProof_t), cudaMemcpyDeviceToHost);
[INFO] [stderr] warning:       |                                                                  ^~~~~~~~~~~~~~~~~~~~~~
[INFO] [stderr] warning: packetcrypt/src/Validate.c:240:38: error: invalid application of 'sizeof' to incomplete type 'PacketCrypt_ValidateCtx_t' {aka 'struct PacketCrypt_ValidateCtx_s'}
[INFO] [stderr] warning:   240 |     cudaMemcpy(vctx, d_vctx,  sizeof(PacketCrypt_ValidateCtx_t), cudaMemcpyDeviceToHost);
[INFO] [stderr] warning:       |                                      ^~~~~~~~~~~~~~~~~~~~~~~~~
[INFO] [stderr] warning: packetcrypt/src/Validate.c:195:34: warning: unused parameter 'blockHeight' [-Wunused-parameter]
[INFO] [stderr] warning:   195 |                         uint32_t blockHeight,
[INFO] [stderr] warning:       |                         ~~~~~~~~~^~~~~~~~~~~
[INFO] [stderr] warning: packetcrypt/src/Validate.c: In function 'checkPcHashKernal':
[INFO] [stderr] warning: packetcrypt/src/Validate.c:106:1: warning: control reaches end of non-void function [-Wreturn-type]
[INFO] [stderr] warning:   106 | }
[INFO] [stderr] warning:       | ^
[INFO] [stderr] warning: packetcrypt/src/Validate.c: In function 'Validate_checkBlockKernal':
[INFO] [stderr] warning: packetcrypt/src/Validate.c:125:1: warning: control reaches end of non-void function [-Wreturn-type]
[INFO] [stderr] warning:   125 | }
[INFO] [stderr] warning:       | ^
[INFO] [stderr] 
[INFO] [stderr] error: failed to run custom build command for `packetcrypt-sys v0.4.0 (/opt/rustwide/workdir/packetcrypt-sys)`
[INFO] [stderr] 
[INFO] [stderr] Caused by:
[INFO] [stderr]   process didn't exit successfully: `/opt/rustwide/target/debug/build/packetcrypt-sys-ee55bcfa538586b1/build-script-build` (exit status: 1)
[INFO] [stderr]   --- stdout
[INFO] [stderr]   Looking for libsodium in /opt/rustwide/target/debug/build
[INFO] [stderr]   Found sodium.h in /opt/rustwide/target/debug/build/libsodium-sys-c3d9a16cde258f96/out/source/libsodium/src/libsodium/include
[INFO] [stderr]   TARGET = Some("x86_64-unknown-linux-gnu")
[INFO] [stderr]   HOST = Some("x86_64-unknown-linux-gnu")
[INFO] [stderr]   CC_x86_64-unknown-linux-gnu = None
[INFO] [stderr]   CC_x86_64_unknown_linux_gnu = None
[INFO] [stderr]   HOST_CC = None
[INFO] [stderr]   CC = None
[INFO] [stderr]   CFLAGS_x86_64-unknown-linux-gnu = None
[INFO] [stderr]   CFLAGS_x86_64_unknown_linux_gnu = None
[INFO] [stderr]   HOST_CFLAGS = None
[INFO] [stderr]   CFLAGS = None
[INFO] [stderr]   CRATE_CC_NO_DEFAULTS = None
[INFO] [stderr]   CARGO_CFG_TARGET_FEATURE = Some("fxsr,sse,sse2")
[INFO] [stderr]   cargo:warning=march=native is enabled, this build is non-portable
[INFO] [stderr]   OPT_LEVEL = Some("0")
[INFO] [stderr]   CC_x86_64-unknown-linux-gnu = None
[INFO] [stderr]   CC_x86_64_unknown_linux_gnu = None
[INFO] [stderr]   HOST_CC = None
[INFO] [stderr]   CC = None
[INFO] [stderr]   CFLAGS_x86_64-unknown-linux-gnu = None
[INFO] [stderr]   CFLAGS_x86_64_unknown_linux_gnu = None
[INFO] [stderr]   HOST_CFLAGS = None
[INFO] [stderr]   CFLAGS = None
[INFO] [stderr]   CRATE_CC_NO_DEFAULTS = None
[INFO] [stderr]   DEBUG = Some("true")
[INFO] [stderr]   CARGO_CFG_TARGET_FEATURE = Some("fxsr,sse,sse2")
[INFO] [stderr]   CC_x86_64-unknown-linux-gnu = None
[INFO] [stderr]   CC_x86_64_unknown_linux_gnu = None
[INFO] [stderr]   HOST_CC = None
[INFO] [stderr]   CC = None
[INFO] [stderr]   CFLAGS_x86_64-unknown-linux-gnu = None
[INFO] [stderr]   CFLAGS_x86_64_unknown_linux_gnu = None
[INFO] [stderr]   HOST_CFLAGS = None
[INFO] [stderr]   CFLAGS = None
[INFO] [stderr]   CRATE_CC_NO_DEFAULTS = None
[INFO] [stderr]   CARGO_CFG_TARGET_FEATURE = Some("fxsr,sse,sse2")
[INFO] [stderr]   CC_x86_64-unknown-linux-gnu = None
[INFO] [stderr]   CC_x86_64_unknown_linux_gnu = None
[INFO] [stderr]   HOST_CC = None
[INFO] [stderr]   CC = None
[INFO] [stderr]   CFLAGS_x86_64-unknown-linux-gnu = None
[INFO] [stderr]   CFLAGS_x86_64_unknown_linux_gnu = None
[INFO] [stderr]   HOST_CFLAGS = None
[INFO] [stderr]   CFLAGS = None
[INFO] [stderr]   CRATE_CC_NO_DEFAULTS = None
[INFO] [stderr]   CARGO_CFG_TARGET_FEATURE = Some("fxsr,sse,sse2")
[INFO] [stderr]   running: "cc" "-O0" "-ffunction-sections" "-fdata-sections" "-fPIC" "-fno-plt" "-g" "-fno-omit-frame-pointer" "-m64" "-I" "/opt/rustwide/target/debug/build/libsodium-sys-c3d9a16cde258f96/out/source/libsodium/src/libsodium/include" "-I" "packetcrypt/include" "-I" "packetcrypt/src" "-Wall" "-Wextra" "-Wno-implicit-function-declaration" "-O2" "-march=native" "-mtune=native" "-o" "/opt/rustwide/target/debug/build/packetcrypt-sys-12e9e1968091a9d2/out/lib/packetcrypt/src/Validate.o" "-c" "packetcrypt/src/Validate.c"
[INFO] [stderr]   cargo:warning=In file included from packetcrypt/src/Announce.h:11,
[INFO] [stderr]   cargo:warning=                 from packetcrypt/src/Validate.c:9:
[INFO] [stderr]   cargo:warning=packetcrypt/src/CryptoCycle.h:209:11: error: expected ';' before 'static'
[INFO] [stderr]   cargo:warning=  209 | __device__ static inline uint64_t CryptoCycle_getItemNo(CryptoCycle_State_t* state) {
[INFO] [stderr]   cargo:warning=      |           ^~~~~~~
[INFO] [stderr]   cargo:warning=      |           ;
[INFO] [stderr]   cargo:warning=packetcrypt/src/Validate.c:100:11: error: expected ';' before 'int'
[INFO] [stderr]   cargo:warning=  100 | __global__ int checkPcHashKernal (CryptoCycle_State_t* d_pcState, uint64_t* d_indexesOut, PacketCrypt_HeaderAndProof_t* d_hap) {
[INFO] [stderr]   cargo:warning=      |           ^~~~
[INFO] [stderr]   cargo:warning=      |           ;
[INFO] [stderr]   cargo:warning=packetcrypt/src/Validate.c: In function 'checkPcHashKernal':
[INFO] [stderr]   cargo:warning=packetcrypt/src/Validate.c:101:17: error: 'threadIdx' undeclared (first use in this function)
[INFO] [stderr]   cargo:warning=  101 |     int index = threadIdx.x + blockIdx.x * blockDim.x;
[INFO] [stderr]   cargo:warning=      |                 ^~~~~~~~~
[INFO] [stderr]   cargo:warning=packetcrypt/src/Validate.c:101:17: note: each undeclared identifier is reported only once for each function it appears in
[INFO] [stderr]   cargo:warning=packetcrypt/src/Validate.c:101:31: error: 'blockIdx' undeclared (first use in this function)
[INFO] [stderr]   cargo:warning=  101 |     int index = threadIdx.x + blockIdx.x * blockDim.x;
[INFO] [stderr]   cargo:warning=      |                               ^~~~~~~~
[INFO] [stderr]   cargo:warning=packetcrypt/src/Validate.c:101:44: error: 'blockDim' undeclared (first use in this function)
[INFO] [stderr]   cargo:warning=  101 |     int index = threadIdx.x + blockIdx.x * blockDim.x;
[INFO] [stderr]   cargo:warning=      |                                            ^~~~~~~~
[INFO] [stderr]   cargo:warning=packetcrypt/src/Validate.c:103:5: error: 'indexesOut' undeclared (first use in this function); did you mean 'd_indexesOut'?
[INFO] [stderr]   cargo:warning=  103 |     indexesOut[index] = CryptoCycle_getItemNo(&d_pcState);
[INFO] [stderr]   cargo:warning=      |     ^~~~~~~~~~
[INFO] [stderr]   cargo:warning=      |     d_indexesOut
[INFO] [stderr]   cargo:warning=packetcrypt/src/Validate.c:103:47: warning: passing argument 1 of 'CryptoCycle_getItemNo' from incompatible pointer type [-Wincompatible-pointer-types]
[INFO] [stderr]   cargo:warning=  103 |     indexesOut[index] = CryptoCycle_getItemNo(&d_pcState);
[INFO] [stderr]   cargo:warning=      |                                               ^~~~~~~~~~
[INFO] [stderr]   cargo:warning=      |                                               |
[INFO] [stderr]   cargo:warning=      |                                               CryptoCycle_State_t ** {aka union <anonymous> **}
[INFO] [stderr]   cargo:warning=In file included from packetcrypt/src/Announce.h:11,
[INFO] [stderr]   cargo:warning=                 from packetcrypt/src/Validate.c:9:
[INFO] [stderr]   cargo:warning=packetcrypt/src/CryptoCycle.h:209:78: note: expected 'CryptoCycle_State_t *' {aka 'union <anonymous> *'} but argument is of type 'CryptoCycle_State_t **' {aka 'union <anonymous> **'}
[INFO] [stderr]   cargo:warning=  209 | __device__ static inline uint64_t CryptoCycle_getItemNo(CryptoCycle_State_t* state) {
[INFO] [stderr]   cargo:warning=      |                                                         ~~~~~~~~~~~~~~~~~~~~~^~~~~
[INFO] [stderr]   cargo:warning=In file included from packetcrypt/src/Validate.c:16:
[INFO] [stderr]   cargo:warning=packetcrypt/src/Validate.c:105:43: warning: passing argument 1 of 'CryptoCycle_update' from incompatible pointer type [-Wincompatible-pointer-types]
[INFO] [stderr]   cargo:warning=  105 |     if (Util_unlikely(!CryptoCycle_update(&d_pcState, it))) { return -1; }
[INFO] [stderr]   cargo:warning=      |                                           ^~~~~~~~~~
[INFO] [stderr]   cargo:warning=      |                                           |
[INFO] [stderr]   cargo:warning=      |                                           CryptoCycle_State_t ** {aka union <anonymous> **}
[INFO] [stderr]   cargo:warning=packetcrypt/src/Util.h:49:48: note: in definition of macro 'Util_unlikely'
[INFO] [stderr]   cargo:warning=   49 | #define Util_unlikely(x)     __builtin_expect((x),0)
[INFO] [stderr]   cargo:warning=      |                                                ^
[INFO] [stderr]   cargo:warning=In file included from packetcrypt/src/Announce.h:11,
[INFO] [stderr]   cargo:warning=                 from packetcrypt/src/Validate.c:9:
[INFO] [stderr]   cargo:warning=packetcrypt/src/CryptoCycle.h:216:35: note: expected 'CryptoCycle_State_t * restrict' {aka 'union <anonymous> * restrict'} but argument is of type 'CryptoCycle_State_t **' {aka 'union <anonymous> **'}
[INFO] [stderr]   cargo:warning=  216 |     CryptoCycle_State_t* restrict state,
[INFO] [stderr]   cargo:warning=      |     ~~~~~~~~~~~~~~~~~~~~~~~~~~~~~~^~~~~
[INFO] [stderr]   cargo:warning=packetcrypt/src/Validate.c:100:77: warning: unused parameter 'd_indexesOut' [-Wunused-parameter]
[INFO] [stderr]   cargo:warning=  100 | __global__ int checkPcHashKernal (CryptoCycle_State_t* d_pcState, uint64_t* d_indexesOut, PacketCrypt_HeaderAndProof_t* d_hap) {
[INFO] [stderr]   cargo:warning=      |                                                                   ~~~~~~~~~~^~~~~~~~~~~~
[INFO] [stderr]   cargo:warning=packetcrypt/src/Validate.c: At top level:
[INFO] [stderr]   cargo:warning=packetcrypt/src/Validate.c:108:11: error: expected ';' before 'int'
[INFO] [stderr]   cargo:warning=  108 | __global__ int Validate_checkBlockKernal (PacketCrypt_HeaderAndProof_t* d_hap, uint8_t* d_blockHashes, Buf32_t* d_annHashes,
[INFO] [stderr]   cargo:warning=      |           ^~~~
[INFO] [stderr]   cargo:warning=      |           ;
[INFO] [stderr]   cargo:warning=packetcrypt/src/Validate.c: In function 'Validate_checkBlockKernal':
[INFO] [stderr]   cargo:warning=packetcrypt/src/Validate.c:110:17: error: 'threadIdx' undeclared (first use in this function)
[INFO] [stderr]   cargo:warning=  110 |     int index = threadIdx.x + blockIdx.x * blockDim.x;
[INFO] [stderr]   cargo:warning=      |                 ^~~~~~~~~
[INFO] [stderr]   cargo:warning=packetcrypt/src/Validate.c:110:31: error: 'blockIdx' undeclared (first use in this function)
[INFO] [stderr]   cargo:warning=  110 |     int index = threadIdx.x + blockIdx.x * blockDim.x;
[INFO] [stderr]   cargo:warning=      |                               ^~~~~~~~
[INFO] [stderr]   cargo:warning=packetcrypt/src/Validate.c:110:44: error: 'blockDim' undeclared (first use in this function)
[INFO] [stderr]   cargo:warning=  110 |     int index = threadIdx.x + blockIdx.x * blockDim.x;
[INFO] [stderr]   cargo:warning=      |                                            ^~~~~~~~
[INFO] [stderr]   cargo:warning=packetcrypt/src/Validate.c:112:9: error: 'blockHashes' undeclared (first use in this function); did you mean 'd_blockHashes'?
[INFO] [stderr]   cargo:warning=  112 |     if (blockHashes != NULL) {
[INFO] [stderr]   cargo:warning=      |         ^~~~~~~~~~~
[INFO] [stderr]   cargo:warning=      |         d_blockHashes
[INFO] [stderr]   cargo:warning=packetcrypt/src/Validate.c: In function 'checkPcHash':
[INFO] [stderr]   cargo:warning=packetcrypt/src/Validate.c:166:65: error: 'cudaMemcpyHostToDevice' undeclared (first use in this function)
[INFO] [stderr]   cargo:warning=  166 |     cudaMemcpy(d_pcState, pcState, sizeof(CryptoCycle_State_t), cudaMemcpyHostToDevice);
[INFO] [stderr]   cargo:warning=      |                                                                 ^~~~~~~~~~~~~~~~~~~~~~
[INFO] [stderr]   cargo:warning=packetcrypt/src/Validate.c:169:24: error: expected expression before '<' token
[INFO] [stderr]   cargo:warning=  169 |     checkPcHashKernal<<<1, 4>>>(d_pcState, d_indexesOut, d_hap);
[INFO] [stderr]   cargo:warning=      |                        ^
[INFO] [stderr]   cargo:warning=packetcrypt/src/Validate.c:170:65: error: 'cudaMemcpyDeviceToHost' undeclared (first use in this function)
[INFO] [stderr]   cargo:warning=  170 |     cudaMemcpy(pcState, d_pcState, sizeof(CryptoCycle_State_t), cudaMemcpyDeviceToHost);
[INFO] [stderr]   cargo:warning=      |                                                                 ^~~~~~~~~~~~~~~~~~~~~~
[INFO] [stderr]   cargo:warning=packetcrypt/src/Validate.c: In function 'Validate_checkBlock':
[INFO] [stderr]   cargo:warning=packetcrypt/src/Validate.c:227:41: error: invalid application of 'sizeof' to incomplete type 'PacketCrypt_ValidateCtx_t' {aka 'struct PacketCrypt_ValidateCtx_s'}
[INFO] [stderr]   cargo:warning=  227 |     cudaMalloc((void **)&d_vctx, sizeof(PacketCrypt_ValidateCtx_t));
[INFO] [stderr]   cargo:warning=      |                                         ^~~~~~~~~~~~~~~~~~~~~~~~~
[INFO] [stderr]   cargo:warning=packetcrypt/src/Validate.c:230:66: error: 'cudaMemcpyHostToDevice' undeclared (first use in this function)
[INFO] [stderr]   cargo:warning=  230 |     cudaMemcpy(d_hap, hap, sizeof(PacketCrypt_HeaderAndProof_t), cudaMemcpyHostToDevice);
[INFO] [stderr]   cargo:warning=      |                                                                  ^~~~~~~~~~~~~~~~~~~~~~
[INFO] [stderr]   cargo:warning=packetcrypt/src/Validate.c:233:37: error: invalid application of 'sizeof' to incomplete type 'PacketCrypt_ValidateCtx_t' {aka 'struct PacketCrypt_ValidateCtx_s'}
[INFO] [stderr]   cargo:warning=  233 |     cudaMemcpy(d_vctx, vctx, sizeof(PacketCrypt_ValidateCtx_t), cudaMemcpyHostToDevice);
[INFO] [stderr]   cargo:warning=      |                                     ^~~~~~~~~~~~~~~~~~~~~~~~~
[INFO] [stderr]   cargo:warning=packetcrypt/src/Validate.c:236:32: error: expected expression before '<' token
[INFO] [stderr]   cargo:warning=  236 |     Validate_checkBlockKernal<<<1, PacketCrypt_NUM_ANNS>>>(d_hap, d_blockHashes, d_annHashes, d_vctx, d_coinbaseCommitment, blockHeight);
[INFO] [stderr]   cargo:warning=      |                                ^
[INFO] [stderr]   cargo:warning=packetcrypt/src/Validate.c:237:66: error: 'cudaMemcpyDeviceToHost' undeclared (first use in this function)
[INFO] [stderr]   cargo:warning=  237 |     cudaMemcpy(hap, d_hap, sizeof(PacketCrypt_HeaderAndProof_t), cudaMemcpyDeviceToHost);
[INFO] [stderr]   cargo:warning=      |                                                                  ^~~~~~~~~~~~~~~~~~~~~~
[INFO] [stderr]   cargo:warning=packetcrypt/src/Validate.c:240:38: error: invalid application of 'sizeof' to incomplete type 'PacketCrypt_ValidateCtx_t' {aka 'struct PacketCrypt_ValidateCtx_s'}
[INFO] [stderr]   cargo:warning=  240 |     cudaMemcpy(vctx, d_vctx,  sizeof(PacketCrypt_ValidateCtx_t), cudaMemcpyDeviceToHost);
[INFO] [stderr]   cargo:warning=      |                                      ^~~~~~~~~~~~~~~~~~~~~~~~~
[INFO] [stderr]   cargo:warning=packetcrypt/src/Validate.c:195:34: warning: unused parameter 'blockHeight' [-Wunused-parameter]
[INFO] [stderr]   cargo:warning=  195 |                         uint32_t blockHeight,
[INFO] [stderr]   cargo:warning=      |                         ~~~~~~~~~^~~~~~~~~~~
[INFO] [stderr]   cargo:warning=packetcrypt/src/Validate.c: In function 'checkPcHashKernal':
[INFO] [stderr]   cargo:warning=packetcrypt/src/Validate.c:106:1: warning: control reaches end of non-void function [-Wreturn-type]
[INFO] [stderr]   cargo:warning=  106 | }
[INFO] [stderr]   cargo:warning=      | ^
[INFO] [stderr]   cargo:warning=packetcrypt/src/Validate.c: In function 'Validate_checkBlockKernal':
[INFO] [stderr]   cargo:warning=packetcrypt/src/Validate.c:125:1: warning: control reaches end of non-void function [-Wreturn-type]
[INFO] [stderr]   cargo:warning=  125 | }
[INFO] [stderr]   cargo:warning=      | ^
[INFO] [stderr]   exit status: 1
[INFO] [stderr] 
[INFO] [stderr]   --- stderr
[INFO] [stderr] 
[INFO] [stderr] 
[INFO] [stderr]   error occurred: Command "cc" "-O0" "-ffunction-sections" "-fdata-sections" "-fPIC" "-fno-plt" "-g" "-fno-omit-frame-pointer" "-m64" "-I" "/opt/rustwide/target/debug/build/libsodium-sys-c3d9a16cde258f96/out/source/libsodium/src/libsodium/include" "-I" "packetcrypt/include" "-I" "packetcrypt/src" "-Wall" "-Wextra" "-Wno-implicit-function-declaration" "-O2" "-march=native" "-mtune=native" "-o" "/opt/rustwide/target/debug/build/packetcrypt-sys-12e9e1968091a9d2/out/lib/packetcrypt/src/Validate.o" "-c" "packetcrypt/src/Validate.c" with args "cc" did not execute successfully (status code exit status: 1).
[INFO] [stderr] 
[INFO] [stderr] 
[INFO] [stderr] warning: build failed, waiting for other jobs to finish...
[INFO] [stderr] error: build failed
[INFO] running `Command { std: "docker" "inspect" "2a7b0072d266844633a60d3d6ec3c4fd0dfd3d2678c91581bc83b65506692fa9", kill_on_drop: false }`
[INFO] running `Command { std: "docker" "rm" "-f" "2a7b0072d266844633a60d3d6ec3c4fd0dfd3d2678c91581bc83b65506692fa9", kill_on_drop: false }`
[INFO] [stdout] 2a7b0072d266844633a60d3d6ec3c4fd0dfd3d2678c91581bc83b65506692fa9
