[INFO] cloning repository https://github.com/yskszk63/btmgmt
[INFO] running `Command { std: "git" "-c" "credential.helper=" "-c" "credential.helper=/workspace/cargo-home/bin/git-credential-null" "clone" "--bare" "https://github.com/yskszk63/btmgmt" "/workspace/cache/git-repos/https%3A%2F%2Fgithub.com%2Fyskszk63%2Fbtmgmt", kill_on_drop: false }`
[INFO] [stderr] Cloning into bare repository '/workspace/cache/git-repos/https%3A%2F%2Fgithub.com%2Fyskszk63%2Fbtmgmt'...
[INFO] running `Command { std: "git" "rev-parse" "HEAD", kill_on_drop: false }`
[INFO] [stdout] a97a439715ee75fb80ad434dc9ff2a171fedda96
[INFO] checking yskszk63/btmgmt against beta-2021-10-15 for beta-1.56-3
[INFO] running `Command { std: "git" "clone" "/workspace/cache/git-repos/https%3A%2F%2Fgithub.com%2Fyskszk63%2Fbtmgmt" "/workspace/builds/worker-7/source", kill_on_drop: false }`
[INFO] [stderr] Cloning into '/workspace/builds/worker-7/source'...
[INFO] [stderr] done.
[INFO] validating manifest of git repo https://github.com/yskszk63/btmgmt on toolchain beta-2021-10-15
[INFO] running `Command { std: "/workspace/cargo-home/bin/cargo" "+beta-2021-10-15" "metadata" "--manifest-path" "Cargo.toml" "--no-deps", kill_on_drop: false }`
[INFO] started tweaking git repo https://github.com/yskszk63/btmgmt
[INFO] finished tweaking git repo https://github.com/yskszk63/btmgmt
[INFO] tweaked toml for git repo https://github.com/yskszk63/btmgmt written to /workspace/builds/worker-7/source/Cargo.toml
[INFO] running `Command { std: "/workspace/cargo-home/bin/cargo" "+beta-2021-10-15" "generate-lockfile" "--manifest-path" "Cargo.toml" "-Zno-index-update", kill_on_drop: false }`
[INFO] running `Command { std: "/workspace/cargo-home/bin/cargo" "+beta-2021-10-15" "fetch" "--manifest-path" "Cargo.toml", kill_on_drop: false }`
[INFO] [stderr]     Blocking waiting for file lock on package cache
[INFO] [stderr]  Downloading crates ...
[INFO] [stderr]   Downloaded trybuild v1.0.50
[INFO] running `Command { std: "docker" "create" "-v" "/var/lib/crater-agent-workspace/builds/worker-7/target:/opt/rustwide/target:rw,Z" "-v" "/var/lib/crater-agent-workspace/builds/worker-7/source:/opt/rustwide/workdir:ro,Z" "-v" "/var/lib/crater-agent-workspace/cargo-home:/opt/rustwide/cargo-home:ro,Z" "-v" "/var/lib/crater-agent-workspace/rustup-home:/opt/rustwide/rustup-home:ro,Z" "-e" "SOURCE_DIR=/opt/rustwide/workdir" "-e" "CARGO_TARGET_DIR=/opt/rustwide/target" "-e" "CARGO_HOME=/opt/rustwide/cargo-home" "-e" "RUSTUP_HOME=/opt/rustwide/rustup-home" "-w" "/opt/rustwide/workdir" "-m" "1610612736" "--user" "0:0" "--network" "none" "ghcr.io/rust-lang/crates-build-env/linux@sha256:a89201d6b5b9fd45c15d5952ece0a0129e7e80cb26ec023fd59cf09bc26f1604" "/opt/rustwide/cargo-home/bin/cargo" "+beta-2021-10-15" "metadata" "--no-deps" "--format-version=1", kill_on_drop: false }`
[INFO] [stdout] 5f41c5601d88ef8b9b1d176a760f56f79d62e3db4a3d8d72839291793e9f14fa
[INFO] [stderr] WARNING: Your kernel does not support swap limit capabilities or the cgroup is not mounted. Memory limited without swap.
[INFO] running `Command { std: "docker" "start" "-a" "5f41c5601d88ef8b9b1d176a760f56f79d62e3db4a3d8d72839291793e9f14fa", kill_on_drop: false }`
[INFO] running `Command { std: "docker" "inspect" "5f41c5601d88ef8b9b1d176a760f56f79d62e3db4a3d8d72839291793e9f14fa", kill_on_drop: false }`
[INFO] running `Command { std: "docker" "rm" "-f" "5f41c5601d88ef8b9b1d176a760f56f79d62e3db4a3d8d72839291793e9f14fa", kill_on_drop: false }`
[INFO] [stdout] 5f41c5601d88ef8b9b1d176a760f56f79d62e3db4a3d8d72839291793e9f14fa
[INFO] running `Command { std: "docker" "create" "-v" "/var/lib/crater-agent-workspace/builds/worker-7/target:/opt/rustwide/target:rw,Z" "-v" "/var/lib/crater-agent-workspace/builds/worker-7/source:/opt/rustwide/workdir:ro,Z" "-v" "/var/lib/crater-agent-workspace/cargo-home:/opt/rustwide/cargo-home:ro,Z" "-v" "/var/lib/crater-agent-workspace/rustup-home:/opt/rustwide/rustup-home:ro,Z" "-e" "SOURCE_DIR=/opt/rustwide/workdir" "-e" "CARGO_TARGET_DIR=/opt/rustwide/target" "-e" "CARGO_INCREMENTAL=0" "-e" "RUST_BACKTRACE=full" "-e" "RUSTFLAGS=--cap-lints=warn" "-e" "CARGO_HOME=/opt/rustwide/cargo-home" "-e" "RUSTUP_HOME=/opt/rustwide/rustup-home" "-w" "/opt/rustwide/workdir" "-m" "1610612736" "--user" "0:0" "--network" "none" "ghcr.io/rust-lang/crates-build-env/linux@sha256:a89201d6b5b9fd45c15d5952ece0a0129e7e80cb26ec023fd59cf09bc26f1604" "/opt/rustwide/cargo-home/bin/cargo" "+beta-2021-10-15" "check" "--frozen" "--all" "--all-targets" "--message-format=json", kill_on_drop: false }`
[INFO] [stdout] eb038ae1a10dd063e9f0852dfb963d21ba9bb72e21c7bd16f3187c69ce87d306
[INFO] [stderr] WARNING: Your kernel does not support swap limit capabilities or the cgroup is not mounted. Memory limited without swap.
[INFO] running `Command { std: "docker" "start" "-a" "eb038ae1a10dd063e9f0852dfb963d21ba9bb72e21c7bd16f3187c69ce87d306", kill_on_drop: false }`
[INFO] [stderr]    Compiling syn v1.0.80
[INFO] [stderr]     Checking futures-sink v0.3.17
[INFO] [stderr]     Checking uuid v0.8.2
[INFO] [stderr]     Checking smallvec v1.7.0
[INFO] [stderr]    Compiling trybuild v1.0.50
[INFO] [stderr]     Checking unicode-width v0.1.9
[INFO] [stderr]    Compiling tokio v1.12.0
[INFO] [stderr]     Checking socket2 v0.4.2
[INFO] [stderr]     Checking os_str_bytes v4.2.0
[INFO] [stderr]     Checking env_logger v0.7.1
[INFO] [stderr]     Checking futures-channel v0.3.17
[INFO] [stderr]     Checking textwrap v0.14.2
[INFO] [stderr]     Checking pretty_env_logger v0.4.0
[INFO] [stderr]     Checking btmgmt-packet-macros v0.2.5 (/opt/rustwide/workdir/packet/macros)
[INFO] [stderr]    Compiling darling_core v0.12.4
[INFO] [stderr]    Compiling proc-macro-error v1.0.4
[INFO] [stderr]    Compiling thiserror-impl v1.0.30
[INFO] [stderr]    Compiling futures-macro v0.3.17
[INFO] [stderr]    Compiling tokio-macros v1.5.0
[INFO] [stderr]    Compiling getset v0.1.1
[INFO] [stderr]    Compiling derive-new v0.5.9
[INFO] [stderr]    Compiling serde_derive v1.0.130
[INFO] [stderr]    Compiling async-stream-impl v0.3.2
[INFO] [stderr]    Compiling clap_derive v3.0.0-beta.5
[INFO] [stderr]    Compiling darling_macro v0.12.4
[INFO] [stderr]     Checking async-stream v0.3.2
[INFO] [stderr]     Checking futures-util v0.3.17
[INFO] [stderr]    Compiling darling v0.12.4
[INFO] [stderr]    Compiling derive_builder_core v0.10.2
[INFO] [stderr]     Checking thiserror v1.0.30
[INFO] [stderr]     Checking btmgmt-packet-helper v0.2.5 (/opt/rustwide/workdir/packet/helper)
[INFO] [stderr]     Checking bdaddr v0.1.2
[INFO] [stderr]     Checking clap v3.0.0-beta.5
[INFO] [stderr]    Compiling derive_builder_macro v0.10.2
[INFO] [stderr]     Checking futures-executor v0.3.17
[INFO] [stderr]     Checking derive_builder v0.10.2
[INFO] [stderr]     Checking btmgmt-packet v0.2.5 (/opt/rustwide/workdir/packet)
[INFO] [stderr]     Checking futures v0.3.17
[INFO] [stderr]     Checking tokio-stream v0.1.7
[INFO] [stderr]     Checking serde v1.0.130
[INFO] [stderr]     Checking tokio-test v0.4.2
[INFO] [stderr]     Checking btmgmt v0.2.5 (/opt/rustwide/workdir)
[INFO] [stderr]     Checking btmgmt-cli v0.2.5 (/opt/rustwide/workdir/cli)
[INFO] [stdout] error[E0432]: unresolved import `clap::Clap`
[INFO] [stdout]  --> cli/src/main.rs:7:5
[INFO] [stdout]   |
[INFO] [stdout] 7 | use clap::Clap;
[INFO] [stdout]   |     ^^^^^^^^^^ no `Clap` in the root
[INFO] [stdout] 
[INFO] [stdout] 
[INFO] [stdout] error: cannot determine resolution for the derive macro `Clap`
[INFO] [stdout]   --> cli/src/main.rs:19:17
[INFO] [stdout]    |
[INFO] [stdout] 19 | #[derive(Debug, Clap)]
[INFO] [stdout]    |                 ^^^^
[INFO] [stdout]    |
[INFO] [stdout]    = note: import resolution is stuck, try simplifying macro imports
[INFO] [stdout] 
[INFO] [stdout] 
[INFO] [stdout] error[E0432]: unresolved import `clap::Clap`
[INFO] [stdout]  --> cli/src/main.rs:7:5
[INFO] [stdout]   |
[INFO] [stdout] 7 | use clap::Clap;
[INFO] [stdout]   |     ^^^^^^^^^^ no `Clap` in the root
[INFO] [stdout] 
[INFO] [stdout] 
[INFO] [stdout] error: cannot determine resolution for the derive macro `Clap`
[INFO] [stdout]   --> cli/src/main.rs:19:17
[INFO] [stdout]    |
[INFO] [stdout] 19 | #[derive(Debug, Clap)]
[INFO] [stdout]    |                 ^^^^
[INFO] [stdout]    |
[INFO] [stdout]    = note: import resolution is stuck, try simplifying macro imports
[INFO] [stdout] 
[INFO] [stdout] 
[INFO] [stdout] error: cannot find attribute `clap` in this scope
[INFO] [stdout]   --> cli/src/main.rs:21:7
[INFO] [stdout]    |
[INFO] [stdout] 21 |     #[clap(short, long, default_value = "0")]
[INFO] [stdout]    |       ^^^^
[INFO] [stdout]    |
[INFO] [stdout]    = note: `clap` is in scope, but it is a crate, not an attribute
[INFO] [stdout] 
[INFO] [stdout] 
[INFO] [stdout] error: cannot find attribute `clap` in this scope
[INFO] [stdout]   --> cli/src/main.rs:24:7
[INFO] [stdout]    |
[INFO] [stdout] 24 |     #[clap(short, long)]
[INFO] [stdout]    |       ^^^^
[INFO] [stdout]    |
[INFO] [stdout]    = note: `clap` is in scope, but it is a crate, not an attribute
[INFO] [stdout] 
[INFO] [stdout] 
[INFO] [stdout] error: cannot find attribute `clap` in this scope
[INFO] [stdout]   --> cli/src/main.rs:21:7
[INFO] [stdout]    |
[INFO] [stdout] 21 |     #[clap(short, long, default_value = "0")]
[INFO] [stdout]    |       ^^^^
[INFO] [stdout]    |
[INFO] [stdout]    = note: `clap` is in scope, but it is a crate, not an attribute
[INFO] [stdout] 
[INFO] [stdout] 
[INFO] [stdout] error: cannot find attribute `clap` in this scope
[INFO] [stdout]   --> cli/src/main.rs:27:7
[INFO] [stdout]    |
[INFO] [stdout] 27 |     #[clap(subcommand)]
[INFO] [stdout]    |       ^^^^
[INFO] [stdout]    |
[INFO] [stdout]    = note: `clap` is in scope, but it is a crate, not an attribute
[INFO] [stdout] 
[INFO] [stdout] 
[INFO] [stdout] error: cannot determine resolution for the derive macro `Clap`
[INFO] [stdout]   --> cli/src/main.rs:31:17
[INFO] [stdout]    |
[INFO] [stdout] 31 | #[derive(Debug, Clap)]
[INFO] [stdout]    |                 ^^^^
[INFO] [stdout]    |
[INFO] [stdout]    = note: import resolution is stuck, try simplifying macro imports
[INFO] [stdout] 
[INFO] [stdout] 
[INFO] [stdout] error: cannot find attribute `clap` in this scope
[INFO] [stdout]   --> cli/src/main.rs:37:7
[INFO] [stdout]    |
[INFO] [stdout] 37 |     #[clap(aliases=&["c"])]
[INFO] [stdout]    |       ^^^^
[INFO] [stdout]    |
[INFO] [stdout]    = note: `clap` is in scope, but it is a crate, not an attribute
[INFO] [stdout] 
[INFO] [stdout] 
[INFO] [stdout] error: cannot find attribute `clap` in this scope
[INFO] [stdout]   --> cli/src/main.rs:24:7
[INFO] [stdout]    |
[INFO] [stdout] 24 |     #[clap(short, long)]
[INFO] [stdout]    |       ^^^^
[INFO] [stdout]    |
[INFO] [stdout]    = note: `clap` is in scope, but it is a crate, not an attribute
[INFO] [stdout] 
[INFO] [stdout] 
[INFO] [stdout] error: cannot find attribute `clap` in this scope
[INFO] [stdout]   --> cli/src/main.rs:39:11
[INFO] [stdout]    |
[INFO] [stdout] 39 |         #[clap(subcommand)]
[INFO] [stdout]    |           ^^^^
[INFO] [stdout]    |
[INFO] [stdout]    = note: `clap` is in scope, but it is a crate, not an attribute
[INFO] [stdout] 
[INFO] [stdout] 
[INFO] [stdout] error: cannot find attribute `clap` in this scope
[INFO] [stdout]   --> cli/src/main.rs:27:7
[INFO] [stdout]    |
[INFO] [stdout] 27 |     #[clap(subcommand)]
[INFO] [stdout]    |       ^^^^
[INFO] [stdout]    |
[INFO] [stdout]    = note: `clap` is in scope, but it is a crate, not an attribute
[INFO] [stdout] 
[INFO] [stdout] 
[INFO] [stdout] error: cannot find attribute `clap` in this scope
[INFO] [stdout]   --> cli/src/main.rs:43:7
[INFO] [stdout]    |
[INFO] [stdout] 43 |     #[clap(aliases=&["k"])]
[INFO] [stdout]    |       ^^^^
[INFO] [stdout]    |
[INFO] [stdout]    = note: `clap` is in scope, but it is a crate, not an attribute
[INFO] [stdout] 
[INFO] [stdout] 
[INFO] [stdout] error: cannot determine resolution for the derive macro `Clap`
[INFO] [stdout]   --> cli/src/main.rs:31:17
[INFO] [stdout]    |
[INFO] [stdout] 31 | #[derive(Debug, Clap)]
[INFO] [stdout]    |                 ^^^^
[INFO] [stdout]    |
[INFO] [stdout]    = note: import resolution is stuck, try simplifying macro imports
[INFO] [stdout] 
[INFO] [stdout] 
[INFO] [stdout] error: cannot find attribute `clap` in this scope
[INFO] [stdout]   --> cli/src/main.rs:37:7
[INFO] [stdout]    |
[INFO] [stdout] 37 |     #[clap(aliases=&["c"])]
[INFO] [stdout]    |       ^^^^
[INFO] [stdout]    |
[INFO] [stdout]    = note: `clap` is in scope, but it is a crate, not an attribute
[INFO] [stdout] 
[INFO] [stdout] 
[INFO] [stdout] error: cannot find attribute `clap` in this scope
[INFO] [stdout]   --> cli/src/main.rs:45:11
[INFO] [stdout]    |
[INFO] [stdout] 45 |         #[clap(subcommand)]
[INFO] [stdout]    |           ^^^^
[INFO] [stdout]    |
[INFO] [stdout]    = note: `clap` is in scope, but it is a crate, not an attribute
[INFO] [stdout] 
[INFO] [stdout] 
[INFO] [stdout] error: cannot find attribute `clap` in this scope
[INFO] [stdout]   --> cli/src/main.rs:39:11
[INFO] [stdout]    |
[INFO] [stdout] 39 |         #[clap(subcommand)]
[INFO] [stdout]    |           ^^^^
[INFO] [stdout]    |
[INFO] [stdout]    = note: `clap` is in scope, but it is a crate, not an attribute
[INFO] [stdout] 
[INFO] [stdout] 
[INFO] [stdout] error: cannot find attribute `clap` in this scope
[INFO] [stdout]   --> cli/src/main.rs:49:7
[INFO] [stdout]    |
[INFO] [stdout] 49 |     #[clap(aliases=&["conn"])]
[INFO] [stdout]    |       ^^^^
[INFO] [stdout]    |
[INFO] [stdout]    = note: `clap` is in scope, but it is a crate, not an attribute
[INFO] [stdout] 
[INFO] [stdout] 
[INFO] [stdout] error: cannot find attribute `clap` in this scope
[INFO] [stdout]   --> cli/src/main.rs:43:7
[INFO] [stdout]    |
[INFO] [stdout] 43 |     #[clap(aliases=&["k"])]
[INFO] [stdout]    |       ^^^^
[INFO] [stdout]    |
[INFO] [stdout]    = note: `clap` is in scope, but it is a crate, not an attribute
[INFO] [stdout] 
[INFO] [stdout] 
[INFO] [stdout] error: cannot find attribute `clap` in this scope
[INFO] [stdout]   --> cli/src/main.rs:51:11
[INFO] [stdout]    |
[INFO] [stdout] 51 |         #[clap(subcommand)]
[INFO] [stdout]    |           ^^^^
[INFO] [stdout]    |
[INFO] [stdout]    = note: `clap` is in scope, but it is a crate, not an attribute
[INFO] [stdout] 
[INFO] [stdout] 
[INFO] [stdout] error: cannot find attribute `clap` in this scope
[INFO] [stdout]   --> cli/src/main.rs:45:11
[INFO] [stdout]    |
[INFO] [stdout] 45 |         #[clap(subcommand)]
[INFO] [stdout]    |           ^^^^
[INFO] [stdout]    |
[INFO] [stdout]    = note: `clap` is in scope, but it is a crate, not an attribute
[INFO] [stdout] 
[INFO] [stdout] 
[INFO] [stdout] error: cannot find attribute `clap` in this scope
[INFO] [stdout]   --> cli/src/main.rs:55:7
[INFO] [stdout]    |
[INFO] [stdout] 55 |     #[clap(aliases=&["discov"])]
[INFO] [stdout]    |       ^^^^
[INFO] [stdout]    |
[INFO] [stdout]    = note: `clap` is in scope, but it is a crate, not an attribute
[INFO] [stdout] 
[INFO] [stdout] 
[INFO] [stdout] error: cannot find attribute `clap` in this scope
[INFO] [stdout]   --> cli/src/main.rs:49:7
[INFO] [stdout]    |
[INFO] [stdout] 49 |     #[clap(aliases=&["conn"])]
[INFO] [stdout]    |       ^^^^
[INFO] [stdout]    |
[INFO] [stdout]    = note: `clap` is in scope, but it is a crate, not an attribute
[INFO] [stdout] 
[INFO] [stdout] 
[INFO] [stdout] error: cannot find attribute `clap` in this scope
[INFO] [stdout]   --> cli/src/main.rs:57:11
[INFO] [stdout]    |
[INFO] [stdout] 57 |         #[clap(subcommand)]
[INFO] [stdout]    |           ^^^^
[INFO] [stdout]    |
[INFO] [stdout]    = note: `clap` is in scope, but it is a crate, not an attribute
[INFO] [stdout] 
[INFO] [stdout] 
[INFO] [stdout] error: cannot find attribute `clap` in this scope
[INFO] [stdout]   --> cli/src/main.rs:51:11
[INFO] [stdout]    |
[INFO] [stdout] 51 |         #[clap(subcommand)]
[INFO] [stdout]    |           ^^^^
[INFO] [stdout]    |
[INFO] [stdout]    = note: `clap` is in scope, but it is a crate, not an attribute
[INFO] [stdout] 
[INFO] [stdout] 
[INFO] [stdout] error: cannot find attribute `clap` in this scope
[INFO] [stdout]   --> cli/src/main.rs:61:7
[INFO] [stdout]    |
[INFO] [stdout] 61 |     #[clap(aliases=&["conf"])]
[INFO] [stdout]    |       ^^^^
[INFO] [stdout]    |
[INFO] [stdout]    = note: `clap` is in scope, but it is a crate, not an attribute
[INFO] [stdout] 
[INFO] [stdout] 
[INFO] [stdout] error: cannot find attribute `clap` in this scope
[INFO] [stdout]   --> cli/src/main.rs:55:7
[INFO] [stdout]    |
[INFO] [stdout] 55 |     #[clap(aliases=&["discov"])]
[INFO] [stdout]    |       ^^^^
[INFO] [stdout]    |
[INFO] [stdout]    = note: `clap` is in scope, but it is a crate, not an attribute
[INFO] [stdout] 
[INFO] [stdout] 
[INFO] [stdout] error: cannot find attribute `clap` in this scope
[INFO] [stdout]   --> cli/src/main.rs:63:11
[INFO] [stdout]    |
[INFO] [stdout] 63 |         #[clap(subcommand)]
[INFO] [stdout]    |           ^^^^
[INFO] [stdout]    |
[INFO] [stdout]    = note: `clap` is in scope, but it is a crate, not an attribute
[INFO] [stdout] 
[INFO] [stdout] 
[INFO] [stdout] error: cannot find attribute `clap` in this scope
[INFO] [stdout]   --> cli/src/main.rs:57:11
[INFO] [stdout]    |
[INFO] [stdout] 57 |         #[clap(subcommand)]
[INFO] [stdout]    |           ^^^^
[INFO] [stdout]    |
[INFO] [stdout]    = note: `clap` is in scope, but it is a crate, not an attribute
[INFO] [stdout] 
[INFO] [stdout] 
[INFO] [stdout] error: cannot find attribute `clap` in this scope
[INFO] [stdout]   --> cli/src/main.rs:67:7
[INFO] [stdout]    |
[INFO] [stdout] 67 |     #[clap(aliases=&["adv"])]
[INFO] [stdout]    |       ^^^^
[INFO] [stdout]    |
[INFO] [stdout]    = note: `clap` is in scope, but it is a crate, not an attribute
[INFO] [stdout] 
[INFO] [stdout] 
[INFO] [stdout] error: cannot find attribute `clap` in this scope
[INFO] [stdout]   --> cli/src/main.rs:61:7
[INFO] [stdout]    |
[INFO] [stdout] 61 |     #[clap(aliases=&["conf"])]
[INFO] [stdout]    |       ^^^^
[INFO] [stdout]    |
[INFO] [stdout]    = note: `clap` is in scope, but it is a crate, not an attribute
[INFO] [stdout] 
[INFO] [stdout] 
[INFO] [stdout] error: cannot find attribute `clap` in this scope
[INFO] [stdout]   --> cli/src/main.rs:69:11
[INFO] [stdout]    |
[INFO] [stdout] 69 |         #[clap(subcommand)]
[INFO] [stdout]    |           ^^^^
[INFO] [stdout]    |
[INFO] [stdout]    = note: `clap` is in scope, but it is a crate, not an attribute
[INFO] [stdout] 
[INFO] [stdout] 
[INFO] [stdout] error: cannot find attribute `clap` in this scope
[INFO] [stdout]   --> cli/src/main.rs:63:11
[INFO] [stdout]    |
[INFO] [stdout] 63 |         #[clap(subcommand)]
[INFO] [stdout]    |           ^^^^
[INFO] [stdout]    |
[INFO] [stdout]    = note: `clap` is in scope, but it is a crate, not an attribute
[INFO] [stdout] 
[INFO] [stdout] 
[INFO] [stdout] error: cannot find attribute `clap` in this scope
[INFO] [stdout]   --> cli/src/main.rs:73:7
[INFO] [stdout]    |
[INFO] [stdout] 73 |     #[clap(aliases=&["dev"])]
[INFO] [stdout]    |       ^^^^
[INFO] [stdout]    |
[INFO] [stdout]    = note: `clap` is in scope, but it is a crate, not an attribute
[INFO] [stdout] 
[INFO] [stdout] 
[INFO] [stdout] error: cannot find attribute `clap` in this scope
[INFO] [stdout]   --> cli/src/main.rs:67:7
[INFO] [stdout]    |
[INFO] [stdout] 67 |     #[clap(aliases=&["adv"])]
[INFO] [stdout]    |       ^^^^
[INFO] [stdout]    |
[INFO] [stdout]    = note: `clap` is in scope, but it is a crate, not an attribute
[INFO] [stdout] 
[INFO] [stdout] 
[INFO] [stdout] error: cannot find attribute `clap` in this scope
[INFO] [stdout]   --> cli/src/main.rs:75:11
[INFO] [stdout]    |
[INFO] [stdout] 75 |         #[clap(subcommand)]
[INFO] [stdout]    |           ^^^^
[INFO] [stdout]    |
[INFO] [stdout]    = note: `clap` is in scope, but it is a crate, not an attribute
[INFO] [stdout] 
[INFO] [stdout] 
[INFO] [stdout] error: cannot find attribute `clap` in this scope
[INFO] [stdout]   --> cli/src/main.rs:69:11
[INFO] [stdout]    |
[INFO] [stdout] 69 |         #[clap(subcommand)]
[INFO] [stdout]    |           ^^^^
[INFO] [stdout]    |
[INFO] [stdout]    = note: `clap` is in scope, but it is a crate, not an attribute
[INFO] [stdout] 
[INFO] [stdout] 
[INFO] [stdout] error: cannot find attribute `clap` in this scope
[INFO] [stdout]   --> cli/src/main.rs:80:11
[INFO] [stdout]    |
[INFO] [stdout] 80 |         #[clap(subcommand)]
[INFO] [stdout]    |           ^^^^
[INFO] [stdout]    |
[INFO] [stdout]    = note: `clap` is in scope, but it is a crate, not an attribute
[INFO] [stdout] 
[INFO] [stdout] 
[INFO] [stdout] error: cannot find attribute `clap` in this scope
[INFO] [stdout]   --> cli/src/main.rs:73:7
[INFO] [stdout]    |
[INFO] [stdout] 73 |     #[clap(aliases=&["dev"])]
[INFO] [stdout]    |       ^^^^
[INFO] [stdout]    |
[INFO] [stdout]    = note: `clap` is in scope, but it is a crate, not an attribute
[INFO] [stdout] 
[INFO] [stdout] 
[INFO] [stdout] error: cannot determine resolution for the derive macro `Clap`
[INFO] [stdout]   --> cli/src/main.rs:89:17
[INFO] [stdout]    |
[INFO] [stdout] 89 | #[derive(Debug, Clap)]
[INFO] [stdout]    |                 ^^^^
[INFO] [stdout]    |
[INFO] [stdout]    = note: import resolution is stuck, try simplifying macro imports
[INFO] [stdout] 
[INFO] [stdout] 
[INFO] [stdout] error: cannot find attribute `clap` in this scope
[INFO] [stdout]   --> cli/src/main.rs:94:11
[INFO] [stdout]    |
[INFO] [stdout] 94 |         #[clap(long, short)]
[INFO] [stdout]    |           ^^^^
[INFO] [stdout]    |
[INFO] [stdout]    = note: `clap` is in scope, but it is a crate, not an attribute
[INFO] [stdout] 
[INFO] [stdout] 
[INFO] [stdout] error: cannot find attribute `clap` in this scope
[INFO] [stdout]   --> cli/src/main.rs:75:11
[INFO] [stdout]    |
[INFO] [stdout] 75 |         #[clap(subcommand)]
[INFO] [stdout]    |           ^^^^
[INFO] [stdout]    |
[INFO] [stdout]    = note: `clap` is in scope, but it is a crate, not an attribute
[INFO] [stdout] 
[INFO] [stdout] 
[INFO] [stdout] error: cannot find attribute `clap` in this scope
[INFO] [stdout]    --> cli/src/main.rs:105:11
[INFO] [stdout]     |
[INFO] [stdout] 105 |         #[clap(short, long, default_value = "0")]
[INFO] [stdout]     |           ^^^^
[INFO] [stdout]     |
[INFO] [stdout]     = note: `clap` is in scope, but it is a crate, not an attribute
[INFO] [stdout] 
[INFO] [stdout] 
[INFO] [stdout] error: cannot find attribute `clap` in this scope
[INFO] [stdout]   --> cli/src/main.rs:80:11
[INFO] [stdout]    |
[INFO] [stdout] 80 |         #[clap(subcommand)]
[INFO] [stdout]    |           ^^^^
[INFO] [stdout]    |
[INFO] [stdout]    = note: `clap` is in scope, but it is a crate, not an attribute
[INFO] [stdout] 
[INFO] [stdout] 
[INFO] [stdout] error: cannot find attribute `clap` in this scope
[INFO] [stdout]    --> cli/src/main.rs:152:11
[INFO] [stdout]     |
[INFO] [stdout] 152 |         #[clap(subcommand)]
[INFO] [stdout]     |           ^^^^
[INFO] [stdout]     |
[INFO] [stdout]     = note: `clap` is in scope, but it is a crate, not an attribute
[INFO] [stdout] 
[INFO] [stdout] 
[INFO] [stdout] error: cannot determine resolution for the derive macro `Clap`
[INFO] [stdout]   --> cli/src/main.rs:89:17
[INFO] [stdout]    |
[INFO] [stdout] 89 | #[derive(Debug, Clap)]
[INFO] [stdout]    |                 ^^^^
[INFO] [stdout]    |
[INFO] [stdout]    = note: import resolution is stuck, try simplifying macro imports
[INFO] [stdout] 
[INFO] [stdout] 
[INFO] [stdout] error: cannot find attribute `clap` in this scope
[INFO] [stdout]   --> cli/src/main.rs:94:11
[INFO] [stdout]    |
[INFO] [stdout] 94 |         #[clap(long, short)]
[INFO] [stdout]    |           ^^^^
[INFO] [stdout]    |
[INFO] [stdout]    = note: `clap` is in scope, but it is a crate, not an attribute
[INFO] [stdout] 
[INFO] [stdout] 
[INFO] [stdout] error: cannot find attribute `clap` in this scope
[INFO] [stdout]    --> cli/src/main.rs:158:11
[INFO] [stdout]     |
[INFO] [stdout] 158 |         #[clap(short, long)]
[INFO] [stdout]     |           ^^^^
[INFO] [stdout]     |
[INFO] [stdout]     = note: `clap` is in scope, but it is a crate, not an attribute
[INFO] [stdout] 
[INFO] [stdout] 
[INFO] [stdout] error: cannot find attribute `clap` in this scope
[INFO] [stdout]    --> cli/src/main.rs:105:11
[INFO] [stdout]     |
[INFO] [stdout] 105 |         #[clap(short, long, default_value = "0")]
[INFO] [stdout]     |           ^^^^
[INFO] [stdout]     |
[INFO] [stdout]     = note: `clap` is in scope, but it is a crate, not an attribute
[INFO] [stdout] 
[INFO] [stdout] 
[INFO] [stdout] error: cannot determine resolution for the derive macro `Clap`
[INFO] [stdout]    --> cli/src/main.rs:348:17
[INFO] [stdout]     |
[INFO] [stdout] 348 | #[derive(Debug, Clap)]
[INFO] [stdout]     |                 ^^^^
[INFO] [stdout]     |
[INFO] [stdout]     = note: import resolution is stuck, try simplifying macro imports
[INFO] [stdout] 
[INFO] [stdout] 
[INFO] [stdout] error: cannot determine resolution for the derive macro `Clap`
[INFO] [stdout]    --> cli/src/main.rs:355:17
[INFO] [stdout]     |
[INFO] [stdout] 355 | #[derive(Debug, Clap)]
[INFO] [stdout]     |                 ^^^^
[INFO] [stdout]     |
[INFO] [stdout]     = note: import resolution is stuck, try simplifying macro imports
[INFO] [stdout] 
[INFO] [stdout] 
[INFO] [stdout] error: cannot determine resolution for the derive macro `Clap`
[INFO] [stdout]    --> cli/src/main.rs:361:17
[INFO] [stdout]     |
[INFO] [stdout] 361 | #[derive(Debug, Clap)]
[INFO] [stdout]     |                 ^^^^
[INFO] [stdout]     |
[INFO] [stdout]     = note: import resolution is stuck, try simplifying macro imports
[INFO] [stdout] 
[INFO] [stdout] 
[INFO] [stdout] error: cannot determine resolution for the derive macro `Clap`
[INFO] [stdout]    --> cli/src/main.rs:405:17
[INFO] [stdout]     |
[INFO] [stdout] 405 | #[derive(Debug, Clap)]
[INFO] [stdout]     |                 ^^^^
[INFO] [stdout]     |
[INFO] [stdout]     = note: import resolution is stuck, try simplifying macro imports
[INFO] [stdout] 
[INFO] [stdout] 
[INFO] [stdout] error: cannot find attribute `clap` in this scope
[INFO] [stdout]    --> cli/src/main.rs:152:11
[INFO] [stdout]     |
[INFO] [stdout] 152 |         #[clap(subcommand)]
[INFO] [stdout]     |           ^^^^
[INFO] [stdout]     |
[INFO] [stdout]     = note: `clap` is in scope, but it is a crate, not an attribute
[INFO] [stdout] 
[INFO] [stdout] 
[INFO] [stdout] error: cannot find attribute `clap` in this scope
[INFO] [stdout]    --> cli/src/main.rs:408:11
[INFO] [stdout]     |
[INFO] [stdout] 408 |         #[clap(long, short)]
[INFO] [stdout]     |           ^^^^
[INFO] [stdout]     |
[INFO] [stdout]     = note: `clap` is in scope, but it is a crate, not an attribute
[INFO] [stdout] 
[INFO] [stdout] 
[INFO] [stdout] error: cannot find attribute `clap` in this scope
[INFO] [stdout]    --> cli/src/main.rs:410:11
[INFO] [stdout]     |
[INFO] [stdout] 410 |         #[clap(long, short)]
[INFO] [stdout]     |           ^^^^
[INFO] [stdout]     |
[INFO] [stdout]     = note: `clap` is in scope, but it is a crate, not an attribute
[INFO] [stdout] 
[INFO] [stdout] 
[INFO] [stdout] error: cannot find attribute `clap` in this scope
[INFO] [stdout]    --> cli/src/main.rs:158:11
[INFO] [stdout]     |
[INFO] [stdout] 158 |         #[clap(short, long)]
[INFO] [stdout]     |           ^^^^
[INFO] [stdout]     |
[INFO] [stdout]     = note: `clap` is in scope, but it is a crate, not an attribute
[INFO] [stdout] 
[INFO] [stdout] 
[INFO] [stdout] error: cannot find attribute `clap` in this scope
[INFO] [stdout]    --> cli/src/main.rs:412:11
[INFO] [stdout]     |
[INFO] [stdout] 412 |         #[clap(long, short = 'L')]
[INFO] [stdout]     |           ^^^^
[INFO] [stdout]     |
[INFO] [stdout]     = note: `clap` is in scope, but it is a crate, not an attribute
[INFO] [stdout] 
[INFO] [stdout] 
[INFO] [stdout] error: cannot determine resolution for the derive macro `Clap`
[INFO] [stdout]    --> cli/src/main.rs:348:17
[INFO] [stdout]     |
[INFO] [stdout] 348 | #[derive(Debug, Clap)]
[INFO] [stdout]     |                 ^^^^
[INFO] [stdout]     |
[INFO] [stdout]     = note: import resolution is stuck, try simplifying macro imports
[INFO] [stdout] 
[INFO] [stdout] 
[INFO] [stdout] error: cannot determine resolution for the derive macro `Clap`
[INFO] [stdout]    --> cli/src/main.rs:355:17
[INFO] [stdout]     |
[INFO] [stdout] 355 | #[derive(Debug, Clap)]
[INFO] [stdout]     |                 ^^^^
[INFO] [stdout]     |
[INFO] [stdout]     = note: import resolution is stuck, try simplifying macro imports
[INFO] [stdout] 
[INFO] [stdout] 
[INFO] [stdout] error: cannot determine resolution for the derive macro `Clap`
[INFO] [stdout]    --> cli/src/main.rs:361:17
[INFO] [stdout]     |
[INFO] [stdout] 361 | #[derive(Debug, Clap)]
[INFO] [stdout]     |                 ^^^^
[INFO] [stdout]     |
[INFO] [stdout]     = note: import resolution is stuck, try simplifying macro imports
[INFO] [stdout] 
[INFO] [stdout] 
[INFO] [stdout] error: cannot determine resolution for the derive macro `Clap`
[INFO] [stdout]    --> cli/src/main.rs:405:17
[INFO] [stdout]     |
[INFO] [stdout] 405 | #[derive(Debug, Clap)]
[INFO] [stdout]     |                 ^^^^
[INFO] [stdout]     |
[INFO] [stdout]     = note: import resolution is stuck, try simplifying macro imports
[INFO] [stdout] 
[INFO] [stdout] 
[INFO] [stdout] error: cannot find attribute `clap` in this scope
[INFO] [stdout]    --> cli/src/main.rs:408:11
[INFO] [stdout]     |
[INFO] [stdout] 408 |         #[clap(long, short)]
[INFO] [stdout]     |           ^^^^
[INFO] [stdout]     |
[INFO] [stdout]     = note: `clap` is in scope, but it is a crate, not an attribute
[INFO] [stdout] 
[INFO] [stdout] 
[INFO] [stdout] error: cannot find attribute `clap` in this scope
[INFO] [stdout]    --> cli/src/main.rs:414:11
[INFO] [stdout]     |
[INFO] [stdout] 414 |         #[clap(long, short, conflicts_with = "limited")]
[INFO] [stdout]     |           ^^^^
[INFO] [stdout]     |
[INFO] [stdout]     = note: `clap` is in scope, but it is a crate, not an attribute
[INFO] [stdout] 
[INFO] [stdout] 
[INFO] [stdout] error: cannot find attribute `clap` in this scope
[INFO] [stdout]    --> cli/src/main.rs:410:11
[INFO] [stdout]     |
[INFO] [stdout] 410 |         #[clap(long, short)]
[INFO] [stdout]     |           ^^^^
[INFO] [stdout]     |
[INFO] [stdout]     = note: `clap` is in scope, but it is a crate, not an attribute
[INFO] [stdout] 
[INFO] [stdout] 
[INFO] [stdout] error: cannot find attribute `clap` in this scope
[INFO] [stdout]    --> cli/src/main.rs:416:11
[INFO] [stdout]     |
[INFO] [stdout] 416 |         #[clap(long, short, conflicts_with = "limited")]
[INFO] [stdout]     |           ^^^^
[INFO] [stdout]     |
[INFO] [stdout]     = note: `clap` is in scope, but it is a crate, not an attribute
[INFO] [stdout] 
[INFO] [stdout] 
[INFO] [stdout] error: cannot find attribute `clap` in this scope
[INFO] [stdout]    --> cli/src/main.rs:412:11
[INFO] [stdout]     |
[INFO] [stdout] 412 |         #[clap(long, short = 'L')]
[INFO] [stdout]     |           ^^^^
[INFO] [stdout]     |
[INFO] [stdout]     = note: `clap` is in scope, but it is a crate, not an attribute
[INFO] [stdout] 
[INFO] [stdout] 
[INFO] [stdout] error: cannot find attribute `clap` in this scope
[INFO] [stdout]    --> cli/src/main.rs:418:11
[INFO] [stdout]     |
[INFO] [stdout] 418 |         #[clap(long, short)]
[INFO] [stdout]     |           ^^^^
[INFO] [stdout]     |
[INFO] [stdout]     = note: `clap` is in scope, but it is a crate, not an attribute
[INFO] [stdout] 
[INFO] [stdout] 
[INFO] [stdout] error: cannot find attribute `clap` in this scope
[INFO] [stdout]    --> cli/src/main.rs:414:11
[INFO] [stdout]     |
[INFO] [stdout] 414 |         #[clap(long, short, conflicts_with = "limited")]
[INFO] [stdout]     |           ^^^^
[INFO] [stdout]     |
[INFO] [stdout]     = note: `clap` is in scope, but it is a crate, not an attribute
[INFO] [stdout] 
[INFO] [stdout] 
[INFO] [stdout] error: cannot find attribute `clap` in this scope
[INFO] [stdout]    --> cli/src/main.rs:423:11
[INFO] [stdout]     |
[INFO] [stdout] 423 |         #[clap(long, short)]
[INFO] [stdout]     |           ^^^^
[INFO] [stdout]     |
[INFO] [stdout]     = note: `clap` is in scope, but it is a crate, not an attribute
[INFO] [stdout] 
[INFO] [stdout] 
[INFO] [stdout] error: cannot find attribute `clap` in this scope
[INFO] [stdout]    --> cli/src/main.rs:416:11
[INFO] [stdout]     |
[INFO] [stdout] 416 |         #[clap(long, short, conflicts_with = "limited")]
[INFO] [stdout]     |           ^^^^
[INFO] [stdout]     |
[INFO] [stdout]     = note: `clap` is in scope, but it is a crate, not an attribute
[INFO] [stdout] 
[INFO] [stdout] 
[INFO] [stdout] error: cannot find attribute `clap` in this scope
[INFO] [stdout]    --> cli/src/main.rs:425:11
[INFO] [stdout]     |
[INFO] [stdout] 425 |         #[clap(long, short)]
[INFO] [stdout]     |           ^^^^
[INFO] [stdout]     |
[INFO] [stdout]     = note: `clap` is in scope, but it is a crate, not an attribute
[INFO] [stdout] 
[INFO] [stdout] 
[INFO] [stdout] error: cannot find attribute `clap` in this scope
[INFO] [stdout]    --> cli/src/main.rs:418:11
[INFO] [stdout]     |
[INFO] [stdout] 418 |         #[clap(long, short)]
[INFO] [stdout]     |           ^^^^
[INFO] [stdout]     |
[INFO] [stdout]     = note: `clap` is in scope, but it is a crate, not an attribute
[INFO] [stdout] 
[INFO] [stdout] 
[INFO] [stdout] error: cannot determine resolution for the derive macro `Clap`
[INFO] [stdout]    --> cli/src/main.rs:505:17
[INFO] [stdout]     |
[INFO] [stdout] 505 | #[derive(Debug, Clap)]
[INFO] [stdout]     |                 ^^^^
[INFO] [stdout]     |
[INFO] [stdout]     = note: import resolution is stuck, try simplifying macro imports
[INFO] [stdout] 
[INFO] [stdout] 
[INFO] [stdout] error: cannot find attribute `clap` in this scope
[INFO] [stdout]    --> cli/src/main.rs:507:7
[INFO] [stdout]     |
[INFO] [stdout] 507 |     #[clap(aliases=&["sys"])]
[INFO] [stdout]     |       ^^^^
[INFO] [stdout]     |
[INFO] [stdout]     = note: `clap` is in scope, but it is a crate, not an attribute
[INFO] [stdout] 
[INFO] [stdout] 
[INFO] [stdout] error: cannot find attribute `clap` in this scope
[INFO] [stdout]    --> cli/src/main.rs:423:11
[INFO] [stdout]     |
[INFO] [stdout] 423 |         #[clap(long, short)]
[INFO] [stdout]     |           ^^^^
[INFO] [stdout]     |
[INFO] [stdout]     = note: `clap` is in scope, but it is a crate, not an attribute
[INFO] [stdout] 
[INFO] [stdout] 
[INFO] [stdout] error: cannot find attribute `clap` in this scope
[INFO] [stdout]    --> cli/src/main.rs:509:11
[INFO] [stdout]     |
[INFO] [stdout] 509 |         #[clap(subcommand)]
[INFO] [stdout]     |           ^^^^
[INFO] [stdout]     |
[INFO] [stdout]     = note: `clap` is in scope, but it is a crate, not an attribute
[INFO] [stdout] 
[INFO] [stdout] 
[INFO] [stdout] error: cannot find attribute `clap` in this scope
[INFO] [stdout]    --> cli/src/main.rs:425:11
[INFO] [stdout]     |
[INFO] [stdout] 425 |         #[clap(long, short)]
[INFO] [stdout]     |           ^^^^
[INFO] [stdout]     |
[INFO] [stdout]     = note: `clap` is in scope, but it is a crate, not an attribute
[INFO] [stdout] 
[INFO] [stdout] 
[INFO] [stdout] error: cannot find attribute `clap` in this scope
[INFO] [stdout]    --> cli/src/main.rs:512:7
[INFO] [stdout]     |
[INFO] [stdout] 512 |     #[clap(aliases=&["rt"])]
[INFO] [stdout]     |       ^^^^
[INFO] [stdout]     |
[INFO] [stdout]     = note: `clap` is in scope, but it is a crate, not an attribute
[INFO] [stdout] 
[INFO] [stdout] 
[INFO] [stdout] error: cannot determine resolution for the derive macro `Clap`
[INFO] [stdout]    --> cli/src/main.rs:505:17
[INFO] [stdout]     |
[INFO] [stdout] 505 | #[derive(Debug, Clap)]
[INFO] [stdout]     |                 ^^^^
[INFO] [stdout]     |
[INFO] [stdout]     = note: import resolution is stuck, try simplifying macro imports
[INFO] [stdout] 
[INFO] [stdout] 
[INFO] [stdout] error: cannot find attribute `clap` in this scope
[INFO] [stdout]    --> cli/src/main.rs:507:7
[INFO] [stdout]     |
[INFO] [stdout] 507 |     #[clap(aliases=&["sys"])]
[INFO] [stdout]     |       ^^^^
[INFO] [stdout]     |
[INFO] [stdout]     = note: `clap` is in scope, but it is a crate, not an attribute
[INFO] [stdout] 
[INFO] [stdout] 
[INFO] [stdout] error: cannot find attribute `clap` in this scope
[INFO] [stdout]    --> cli/src/main.rs:514:11
[INFO] [stdout]     |
[INFO] [stdout] 514 |         #[clap(subcommand)]
[INFO] [stdout]     |           ^^^^
[INFO] [stdout]     |
[INFO] [stdout]     = note: `clap` is in scope, but it is a crate, not an attribute
[INFO] [stdout] 
[INFO] [stdout] 
[INFO] [stdout] error: cannot find attribute `clap` in this scope
[INFO] [stdout]    --> cli/src/main.rs:509:11
[INFO] [stdout]     |
[INFO] [stdout] 509 |         #[clap(subcommand)]
[INFO] [stdout]     |           ^^^^
[INFO] [stdout]     |
[INFO] [stdout]     = note: `clap` is in scope, but it is a crate, not an attribute
[INFO] [stdout] 
[INFO] [stdout] 
[INFO] [stdout] error: cannot determine resolution for the derive macro `Clap`
[INFO] [stdout]    --> cli/src/main.rs:529:17
[INFO] [stdout]     |
[INFO] [stdout] 529 | #[derive(Debug, Clap)]
[INFO] [stdout]     |                 ^^^^
[INFO] [stdout]     |
[INFO] [stdout]     = note: import resolution is stuck, try simplifying macro imports
[INFO] [stdout] 
[INFO] [stdout] 
[INFO] [stdout] error: cannot find attribute `clap` in this scope
[INFO] [stdout]    --> cli/src/main.rs:534:11
[INFO] [stdout]     |
[INFO] [stdout] 534 |         #[clap(long)]
[INFO] [stdout]     |           ^^^^
[INFO] [stdout]     |
[INFO] [stdout]     = note: `clap` is in scope, but it is a crate, not an attribute
[INFO] [stdout] 
[INFO] [stdout] 
[INFO] [stdout] error: cannot find attribute `clap` in this scope
[INFO] [stdout]    --> cli/src/main.rs:512:7
[INFO] [stdout]     |
[INFO] [stdout] 512 |     #[clap(aliases=&["rt"])]
[INFO] [stdout]     |       ^^^^
[INFO] [stdout]     |
[INFO] [stdout]     = note: `clap` is in scope, but it is a crate, not an attribute
[INFO] [stdout] 
[INFO] [stdout] 
[INFO] [stdout] error: cannot find attribute `clap` in this scope
[INFO] [stdout]    --> cli/src/main.rs:536:11
[INFO] [stdout]     |
[INFO] [stdout] 536 |         #[clap(long)]
[INFO] [stdout]     |           ^^^^
[INFO] [stdout]     |
[INFO] [stdout]     = note: `clap` is in scope, but it is a crate, not an attribute
[INFO] [stdout] 
[INFO] [stdout] 
[INFO] [stdout] error: cannot determine resolution for the derive macro `Clap`
[INFO] [stdout]    --> cli/src/main.rs:579:17
[INFO] [stdout]     |
[INFO] [stdout] 579 | #[derive(Debug, Clap)]
[INFO] [stdout]     |                 ^^^^
[INFO] [stdout]     |
[INFO] [stdout]     = note: import resolution is stuck, try simplifying macro imports
[INFO] [stdout] 
[INFO] [stdout] 
[INFO] [stdout] error: cannot determine resolution for the derive macro `Clap`
[INFO] [stdout]    --> cli/src/main.rs:604:17
[INFO] [stdout]     |
[INFO] [stdout] 604 | #[derive(Debug, Clap)]
[INFO] [stdout]     |                 ^^^^
[INFO] [stdout]     |
[INFO] [stdout]     = note: import resolution is stuck, try simplifying macro imports
[INFO] [stdout] 
[INFO] [stdout] 
[INFO] [stdout] error: cannot find attribute `clap` in this scope
[INFO] [stdout]    --> cli/src/main.rs:514:11
[INFO] [stdout]     |
[INFO] [stdout] 514 |         #[clap(subcommand)]
[INFO] [stdout]     |           ^^^^
[INFO] [stdout]     |
[INFO] [stdout]     = note: `clap` is in scope, but it is a crate, not an attribute
[INFO] [stdout] 
[INFO] [stdout] 
[INFO] [stdout] error: cannot find attribute `clap` in this scope
[INFO] [stdout]    --> cli/src/main.rs:609:11
[INFO] [stdout]     |
[INFO] [stdout] 609 |         #[clap(long, short, default_value = "1")]
[INFO] [stdout]     |           ^^^^
[INFO] [stdout]     |
[INFO] [stdout]     = note: `clap` is in scope, but it is a crate, not an attribute
[INFO] [stdout] 
[INFO] [stdout] 
[INFO] [stdout] error: cannot determine resolution for the derive macro `Clap`
[INFO] [stdout]    --> cli/src/main.rs:529:17
[INFO] [stdout]     |
[INFO] [stdout] 529 | #[derive(Debug, Clap)]
[INFO] [stdout]     |                 ^^^^
[INFO] [stdout]     |
[INFO] [stdout]     = note: import resolution is stuck, try simplifying macro imports
[INFO] [stdout] 
[INFO] [stdout] 
[INFO] [stdout] error: cannot find attribute `clap` in this scope
[INFO] [stdout]    --> cli/src/main.rs:534:11
[INFO] [stdout]     |
[INFO] [stdout] 534 |         #[clap(long)]
[INFO] [stdout]     |           ^^^^
[INFO] [stdout]     |
[INFO] [stdout]     = note: `clap` is in scope, but it is a crate, not an attribute
[INFO] [stdout] 
[INFO] [stdout] 
[INFO] [stdout] error: cannot find attribute `clap` in this scope
[INFO] [stdout]    --> cli/src/main.rs:611:11
[INFO] [stdout]     |
[INFO] [stdout] 611 |         #[clap(long, short, default_value = "0")]
[INFO] [stdout]     |           ^^^^
[INFO] [stdout]     |
[INFO] [stdout]     = note: `clap` is in scope, but it is a crate, not an attribute
[INFO] [stdout] 
[INFO] [stdout] 
[INFO] [stdout] error: cannot find attribute `clap` in this scope
[INFO] [stdout]    --> cli/src/main.rs:536:11
[INFO] [stdout]     |
[INFO] [stdout] 536 |         #[clap(long)]
[INFO] [stdout]     |           ^^^^
[INFO] [stdout]     |
[INFO] [stdout]     = note: `clap` is in scope, but it is a crate, not an attribute
[INFO] [stdout] 
[INFO] [stdout] 
[INFO] [stdout] error: cannot find attribute `clap` in this scope
[INFO] [stdout]    --> cli/src/main.rs:613:11
[INFO] [stdout]     |
[INFO] [stdout] 613 |         #[clap(long, short, default_value = "0")]
[INFO] [stdout]     |           ^^^^
[INFO] [stdout]     |
[INFO] [stdout]     = note: `clap` is in scope, but it is a crate, not an attribute
[INFO] [stdout] 
[INFO] [stdout] 
[INFO] [stdout] error: cannot determine resolution for the derive macro `Clap`
[INFO] [stdout]    --> cli/src/main.rs:579:17
[INFO] [stdout]     |
[INFO] [stdout] 579 | #[derive(Debug, Clap)]
[INFO] [stdout]     |                 ^^^^
[INFO] [stdout]     |
[INFO] [stdout]     = note: import resolution is stuck, try simplifying macro imports
[INFO] [stdout] 
[INFO] [stdout] 
[INFO] [stdout] error: cannot determine resolution for the derive macro `Clap`
[INFO] [stdout]    --> cli/src/main.rs:604:17
[INFO] [stdout]     |
[INFO] [stdout] 604 | #[derive(Debug, Clap)]
[INFO] [stdout]     |                 ^^^^
[INFO] [stdout]     |
[INFO] [stdout]     = note: import resolution is stuck, try simplifying macro imports
[INFO] [stdout] 
[INFO] [stdout] 
[INFO] [stdout] error: cannot find attribute `clap` in this scope
[INFO] [stdout]    --> cli/src/main.rs:609:11
[INFO] [stdout]     |
[INFO] [stdout] 609 |         #[clap(long, short, default_value = "1")]
[INFO] [stdout]     |           ^^^^
[INFO] [stdout]     |
[INFO] [stdout]     = note: `clap` is in scope, but it is a crate, not an attribute
[INFO] [stdout] 
[INFO] [stdout] 
[INFO] [stdout] error: cannot find attribute `clap` in this scope
[INFO] [stdout]    --> cli/src/main.rs:615:11
[INFO] [stdout]     |
[INFO] [stdout] 615 |         #[clap(long, short)]
[INFO] [stdout]     |           ^^^^
[INFO] [stdout]     |
[INFO] [stdout]     = note: `clap` is in scope, but it is a crate, not an attribute
[INFO] [stdout] 
[INFO] [stdout] 
[INFO] [stdout] error: cannot find attribute `clap` in this scope
[INFO] [stdout]    --> cli/src/main.rs:611:11
[INFO] [stdout]     |
[INFO] [stdout] 611 |         #[clap(long, short, default_value = "0")]
[INFO] [stdout]     |           ^^^^
[INFO] [stdout]     |
[INFO] [stdout]     = note: `clap` is in scope, but it is a crate, not an attribute
[INFO] [stdout] 
[INFO] [stdout] 
[INFO] [stdout] error: cannot find attribute `clap` in this scope
[INFO] [stdout]    --> cli/src/main.rs:617:11
[INFO] [stdout]     |
[INFO] [stdout] 617 |         #[clap(long, short)]
[INFO] [stdout]     |           ^^^^
[INFO] [stdout]     |
[INFO] [stdout]     = note: `clap` is in scope, but it is a crate, not an attribute
[INFO] [stdout] 
[INFO] [stdout] 
[INFO] [stdout] error: cannot find attribute `clap` in this scope
[INFO] [stdout]    --> cli/src/main.rs:613:11
[INFO] [stdout]     |
[INFO] [stdout] 613 |         #[clap(long, short, default_value = "0")]
[INFO] [stdout]     |           ^^^^
[INFO] [stdout]     |
[INFO] [stdout]     = note: `clap` is in scope, but it is a crate, not an attribute
[INFO] [stdout] 
[INFO] [stdout] 
[INFO] [stdout] error: cannot find attribute `clap` in this scope
[INFO] [stdout]    --> cli/src/main.rs:615:11
[INFO] [stdout]     |
[INFO] [stdout] 615 |         #[clap(long, short)]
[INFO] [stdout]     |           ^^^^
[INFO] [stdout]     |
[INFO] [stdout]     = note: `clap` is in scope, but it is a crate, not an attribute
[INFO] [stdout] 
[INFO] [stdout] 
[INFO] [stdout] error: cannot find attribute `clap` in this scope
[INFO] [stdout]    --> cli/src/main.rs:623:11
[INFO] [stdout]     |
[INFO] [stdout] 623 |         #[clap(long, short, default_value = "1")]
[INFO] [stdout]     |           ^^^^
[INFO] [stdout]     |
[INFO] [stdout]     = note: `clap` is in scope, but it is a crate, not an attribute
[INFO] [stdout] 
[INFO] [stdout] 
[INFO] [stdout] error: cannot find attribute `clap` in this scope
[INFO] [stdout]    --> cli/src/main.rs:628:11
[INFO] [stdout]     |
[INFO] [stdout] 628 |         #[clap(subcommand)]
[INFO] [stdout]     |           ^^^^
[INFO] [stdout]     |
[INFO] [stdout]     = note: `clap` is in scope, but it is a crate, not an attribute
[INFO] [stdout] 
[INFO] [stdout] 
[INFO] [stdout] error: cannot find attribute `clap` in this scope
[INFO] [stdout]    --> cli/src/main.rs:617:11
[INFO] [stdout]     |
[INFO] [stdout] 617 |         #[clap(long, short)]
[INFO] [stdout]     |           ^^^^
[INFO] [stdout]     |
[INFO] [stdout]     = note: `clap` is in scope, but it is a crate, not an attribute
[INFO] [stdout] 
[INFO] [stdout] 
[INFO] [stdout] error: cannot determine resolution for the derive macro `Clap`
[INFO] [stdout]    --> cli/src/main.rs:686:10
[INFO] [stdout]     |
[INFO] [stdout] 686 | #[derive(Clap, Debug)]
[INFO] [stdout]     |          ^^^^
[INFO] [stdout]     |
[INFO] [stdout]     = note: import resolution is stuck, try simplifying macro imports
[INFO] [stdout] 
[INFO] [stdout] 
[INFO] [stdout] error: cannot find attribute `clap` in this scope
[INFO] [stdout]    --> cli/src/main.rs:689:11
[INFO] [stdout]     |
[INFO] [stdout] 689 |         #[clap(short, long)]
[INFO] [stdout]     |           ^^^^
[INFO] [stdout]     |
[INFO] [stdout]     = note: `clap` is in scope, but it is a crate, not an attribute
[INFO] [stdout] 
[INFO] [stdout] 
[INFO] [stdout] error: cannot find attribute `clap` in this scope
[INFO] [stdout]    --> cli/src/main.rs:623:11
[INFO] [stdout]     |
[INFO] [stdout] 623 |         #[clap(long, short, default_value = "1")]
[INFO] [stdout]     |           ^^^^
[INFO] [stdout]     |
[INFO] [stdout]     = note: `clap` is in scope, but it is a crate, not an attribute
[INFO] [stdout] 
[INFO] [stdout] 
[INFO] [stdout] error: cannot find attribute `clap` in this scope
[INFO] [stdout]    --> cli/src/main.rs:691:11
[INFO] [stdout]     |
[INFO] [stdout] 691 |         #[clap(short, long)]
[INFO] [stdout]     |           ^^^^
[INFO] [stdout]     |
[INFO] [stdout]     = note: `clap` is in scope, but it is a crate, not an attribute
[INFO] [stdout] 
[INFO] [stdout] 
[INFO] [stdout] error: cannot find attribute `clap` in this scope
[INFO] [stdout]    --> cli/src/main.rs:628:11
[INFO] [stdout]     |
[INFO] [stdout] 628 |         #[clap(subcommand)]
[INFO] [stdout]     |           ^^^^
[INFO] [stdout]     |
[INFO] [stdout]     = note: `clap` is in scope, but it is a crate, not an attribute
[INFO] [stdout] 
[INFO] [stdout] 
[INFO] [stdout] error: cannot find attribute `clap` in this scope
[INFO] [stdout]    --> cli/src/main.rs:693:11
[INFO] [stdout]     |
[INFO] [stdout] 693 |         #[clap(short, long)]
[INFO] [stdout]     |           ^^^^
[INFO] [stdout]     |
[INFO] [stdout]     = note: `clap` is in scope, but it is a crate, not an attribute
[INFO] [stdout] 
[INFO] [stdout] 
[INFO] [stdout] error: cannot determine resolution for the derive macro `Clap`
[INFO] [stdout]    --> cli/src/main.rs:686:10
[INFO] [stdout]     |
[INFO] [stdout] 686 | #[derive(Clap, Debug)]
[INFO] [stdout]     |          ^^^^
[INFO] [stdout]     |
[INFO] [stdout]     = note: import resolution is stuck, try simplifying macro imports
[INFO] [stdout] 
[INFO] [stdout] 
[INFO] [stdout] error: cannot find attribute `clap` in this scope
[INFO] [stdout]    --> cli/src/main.rs:689:11
[INFO] [stdout]     |
[INFO] [stdout] 689 |         #[clap(short, long)]
[INFO] [stdout]     |           ^^^^
[INFO] [stdout]     |
[INFO] [stdout]     = note: `clap` is in scope, but it is a crate, not an attribute
[INFO] [stdout] 
[INFO] [stdout] 
[INFO] [stdout] error: cannot find attribute `clap` in this scope
[INFO] [stdout]    --> cli/src/main.rs:698:11
[INFO] [stdout]     |
[INFO] [stdout] 698 |         #[clap(short, long)]
[INFO] [stdout]     |           ^^^^
[INFO] [stdout]     |
[INFO] [stdout]     = note: `clap` is in scope, but it is a crate, not an attribute
[INFO] [stdout] 
[INFO] [stdout] 
[INFO] [stdout] error: cannot find attribute `clap` in this scope
[INFO] [stdout]    --> cli/src/main.rs:691:11
[INFO] [stdout]     |
[INFO] [stdout] 691 |         #[clap(short, long)]
[INFO] [stdout]     |           ^^^^
[INFO] [stdout]     |
[INFO] [stdout]     = note: `clap` is in scope, but it is a crate, not an attribute
[INFO] [stdout] 
[INFO] [stdout] 
[INFO] [stdout] error: cannot determine resolution for the derive macro `Clap`
[INFO] [stdout]    --> cli/src/main.rs:735:17
[INFO] [stdout]     |
[INFO] [stdout] 735 | #[derive(Debug, Clap)]
[INFO] [stdout]     |                 ^^^^
[INFO] [stdout]     |
[INFO] [stdout]     = note: import resolution is stuck, try simplifying macro imports
[INFO] [stdout] 
[INFO] [stdout] 
[INFO] [stdout] error: cannot find attribute `clap` in this scope
[INFO] [stdout]    --> cli/src/main.rs:738:11
[INFO] [stdout]     |
[INFO] [stdout] 738 |         #[clap(long, short)]
[INFO] [stdout]     |           ^^^^
[INFO] [stdout]     |
[INFO] [stdout]     = note: `clap` is in scope, but it is a crate, not an attribute
[INFO] [stdout] 
[INFO] [stdout] 
[INFO] [stdout] error: cannot find attribute `clap` in this scope
[INFO] [stdout]    --> cli/src/main.rs:693:11
[INFO] [stdout]     |
[INFO] [stdout] 693 |         #[clap(short, long)]
[INFO] [stdout]     |           ^^^^
[INFO] [stdout]     |
[INFO] [stdout]     = note: `clap` is in scope, but it is a crate, not an attribute
[INFO] [stdout] 
[INFO] [stdout] 
[INFO] [stdout] error: cannot find attribute `clap` in this scope
[INFO] [stdout]    --> cli/src/main.rs:741:11
[INFO] [stdout]     |
[INFO] [stdout] 741 |         #[clap(long, short, conflicts_with_all=&["le", "random"])]
[INFO] [stdout]     |           ^^^^
[INFO] [stdout]     |
[INFO] [stdout]     = note: `clap` is in scope, but it is a crate, not an attribute
[INFO] [stdout] 
[INFO] [stdout] 
[INFO] [stdout] error: cannot find attribute `clap` in this scope
[INFO] [stdout]    --> cli/src/main.rs:698:11
[INFO] [stdout]     |
[INFO] [stdout] 698 |         #[clap(short, long)]
[INFO] [stdout]     |           ^^^^
[INFO] [stdout]     |
[INFO] [stdout]     = note: `clap` is in scope, but it is a crate, not an attribute
[INFO] [stdout] 
[INFO] [stdout] 
[INFO] [stdout] error: cannot find attribute `clap` in this scope
[INFO] [stdout]    --> cli/src/main.rs:744:11
[INFO] [stdout]     |
[INFO] [stdout] 744 |         #[clap(long, short, conflicts_with = "bredr")]
[INFO] [stdout]     |           ^^^^
[INFO] [stdout]     |
[INFO] [stdout]     = note: `clap` is in scope, but it is a crate, not an attribute
[INFO] [stdout] 
[INFO] [stdout] 
[INFO] [stdout] error: cannot determine resolution for the derive macro `Clap`
[INFO] [stdout]    --> cli/src/main.rs:735:17
[INFO] [stdout]     |
[INFO] [stdout] 735 | #[derive(Debug, Clap)]
[INFO] [stdout]     |                 ^^^^
[INFO] [stdout]     |
[INFO] [stdout]     = note: import resolution is stuck, try simplifying macro imports
[INFO] [stdout] 
[INFO] [stdout] 
[INFO] [stdout] error: cannot find attribute `clap` in this scope
[INFO] [stdout]    --> cli/src/main.rs:747:11
[INFO] [stdout]     |
[INFO] [stdout] 747 |         #[clap(long, short, conflicts_with = "bredr")]
[INFO] [stdout]     |           ^^^^
[INFO] [stdout]     |
[INFO] [stdout]     = note: `clap` is in scope, but it is a crate, not an attribute
[INFO] [stdout] 
[INFO] [stdout] 
[INFO] [stdout] error: cannot find attribute `clap` in this scope
[INFO] [stdout]    --> cli/src/main.rs:738:11
[INFO] [stdout]     |
[INFO] [stdout] 738 |         #[clap(long, short)]
[INFO] [stdout]     |           ^^^^
[INFO] [stdout]     |
[INFO] [stdout]     = note: `clap` is in scope, but it is a crate, not an attribute
[INFO] [stdout] 
[INFO] [stdout] 
[INFO] [stdout] error: cannot find attribute `clap` in this scope
[INFO] [stdout]    --> cli/src/main.rs:741:11
[INFO] [stdout]     |
[INFO] [stdout] 741 |         #[clap(long, short, conflicts_with_all=&["le", "random"])]
[INFO] [stdout]     |           ^^^^
[INFO] [stdout]     |
[INFO] [stdout]     = note: `clap` is in scope, but it is a crate, not an attribute
[INFO] [stdout] 
[INFO] [stdout] 
[INFO] [stdout] error: cannot find attribute `clap` in this scope
[INFO] [stdout]    --> cli/src/main.rs:744:11
[INFO] [stdout]     |
[INFO] [stdout] 744 |         #[clap(long, short, conflicts_with = "bredr")]
[INFO] [stdout]     |           ^^^^
[INFO] [stdout]     |
[INFO] [stdout]     = note: `clap` is in scope, but it is a crate, not an attribute
[INFO] [stdout] 
[INFO] [stdout] 
[INFO] [stdout] error: cannot find attribute `clap` in this scope
[INFO] [stdout]    --> cli/src/main.rs:747:11
[INFO] [stdout]     |
[INFO] [stdout] 747 |         #[clap(long, short, conflicts_with = "bredr")]
[INFO] [stdout]     |           ^^^^
[INFO] [stdout]     |
[INFO] [stdout]     = note: `clap` is in scope, but it is a crate, not an attribute
[INFO] [stdout] 
[INFO] [stdout] 
[INFO] [stdout] error: cannot find attribute `clap` in this scope
[INFO] [stdout]    --> cli/src/main.rs:750:11
[INFO] [stdout]     |
[INFO] [stdout] 750 |         #[clap(long, short = 'A', conflicts_with = "background")]
[INFO] [stdout]     |           ^^^^
[INFO] [stdout]     |
[INFO] [stdout]     = note: `clap` is in scope, but it is a crate, not an attribute
[INFO] [stdout] 
[INFO] [stdout] 
[INFO] [stdout] error: cannot find attribute `clap` in this scope
[INFO] [stdout]    --> cli/src/main.rs:750:11
[INFO] [stdout]     |
[INFO] [stdout] 750 |         #[clap(long, short = 'A', conflicts_with = "background")]
[INFO] [stdout]     |           ^^^^
[INFO] [stdout]     |
[INFO] [stdout]     = note: `clap` is in scope, but it is a crate, not an attribute
[INFO] [stdout] 
[INFO] [stdout] 
[INFO] [stdout] error: cannot find attribute `clap` in this scope
[INFO] [stdout]    --> cli/src/main.rs:753:11
[INFO] [stdout]     |
[INFO] [stdout] 753 |         #[clap(long, short = 'B', conflicts_with = "autoconnect")]
[INFO] [stdout]     |           ^^^^
[INFO] [stdout]     |
[INFO] [stdout]     = note: `clap` is in scope, but it is a crate, not an attribute
[INFO] [stdout] 
[INFO] [stdout] 
[INFO] [stdout] error: cannot find attribute `clap` in this scope
[INFO] [stdout]    --> cli/src/main.rs:758:11
[INFO] [stdout]     |
[INFO] [stdout] 758 |         #[clap(long, short)]
[INFO] [stdout]     |           ^^^^
[INFO] [stdout]     |
[INFO] [stdout]     = note: `clap` is in scope, but it is a crate, not an attribute
[INFO] [stdout] 
[INFO] [stdout] 
[INFO] [stdout] error: cannot find attribute `clap` in this scope
[INFO] [stdout]    --> cli/src/main.rs:761:11
[INFO] [stdout]     |
[INFO] [stdout] 761 |         #[clap(long, short, conflicts_with_all=&["le", "random"])]
[INFO] [stdout]     |           ^^^^
[INFO] [stdout]     |
[INFO] [stdout]     = note: `clap` is in scope, but it is a crate, not an attribute
[INFO] [stdout] 
[INFO] [stdout] 
[INFO] [stdout] error: cannot find attribute `clap` in this scope
[INFO] [stdout]    --> cli/src/main.rs:764:11
[INFO] [stdout]     |
[INFO] [stdout] 764 |         #[clap(long, short, conflicts_with = "bredr")]
[INFO] [stdout]     |           ^^^^
[INFO] [stdout]     |
[INFO] [stdout]     = note: `clap` is in scope, but it is a crate, not an attribute
[INFO] [stdout] 
[INFO] [stdout] 
[INFO] [stdout] error: cannot find attribute `clap` in this scope
[INFO] [stdout]    --> cli/src/main.rs:753:11
[INFO] [stdout]     |
[INFO] [stdout] 753 |         #[clap(long, short = 'B', conflicts_with = "autoconnect")]
[INFO] [stdout]     |           ^^^^
[INFO] [stdout]     |
[INFO] [stdout]     = note: `clap` is in scope, but it is a crate, not an attribute
[INFO] [stdout] 
[INFO] [stdout] 
[INFO] [stdout] error: cannot find attribute `clap` in this scope
[INFO] [stdout]    --> cli/src/main.rs:758:11
[INFO] [stdout]     |
[INFO] [stdout] 758 |         #[clap(long, short)]
[INFO] [stdout]     |           ^^^^
[INFO] [stdout]     |
[INFO] [stdout]     = note: `clap` is in scope, but it is a crate, not an attribute
[INFO] [stdout] 
[INFO] [stdout] 
[INFO] [stdout] error: cannot find attribute `clap` in this scope
[INFO] [stdout]    --> cli/src/main.rs:767:11
[INFO] [stdout]     |
[INFO] [stdout] 767 |         #[clap(long, short, conflicts_with = "bredr")]
[INFO] [stdout]     |           ^^^^
[INFO] [stdout]     |
[INFO] [stdout]     = note: `clap` is in scope, but it is a crate, not an attribute
[INFO] [stdout] 
[INFO] [stdout] 
[INFO] [stdout] error: cannot find attribute `clap` in this scope
[INFO] [stdout]    --> cli/src/main.rs:761:11
[INFO] [stdout]     |
[INFO] [stdout] 761 |         #[clap(long, short, conflicts_with_all=&["le", "random"])]
[INFO] [stdout]     |           ^^^^
[INFO] [stdout]     |
[INFO] [stdout]     = note: `clap` is in scope, but it is a crate, not an attribute
[INFO] [stdout] 
[INFO] [stdout] 
[INFO] [stdout] error: cannot find attribute `clap` in this scope
[INFO] [stdout]    --> cli/src/main.rs:772:11
[INFO] [stdout]     |
[INFO] [stdout] 772 |         #[clap(long, short)]
[INFO] [stdout]     |           ^^^^
[INFO] [stdout]     |
[INFO] [stdout]     = note: `clap` is in scope, but it is a crate, not an attribute
[INFO] [stdout] 
[INFO] [stdout] 
[INFO] [stdout] error: cannot find attribute `clap` in this scope
[INFO] [stdout]    --> cli/src/main.rs:764:11
[INFO] [stdout]     |
[INFO] [stdout] 764 |         #[clap(long, short, conflicts_with = "bredr")]
[INFO] [stdout]     |           ^^^^
[INFO] [stdout]     |
[INFO] [stdout]     = note: `clap` is in scope, but it is a crate, not an attribute
[INFO] [stdout] 
[INFO] [stdout] 
[INFO] [stdout] error: cannot find attribute `clap` in this scope
[INFO] [stdout]    --> cli/src/main.rs:775:11
[INFO] [stdout]     |
[INFO] [stdout] 775 |         #[clap(long, short, conflicts_with_all=&["le", "random"])]
[INFO] [stdout]     |           ^^^^
[INFO] [stdout]     |
[INFO] [stdout]     = note: `clap` is in scope, but it is a crate, not an attribute
[INFO] [stdout] 
[INFO] [stdout] 
[INFO] [stdout] error: cannot find attribute `clap` in this scope
[INFO] [stdout]    --> cli/src/main.rs:767:11
[INFO] [stdout]     |
[INFO] [stdout] 767 |         #[clap(long, short, conflicts_with = "bredr")]
[INFO] [stdout]     |           ^^^^
[INFO] [stdout]     |
[INFO] [stdout]     = note: `clap` is in scope, but it is a crate, not an attribute
[INFO] [stdout] 
[INFO] [stdout] 
[INFO] [stdout] error: cannot find attribute `clap` in this scope
[INFO] [stdout]    --> cli/src/main.rs:778:11
[INFO] [stdout]     |
[INFO] [stdout] 778 |         #[clap(long, short, conflicts_with = "bredr")]
[INFO] [stdout]     |           ^^^^
[INFO] [stdout]     |
[INFO] [stdout]     = note: `clap` is in scope, but it is a crate, not an attribute
[INFO] [stdout] 
[INFO] [stdout] 
[INFO] [stdout] error: cannot find attribute `clap` in this scope
[INFO] [stdout]    --> cli/src/main.rs:772:11
[INFO] [stdout]     |
[INFO] [stdout] 772 |         #[clap(long, short)]
[INFO] [stdout]     |           ^^^^
[INFO] [stdout]     |
[INFO] [stdout]     = note: `clap` is in scope, but it is a crate, not an attribute
[INFO] [stdout] 
[INFO] [stdout] 
[INFO] [stdout] error: cannot find attribute `clap` in this scope
[INFO] [stdout]    --> cli/src/main.rs:781:11
[INFO] [stdout]     |
[INFO] [stdout] 781 |         #[clap(long, short, conflicts_with = "bredr")]
[INFO] [stdout]     |           ^^^^
[INFO] [stdout]     |
[INFO] [stdout]     = note: `clap` is in scope, but it is a crate, not an attribute
[INFO] [stdout] 
[INFO] [stdout] 
[INFO] [stdout] error: cannot find attribute `clap` in this scope
[INFO] [stdout]    --> cli/src/main.rs:775:11
[INFO] [stdout]     |
[INFO] [stdout] 775 |         #[clap(long, short, conflicts_with_all=&["le", "random"])]
[INFO] [stdout]     |           ^^^^
[INFO] [stdout]     |
[INFO] [stdout]     = note: `clap` is in scope, but it is a crate, not an attribute
[INFO] [stdout] 
[INFO] [stdout] 
[INFO] [stdout] error: cannot find attribute `clap` in this scope
[INFO] [stdout]    --> cli/src/main.rs:786:11
[INFO] [stdout]     |
[INFO] [stdout] 786 |         #[clap(long, short)]
[INFO] [stdout]     |           ^^^^
[INFO] [stdout]     |
[INFO] [stdout]     = note: `clap` is in scope, but it is a crate, not an attribute
[INFO] [stdout] 
[INFO] [stdout] 
[INFO] [stdout] error: cannot find attribute `clap` in this scope
[INFO] [stdout]    --> cli/src/main.rs:778:11
[INFO] [stdout]     |
[INFO] [stdout] 778 |         #[clap(long, short, conflicts_with = "bredr")]
[INFO] [stdout]     |           ^^^^
[INFO] [stdout]     |
[INFO] [stdout]     = note: `clap` is in scope, but it is a crate, not an attribute
[INFO] [stdout] 
[INFO] [stdout] 
[INFO] [stdout] error: cannot find attribute `clap` in this scope
[INFO] [stdout]    --> cli/src/main.rs:781:11
[INFO] [stdout]     |
[INFO] [stdout] 781 |         #[clap(long, short, conflicts_with = "bredr")]
[INFO] [stdout]     |           ^^^^
[INFO] [stdout]     |
[INFO] [stdout]     = note: `clap` is in scope, but it is a crate, not an attribute
[INFO] [stdout] 
[INFO] [stdout] 
[INFO] [stdout] error: cannot find attribute `clap` in this scope
[INFO] [stdout]    --> cli/src/main.rs:786:11
[INFO] [stdout]     |
[INFO] [stdout] 786 |         #[clap(long, short)]
[INFO] [stdout]     |           ^^^^
[INFO] [stdout]     |
[INFO] [stdout]     = note: `clap` is in scope, but it is a crate, not an attribute
[INFO] [stdout] 
[INFO] [stdout] 
[INFO] [stdout] error: cannot find attribute `clap` in this scope
[INFO] [stdout]    --> cli/src/main.rs:789:11
[INFO] [stdout]     |
[INFO] [stdout] 789 |         #[clap(long, short, conflicts_with_all=&["le", "random"])]
[INFO] [stdout]     |           ^^^^
[INFO] [stdout]     |
[INFO] [stdout]     = note: `clap` is in scope, but it is a crate, not an attribute
[INFO] [stdout] 
[INFO] [stdout] 
[INFO] [stdout] error: cannot find attribute `clap` in this scope
[INFO] [stdout]    --> cli/src/main.rs:789:11
[INFO] [stdout]     |
[INFO] [stdout] 789 |         #[clap(long, short, conflicts_with_all=&["le", "random"])]
[INFO] [stdout]     |           ^^^^
[INFO] [stdout]     |
[INFO] [stdout]     = note: `clap` is in scope, but it is a crate, not an attribute
[INFO] [stdout] 
[INFO] [stdout] 
[INFO] [stdout] error: cannot find attribute `clap` in this scope
[INFO] [stdout]    --> cli/src/main.rs:792:11
[INFO] [stdout]     |
[INFO] [stdout] 792 |         #[clap(long, short, conflicts_with = "bredr")]
[INFO] [stdout]     |           ^^^^
[INFO] [stdout]     |
[INFO] [stdout]     = note: `clap` is in scope, but it is a crate, not an attribute
[INFO] [stdout] 
[INFO] [stdout] 
[INFO] [stdout] error: cannot find attribute `clap` in this scope
[INFO] [stdout]    --> cli/src/main.rs:795:11
[INFO] [stdout]     |
[INFO] [stdout] 795 |         #[clap(long, short, conflicts_with = "bredr")]
[INFO] [stdout]     |           ^^^^
[INFO] [stdout]     |
[INFO] [stdout]     = note: `clap` is in scope, but it is a crate, not an attribute
[INFO] [stdout] 
[INFO] [stdout] 
[INFO] [stdout] error: cannot find attribute `clap` in this scope
[INFO] [stdout]    --> cli/src/main.rs:800:11
[INFO] [stdout]     |
[INFO] [stdout] 800 |         #[clap(long, short)]
[INFO] [stdout]     |           ^^^^
[INFO] [stdout]     |
[INFO] [stdout]     = note: `clap` is in scope, but it is a crate, not an attribute
[INFO] [stdout] 
[INFO] [stdout] 
[INFO] [stdout] error: cannot find attribute `clap` in this scope
[INFO] [stdout]    --> cli/src/main.rs:792:11
[INFO] [stdout]     |
[INFO] [stdout] 792 |         #[clap(long, short, conflicts_with = "bredr")]
[INFO] [stdout]     |           ^^^^
[INFO] [stdout]     |
[INFO] [stdout]     = note: `clap` is in scope, but it is a crate, not an attribute
[INFO] [stdout] 
[INFO] [stdout] 
[INFO] [stdout] error: cannot find attribute `clap` in this scope
[INFO] [stdout]    --> cli/src/main.rs:795:11
[INFO] [stdout]     |
[INFO] [stdout] 795 |         #[clap(long, short, conflicts_with = "bredr")]
[INFO] [stdout]     |           ^^^^
[INFO] [stdout]     |
[INFO] [stdout]     = note: `clap` is in scope, but it is a crate, not an attribute
[INFO] [stdout] 
[INFO] [stdout] 
[INFO] [stdout] error: cannot find attribute `clap` in this scope
[INFO] [stdout]    --> cli/src/main.rs:800:11
[INFO] [stdout]     |
[INFO] [stdout] 800 |         #[clap(long, short)]
[INFO] [stdout]     |           ^^^^
[INFO] [stdout]     |
[INFO] [stdout]     = note: `clap` is in scope, but it is a crate, not an attribute
[INFO] [stdout] 
[INFO] [stdout] 
[INFO] [stdout] error: cannot find attribute `clap` in this scope
[INFO] [stdout]    --> cli/src/main.rs:803:11
[INFO] [stdout]     |
[INFO] [stdout] 803 |         #[clap(long, short, conflicts_with_all=&["le", "random"])]
[INFO] [stdout]     |           ^^^^
[INFO] [stdout]     |
[INFO] [stdout]     = note: `clap` is in scope, but it is a crate, not an attribute
[INFO] [stdout] 
[INFO] [stdout] 
[INFO] [stdout] error: cannot find attribute `clap` in this scope
[INFO] [stdout]    --> cli/src/main.rs:803:11
[INFO] [stdout]     |
[INFO] [stdout] 803 |         #[clap(long, short, conflicts_with_all=&["le", "random"])]
[INFO] [stdout]     |           ^^^^
[INFO] [stdout]     |
[INFO] [stdout]     = note: `clap` is in scope, but it is a crate, not an attribute
[INFO] [stdout] 
[INFO] [stdout] 
[INFO] [stdout] error: cannot find attribute `clap` in this scope
[INFO] [stdout]    --> cli/src/main.rs:806:11
[INFO] [stdout]     |
[INFO] [stdout] 806 |         #[clap(long, short, conflicts_with = "bredr")]
[INFO] [stdout]     |           ^^^^
[INFO] [stdout]     |
[INFO] [stdout]     = note: `clap` is in scope, but it is a crate, not an attribute
[INFO] [stdout] 
[INFO] [stdout] 
[INFO] [stdout] error: cannot find attribute `clap` in this scope
[INFO] [stdout]    --> cli/src/main.rs:809:11
[INFO] [stdout]     |
[INFO] [stdout] 809 |         #[clap(long, short, conflicts_with = "bredr")]
[INFO] [stdout]     |           ^^^^
[INFO] [stdout]     |
[INFO] [stdout]     = note: `clap` is in scope, but it is a crate, not an attribute
[INFO] [stdout] 
[INFO] [stdout] 
[INFO] [stdout] error: cannot find attribute `clap` in this scope
[INFO] [stdout]    --> cli/src/main.rs:806:11
[INFO] [stdout]     |
[INFO] [stdout] 806 |         #[clap(long, short, conflicts_with = "bredr")]
[INFO] [stdout]     |           ^^^^
[INFO] [stdout]     |
[INFO] [stdout]     = note: `clap` is in scope, but it is a crate, not an attribute
[INFO] [stdout] 
[INFO] [stdout] 
[INFO] [stdout] error: cannot find attribute `clap` in this scope
[INFO] [stdout]    --> cli/src/main.rs:812:11
[INFO] [stdout]     |
[INFO] [stdout] 812 |         #[clap(long, conflicts_with_all=&["display-yesno", "keyboard-only", "no-input-no-output", "keyboard-display"])]
[INFO] [stdout]     |           ^^^^
[INFO] [stdout]     |
[INFO] [stdout]     = note: `clap` is in scope, but it is a crate, not an attribute
[INFO] [stdout] 
[INFO] [stdout] 
[INFO] [stdout] error: cannot find attribute `clap` in this scope
[INFO] [stdout]    --> cli/src/main.rs:809:11
[INFO] [stdout]     |
[INFO] [stdout] 809 |         #[clap(long, short, conflicts_with = "bredr")]
[INFO] [stdout]     |           ^^^^
[INFO] [stdout]     |
[INFO] [stdout]     = note: `clap` is in scope, but it is a crate, not an attribute
[INFO] [stdout] 
[INFO] [stdout] 
[INFO] [stdout] error: cannot find attribute `clap` in this scope
[INFO] [stdout]    --> cli/src/main.rs:815:11
[INFO] [stdout]     |
[INFO] [stdout] 815 |         #[clap(long, conflicts_with_all=&["display-only", "keyboard-only", "no-input-no-output", "keyboard-display"])]
[INFO] [stdout]     |           ^^^^
[INFO] [stdout]     |
[INFO] [stdout]     = note: `clap` is in scope, but it is a crate, not an attribute
[INFO] [stdout] 
[INFO] [stdout] 
[INFO] [stdout] error: cannot find attribute `clap` in this scope
[INFO] [stdout]    --> cli/src/main.rs:812:11
[INFO] [stdout]     |
[INFO] [stdout] 812 |         #[clap(long, conflicts_with_all=&["display-yesno", "keyboard-only", "no-input-no-output", "keyboard-display"])]
[INFO] [stdout]     |           ^^^^
[INFO] [stdout]     |
[INFO] [stdout]     = note: `clap` is in scope, but it is a crate, not an attribute
[INFO] [stdout] 
[INFO] [stdout] 
[INFO] [stdout] error: cannot find attribute `clap` in this scope
[INFO] [stdout]    --> cli/src/main.rs:815:11
[INFO] [stdout]     |
[INFO] [stdout] 815 |         #[clap(long, conflicts_with_all=&["display-only", "keyboard-only", "no-input-no-output", "keyboard-display"])]
[INFO] [stdout]     |           ^^^^
[INFO] [stdout]     |
[INFO] [stdout]     = note: `clap` is in scope, but it is a crate, not an attribute
[INFO] [stdout] 
[INFO] [stdout] 
[INFO] [stdout] error: cannot find attribute `clap` in this scope
[INFO] [stdout]    --> cli/src/main.rs:818:11
[INFO] [stdout]     |
[INFO] [stdout] 818 |         #[clap(long, conflicts_with_all=&["display-only", "display-yesno", "no-input-no-output", "keyboard-display"])]
[INFO] [stdout]     |           ^^^^
[INFO] [stdout]     |
[INFO] [stdout]     = note: `clap` is in scope, but it is a crate, not an attribute
[INFO] [stdout] 
[INFO] [stdout] 
[INFO] [stdout] error: cannot find attribute `clap` in this scope
[INFO] [stdout]    --> cli/src/main.rs:821:11
[INFO] [stdout]     |
[INFO] [stdout] 821 |         #[clap(long, conflicts_with_all=&["display-only", "display-yesno", "keyboard-only", "keyboard-display"])]
[INFO] [stdout]     |           ^^^^
[INFO] [stdout]     |
[INFO] [stdout]     = note: `clap` is in scope, but it is a crate, not an attribute
[INFO] [stdout] 
[INFO] [stdout] 
[INFO] [stdout] error: cannot find attribute `clap` in this scope
[INFO] [stdout]    --> cli/src/main.rs:818:11
[INFO] [stdout]     |
[INFO] [stdout] 818 |         #[clap(long, conflicts_with_all=&["display-only", "display-yesno", "no-input-no-output", "keyboard-display"])]
[INFO] [stdout]     |           ^^^^
[INFO] [stdout]     |
[INFO] [stdout]     = note: `clap` is in scope, but it is a crate, not an attribute
[INFO] [stdout] 
[INFO] [stdout] 
[INFO] [stdout] error: cannot find attribute `clap` in this scope
[INFO] [stdout]    --> cli/src/main.rs:824:11
[INFO] [stdout]     |
[INFO] [stdout] 824 |         #[clap(long, conflicts_with_all=&["display-only", "display-yesno", "keyboard-only", "no-input-no-output"])]
[INFO] [stdout]     |           ^^^^
[INFO] [stdout]     |
[INFO] [stdout]     = note: `clap` is in scope, but it is a crate, not an attribute
[INFO] [stdout] 
[INFO] [stdout] 
[INFO] [stdout] error: cannot find attribute `clap` in this scope
[INFO] [stdout]    --> cli/src/main.rs:821:11
[INFO] [stdout]     |
[INFO] [stdout] 821 |         #[clap(long, conflicts_with_all=&["display-only", "display-yesno", "keyboard-only", "keyboard-display"])]
[INFO] [stdout]     |           ^^^^
[INFO] [stdout]     |
[INFO] [stdout]     = note: `clap` is in scope, but it is a crate, not an attribute
[INFO] [stdout] 
[INFO] [stdout] 
[INFO] [stdout] error: cannot find attribute `clap` in this scope
[INFO] [stdout]    --> cli/src/main.rs:829:11
[INFO] [stdout]     |
[INFO] [stdout] 829 |         #[clap(long, short)]
[INFO] [stdout]     |           ^^^^
[INFO] [stdout]     |
[INFO] [stdout]     = note: `clap` is in scope, but it is a crate, not an attribute
[INFO] [stdout] 
[INFO] [stdout] 
[INFO] [stdout] error: cannot find attribute `clap` in this scope
[INFO] [stdout]    --> cli/src/main.rs:824:11
[INFO] [stdout]     |
[INFO] [stdout] 824 |         #[clap(long, conflicts_with_all=&["display-only", "display-yesno", "keyboard-only", "no-input-no-output"])]
[INFO] [stdout]     |           ^^^^
[INFO] [stdout]     |
[INFO] [stdout]     = note: `clap` is in scope, but it is a crate, not an attribute
[INFO] [stdout] 
[INFO] [stdout] 
[INFO] [stdout] error: cannot find attribute `clap` in this scope
[INFO] [stdout]    --> cli/src/main.rs:832:11
[INFO] [stdout]     |
[INFO] [stdout] 832 |         #[clap(long, short, conflicts_with_all=&["le", "random"])]
[INFO] [stdout]     |           ^^^^
[INFO] [stdout]     |
[INFO] [stdout]     = note: `clap` is in scope, but it is a crate, not an attribute
[INFO] [stdout] 
[INFO] [stdout] 
[INFO] [stdout] error: cannot find attribute `clap` in this scope
[INFO] [stdout]    --> cli/src/main.rs:829:11
[INFO] [stdout]     |
[INFO] [stdout] 829 |         #[clap(long, short)]
[INFO] [stdout]     |           ^^^^
[INFO] [stdout]     |
[INFO] [stdout]     = note: `clap` is in scope, but it is a crate, not an attribute
[INFO] [stdout] 
[INFO] [stdout] 
[INFO] [stdout] error: cannot find attribute `clap` in this scope
[INFO] [stdout]    --> cli/src/main.rs:835:11
[INFO] [stdout]     |
[INFO] [stdout] 835 |         #[clap(long, short, conflicts_with = "bredr")]
[INFO] [stdout]     |           ^^^^
[INFO] [stdout]     |
[INFO] [stdout]     = note: `clap` is in scope, but it is a crate, not an attribute
[INFO] [stdout] 
[INFO] [stdout] 
[INFO] [stdout] error: cannot find attribute `clap` in this scope
[INFO] [stdout]    --> cli/src/main.rs:832:11
[INFO] [stdout]     |
[INFO] [stdout] 832 |         #[clap(long, short, conflicts_with_all=&["le", "random"])]
[INFO] [stdout]     |           ^^^^
[INFO] [stdout]     |
[INFO] [stdout]     = note: `clap` is in scope, but it is a crate, not an attribute
[INFO] [stdout] 
[INFO] [stdout] 
[INFO] [stdout] error: cannot find attribute `clap` in this scope
[INFO] [stdout]    --> cli/src/main.rs:838:11
[INFO] [stdout]     |
[INFO] [stdout] 838 |         #[clap(long, short, conflicts_with = "bredr")]
[INFO] [stdout]     |           ^^^^
[INFO] [stdout]     |
[INFO] [stdout]     = note: `clap` is in scope, but it is a crate, not an attribute
[INFO] [stdout] 
[INFO] [stdout] 
[INFO] [stdout] error: cannot find attribute `clap` in this scope
[INFO] [stdout]    --> cli/src/main.rs:835:11
[INFO] [stdout]     |
[INFO] [stdout] 835 |         #[clap(long, short, conflicts_with = "bredr")]
[INFO] [stdout]     |           ^^^^
[INFO] [stdout]     |
[INFO] [stdout]     = note: `clap` is in scope, but it is a crate, not an attribute
[INFO] [stdout] 
[INFO] [stdout] 
[INFO] [stdout] error: cannot find attribute `clap` in this scope
[INFO] [stdout]    --> cli/src/main.rs:843:11
[INFO] [stdout]     |
[INFO] [stdout] 843 |         #[clap(long, short)]
[INFO] [stdout]     |           ^^^^
[INFO] [stdout]     |
[INFO] [stdout]     = note: `clap` is in scope, but it is a crate, not an attribute
[INFO] [stdout] 
[INFO] [stdout] 
[INFO] [stdout] error: cannot find attribute `clap` in this scope
[INFO] [stdout]    --> cli/src/main.rs:838:11
[INFO] [stdout]     |
[INFO] [stdout] 838 |         #[clap(long, short, conflicts_with = "bredr")]
[INFO] [stdout]     |           ^^^^
[INFO] [stdout]     |
[INFO] [stdout]     = note: `clap` is in scope, but it is a crate, not an attribute
[INFO] [stdout] 
[INFO] [stdout] 
[INFO] [stdout] error: cannot find attribute `clap` in this scope
[INFO] [stdout]    --> cli/src/main.rs:846:11
[INFO] [stdout]     |
[INFO] [stdout] 846 |         #[clap(long, short, conflicts_with_all=&["le", "random"])]
[INFO] [stdout]     |           ^^^^
[INFO] [stdout]     |
[INFO] [stdout]     = note: `clap` is in scope, but it is a crate, not an attribute
[INFO] [stdout] 
[INFO] [stdout] 
[INFO] [stdout] error: cannot find attribute `clap` in this scope
[INFO] [stdout]    --> cli/src/main.rs:843:11
[INFO] [stdout]     |
[INFO] [stdout] 843 |         #[clap(long, short)]
[INFO] [stdout]     |           ^^^^
[INFO] [stdout]     |
[INFO] [stdout]     = note: `clap` is in scope, but it is a crate, not an attribute
[INFO] [stdout] 
[INFO] [stdout] 
[INFO] [stdout] error: cannot find attribute `clap` in this scope
[INFO] [stdout]    --> cli/src/main.rs:849:11
[INFO] [stdout]     |
[INFO] [stdout] 849 |         #[clap(long, short, conflicts_with = "bredr")]
[INFO] [stdout]     |           ^^^^
[INFO] [stdout]     |
[INFO] [stdout]     = note: `clap` is in scope, but it is a crate, not an attribute
[INFO] [stdout] 
[INFO] [stdout] 
[INFO] [stdout] error: cannot find attribute `clap` in this scope
[INFO] [stdout]    --> cli/src/main.rs:846:11
[INFO] [stdout]     |
[INFO] [stdout] 846 |         #[clap(long, short, conflicts_with_all=&["le", "random"])]
[INFO] [stdout]     |           ^^^^
[INFO] [stdout]     |
[INFO] [stdout]     = note: `clap` is in scope, but it is a crate, not an attribute
[INFO] [stdout] 
[INFO] [stdout] 
[INFO] [stdout] error: cannot find attribute `clap` in this scope
[INFO] [stdout]    --> cli/src/main.rs:852:11
[INFO] [stdout]     |
[INFO] [stdout] 852 |         #[clap(long, short, conflicts_with = "bredr")]
[INFO] [stdout]     |           ^^^^
[INFO] [stdout]     |
[INFO] [stdout]     = note: `clap` is in scope, but it is a crate, not an attribute
[INFO] [stdout] 
[INFO] [stdout] 
[INFO] [stdout] error: cannot find attribute `clap` in this scope
[INFO] [stdout]    --> cli/src/main.rs:849:11
[INFO] [stdout]     |
[INFO] [stdout] 849 |         #[clap(long, short, conflicts_with = "bredr")]
[INFO] [stdout]     |           ^^^^
[INFO] [stdout]     |
[INFO] [stdout]     = note: `clap` is in scope, but it is a crate, not an attribute
[INFO] [stdout] 
[INFO] [stdout] 
[INFO] [stdout] error: cannot find attribute `clap` in this scope
[INFO] [stdout]    --> cli/src/main.rs:855:11
[INFO] [stdout]     |
[INFO] [stdout] 855 |         #[clap(long, short)]
[INFO] [stdout]     |           ^^^^
[INFO] [stdout]     |
[INFO] [stdout]     = note: `clap` is in scope, but it is a crate, not an attribute
[INFO] [stdout] 
[INFO] [stdout] 
[INFO] [stdout] error: cannot determine resolution for the derive macro `Clap`
[INFO] [stdout]     --> cli/src/main.rs:1040:17
[INFO] [stdout]      |
[INFO] [stdout] 1040 | #[derive(Debug, Clap)]
[INFO] [stdout]      |                 ^^^^
[INFO] [stdout]      |
[INFO] [stdout]      = note: import resolution is stuck, try simplifying macro imports
[INFO] [stdout] 
[INFO] [stdout] 
[INFO] [stdout] error: cannot find attribute `clap` in this scope
[INFO] [stdout]     --> cli/src/main.rs:1043:11
[INFO] [stdout]      |
[INFO] [stdout] 1043 |         #[clap(long, short)]
[INFO] [stdout]      |           ^^^^
[INFO] [stdout]      |
[INFO] [stdout]      = note: `clap` is in scope, but it is a crate, not an attribute
[INFO] [stdout] 
[INFO] [stdout] 
[INFO] [stdout] error: cannot find attribute `clap` in this scope
[INFO] [stdout]    --> cli/src/main.rs:852:11
[INFO] [stdout]     |
[INFO] [stdout] 852 |         #[clap(long, short, conflicts_with = "bredr")]
[INFO] [stdout]     |           ^^^^
[INFO] [stdout]     |
[INFO] [stdout]     = note: `clap` is in scope, but it is a crate, not an attribute
[INFO] [stdout] 
[INFO] [stdout] 
[INFO] [stdout] error: cannot find attribute `clap` in this scope
[INFO] [stdout]    --> cli/src/main.rs:855:11
[INFO] [stdout]     |
[INFO] [stdout] 855 |         #[clap(long, short)]
[INFO] [stdout]     |           ^^^^
[INFO] [stdout]     |
[INFO] [stdout]     = note: `clap` is in scope, but it is a crate, not an attribute
[INFO] [stdout] 
[INFO] [stdout] 
[INFO] [stdout] error: cannot find attribute `clap` in this scope
[INFO] [stdout]     --> cli/src/main.rs:1046:11
[INFO] [stdout]      |
[INFO] [stdout] 1046 |         #[clap(long, short, conflicts_with_all=&["le", "random"])]
[INFO] [stdout]      |           ^^^^
[INFO] [stdout]      |
[INFO] [stdout]      = note: `clap` is in scope, but it is a crate, not an attribute
[INFO] [stdout] 
[INFO] [stdout] 
[INFO] [stdout] error: cannot determine resolution for the derive macro `Clap`
[INFO] [stdout]     --> cli/src/main.rs:1040:17
[INFO] [stdout]      |
[INFO] [stdout] 1040 | #[derive(Debug, Clap)]
[INFO] [stdout]      |                 ^^^^
[INFO] [stdout]      |
[INFO] [stdout]      = note: import resolution is stuck, try simplifying macro imports
[INFO] [stdout] 
[INFO] [stdout] 
[INFO] [stdout] error: cannot find attribute `clap` in this scope
[INFO] [stdout]     --> cli/src/main.rs:1043:11
[INFO] [stdout]      |
[INFO] [stdout] 1043 |         #[clap(long, short)]
[INFO] [stdout]      |           ^^^^
[INFO] [stdout]      |
[INFO] [stdout]      = note: `clap` is in scope, but it is a crate, not an attribute
[INFO] [stdout] 
[INFO] [stdout] 
[INFO] [stdout] error: cannot find attribute `clap` in this scope
[INFO] [stdout]     --> cli/src/main.rs:1049:11
[INFO] [stdout]      |
[INFO] [stdout] 1049 |         #[clap(long, short, conflicts_with = "bredr")]
[INFO] [stdout]      |           ^^^^
[INFO] [stdout]      |
[INFO] [stdout]      = note: `clap` is in scope, but it is a crate, not an attribute
[INFO] [stdout] 
[INFO] [stdout] 
[INFO] [stdout] error: cannot find attribute `clap` in this scope
[INFO] [stdout]     --> cli/src/main.rs:1052:11
[INFO] [stdout]      |
[INFO] [stdout] 1052 |         #[clap(long, short, conflicts_with = "bredr")]
[INFO] [stdout]      |           ^^^^
[INFO] [stdout]      |
[INFO] [stdout]      = note: `clap` is in scope, but it is a crate, not an attribute
[INFO] [stdout] 
[INFO] [stdout] 
[INFO] [stdout] error: cannot find attribute `clap` in this scope
[INFO] [stdout]     --> cli/src/main.rs:1046:11
[INFO] [stdout]      |
[INFO] [stdout] 1046 |         #[clap(long, short, conflicts_with_all=&["le", "random"])]
[INFO] [stdout]      |           ^^^^
[INFO] [stdout]      |
[INFO] [stdout]      = note: `clap` is in scope, but it is a crate, not an attribute
[INFO] [stdout] 
[INFO] [stdout] 
[INFO] [stdout] error: cannot find attribute `clap` in this scope
[INFO] [stdout]     --> cli/src/main.rs:1049:11
[INFO] [stdout]      |
[INFO] [stdout] 1049 |         #[clap(long, short, conflicts_with = "bredr")]
[INFO] [stdout]      |           ^^^^
[INFO] [stdout]      |
[INFO] [stdout]      = note: `clap` is in scope, but it is a crate, not an attribute
[INFO] [stdout] 
[INFO] [stdout] 
[INFO] [stdout] error: cannot find attribute `clap` in this scope
[INFO] [stdout]     --> cli/src/main.rs:1055:11
[INFO] [stdout]      |
[INFO] [stdout] 1055 |         #[clap(long, validator=length(32))]
[INFO] [stdout]      |           ^^^^
[INFO] [stdout]      |
[INFO] [stdout]      = note: `clap` is in scope, but it is a crate, not an attribute
[INFO] [stdout] 
[INFO] [stdout] 
[INFO] [stdout] error: cannot find attribute `clap` in this scope
[INFO] [stdout]     --> cli/src/main.rs:1058:11
[INFO] [stdout]      |
[INFO] [stdout] 1058 |         #[clap(long, validator=length(32))]
[INFO] [stdout]      |           ^^^^
[INFO] [stdout]      |
[INFO] [stdout]      = note: `clap` is in scope, but it is a crate, not an attribute
[INFO] [stdout] 
[INFO] [stdout] 
[INFO] [stdout] error: cannot find attribute `clap` in this scope
[INFO] [stdout]     --> cli/src/main.rs:1052:11
[INFO] [stdout]      |
[INFO] [stdout] 1052 |         #[clap(long, short, conflicts_with = "bredr")]
[INFO] [stdout]      |           ^^^^
[INFO] [stdout]      |
[INFO] [stdout]      = note: `clap` is in scope, but it is a crate, not an attribute
[INFO] [stdout] 
[INFO] [stdout] 
[INFO] [stdout] error: cannot find attribute `clap` in this scope
[INFO] [stdout]     --> cli/src/main.rs:1061:11
[INFO] [stdout]      |
[INFO] [stdout] 1061 |         #[clap(long, validator=length(32))]
[INFO] [stdout]      |           ^^^^
[INFO] [stdout]      |
[INFO] [stdout]      = note: `clap` is in scope, but it is a crate, not an attribute
[INFO] [stdout] 
[INFO] [stdout] 
[INFO] [stdout] error: cannot find attribute `clap` in this scope
[INFO] [stdout]     --> cli/src/main.rs:1055:11
[INFO] [stdout]      |
[INFO] [stdout] 1055 |         #[clap(long, validator=length(32))]
[INFO] [stdout]      |           ^^^^
[INFO] [stdout]      |
[INFO] [stdout]      = note: `clap` is in scope, but it is a crate, not an attribute
[INFO] [stdout] 
[INFO] [stdout] 
[INFO] [stdout] error: cannot find attribute `clap` in this scope
[INFO] [stdout]     --> cli/src/main.rs:1064:11
[INFO] [stdout]      |
[INFO] [stdout] 1064 |         #[clap(long, validator=length(32))]
[INFO] [stdout]      |           ^^^^
[INFO] [stdout]      |
[INFO] [stdout]      = note: `clap` is in scope, but it is a crate, not an attribute
[INFO] [stdout] 
[INFO] [stdout] 
[INFO] [stdout] error: cannot find attribute `clap` in this scope
[INFO] [stdout]     --> cli/src/main.rs:1058:11
[INFO] [stdout]      |
[INFO] [stdout] 1058 |         #[clap(long, validator=length(32))]
[INFO] [stdout]      |           ^^^^
[INFO] [stdout]      |
[INFO] [stdout]      = note: `clap` is in scope, but it is a crate, not an attribute
[INFO] [stdout] 
[INFO] [stdout] 
[INFO] [stdout] error: cannot find attribute `clap` in this scope
[INFO] [stdout]     --> cli/src/main.rs:1069:11
[INFO] [stdout]      |
[INFO] [stdout] 1069 |         #[clap(long, short)]
[INFO] [stdout]      |           ^^^^
[INFO] [stdout]      |
[INFO] [stdout]      = note: `clap` is in scope, but it is a crate, not an attribute
[INFO] [stdout] 
[INFO] [stdout] 
[INFO] [stdout] error: cannot find attribute `clap` in this scope
[INFO] [stdout]     --> cli/src/main.rs:1061:11
[INFO] [stdout]      |
[INFO] [stdout] 1061 |         #[clap(long, validator=length(32))]
[INFO] [stdout]      |           ^^^^
[INFO] [stdout]      |
[INFO] [stdout]      = note: `clap` is in scope, but it is a crate, not an attribute
[INFO] [stdout] 
[INFO] [stdout] 
[INFO] [stdout] error: cannot find attribute `clap` in this scope
[INFO] [stdout]     --> cli/src/main.rs:1072:11
[INFO] [stdout]      |
[INFO] [stdout] 1072 |         #[clap(long, short, conflicts_with_all=&["le", "random"])]
[INFO] [stdout]      |           ^^^^
[INFO] [stdout]      |
[INFO] [stdout]      = note: `clap` is in scope, but it is a crate, not an attribute
[INFO] [stdout] 
[INFO] [stdout] 
[INFO] [stdout] error: cannot find attribute `clap` in this scope
[INFO] [stdout]     --> cli/src/main.rs:1064:11
[INFO] [stdout]      |
[INFO] [stdout] 1064 |         #[clap(long, validator=length(32))]
[INFO] [stdout]      |           ^^^^
[INFO] [stdout]      |
[INFO] [stdout]      = note: `clap` is in scope, but it is a crate, not an attribute
[INFO] [stdout] 
[INFO] [stdout] 
[INFO] [stdout] error: cannot find attribute `clap` in this scope
[INFO] [stdout]     --> cli/src/main.rs:1075:11
[INFO] [stdout]      |
[INFO] [stdout] 1075 |         #[clap(long, short, conflicts_with = "bredr")]
[INFO] [stdout]      |           ^^^^
[INFO] [stdout]      |
[INFO] [stdout]      = note: `clap` is in scope, but it is a crate, not an attribute
[INFO] [stdout] 
[INFO] [stdout] 
[INFO] [stdout] error: cannot find attribute `clap` in this scope
[INFO] [stdout]     --> cli/src/main.rs:1069:11
[INFO] [stdout]      |
[INFO] [stdout] 1069 |         #[clap(long, short)]
[INFO] [stdout]      |           ^^^^
[INFO] [stdout]      |
[INFO] [stdout]      = note: `clap` is in scope, but it is a crate, not an attribute
[INFO] [stdout] 
[INFO] [stdout] 
[INFO] [stdout] error: cannot find attribute `clap` in this scope
[INFO] [stdout]     --> cli/src/main.rs:1072:11
[INFO] [stdout]      |
[INFO] [stdout] 1072 |         #[clap(long, short, conflicts_with_all=&["le", "random"])]
[INFO] [stdout]      |           ^^^^
[INFO] [stdout]      |
[INFO] [stdout]      = note: `clap` is in scope, but it is a crate, not an attribute
[INFO] [stdout] 
[INFO] [stdout] 
[INFO] [stdout] error: cannot find attribute `clap` in this scope
[INFO] [stdout]     --> cli/src/main.rs:1078:11
[INFO] [stdout]      |
[INFO] [stdout] 1078 |         #[clap(long, short, conflicts_with = "bredr")]
[INFO] [stdout]      |           ^^^^
[INFO] [stdout]      |
[INFO] [stdout]      = note: `clap` is in scope, but it is a crate, not an attribute
[INFO] [stdout] 
[INFO] [stdout] 
[INFO] [stdout] error: cannot find attribute `clap` in this scope
[INFO] [stdout]     --> cli/src/main.rs:1083:11
[INFO] [stdout]      |
[INFO] [stdout] 1083 |         #[clap(long, short)]
[INFO] [stdout]      |           ^^^^
[INFO] [stdout]      |
[INFO] [stdout]      = note: `clap` is in scope, but it is a crate, not an attribute
[INFO] [stdout] 
[INFO] [stdout] 
[INFO] [stdout] error: cannot find attribute `clap` in this scope
[INFO] [stdout]     --> cli/src/main.rs:1075:11
[INFO] [stdout]      |
[INFO] [stdout] 1075 |         #[clap(long, short, conflicts_with = "bredr")]
[INFO] [stdout]      |           ^^^^
[INFO] [stdout]      |
[INFO] [stdout]      = note: `clap` is in scope, but it is a crate, not an attribute
[INFO] [stdout] 
[INFO] [stdout] 
[INFO] [stdout] error: cannot find attribute `clap` in this scope
[INFO] [stdout]     --> cli/src/main.rs:1086:11
[INFO] [stdout]      |
[INFO] [stdout] 1086 |         #[clap(long, short, conflicts_with = "le", requires = "extended")]
[INFO] [stdout]      |           ^^^^
[INFO] [stdout]      |
[INFO] [stdout]      = note: `clap` is in scope, but it is a crate, not an attribute
[INFO] [stdout] 
[INFO] [stdout] 
[INFO] [stdout] error: cannot find attribute `clap` in this scope
[INFO] [stdout]     --> cli/src/main.rs:1078:11
[INFO] [stdout]      |
[INFO] [stdout] 1078 |         #[clap(long, short, conflicts_with = "bredr")]
[INFO] [stdout]      |           ^^^^
[INFO] [stdout]      |
[INFO] [stdout]      = note: `clap` is in scope, but it is a crate, not an attribute
[INFO] [stdout] 
[INFO] [stdout] 
[INFO] [stdout] error: cannot find attribute `clap` in this scope
[INFO] [stdout]     --> cli/src/main.rs:1089:11
[INFO] [stdout]      |
[INFO] [stdout] 1089 |         #[clap(long, short, conflicts_with = "bredr", requires = "extended")]
[INFO] [stdout]      |           ^^^^
[INFO] [stdout]      |
[INFO] [stdout]      = note: `clap` is in scope, but it is a crate, not an attribute
[INFO] [stdout] 
[INFO] [stdout] 
[INFO] [stdout] error: cannot find attribute `clap` in this scope
[INFO] [stdout]     --> cli/src/main.rs:1083:11
[INFO] [stdout]      |
[INFO] [stdout] 1083 |         #[clap(long, short)]
[INFO] [stdout]      |           ^^^^
[INFO] [stdout]      |
[INFO] [stdout]      = note: `clap` is in scope, but it is a crate, not an attribute
[INFO] [stdout] 
[INFO] [stdout] 
[INFO] [stdout] error: cannot find attribute `clap` in this scope
[INFO] [stdout]     --> cli/src/main.rs:1086:11
[INFO] [stdout]      |
[INFO] [stdout] 1086 |         #[clap(long, short, conflicts_with = "le", requires = "extended")]
[INFO] [stdout]      |           ^^^^
[INFO] [stdout]      |
[INFO] [stdout]      = note: `clap` is in scope, but it is a crate, not an attribute
[INFO] [stdout] 
[INFO] [stdout] 
[INFO] [stdout] error: cannot find attribute `clap` in this scope
[INFO] [stdout]     --> cli/src/main.rs:1089:11
[INFO] [stdout]      |
[INFO] [stdout] 1089 |         #[clap(long, short, conflicts_with = "bredr", requires = "extended")]
[INFO] [stdout]      |           ^^^^
[INFO] [stdout]      |
[INFO] [stdout]      = note: `clap` is in scope, but it is a crate, not an attribute
[INFO] [stdout] 
[INFO] [stdout] 
[INFO] [stdout] error[E0599]: no function or associated item named `parse` found for struct `Opt` in the current scope
[INFO] [stdout]     --> cli/src/main.rs:1285:20
[INFO] [stdout]      |
[INFO] [stdout] 20   | struct Opt {
[INFO] [stdout]      | ---------- function or associated item `parse` not found for this
[INFO] [stdout] ...
[INFO] [stdout] 1285 |     let opt = Opt::parse();
[INFO] [stdout]      |                    ^^^^^ function or associated item not found in `Opt`
[INFO] [stdout]      |
[INFO] [stdout]      = help: items from traits can only be used if the trait is implemented and in scope
[INFO] [stdout]      = note: the following trait defines an item `parse`, perhaps you need to implement it:
[INFO] [stdout]              candidate #1: `Parser`
[INFO] [stdout] 
[INFO] [stdout] 
[INFO] [stdout] error[E0599]: no function or associated item named `parse` found for struct `Opt` in the current scope
[INFO] [stdout]     --> cli/src/main.rs:1285:20
[INFO] [stdout]      |
[INFO] [stdout] 20   | struct Opt {
[INFO] [stdout]      | ---------- function or associated item `parse` not found for this
[INFO] [stdout] ...
[INFO] [stdout] 1285 |     let opt = Opt::parse();
[INFO] [stdout]      |                    ^^^^^ function or associated item not found in `Opt`
[INFO] [stdout]      |
[INFO] [stdout]      = help: items from traits can only be used if the trait is implemented and in scope
[INFO] [stdout]      = note: the following trait defines an item `parse`, perhaps you need to implement it:
[INFO] [stdout]              candidate #1: `Parser`
[INFO] [stdout] 
[INFO] [stdout] 
[INFO] [stdout] error: aborting due to 114 previous errors
[INFO] [stdout] 
[INFO] [stdout] 
[INFO] [stdout] Some errors have detailed explanations: E0432, E0599.
[INFO] [stdout] 
[INFO] [stdout] For more information about an error, try `rustc --explain E0432`.
[INFO] [stdout] 
[INFO] [stderr] error: could not compile `btmgmt-cli` due to 115 previous errors
[INFO] [stderr] warning: build failed, waiting for other jobs to finish...
[INFO] [stdout] error: aborting due to 114 previous errors
[INFO] [stdout] 
[INFO] [stdout] 
[INFO] [stdout] Some errors have detailed explanations: E0432, E0599.
[INFO] [stdout] 
[INFO] [stdout] For more information about an error, try `rustc --explain E0432`.
[INFO] [stdout] 
[INFO] [stderr] error: build failed
[INFO] running `Command { std: "docker" "inspect" "eb038ae1a10dd063e9f0852dfb963d21ba9bb72e21c7bd16f3187c69ce87d306", kill_on_drop: false }`
[INFO] running `Command { std: "docker" "rm" "-f" "eb038ae1a10dd063e9f0852dfb963d21ba9bb72e21c7bd16f3187c69ce87d306", kill_on_drop: false }`
[INFO] [stdout] eb038ae1a10dd063e9f0852dfb963d21ba9bb72e21c7bd16f3187c69ce87d306
