[INFO] cloning repository https://github.com/yossan/pdfbat
[INFO] running `Command { std: "git" "-c" "credential.helper=" "-c" "credential.helper=/workspace/cargo-home/bin/git-credential-null" "clone" "--bare" "https://github.com/yossan/pdfbat" "/workspace/cache/git-repos/https%3A%2F%2Fgithub.com%2Fyossan%2Fpdfbat", kill_on_drop: false }`
[INFO] [stderr] Cloning into bare repository '/workspace/cache/git-repos/https%3A%2F%2Fgithub.com%2Fyossan%2Fpdfbat'...
[INFO] running `Command { std: "git" "rev-parse" "HEAD", kill_on_drop: false }`
[INFO] [stdout] 4fafd24ec58a91390d8120a9e03d65c6f86d4d6e
[INFO] checking yossan/pdfbat against 1.55.0 for beta-1.56-3
[INFO] running `Command { std: "git" "clone" "/workspace/cache/git-repos/https%3A%2F%2Fgithub.com%2Fyossan%2Fpdfbat" "/workspace/builds/worker-10/source", kill_on_drop: false }`
[INFO] [stderr] Cloning into '/workspace/builds/worker-10/source'...
[INFO] [stderr] done.
[INFO] validating manifest of git repo https://github.com/yossan/pdfbat on toolchain 1.55.0
[INFO] running `Command { std: "/workspace/cargo-home/bin/cargo" "+1.55.0" "metadata" "--manifest-path" "Cargo.toml" "--no-deps", kill_on_drop: false }`
[INFO] started tweaking git repo https://github.com/yossan/pdfbat
[INFO] finished tweaking git repo https://github.com/yossan/pdfbat
[INFO] tweaked toml for git repo https://github.com/yossan/pdfbat written to /workspace/builds/worker-10/source/Cargo.toml
[INFO] crate git repo https://github.com/yossan/pdfbat already has a lockfile, it will not be regenerated
[INFO] running `Command { std: "/workspace/cargo-home/bin/cargo" "+1.55.0" "fetch" "--manifest-path" "Cargo.toml", kill_on_drop: false }`
[INFO] running `Command { std: "docker" "create" "-v" "/var/lib/crater-agent-workspace/builds/worker-10/target:/opt/rustwide/target:rw,Z" "-v" "/var/lib/crater-agent-workspace/builds/worker-10/source:/opt/rustwide/workdir:ro,Z" "-v" "/var/lib/crater-agent-workspace/cargo-home:/opt/rustwide/cargo-home:ro,Z" "-v" "/var/lib/crater-agent-workspace/rustup-home:/opt/rustwide/rustup-home:ro,Z" "-e" "SOURCE_DIR=/opt/rustwide/workdir" "-e" "CARGO_TARGET_DIR=/opt/rustwide/target" "-e" "CARGO_HOME=/opt/rustwide/cargo-home" "-e" "RUSTUP_HOME=/opt/rustwide/rustup-home" "-w" "/opt/rustwide/workdir" "-m" "1610612736" "--user" "0:0" "--network" "none" "ghcr.io/rust-lang/crates-build-env/linux@sha256:a89201d6b5b9fd45c15d5952ece0a0129e7e80cb26ec023fd59cf09bc26f1604" "/opt/rustwide/cargo-home/bin/cargo" "+1.55.0" "metadata" "--no-deps" "--format-version=1", kill_on_drop: false }`
[INFO] [stderr] WARNING: Your kernel does not support swap limit capabilities or the cgroup is not mounted. Memory limited without swap.
[INFO] [stdout] 6e9166ab85fb9e6885c74f6f6b47210b79a80eb676ad02d5a6f447aac460d1d4
[INFO] running `Command { std: "docker" "start" "-a" "6e9166ab85fb9e6885c74f6f6b47210b79a80eb676ad02d5a6f447aac460d1d4", kill_on_drop: false }`
[INFO] running `Command { std: "docker" "inspect" "6e9166ab85fb9e6885c74f6f6b47210b79a80eb676ad02d5a6f447aac460d1d4", kill_on_drop: false }`
[INFO] running `Command { std: "docker" "rm" "-f" "6e9166ab85fb9e6885c74f6f6b47210b79a80eb676ad02d5a6f447aac460d1d4", kill_on_drop: false }`
[INFO] [stdout] 6e9166ab85fb9e6885c74f6f6b47210b79a80eb676ad02d5a6f447aac460d1d4
[INFO] running `Command { std: "docker" "create" "-v" "/var/lib/crater-agent-workspace/builds/worker-10/target:/opt/rustwide/target:rw,Z" "-v" "/var/lib/crater-agent-workspace/builds/worker-10/source:/opt/rustwide/workdir:ro,Z" "-v" "/var/lib/crater-agent-workspace/cargo-home:/opt/rustwide/cargo-home:ro,Z" "-v" "/var/lib/crater-agent-workspace/rustup-home:/opt/rustwide/rustup-home:ro,Z" "-e" "SOURCE_DIR=/opt/rustwide/workdir" "-e" "CARGO_TARGET_DIR=/opt/rustwide/target" "-e" "CARGO_INCREMENTAL=0" "-e" "RUST_BACKTRACE=full" "-e" "RUSTFLAGS=--cap-lints=warn" "-e" "CARGO_HOME=/opt/rustwide/cargo-home" "-e" "RUSTUP_HOME=/opt/rustwide/rustup-home" "-w" "/opt/rustwide/workdir" "-m" "1610612736" "--user" "0:0" "--network" "none" "ghcr.io/rust-lang/crates-build-env/linux@sha256:a89201d6b5b9fd45c15d5952ece0a0129e7e80cb26ec023fd59cf09bc26f1604" "/opt/rustwide/cargo-home/bin/cargo" "+1.55.0" "check" "--frozen" "--all" "--all-targets" "--message-format=json", kill_on_drop: false }`
[INFO] [stderr] WARNING: Your kernel does not support swap limit capabilities or the cgroup is not mounted. Memory limited without swap.
[INFO] [stdout] eb623d450775684250e24771a383e95b50802813175ef2aabd47f4f6f783e280
[INFO] running `Command { std: "docker" "start" "-a" "eb623d450775684250e24771a383e95b50802813175ef2aabd47f4f6f783e280", kill_on_drop: false }`
[INFO] [stderr]     Checking pdfbat v0.1.0 (/opt/rustwide/workdir)
[INFO] [stdout] warning: unused import: `crate::stream::Stream`
[INFO] [stdout]  --> src/primitives.rs:2:5
[INFO] [stdout]   |
[INFO] [stdout] 2 | use crate::stream::Stream;
[INFO] [stdout]   |     ^^^^^^^^^^^^^^^^^^^^^
[INFO] [stdout]   |
[INFO] [stdout]   = note: `#[warn(unused_imports)]` on by default
[INFO] [stdout] 
[INFO] [stdout] 
[INFO] [stdout] warning: unused import: `crate::primitives::Name`
[INFO] [stdout]  --> src/lexer.rs:5:5
[INFO] [stdout]   |
[INFO] [stdout] 5 | use crate::primitives::Name;
[INFO] [stdout]   |     ^^^^^^^^^^^^^^^^^^^^^^^
[INFO] [stdout] 
[INFO] [stdout] 
[INFO] [stdout] warning: unused import: `Stream`
[INFO] [stdout]  --> src/parser.rs:3:21
[INFO] [stdout]   |
[INFO] [stdout] 3 | use crate::stream::{Stream, ReadSeek};
[INFO] [stdout]   |                     ^^^^^^
[INFO] [stdout] 
[INFO] [stdout] 
[INFO] [stdout] warning: unused imports: `HexStr`, `Null`, `Real`, `Str`
[INFO] [stdout]  --> src/parser.rs:5:43
[INFO] [stdout]   |
[INFO] [stdout] 5 | use crate::primitives::Primitives::{self, Null, Int, Str, HexStr, Real, Array, Dict, Ref, Cmd, EOF};
[INFO] [stdout]   |                                           ^^^^       ^^^  ^^^^^^  ^^^^
[INFO] [stdout] 
[INFO] [stdout] 
[INFO] [stdout] warning: unused macro definition
[INFO] [stdout]   --> src/xref.rs:10:1
[INFO] [stdout]    |
[INFO] [stdout] 10 | / macro_rules! get_str {
[INFO] [stdout] 11 | |     ($obj:expr) => { $obj.get_str().ok_or_else(|| Error::ParserError) };
[INFO] [stdout] 12 | | }
[INFO] [stdout]    | |_^
[INFO] [stdout]    |
[INFO] [stdout]    = note: `#[warn(unused_macros)]` on by default
[INFO] [stdout] 
[INFO] [stdout] 
[INFO] [stdout] warning: unused macro definition
[INFO] [stdout]   --> src/xref.rs:14:1
[INFO] [stdout]    |
[INFO] [stdout] 14 | / macro_rules! get_cmd {
[INFO] [stdout] 15 | |     ($obj:expr) => { $obj.get_cmd().ok_or_else(|| Error::ParserError) };
[INFO] [stdout] 16 | | }
[INFO] [stdout]    | |_^
[INFO] [stdout] 
[INFO] [stdout] 
[INFO] [stdout] warning: unused import: `self`
[INFO] [stdout]    --> src/reader.rs:143:19
[INFO] [stdout]     |
[INFO] [stdout] 143 |     use std::fs::{self};
[INFO] [stdout]     |                   ^^^^
[INFO] [stdout]     |
[INFO] [stdout]     = note: `#[warn(unused_imports)]` on by default
[INFO] [stdout] 
[INFO] [stdout] 
[INFO] [stdout] warning: unused import: `crate::stream::Stream`
[INFO] [stdout]  --> src/primitives.rs:2:5
[INFO] [stdout]   |
[INFO] [stdout] 2 | use crate::stream::Stream;
[INFO] [stdout]   |     ^^^^^^^^^^^^^^^^^^^^^
[INFO] [stdout] 
[INFO] [stdout] 
[INFO] [stdout] warning: unused import: `crate::primitives::Name`
[INFO] [stdout]  --> src/lexer.rs:5:5
[INFO] [stdout]   |
[INFO] [stdout] 5 | use crate::primitives::Name;
[INFO] [stdout]   |     ^^^^^^^^^^^^^^^^^^^^^^^
[INFO] [stdout] 
[INFO] [stdout] 
[INFO] [stdout] warning: unused import: `Stream`
[INFO] [stdout]  --> src/parser.rs:3:21
[INFO] [stdout]   |
[INFO] [stdout] 3 | use crate::stream::{Stream, ReadSeek};
[INFO] [stdout]   |                     ^^^^^^
[INFO] [stdout] 
[INFO] [stdout] 
[INFO] [stdout] warning: unused imports: `HexStr`, `Null`, `Real`, `Str`
[INFO] [stdout]  --> src/parser.rs:5:43
[INFO] [stdout]   |
[INFO] [stdout] 5 | use crate::primitives::Primitives::{self, Null, Int, Str, HexStr, Real, Array, Dict, Ref, Cmd, EOF};
[INFO] [stdout]   |                                           ^^^^       ^^^  ^^^^^^  ^^^^
[INFO] [stdout] 
[INFO] [stdout] 
[INFO] [stdout] warning: unused macro definition
[INFO] [stdout]   --> src/xref.rs:10:1
[INFO] [stdout]    |
[INFO] [stdout] 10 | / macro_rules! get_str {
[INFO] [stdout] 11 | |     ($obj:expr) => { $obj.get_str().ok_or_else(|| Error::ParserError) };
[INFO] [stdout] 12 | | }
[INFO] [stdout]    | |_^
[INFO] [stdout]    |
[INFO] [stdout]    = note: `#[warn(unused_macros)]` on by default
[INFO] [stdout] 
[INFO] [stdout] 
[INFO] [stdout] warning: unused macro definition
[INFO] [stdout]   --> src/xref.rs:14:1
[INFO] [stdout]    |
[INFO] [stdout] 14 | / macro_rules! get_cmd {
[INFO] [stdout] 15 | |     ($obj:expr) => { $obj.get_cmd().ok_or_else(|| Error::ParserError) };
[INFO] [stdout] 16 | | }
[INFO] [stdout]    | |_^
[INFO] [stdout] 
[INFO] [stdout] 
[INFO] [stdout] error[E0308]: mismatched types
[INFO] [stdout]    --> src/xref.rs:8:22
[INFO] [stdout]     |
[INFO] [stdout] 8   |     ($obj:expr) => { $obj.get_integer().ok_or_else(|| Error::ParserError) };
[INFO] [stdout]     |                      ^^^^^^^^^^^^^^^^^^^^^^^^^^^^^^^^^^^^^^^^^^^^^^^^^^^^ expected `i64`, found enum `Result`
[INFO] [stdout] ...
[INFO] [stdout] 136 |                 table_state.set_first_entry_num(get_integer!(obj));
[INFO] [stdout]     |                                                 ----------------- in this macro invocation
[INFO] [stdout]     |
[INFO] [stdout]     = note: expected type `i64`
[INFO] [stdout]                found enum `Result<i64, error::Error>`
[INFO] [stdout]     = note: this error originates in the macro `get_integer` (in Nightly builds, run with -Z macro-backtrace for more info)
[INFO] [stdout] 
[INFO] [stdout] 
[INFO] [stdout] error[E0308]: mismatched types
[INFO] [stdout]    --> src/xref.rs:8:22
[INFO] [stdout]     |
[INFO] [stdout] 8   |     ($obj:expr) => { $obj.get_integer().ok_or_else(|| Error::ParserError) };
[INFO] [stdout]     |                      ^^^^^^^^^^^^^^^^^^^^^^^^^^^^^^^^^^^^^^^^^^^^^^^^^^^^ expected `i64`, found enum `Result`
[INFO] [stdout] ...
[INFO] [stdout] 136 |                 table_state.set_first_entry_num(get_integer!(obj));
[INFO] [stdout]     |                                                 ----------------- in this macro invocation
[INFO] [stdout]     |
[INFO] [stdout]     = note: expected type `i64`
[INFO] [stdout]                found enum `Result<i64, error::Error>`
[INFO] [stdout]     = note: this error originates in the macro `get_integer` (in Nightly builds, run with -Z macro-backtrace for more info)
[INFO] [stdout] 
[INFO] [stdout] 
[INFO] [stdout] error[E0308]: mismatched types
[INFO] [stdout]    --> src/xref.rs:8:22
[INFO] [stdout]     |
[INFO] [stdout] 8   |     ($obj:expr) => { $obj.get_integer().ok_or_else(|| Error::ParserError) };
[INFO] [stdout]     |                      ^^^^^^^^^^^^^^^^^^^^^^^^^^^^^^^^^^^^^^^^^^^^^^^^^^^^ expected `i64`, found enum `Result`
[INFO] [stdout] ...
[INFO] [stdout] 138 |                 table_state.set_entry_count(get_integer!(next));
[INFO] [stdout]     |                                             ------------------ in this macro invocation
[INFO] [stdout]     |
[INFO] [stdout]     = note: expected type `i64`
[INFO] [stdout]                found enum `Result<i64, error::Error>`
[INFO] [stdout]     = note: this error originates in the macro `get_integer` (in Nightly builds, run with -Z macro-backtrace for more info)
[INFO] [stdout] 
[INFO] [stdout] 
[INFO] [stdout] error[E0308]: mismatched types
[INFO] [stdout]    --> src/xref.rs:8:22
[INFO] [stdout]     |
[INFO] [stdout] 8   |     ($obj:expr) => { $obj.get_integer().ok_or_else(|| Error::ParserError) };
[INFO] [stdout]     |                      ^^^^^^^^^^^^^^^^^^^^^^^^^^^^^^^^^^^^^^^^^^^^^^^^^^^^ expected `i64`, found enum `Result`
[INFO] [stdout] ...
[INFO] [stdout] 138 |                 table_state.set_entry_count(get_integer!(next));
[INFO] [stdout]     |                                             ------------------ in this macro invocation
[INFO] [stdout]     |
[INFO] [stdout]     = note: expected type `i64`
[INFO] [stdout]                found enum `Result<i64, error::Error>`
[INFO] [stdout]     = note: this error originates in the macro `get_integer` (in Nightly builds, run with -Z macro-backtrace for more info)
[INFO] [stdout] 
[INFO] [stdout] 
[INFO] [stdout] error[E0599]: no method named `lexer` found for mutable reference `&mut Parser<T>` in the current scope
[INFO] [stdout]    --> src/xref.rs:147:49
[INFO] [stdout]     |
[INFO] [stdout] 147 |                 table_state.stream_pos = parser.lexer().stream().pos();
[INFO] [stdout]     |                                                 ^^^^^ private field, not a method
[INFO] [stdout] 
[INFO] [stdout] 
[INFO] [stdout] error[E0599]: no method named `lexer` found for mutable reference `&mut Parser<T>` in the current scope
[INFO] [stdout]    --> src/xref.rs:147:49
[INFO] [stdout]     |
[INFO] [stdout] 147 |                 table_state.stream_pos = parser.lexer().stream().pos();
[INFO] [stdout]     |                                                 ^^^^^ private field, not a method
[INFO] [stdout] 
[INFO] [stdout] 
[INFO] [stdout] error[E0308]: mismatched types
[INFO] [stdout]    --> src/xref.rs:167:29
[INFO] [stdout]     |
[INFO] [stdout] 167 |                     offset: offset,
[INFO] [stdout]     |                             ^^^^^^ expected `i64`, found enum `Result`
[INFO] [stdout]     |
[INFO] [stdout]     = note: expected type `i64`
[INFO] [stdout]                found enum `Result<i64, error::Error>`
[INFO] [stdout] 
[INFO] [stdout] 
[INFO] [stdout] error[E0308]: mismatched types
[INFO] [stdout]    --> src/xref.rs:167:29
[INFO] [stdout]     |
[INFO] [stdout] 167 |                     offset: offset,
[INFO] [stdout]     |                             ^^^^^^ expected `i64`, found enum `Result`
[INFO] [stdout]     |
[INFO] [stdout]     = note: expected type `i64`
[INFO] [stdout]                found enum `Result<i64, error::Error>`
[INFO] [stdout] 
[INFO] [stdout] 
[INFO] [stdout] error[E0308]: mismatched types
[INFO] [stdout]    --> src/xref.rs:168:26
[INFO] [stdout]     |
[INFO] [stdout] 168 |                     gen: gen,
[INFO] [stdout]     |                          ^^^ expected `i64`, found enum `Result`
[INFO] [stdout]     |
[INFO] [stdout]     = note: expected type `i64`
[INFO] [stdout]                found enum `Result<i64, error::Error>`
[INFO] [stdout] 
[INFO] [stdout] 
[INFO] [stdout] error[E0308]: mismatched types
[INFO] [stdout]    --> src/xref.rs:168:26
[INFO] [stdout]     |
[INFO] [stdout] 168 |                     gen: gen,
[INFO] [stdout]     |                          ^^^ expected `i64`, found enum `Result`
[INFO] [stdout]     |
[INFO] [stdout]     = note: expected type `i64`
[INFO] [stdout]                found enum `Result<i64, error::Error>`
[INFO] [stdout] 
[INFO] [stdout] 
[INFO] [stdout] error[E0599]: no method named `lexer` found for mutable reference `&mut Parser<T>` in the current scope
[INFO] [stdout]    --> src/xref.rs:189:45
[INFO] [stdout]     |
[INFO] [stdout] 189 |             table_state.stream_pos = parser.lexer().stream().pos();
[INFO] [stdout]     |                                             ^^^^^ private field, not a method
[INFO] [stdout] 
[INFO] [stdout] 
[INFO] [stdout] error[E0599]: no method named `lexer` found for mutable reference `&mut Parser<T>` in the current scope
[INFO] [stdout]    --> src/xref.rs:189:45
[INFO] [stdout]     |
[INFO] [stdout] 189 |             table_state.stream_pos = parser.lexer().stream().pos();
[INFO] [stdout]     |                                             ^^^^^ private field, not a method
[INFO] [stdout] 
[INFO] [stdout] 
[INFO] [stdout] error[E0599]: no method named `get` found for unit type `()` in the current scope
[INFO] [stdout]   --> src/xref.rs:46:31
[INFO] [stdout]    |
[INFO] [stdout] 46 |         let root = trait_dict.get("Root");
[INFO] [stdout]    |                               ^^^ method not found in `()`
[INFO] [stdout] 
[INFO] [stdout] 
[INFO] [stdout] error[E0599]: the method `clone` exists for struct `stream::Stream<T>`, but its trait bounds were not satisfied
[INFO] [stdout]   --> src/xref.rs:68:48
[INFO] [stdout]    |
[INFO] [stdout] 68 |             let lexer = Lexer::new(self.stream.clone());
[INFO] [stdout]    |                                                ^^^^^ method cannot be called on `stream::Stream<T>` due to unsatisfied trait bounds
[INFO] [stdout]    | 
[INFO] [stdout]   ::: src/stream.rs:12:1
[INFO] [stdout]    |
[INFO] [stdout] 12 | pub struct Stream<T> {
[INFO] [stdout]    | --------------------
[INFO] [stdout]    | |
[INFO] [stdout]    | method `clone` not found for this
[INFO] [stdout]    | doesn't satisfy `stream::Stream<T>: Clone`
[INFO] [stdout]    |
[INFO] [stdout]    = note: the following trait bounds were not satisfied:
[INFO] [stdout]            `T: Clone`
[INFO] [stdout]            which is required by `stream::Stream<T>: Clone`
[INFO] [stdout] help: consider restricting the type parameter to satisfy the trait bound
[INFO] [stdout]    |
[INFO] [stdout] 12 | pub struct Stream<T> where T: Clone {
[INFO] [stdout]    |                      ^^^^^^^^^^^^^^
[INFO] [stdout] 
[INFO] [stdout] 
[INFO] [stdout] error[E0609]: no field `top_dict` on type `&mut XRef<T>`
[INFO] [stdout]   --> src/xref.rs:74:25
[INFO] [stdout]    |
[INFO] [stdout] 74 |                 if self.top_dict.is_none() {
[INFO] [stdout]    |                         ^^^^^^^^ unknown field
[INFO] [stdout]    |
[INFO] [stdout]    = note: available fields are: `stream`, `startxref_queue`, `password`, `table_state`, `entries`
[INFO] [stdout] 
[INFO] [stdout] 
[INFO] [stdout] error[E0609]: no field `top_dict` on type `&mut XRef<T>`
[INFO] [stdout]   --> src/xref.rs:75:26
[INFO] [stdout]    |
[INFO] [stdout] 75 |                     self.top_dict = dict;
[INFO] [stdout]    |                          ^^^^^^^^ unknown field
[INFO] [stdout]    |
[INFO] [stdout]    = note: available fields are: `stream`, `startxref_queue`, `password`, `table_state`, `entries`
[INFO] [stdout] 
[INFO] [stdout] 
[INFO] [stdout] error[E0599]: no method named `lexer` found for struct `Parser` in the current scope
[INFO] [stdout]   --> src/xref.rs:84:32
[INFO] [stdout]    |
[INFO] [stdout] 84 |             stream_pos: parser.lexer().stream().pos(),
[INFO] [stdout]    |                                ^^^^^ private field, not a method
[INFO] [stdout]    | 
[INFO] [stdout]   ::: src/parser.rs:13:1
[INFO] [stdout]    |
[INFO] [stdout] 13 | pub struct Parser<T> {
[INFO] [stdout]    | -------------------- method `lexer` not found for this
[INFO] [stdout] 
[INFO] [stdout] 
[INFO] [stdout] error[E0599]: no method named `get` found for unit type `()` in the current scope
[INFO] [stdout]   --> src/xref.rs:46:31
[INFO] [stdout]    |
[INFO] [stdout] 46 |         let root = trait_dict.get("Root");
[INFO] [stdout]    |                               ^^^ method not found in `()`
[INFO] [stdout] 
[INFO] [stdout] 
[INFO] [stdout] error[E0599]: the method `clone` exists for struct `stream::Stream<T>`, but its trait bounds were not satisfied
[INFO] [stdout]   --> src/xref.rs:68:48
[INFO] [stdout]    |
[INFO] [stdout] 68 |             let lexer = Lexer::new(self.stream.clone());
[INFO] [stdout]    |                                                ^^^^^ method cannot be called on `stream::Stream<T>` due to unsatisfied trait bounds
[INFO] [stdout]    | 
[INFO] [stdout]   ::: src/stream.rs:12:1
[INFO] [stdout]    |
[INFO] [stdout] 12 | pub struct Stream<T> {
[INFO] [stdout]    | --------------------
[INFO] [stdout]    | |
[INFO] [stdout]    | method `clone` not found for this
[INFO] [stdout]    | doesn't satisfy `stream::Stream<T>: Clone`
[INFO] [stdout]    |
[INFO] [stdout]    = note: the following trait bounds were not satisfied:
[INFO] [stdout]            `T: Clone`
[INFO] [stdout]            which is required by `stream::Stream<T>: Clone`
[INFO] [stdout] help: consider restricting the type parameter to satisfy the trait bound
[INFO] [stdout]    |
[INFO] [stdout] 12 | pub struct Stream<T> where T: Clone {
[INFO] [stdout]    |                      ^^^^^^^^^^^^^^
[INFO] [stdout] 
[INFO] [stdout] 
[INFO] [stdout] error[E0609]: no field `top_dict` on type `&mut XRef<T>`
[INFO] [stdout]   --> src/xref.rs:74:25
[INFO] [stdout]    |
[INFO] [stdout] 74 |                 if self.top_dict.is_none() {
[INFO] [stdout]    |                         ^^^^^^^^ unknown field
[INFO] [stdout]    |
[INFO] [stdout]    = note: available fields are: `stream`, `startxref_queue`, `password`, `table_state`, `entries`
[INFO] [stdout] 
[INFO] [stdout] 
[INFO] [stdout] error[E0609]: no field `top_dict` on type `&mut XRef<T>`
[INFO] [stdout]   --> src/xref.rs:75:26
[INFO] [stdout]    |
[INFO] [stdout] 75 |                     self.top_dict = dict;
[INFO] [stdout]    |                          ^^^^^^^^ unknown field
[INFO] [stdout]    |
[INFO] [stdout]    = note: available fields are: `stream`, `startxref_queue`, `password`, `table_state`, `entries`
[INFO] [stdout] 
[INFO] [stdout] 
[INFO] [stdout] error[E0599]: no method named `lexer` found for reference `&Parser<T>` in the current scope
[INFO] [stdout]    --> src/xref.rs:218:32
[INFO] [stdout]     |
[INFO] [stdout] 218 |             stream_pos: parser.lexer().stream().pos(),
[INFO] [stdout]     |                                ^^^^^ private field, not a method
[INFO] [stdout] 
[INFO] [stdout] 
[INFO] [stdout] error[E0599]: no method named `lexer` found for struct `Parser` in the current scope
[INFO] [stdout]   --> src/xref.rs:84:32
[INFO] [stdout]    |
[INFO] [stdout] 84 |             stream_pos: parser.lexer().stream().pos(),
[INFO] [stdout]    |                                ^^^^^ private field, not a method
[INFO] [stdout]    | 
[INFO] [stdout]   ::: src/parser.rs:13:1
[INFO] [stdout]    |
[INFO] [stdout] 13 | pub struct Parser<T> {
[INFO] [stdout]    | -------------------- method `lexer` not found for this
[INFO] [stdout] 
[INFO] [stdout] 
[INFO] [stdout] error: aborting due to 12 previous errors; 7 warnings emitted
[INFO] [stdout] 
[INFO] [stdout] 
[INFO] [stdout] Some errors have detailed explanations: E0308, E0599, E0609.
[INFO] [stdout] 
[INFO] [stdout] For more information about an error, try `rustc --explain E0308`.
[INFO] [stdout] 
[INFO] [stderr] error: could not compile `pdfbat` due to 13 previous errors; 7 warnings emitted
[INFO] [stderr] warning: build failed, waiting for other jobs to finish...
[INFO] [stdout] error[E0599]: no method named `lexer` found for reference `&Parser<T>` in the current scope
[INFO] [stdout]    --> src/xref.rs:218:32
[INFO] [stdout]     |
[INFO] [stdout] 218 |             stream_pos: parser.lexer().stream().pos(),
[INFO] [stdout]     |                                ^^^^^ private field, not a method
[INFO] [stdout] 
[INFO] [stdout] 
[INFO] [stdout] error: aborting due to 12 previous errors; 6 warnings emitted
[INFO] [stdout] 
[INFO] [stdout] 
[INFO] [stdout] Some errors have detailed explanations: E0308, E0599, E0609.
[INFO] [stdout] 
[INFO] [stdout] For more information about an error, try `rustc --explain E0308`.
[INFO] [stdout] 
[INFO] [stderr] error: build failed
[INFO] running `Command { std: "docker" "inspect" "eb623d450775684250e24771a383e95b50802813175ef2aabd47f4f6f783e280", kill_on_drop: false }`
[INFO] running `Command { std: "docker" "rm" "-f" "eb623d450775684250e24771a383e95b50802813175ef2aabd47f4f6f783e280", kill_on_drop: false }`
[INFO] [stdout] eb623d450775684250e24771a383e95b50802813175ef2aabd47f4f6f783e280
