[INFO] cloning repository https://github.com/yeliknewo/squack
[INFO] running `Command { std: "git" "-c" "credential.helper=" "-c" "credential.helper=/workspace/cargo-home/bin/git-credential-null" "clone" "--bare" "https://github.com/yeliknewo/squack" "/workspace/cache/git-repos/https%3A%2F%2Fgithub.com%2Fyeliknewo%2Fsquack", kill_on_drop: false }`
[INFO] [stderr] Cloning into bare repository '/workspace/cache/git-repos/https%3A%2F%2Fgithub.com%2Fyeliknewo%2Fsquack'...
[INFO] running `Command { std: "git" "rev-parse" "HEAD", kill_on_drop: false }`
[INFO] [stdout] 1b216c57b83acfe48fcba558f3692c8f6bab4b39
[INFO] checking yeliknewo/squack against 1.55.0 for beta-1.56-3
[INFO] running `Command { std: "git" "clone" "/workspace/cache/git-repos/https%3A%2F%2Fgithub.com%2Fyeliknewo%2Fsquack" "/workspace/builds/worker-13/source", kill_on_drop: false }`
[INFO] [stderr] Cloning into '/workspace/builds/worker-13/source'...
[INFO] [stderr] done.
[INFO] validating manifest of git repo https://github.com/yeliknewo/squack on toolchain 1.55.0
[INFO] running `Command { std: "/workspace/cargo-home/bin/cargo" "+1.55.0" "metadata" "--manifest-path" "Cargo.toml" "--no-deps", kill_on_drop: false }`
[INFO] started tweaking git repo https://github.com/yeliknewo/squack
[INFO] finished tweaking git repo https://github.com/yeliknewo/squack
[INFO] tweaked toml for git repo https://github.com/yeliknewo/squack written to /workspace/builds/worker-13/source/Cargo.toml
[INFO] crate git repo https://github.com/yeliknewo/squack already has a lockfile, it will not be regenerated
[INFO] running `Command { std: "/workspace/cargo-home/bin/cargo" "+1.55.0" "fetch" "--manifest-path" "Cargo.toml", kill_on_drop: false }`
[INFO] [stderr]     Blocking waiting for file lock on package cache
[INFO] [stderr]  Downloading crates ...
[INFO] [stderr]   Downloaded ncollide_procedural v0.4.0
[INFO] [stderr]   Downloaded ncollide_math v0.4.0
[INFO] [stderr]   Downloaded itertools v0.4.15
[INFO] [stderr]   Downloaded png v0.5.1
[INFO] [stderr]   Downloaded pistoncore-event_loop v0.22.1
[INFO] [stderr]   Downloaded piston v0.22.1
[INFO] [stderr]   Downloaded gleam v0.2.19
[INFO] [stderr]   Downloaded x11-dl v2.5.1
[INFO] [stderr]   Downloaded pistoncore-glutin_window v0.26.1
[INFO] [stderr]   Downloaded serde v0.7.7
[INFO] [stderr]   Downloaded odds v0.2.14
[INFO] [stderr]   Downloaded osmesa-sys v0.1.0
[INFO] [stderr]   Downloaded nalgebra v0.8.2
[INFO] [stderr]   Downloaded ncollide_utils v0.4.0
[INFO] [stderr]   Downloaded ncollide_pipeline v0.8.1
[INFO] [stderr]   Downloaded ncollide v0.9.1
[INFO] [stderr]   Downloaded glutin v0.5.2
[INFO] [stderr]   Downloaded ncollide_transformation v0.4.0
[INFO] [stderr]   Downloaded ncollide_geometry v0.1.1
[INFO] [stderr]   Downloaded piston_window v0.47.2
[INFO] running `Command { std: "docker" "create" "-v" "/var/lib/crater-agent-workspace/builds/worker-13/target:/opt/rustwide/target:rw,Z" "-v" "/var/lib/crater-agent-workspace/builds/worker-13/source:/opt/rustwide/workdir:ro,Z" "-v" "/var/lib/crater-agent-workspace/cargo-home:/opt/rustwide/cargo-home:ro,Z" "-v" "/var/lib/crater-agent-workspace/rustup-home:/opt/rustwide/rustup-home:ro,Z" "-e" "SOURCE_DIR=/opt/rustwide/workdir" "-e" "CARGO_TARGET_DIR=/opt/rustwide/target" "-e" "CARGO_HOME=/opt/rustwide/cargo-home" "-e" "RUSTUP_HOME=/opt/rustwide/rustup-home" "-w" "/opt/rustwide/workdir" "-m" "1610612736" "--user" "0:0" "--network" "none" "ghcr.io/rust-lang/crates-build-env/linux@sha256:a89201d6b5b9fd45c15d5952ece0a0129e7e80cb26ec023fd59cf09bc26f1604" "/opt/rustwide/cargo-home/bin/cargo" "+1.55.0" "metadata" "--no-deps" "--format-version=1", kill_on_drop: false }`
[INFO] [stdout] 6a7984986e760acbd309f9d2b67dfcbb59664a585522e40ae4c5687c12fb231a
[INFO] [stderr] WARNING: Your kernel does not support swap limit capabilities or the cgroup is not mounted. Memory limited without swap.
[INFO] running `Command { std: "docker" "start" "-a" "6a7984986e760acbd309f9d2b67dfcbb59664a585522e40ae4c5687c12fb231a", kill_on_drop: false }`
[INFO] running `Command { std: "docker" "inspect" "6a7984986e760acbd309f9d2b67dfcbb59664a585522e40ae4c5687c12fb231a", kill_on_drop: false }`
[INFO] running `Command { std: "docker" "rm" "-f" "6a7984986e760acbd309f9d2b67dfcbb59664a585522e40ae4c5687c12fb231a", kill_on_drop: false }`
[INFO] [stdout] 6a7984986e760acbd309f9d2b67dfcbb59664a585522e40ae4c5687c12fb231a
[INFO] running `Command { std: "docker" "create" "-v" "/var/lib/crater-agent-workspace/builds/worker-13/target:/opt/rustwide/target:rw,Z" "-v" "/var/lib/crater-agent-workspace/builds/worker-13/source:/opt/rustwide/workdir:ro,Z" "-v" "/var/lib/crater-agent-workspace/cargo-home:/opt/rustwide/cargo-home:ro,Z" "-v" "/var/lib/crater-agent-workspace/rustup-home:/opt/rustwide/rustup-home:ro,Z" "-e" "SOURCE_DIR=/opt/rustwide/workdir" "-e" "CARGO_TARGET_DIR=/opt/rustwide/target" "-e" "CARGO_INCREMENTAL=0" "-e" "RUST_BACKTRACE=full" "-e" "RUSTFLAGS=--cap-lints=warn" "-e" "CARGO_HOME=/opt/rustwide/cargo-home" "-e" "RUSTUP_HOME=/opt/rustwide/rustup-home" "-w" "/opt/rustwide/workdir" "-m" "1610612736" "--user" "0:0" "--network" "none" "ghcr.io/rust-lang/crates-build-env/linux@sha256:a89201d6b5b9fd45c15d5952ece0a0129e7e80cb26ec023fd59cf09bc26f1604" "/opt/rustwide/cargo-home/bin/cargo" "+1.55.0" "check" "--frozen" "--all" "--all-targets" "--message-format=json", kill_on_drop: false }`
[INFO] [stdout] c678d14eaa7b2144d86d2af1b08e9fa8c6f4675d211272e8c9933b2b2a7de061
[INFO] [stderr] WARNING: Your kernel does not support swap limit capabilities or the cgroup is not mounted. Memory limited without swap.
[INFO] running `Command { std: "docker" "start" "-a" "c678d14eaa7b2144d86d2af1b08e9fa8c6f4675d211272e8c9933b2b2a7de061", kill_on_drop: false }`
[INFO] [stderr]     Blocking waiting for file lock on package cache
[INFO] [stderr]     Checking rustc-serialize v0.3.19
[INFO] [stderr]     Checking bitflags v0.6.0
[INFO] [stderr]     Checking piston-float v0.2.0
[INFO] [stderr]     Checking lazy_static v0.2.1
[INFO] [stderr]    Compiling libloading v0.2.2
[INFO] [stderr]    Compiling gcc v0.3.28
[INFO] [stderr]     Checking crossbeam v0.2.9
[INFO] [stderr]     Checking shader_version v0.2.1
[INFO] [stderr]     Checking inflate v0.1.1
[INFO] [stderr]     Checking odds v0.2.14
[INFO] [stderr]    Compiling x11-dl v2.5.1
[INFO] [stderr]     Checking itertools v0.4.15
[INFO] [stderr]     Checking piston-texture v0.4.0
[INFO] [stderr]     Checking linked-hash-map v0.0.9
[INFO] [stderr]     Checking interpolation v0.1.0
[INFO] [stderr]     Checking read_color v0.1.0
[INFO] [stderr]     Checking piston-shaders_graphics2d v0.2.1
[INFO] [stderr]     Checking rand v0.3.14
[INFO] [stderr]     Checking num_cpus v0.2.12
[INFO] [stderr]    Compiling xml-rs v0.3.4
[INFO] [stderr]     Checking shared_library v0.1.4
[INFO] [stderr]     Checking gif v0.8.0
[INFO] [stderr]     Checking stb_truetype v0.2.0
[INFO] [stderr]     Checking piston-viewport v0.2.0
[INFO] [stderr]     Checking vecmath v0.2.0
[INFO] [stdout] error[E0642]: patterns aren't allowed in functions without bodies
[INFO] [stdout]    --> /opt/rustwide/cargo-home/registry/src/github.com-1ecc6299db9ec823/rustc-serialize-0.3.19/src/serialize.rs:147:45
[INFO] [stdout]     |
[INFO] [stdout] 147 | ...                   &f_name: &str,
[INFO] [stdout]     |                       ^^^^^^^ pattern not allowed in function without body
[INFO] [stdout] 
[INFO] [stdout] 
[INFO] [stderr]     Checking draw_state v0.6.0
[INFO] [stderr]     Checking nodrop v0.1.6
[INFO] [stderr]    Compiling tempfile v2.1.3
[INFO] [stderr]    Compiling ndarray v0.3.1
[INFO] [stderr]     Checking osmesa-sys v0.1.0
[INFO] [stderr]     Checking fs2 v0.2.4
[INFO] [stderr]     Checking arrayvec v0.3.16
[INFO] [stderr]     Checking memmap v0.2.3
[INFO] [stderr]     Checking piston2d-graphics v0.16.0
[INFO] [stderr]     Checking gfx_core v0.3.1
[INFO] [stderr]     Checking dlib v0.3.0
[INFO] [stderr]    Compiling miniz-sys v0.1.7
[INFO] [stderr]     Checking deque v0.3.1
[INFO] [stderr]     Checking wayland-sys v0.5.11
[INFO] [stderr]     Checking rayon v0.3.1
[INFO] [stderr]    Compiling gl_generator v0.5.1
[INFO] [stderr]    Compiling wayland-scanner v0.5.11
[INFO] [stdout] error[E0277]: the size for values of type `Self` cannot be known at compilation time
[INFO] [stdout]   --> /opt/rustwide/cargo-home/registry/src/github.com-1ecc6299db9ec823/rayon-0.3.1/src/par_iter/internal.rs:25:40
[INFO] [stdout]    |
[INFO] [stdout] 25 |     fn split_at(self, index: usize) -> (Self, Self);
[INFO] [stdout]    |                                        ^^^^^^^^^^^^ doesn't have a size known at compile-time
[INFO] [stdout]    |
[INFO] [stdout]    = note: only the last element of a tuple may have a dynamically sized type
[INFO] [stdout] help: consider further restricting `Self`
[INFO] [stdout]    |
[INFO] [stdout] 25 |     fn split_at(self, index: usize) -> (Self, Self) where Self: Sized;
[INFO] [stdout]    |                                                     ^^^^^^^^^^^^^^^^^
[INFO] [stdout] 
[INFO] [stdout] 
[INFO] [stdout] error[E0277]: the size for values of type `Self` cannot be known at compilation time
[INFO] [stdout]   --> /opt/rustwide/cargo-home/registry/src/github.com-1ecc6299db9ec823/rayon-0.3.1/src/par_iter/internal.rs:42:40
[INFO] [stdout]    |
[INFO] [stdout] 42 |     fn split_at(self, index: usize) -> (Self, Self, Self::Reducer);
[INFO] [stdout]    |                                        ^^^^^^^^^^^^^^^^^^^^^^^^^^^ doesn't have a size known at compile-time
[INFO] [stdout]    |
[INFO] [stdout]    = note: only the last element of a tuple may have a dynamically sized type
[INFO] [stdout] help: consider further restricting `Self`
[INFO] [stdout]    |
[INFO] [stdout] 42 |     fn split_at(self, index: usize) -> (Self, Self, Self::Reducer) where Self: Sized;
[INFO] [stdout]    |                                                                    ^^^^^^^^^^^^^^^^^
[INFO] [stdout] 
[INFO] [stdout] 
[INFO] [stdout] error: aborting due to previous error
[INFO] [stdout] 
[INFO] [stdout] 
[INFO] [stdout] For more information about this error, try `rustc --explain E0642`.
[INFO] [stdout] 
[INFO] [stderr] error: could not compile `rustc-serialize` due to 2 previous errors
[INFO] [stderr] warning: build failed, waiting for other jobs to finish...
[INFO] [stdout] error: aborting due to 2 previous errors
[INFO] [stdout] 
[INFO] [stdout] 
[INFO] [stdout] For more information about this error, try `rustc --explain E0277`.
[INFO] [stdout] 
[INFO] [stderr] error: build failed
[INFO] running `Command { std: "docker" "inspect" "c678d14eaa7b2144d86d2af1b08e9fa8c6f4675d211272e8c9933b2b2a7de061", kill_on_drop: false }`
[INFO] running `Command { std: "docker" "rm" "-f" "c678d14eaa7b2144d86d2af1b08e9fa8c6f4675d211272e8c9933b2b2a7de061", kill_on_drop: false }`
[INFO] [stdout] c678d14eaa7b2144d86d2af1b08e9fa8c6f4675d211272e8c9933b2b2a7de061
