[INFO] cloning repository https://github.com/yeeco/yeeroot
[INFO] running `Command { std: "git" "-c" "credential.helper=" "-c" "credential.helper=/workspace/cargo-home/bin/git-credential-null" "clone" "--bare" "https://github.com/yeeco/yeeroot" "/workspace/cache/git-repos/https%3A%2F%2Fgithub.com%2Fyeeco%2Fyeeroot", kill_on_drop: false }`
[INFO] [stderr] Cloning into bare repository '/workspace/cache/git-repos/https%3A%2F%2Fgithub.com%2Fyeeco%2Fyeeroot'...
[INFO] running `Command { std: "git" "rev-parse" "HEAD", kill_on_drop: false }`
[INFO] [stdout] e5b55934bc0a24abf2907ac6b278e144b62b4d8f
[INFO] checking yeeco/yeeroot against 1.55.0 for beta-1.56-3
[INFO] running `Command { std: "git" "clone" "/workspace/cache/git-repos/https%3A%2F%2Fgithub.com%2Fyeeco%2Fyeeroot" "/workspace/builds/worker-14/source", kill_on_drop: false }`
[INFO] [stderr] Cloning into '/workspace/builds/worker-14/source'...
[INFO] [stderr] done.
[INFO] validating manifest of git repo https://github.com/yeeco/yeeroot on toolchain 1.55.0
[INFO] running `Command { std: "/workspace/cargo-home/bin/cargo" "+1.55.0" "metadata" "--manifest-path" "Cargo.toml" "--no-deps", kill_on_drop: false }`
[INFO] started tweaking git repo https://github.com/yeeco/yeeroot
[INFO] finished tweaking git repo https://github.com/yeeco/yeeroot
[INFO] tweaked toml for git repo https://github.com/yeeco/yeeroot written to /workspace/builds/worker-14/source/Cargo.toml
[INFO] crate git repo https://github.com/yeeco/yeeroot already has a lockfile, it will not be regenerated
[INFO] running `Command { std: "/workspace/cargo-home/bin/cargo" "+1.55.0" "fetch" "--manifest-path" "Cargo.toml", kill_on_drop: false }`
[INFO] [stderr]     Blocking waiting for file lock on package cache
[INFO] [stderr]     Blocking waiting for file lock on package cache
[INFO] running `Command { std: "docker" "create" "-v" "/var/lib/crater-agent-workspace/builds/worker-14/target:/opt/rustwide/target:rw,Z" "-v" "/var/lib/crater-agent-workspace/builds/worker-14/source:/opt/rustwide/workdir:ro,Z" "-v" "/var/lib/crater-agent-workspace/cargo-home:/opt/rustwide/cargo-home:ro,Z" "-v" "/var/lib/crater-agent-workspace/rustup-home:/opt/rustwide/rustup-home:ro,Z" "-e" "SOURCE_DIR=/opt/rustwide/workdir" "-e" "CARGO_TARGET_DIR=/opt/rustwide/target" "-e" "CARGO_HOME=/opt/rustwide/cargo-home" "-e" "RUSTUP_HOME=/opt/rustwide/rustup-home" "-w" "/opt/rustwide/workdir" "-m" "1610612736" "--user" "0:0" "--network" "none" "ghcr.io/rust-lang/crates-build-env/linux@sha256:a89201d6b5b9fd45c15d5952ece0a0129e7e80cb26ec023fd59cf09bc26f1604" "/opt/rustwide/cargo-home/bin/cargo" "+1.55.0" "metadata" "--no-deps" "--format-version=1", kill_on_drop: false }`
[INFO] [stdout] 4b9ee4353c5e7bda03df0fde2cd3809b070108834609c460466956f644e4887c
[INFO] [stderr] WARNING: Your kernel does not support swap limit capabilities or the cgroup is not mounted. Memory limited without swap.
[INFO] running `Command { std: "docker" "start" "-a" "4b9ee4353c5e7bda03df0fde2cd3809b070108834609c460466956f644e4887c", kill_on_drop: false }`
[INFO] running `Command { std: "docker" "inspect" "4b9ee4353c5e7bda03df0fde2cd3809b070108834609c460466956f644e4887c", kill_on_drop: false }`
[INFO] running `Command { std: "docker" "rm" "-f" "4b9ee4353c5e7bda03df0fde2cd3809b070108834609c460466956f644e4887c", kill_on_drop: false }`
[INFO] [stdout] 4b9ee4353c5e7bda03df0fde2cd3809b070108834609c460466956f644e4887c
[INFO] running `Command { std: "docker" "create" "-v" "/var/lib/crater-agent-workspace/builds/worker-14/target:/opt/rustwide/target:rw,Z" "-v" "/var/lib/crater-agent-workspace/builds/worker-14/source:/opt/rustwide/workdir:ro,Z" "-v" "/var/lib/crater-agent-workspace/cargo-home:/opt/rustwide/cargo-home:ro,Z" "-v" "/var/lib/crater-agent-workspace/rustup-home:/opt/rustwide/rustup-home:ro,Z" "-e" "SOURCE_DIR=/opt/rustwide/workdir" "-e" "CARGO_TARGET_DIR=/opt/rustwide/target" "-e" "CARGO_INCREMENTAL=0" "-e" "RUST_BACKTRACE=full" "-e" "RUSTFLAGS=--cap-lints=warn" "-e" "CARGO_HOME=/opt/rustwide/cargo-home" "-e" "RUSTUP_HOME=/opt/rustwide/rustup-home" "-w" "/opt/rustwide/workdir" "-m" "1610612736" "--user" "0:0" "--network" "none" "ghcr.io/rust-lang/crates-build-env/linux@sha256:a89201d6b5b9fd45c15d5952ece0a0129e7e80cb26ec023fd59cf09bc26f1604" "/opt/rustwide/cargo-home/bin/cargo" "+1.55.0" "check" "--frozen" "--all" "--all-targets" "--message-format=json", kill_on_drop: false }`
[INFO] [stdout] f9684ff185e2d4dc9e8dae778c015f292eacc5d4c74347ec875246953ad0fa23
[INFO] [stderr] WARNING: Your kernel does not support swap limit capabilities or the cgroup is not mounted. Memory limited without swap.
[INFO] running `Command { std: "docker" "start" "-a" "f9684ff185e2d4dc9e8dae778c015f292eacc5d4c74347ec875246953ad0fa23", kill_on_drop: false }`
[INFO] [stderr]    Compiling libc v0.2.58
[INFO] [stderr]    Compiling byteorder v1.3.2
[INFO] [stderr]    Compiling syn v0.15.38
[INFO] [stderr]    Compiling lazy_static v1.3.0
[INFO] [stderr]    Compiling rayon-core v1.5.0
[INFO] [stderr]    Compiling either v1.5.2
[INFO] [stderr]    Compiling serde v1.0.99
[INFO] [stderr]     Checking futures v0.1.27
[INFO] [stderr]     Checking opaque-debug v0.2.2
[INFO] [stderr]     Checking rustc-demangle v0.1.15
[INFO] [stderr]    Compiling subtle v2.1.0
[INFO] [stderr]    Compiling memchr v2.2.0
[INFO] [stderr]     Checking spin v0.5.0
[INFO] [stderr]    Compiling regex v1.1.7
[INFO] [stderr]     Checking utf8-ranges v1.0.3
[INFO] [stderr]    Compiling proc-macro-hack-impl v0.4.2
[INFO] [stderr]     Checking hash-db v0.12.4
[INFO] [stderr]     Checking static_assertions v0.2.5
[INFO] [stderr]     Checking hashmap_core v0.1.10
[INFO] [stderr]    Compiling ryu v0.2.8
[INFO] [stderr]     Checking environmental v1.0.1
[INFO] [stderr]     Checking integer-sqrt v0.1.2
[INFO] [stderr]    Compiling protobuf v2.6.2
[INFO] [stderr]     Checking bs58 v0.2.2
[INFO] [stderr]     Checking data-encoding v2.1.2
[INFO] [stderr]     Checking zeroize v0.5.2
[INFO] [stderr]    Compiling openssl v0.10.23
[INFO] [stderr]    Compiling constant_time_eq v0.1.3
[INFO] [stderr]    Compiling crunchy v0.1.6
[INFO] [stderr]     Checking quick-error v0.1.4
[INFO] [stderr]     Checking nohash-hasher v0.1.1
[INFO] [stderr]     Checking static_slice v0.0.3
[INFO] [stderr]    Compiling unicode-segmentation v1.3.0
[INFO] [stderr]    Compiling slog v2.4.1
[INFO] [stderr]     Checking parity-bytes v0.1.0 (https://github.com/paritytech/parity-common?rev=b0317f649ab2c665b7987b8475878fc4d2e1f81d#b0317f64)
[INFO] [stderr]     Checking strum v0.14.0
[INFO] [stderr]    Compiling quick-error v1.2.2
[INFO] [stderr]    Compiling bindgen v0.47.3
[INFO] [stderr]    Compiling termcolor v1.0.5
[INFO] [stderr]     Checking interleaved-ordered v0.1.1
[INFO] [stderr]     Checking target_info v0.1.0
[INFO] [stderr]    Compiling doc-comment v0.3.1
[INFO] [stderr]    Compiling sysinfo v0.8.6
[INFO] [stderr]    Compiling num-bigint v0.2.2
[INFO] [stderr]     Checking bech32 v0.7.1
[INFO] [stderr]    Compiling winapi v0.3.7
[INFO] [stderr]     Checking mio-named-pipes v0.1.6
[INFO] [stderr]     Checking arc-swap v0.4.3
[INFO] [stderr]     Checking rand_core v0.3.1
[INFO] [stderr]    Compiling rand v0.6.5
[INFO] [stderr]    Compiling backtrace v0.3.31
[INFO] [stderr]    Compiling num-integer v0.1.41
[INFO] [stderr]     Checking crossbeam-utils v0.6.5
[INFO] [stderr]     Checking thread_local v0.3.6
[INFO] [stderr]     Checking tokio-trace-core v0.2.0
[INFO] [stderr]     Checking owning_ref v0.3.3
[INFO] [stderr]     Checking regex-syntax v0.6.7
[INFO] [stderr]    Compiling error-chain v0.12.1
[INFO] [stderr]    Compiling nom v4.2.3
[INFO] [stderr]    Compiling unicase v2.4.0
[INFO] [stderr]     Checking humantime v1.2.0
[INFO] [stderr]     Checking trie-root v0.12.4
[INFO] [stderr]    Compiling clang-sys v0.26.4
[INFO] [stderr]     Checking linked_hash_set v0.1.3
[INFO] [stderr]    Compiling hashbrown v0.8.0
[INFO] [stderr]     Checking app_dirs v1.2.1
[INFO] [stderr]    Compiling proc-macro-hack v0.4.2
[INFO] [stderr]     Checking log v0.3.9
[INFO] [stderr]    Compiling heck v0.3.1
[INFO] [stderr]    Compiling typenum v1.10.0
[INFO] [stderr]     Checking rand_isaac v0.1.1
[INFO] [stderr]     Checking rand_xorshift v0.1.1
[INFO] [stderr]     Checking rand_hc v0.1.0
[INFO] [stderr]     Checking tokio-sync v0.1.6
[INFO] [stderr]     Checking want v0.0.6
[INFO] [stderr]     Checking tokio-service v0.1.0
[INFO] [stderr]     Checking want v0.0.4
[INFO] [stderr]     Checking relay v0.1.1
[INFO] [stderr]    Compiling bitflags v1.1.0
[INFO] [stderr]    Compiling crossbeam-queue v0.1.2
[INFO] [stderr]     Checking tokio-executor v0.1.7
[INFO] [stderr]     Checking crossbeam-channel v0.3.8
[INFO] [stderr]    Compiling crossbeam-epoch v0.7.1
[INFO] [stderr]    Compiling blake2-rfc v0.2.18
[INFO] [stderr]     Checking rand_chacha v0.1.1
[INFO] [stderr]    Compiling num-traits v0.2.8
[INFO] [stderr]    Compiling sr-std v1.0.0 (https://github.com/yeeco/substrate.git?branch=yee-v1.0#8a6898ea)
[INFO] [stderr]    Compiling sr-io v1.0.0 (https://github.com/yeeco/substrate.git?branch=yee-v1.0#8a6898ea)
[INFO] [stderr]    Compiling snow v0.5.2
[INFO] [stderr]    Compiling safe-mix v1.0.0
[INFO] [stderr]     Checking generic-array v0.12.0
[INFO] [stderr]    Compiling hex-literal-impl v0.1.2
[INFO] [stderr]     Checking mime v0.2.6
[INFO] [stderr]     Checking elastic-array v0.10.2
[INFO] [stderr]     Checking hash256-std-hasher v0.12.4
[INFO] [stderr]     Checking tiny-keccak v1.4.4
[INFO] [stderr]     Checking tokio-timer v0.2.11
[INFO] [stderr]     Checking tokio-current-thread v0.1.6
[INFO] [stderr]     Checking parity-wasm v0.31.3
[INFO] [stderr]     Checking hashbrown v0.1.8
[INFO] [stderr]     Checking uint v0.7.1
[INFO] [stderr]     Checking base64 v0.9.3
[INFO] [stderr]     Checking base64 v0.10.1
[INFO] [stderr]     Checking dns-parser v0.8.0
[INFO] [stderr]     Checking bigint v4.4.1
[INFO] [stderr]     Checking aho-corasick v0.7.3
[INFO] [stderr]     Checking bstr v0.1.4
[INFO] [stderr]     Checking rand_os v0.1.3
[INFO] [stderr]     Checking iovec v0.1.2
[INFO] [stderr]     Checking rand v0.4.6
[INFO] [stderr]     Checking num_cpus v1.10.1
[INFO] [stderr]     Checking rand v0.5.6
[INFO] [stderr]     Checking net2 v0.2.33
[INFO] [stderr]     Checking time v0.1.42
[INFO] [stderr]     Checking get_if_addrs v0.5.3
[INFO] [stderr]     Checking fs-swap v0.2.4
[INFO] [stderr]     Checking atty v0.2.11
[INFO] [stderr]     Checking fdlimit v0.1.1
[INFO] [stderr]     Checking socket2 v0.3.10
[INFO] [stderr]     Checking nix v0.14.1
[INFO] [stderr]     Checking signal-hook-registry v1.1.1
[INFO] [stderr]    Compiling crossbeam-deque v0.6.3
[INFO] [stderr]     Checking crossbeam-deque v0.7.1
[INFO] [stderr]     Checking digest v0.6.2
[INFO] [stderr]     Checking crypto-mac v0.4.0
[INFO] [stderr]     Checking block-buffer v0.2.0
[INFO] [stderr]     Checking digest v0.8.0
[INFO] [stderr]     Checking block-buffer v0.7.3
[INFO] [stderr]     Checking crypto-mac v0.7.0
[INFO] [stderr]     Checking block-cipher-trait v0.6.2
[INFO] [stderr]     Checking stream-cipher v0.3.0
[INFO] [stderr]     Checking slog-async v2.3.0
[INFO] [stderr]     Checking kvdb v0.1.0 (https://github.com/paritytech/parity-common?rev=b0317f649ab2c665b7987b8475878fc4d2e1f81d#b0317f64)
[INFO] [stderr]     Checking hex-literal v0.1.4
[INFO] [stderr]     Checking bytes v0.4.12
[INFO] [stderr]     Checking futures-cpupool v0.1.8
[INFO] [stderr]     Checking clap v2.32.0
[INFO] [stderr]     Checking mio v0.6.19
[INFO] [stderr]     Checking hyper v0.10.16
[INFO] [stderr]     Checking chrono v0.4.6
[INFO] [stderr]     Checking pbkdf2 v0.2.3
[INFO] [stderr]     Checking hmac v0.4.2
[INFO] [stderr]     Checking sha2 v0.6.0
[INFO] [stderr]     Checking rand v0.3.23
[INFO] [stderr]     Checking parking_lot_core v0.2.14
[INFO] [stderr]     Checking tempdir v0.3.7
[INFO] [stderr]     Checking wasmi-validation v0.1.0
[INFO] [stderr]     Checking miow v0.3.3
[INFO] [stderr]     Checking mime v0.3.13
[INFO] [stderr]     Checking sha2 v0.8.0
[INFO] [stderr]     Checking sha3 v0.8.2
[INFO] [stderr]     Checking sha-1 v0.8.1
[INFO] [stderr]     Checking ripemd160 v0.8.0
[INFO] [stderr]     Checking hmac v0.7.0
[INFO] [stderr]     Checking pbkdf2 v0.3.0
[INFO] [stderr]     Checking blake2 v0.8.0
[INFO] [stderr]     Checking aes-soft v0.3.3
[INFO] [stderr]     Checking twofish v0.2.0
[INFO] [stderr]     Checking block-modes v0.3.3
[INFO] [stderr]     Checking ctr v0.3.2
[INFO] [stderr]     Checking lru v0.6.0
[INFO] [stderr]     Checking fixed-hash v0.3.2
[INFO] [stderr]     Checking parking_lot_core v0.3.1
[INFO] [stderr]     Checking tokio-io v0.1.12
[INFO] [stderr]     Checking http v0.1.17
[INFO] [stderr]     Checking tokio-buf v0.1.1
[INFO] [stderr]     Checking string v0.2.0
[INFO] [stderr]     Checking scrypt v0.1.2
[INFO] [stderr]    Compiling cexpr v0.3.5
[INFO] [stderr]     Checking hmac-drbg v0.1.2
[INFO] [stderr]     Checking cuckoofilter v0.3.2
[INFO] [stderr]     Checking names v0.11.0
[INFO] [stderr]     Checking mio-uds v0.6.7
[INFO] [stderr]     Checking mio-extras v2.0.5
[INFO] [stderr]     Checking rayon v1.1.0
[INFO] [stderr]     Checking parking_lot_core v0.4.0
[INFO] [stderr]     Checking twox-hash v1.3.0
[INFO] [stderr]     Checking tokio-threadpool v0.1.14
[INFO] [stderr]     Checking trie-db v0.12.4
[INFO] [stderr]     Checking parking_lot_core v0.5.0
[INFO] [stderr]     Checking parking_lot v0.5.5
[INFO] [stderr]     Checking parking_lot v0.4.8
[INFO] [stderr]     Checking wasmi v0.4.5
[INFO] [stderr]     Checking globset v0.4.3
[INFO] [stderr]     Checking env_logger v0.6.1
[INFO] [stderr]     Checking aes-ctr v0.3.0
[INFO] [stderr]     Checking aes v0.3.2
[INFO] [stderr]     Checking parking_lot v0.6.4
[INFO] [stderr]     Checking libsecp256k1 v0.2.2
[INFO] [stderr]     Checking tokio-codec v0.1.1
[INFO] [stderr]     Checking rw-stream-sink v0.1.2
[INFO] [stderr]     Checking parity-ws v0.8.0
[INFO] [stderr]     Checking ws v0.8.1
[INFO] [stderr]     Checking parking_lot v0.7.1
[INFO] [stderr]     Checking parking_lot v0.8.0
[INFO] [stderr]     Checking tokio-fs v0.1.6
[INFO] [stderr]     Checking aio-limited v0.1.0
[INFO] [stderr]     Checking chashmap v2.2.2
[INFO] [stderr]     Checking ctrlc v3.1.3
[INFO] [stderr]     Checking kvdb-memorydb v0.1.0 (https://github.com/paritytech/parity-common?rev=b0317f649ab2c665b7987b8475878fc4d2e1f81d#b0317f64)
[INFO] [stderr]     Checking unsigned-varint v0.2.2
[INFO] [stderr]     Checking yamux v0.2.1
[INFO] [stderr]    Compiling vergen v3.0.4
[INFO] [stderr]     Checking tokio-reactor v0.1.9
[INFO] [stderr]     Checking once_cell v0.1.8
[INFO] [stderr]     Checking crossbeam v0.6.0
[INFO] [stderr]     Checking exit-future v0.1.4
[INFO] [stderr]     Checking parity-multihash v0.1.2
[INFO] [stderr]     Checking multistream-select v0.4.0
[INFO] [stderr]     Checking http-body v0.1.0
[INFO] [stderr]     Checking h2 v0.1.24
[INFO] [stderr]     Checking slog-scope v4.1.1
[INFO] [stderr]     Checking tokio-tcp v0.1.3
[INFO] [stderr]     Checking tokio-udp v0.1.3
[INFO] [stderr]     Checking tokio-uds v0.2.5
[INFO] [stderr]     Checking signal-hook v0.1.11
[INFO] [stderr]    Compiling cc v1.0.26
[INFO] [stderr]    Compiling synstructure v0.10.2
[INFO] [stderr]     Checking tokio v0.1.21
[INFO] [stderr]     Checking tk-listen v0.2.1
[INFO] [stderr]     Checking tokio-dns-unofficial v0.4.0
[INFO] [stderr]     Checking tokio-core v0.1.17
[INFO] [stderr]     Checking tokio-named-pipes v0.1.0
[INFO] [stderr]     Checking parity-tokio-ipc v0.1.0
[INFO] [stderr]     Checking tokio-proto v0.1.1
[INFO] [stderr]    Compiling backtrace-sys v0.1.28
[INFO] [stderr]    Compiling clear_on_drop v0.2.3
[INFO] [stderr]    Compiling ring v0.14.6
[INFO] [stderr]    Compiling secp256k1 v0.12.2
[INFO] [stderr]    Compiling openssl-sys v0.9.47
[INFO] [stderr]    Compiling libloading v0.5.1
[INFO] [stderr]     Checking hyper v0.12.30
[INFO] [stderr]    Compiling serde_derive v1.0.93
[INFO] [stderr]    Compiling asn1_der_derive v0.1.1
[INFO] [stderr]    Compiling libp2p-core-derive v0.7.0
[INFO] [stderr]    Compiling proc-macro-hack v0.5.7
[INFO] [stderr]    Compiling strum_macros v0.14.0
[INFO] [stderr]    Compiling srml-support-procedural-tools-derive v1.0.0 (https://github.com/yeeco/substrate.git?branch=yee-v1.0#8a6898ea)
[INFO] [stderr]    Compiling jsonrpc-derive v10.1.0
[INFO] [stderr]    Compiling structopt-derive v0.2.16
[INFO] [stderr]    Compiling failure_derive v0.1.5
[INFO] [stderr]    Compiling malloc_size_of_derive v0.1.0
[INFO] [stderr] error: failed to run custom build command for `clear_on_drop v0.2.3`
[INFO] [stderr] 
[INFO] [stderr] Caused by:
[INFO] [stderr]   process didn't exit successfully: `/opt/rustwide/target/debug/build/clear_on_drop-b064f7084c97ed1c/build-script-build` (signal: 6, SIGABRT: process abort signal)
[INFO] [stderr]   --- stdout
[INFO] [stderr]   TARGET = Some("x86_64-unknown-linux-gnu")
[INFO] [stderr]   OPT_LEVEL = Some("0")
[INFO] [stderr]   HOST = Some("x86_64-unknown-linux-gnu")
[INFO] [stderr]   CC_x86_64-unknown-linux-gnu = None
[INFO] [stderr]   CC_x86_64_unknown_linux_gnu = None
[INFO] [stderr]   HOST_CC = None
[INFO] [stderr]   CC = None
[INFO] [stderr]   CFLAGS_x86_64-unknown-linux-gnu = None
[INFO] [stderr]   CFLAGS_x86_64_unknown_linux_gnu = None
[INFO] [stderr]   HOST_CFLAGS = None
[INFO] [stderr]   CFLAGS = None
[INFO] [stderr]   DEBUG = Some("true")
[INFO] [stderr]   running: "cc" "-O0" "-ffunction-sections" "-fdata-sections" "-fPIC" "-g" "-fno-omit-frame-pointer" "-m64" "-Wall" "-Wextra" "-o" "/opt/rustwide/target/debug/build/clear_on_drop-38e8ea6ef298b386/out/src/hide.o" "-c" "src/hide.c"
[INFO] [stderr] 
[INFO] [stderr]   --- stderr
[INFO] [stderr]   thread '<unnamed>' panicked at 'attempted to leave type `internal::Local` uninitialized, which is invalid', /rustc/c8dfcfe046a7680554bf4eb612bad840e7631c4b/library/core/src/mem/mod.rs:663:9
[INFO] [stderr]   stack backtrace:
[INFO] [stderr]   thread '<unnamed>thread '<unnamed>' panicked at 'attempted to leave type `internal::Local` uninitialized, which is invalid', /rustc/c8dfcfe046a7680554bf4eb612bad840e7631c4b/library/core/src/mem/mod.rs:663:9
[INFO] [stderr]   ' panicked at 'attempted to leave type `internal::Local` uninitialized, which is invalid', thread '/rustc/c8dfcfe046a7680554bf4eb612bad840e7631c4b/library/core/src/mem/mod.rs:663:9
[INFO] [stderr]   <unnamed>' panicked at 'attempted to leave type `internal::Local` uninitialized, which is invalid', /rustc/c8dfcfe046a7680554bf4eb612bad840e7631c4b/library/core/src/mem/mod.rs:663:9
[INFO] [stderr]   thread '<unnamed>' panicked at 'attempted to leave type `internal::Local` uninitialized, which is invalid', /rustc/c8dfcfe046a7680554bf4eb612bad840e7631c4b/library/core/src/mem/mod.rs:663:9
[INFO] [stderr]   thread '<unnamed>' panicked at 'attempted to leave type `internal::Local` uninitialized, which is invalid', /rustc/c8dfcfe046a7680554bf4eb612bad840e7631c4b/library/core/src/mem/mod.rs:663:9
[INFO] [stderr]   thread '<unnamed>' panicked at 'attempted to leave type `internal::Local` uninitialized, which is invalid', /rustc/c8dfcfe046a7680554bf4eb612bad840e7631c4b/library/core/src/mem/mod.rs:663:9
[INFO] [stderr]   thread '<unnamed>' panicked at 'attempted to leave type `internal::Local` uninitialized, which is invalid', /rustc/c8dfcfe046a7680554bf4eb612bad840e7631c4b/library/core/src/mem/mod.rs:663:9
[INFO] [stderr]   thread '<unnamed>' panicked at 'attempted to leave type `internal::Local` uninitialized, which is invalid', /rustc/c8dfcfe046a7680554bf4eb612bad840e7631c4b/library/core/src/mem/mod.rs:663:9
[INFO] [stderr]   thread '<unnamed>' panicked at 'attempted to leave type `internal::Local` uninitialized, which is invalid', /rustc/c8dfcfe046a7680554bf4eb612bad840e7631c4b/library/core/src/mem/mod.rs:663:9
[INFO] [stderr]   thread '<unnamed>' panicked at 'attempted to leave type `internal::Local` uninitialized, which is invalid', /rustc/c8dfcfe046a7680554bf4eb612bad840e7631c4b/library/core/src/mem/mod.rs:663:9
[INFO] [stderr]   thread '<unnamed>' panicked at 'attempted to leave type `internal::Local` uninitialized, which is invalid', /rustc/c8dfcfe046a7680554bf4eb612bad840e7631c4b/library/core/src/mem/mod.rs:663:9
[INFO] [stderr]   thread '<unnamed>' panicked at 'attempted to leave type `internal::Local` uninitialized, which is invalid', /rustc/c8dfcfe046a7680554bf4eb612bad840e7631c4b/library/core/src/mem/mod.rs:663:9
[INFO] [stderr]   thread '<unnamed>' panicked at 'attempted to leave type `internal::Local` uninitialized, which is invalid', /rustc/c8dfcfe046a7680554bf4eb612bad840e7631c4b/library/core/src/mem/mod.rs:663:9
[INFO] [stderr]   thread '<unnamed>' panicked at 'attempted to leave type `internal::Local` uninitialized, which is invalid', /rustc/c8dfcfe046a7680554bf4eb612bad840e7631c4b/library/core/src/mem/mod.rs:663:9
[INFO] [stderr]   thread '<unnamed>' panicked at 'attempted to leave type `internal::Local` uninitialized, which is invalid', /rustc/c8dfcfe046a7680554bf4eb612bad840e7631c4b/library/core/src/mem/mod.rs:663:9
[INFO] [stderr]      0:     0x56466a76c7e0 - std::backtrace_rs::backtrace::libunwind::trace::ha0ad43e8a952bfe7
[INFO] [stderr]                                  at /rustc/c8dfcfe046a7680554bf4eb612bad840e7631c4b/library/std/src/../../backtrace/src/backtrace/libunwind.rs:90:5
[INFO] [stderr]      1:     0x56466a76c7e0 - std::backtrace_rs::backtrace::trace_unsynchronized::h6830419c0c4130dc
[INFO] [stderr]                                  at /rustc/c8dfcfe046a7680554bf4eb612bad840e7631c4b/library/std/src/../../backtrace/src/backtrace/mod.rs:66:5
[INFO] [stderr]      2:     0x56466a76c7e0 - std::sys_common::backtrace::_print_fmt::h8f3516631ffa1ef5
[INFO] [stderr]                                  at /rustc/c8dfcfe046a7680554bf4eb612bad840e7631c4b/library/std/src/sys_common/backtrace.rs:67:5
[INFO] [stderr]      3:     0x56466a76c7e0 - <std::sys_common::backtrace::_print::DisplayBacktrace as core::fmt::Display>::fmt::he1640d5f0d93f618
[INFO] [stderr]                                  at /rustc/c8dfcfe046a7680554bf4eb612bad840e7631c4b/library/std/src/sys_common/backtrace.rs:46:22
[INFO] [stderr]      4:     0x56466a78bfcc - core::fmt::write::h88012e1f01caeebf
[INFO] [stderr]                                  at /rustc/c8dfcfe046a7680554bf4eb612bad840e7631c4b/library/core/src/fmt/mod.rs:1115:17
[INFO] [stderr]      5:     0x56466a769025 - std::io::Write::write_fmt::h360fa85b30182555
[INFO] [stderr]                                  at /rustc/c8dfcfe046a7680554bf4eb612bad840e7631c4b/library/std/src/io/mod.rs:1665:15
[INFO] [stderr]      6:     0x56466a76e9db - std::sys_common::backtrace::_print::ha1f00492f406a015
[INFO] [stderr]                                  at /rustc/c8dfcfe046a7680554bf4eb612bad840e7631c4b/library/std/src/sys_common/backtrace.rs:49:5
[INFO] [stderr]      7:     0x56466a76e9db - std::sys_common::backtrace::print::hd54561b13feb6af3
[INFO] [stderr]                                  at /rustc/c8dfcfe046a7680554bf4eb612bad840e7631c4b/library/std/src/sys_common/backtrace.rs:36:9
[INFO] [stderr]      8:     0x56466a76e9db - std::panicking::default_hook::{{closure}}::h84fe124cd0864662
[INFO] [stderr]                                  at /rustc/c8dfcfe046a7680554bf4eb612bad840e7631c4b/library/std/src/panicking.rs:208:50
[INFO] [stderr]      9:     0x56466a76e4b1 - std::panicking::default_hook::h5a8e74a76ce290a7
[INFO] [stderr]                                  at /rustc/c8dfcfe046a7680554bf4eb612bad840e7631c4b/library/std/src/panicking.rs:225:9
[INFO] [stderr]     10:     0x56466a76f0a4 - std::panicking::rust_panic_with_hook::h67c812a4fe9d4c91
[INFO] [stderr]                                  at /rustc/c8dfcfe046a7680554bf4eb612bad840e7631c4b/library/std/src/panicking.rs:622:17
[INFO] [stderr]     11:     0x56466a76eb57 - std::panicking::begin_panic_handler::{{closure}}::h33f9c1b96af300d7
[INFO] [stderr]                                  at /rustc/c8dfcfe046a7680554bf4eb612bad840e7631c4b/library/std/src/panicking.rs:517:13
[INFO] [stderr]     12:     0x56466a76ccdc - std::sys_common::backtrace::__rust_end_short_backtrace::h51bae64be5921f0e
[INFO] [stderr]                                  at /rustc/c8dfcfe046a7680554bf4eb612bad840e7631c4b/library/std/src/sys_common/backtrace.rs:141:18
[INFO] [stderr]     13:     0x56466a76eae9 - rust_begin_unwind
[INFO] [stderr]                                  at /rustc/c8dfcfe046a7680554bf4eb612bad840e7631c4b/library/std/src/panicking.rs:515:5
[INFO] [stderr]     14:     0x56466a6c83a1 - core::panicking::panic_fmt::h12a3a3c256485fca
[INFO] [stderr]                                  at /rustc/c8dfcfe046a7680554bf4eb612bad840e7631c4b/library/core/src/panicking.rs:92:14
[INFO] [stderr]     15:     0x56466a6c82ed - core::panicking::panic::h344f23ad26057b48
[INFO] [stderr]                                  at /rustc/c8dfcfe046a7680554bf4eb612bad840e7631c4b/library/core/src/panicking.rs:50:5
[INFO] [stderr]     16:     0x56466a7482e3 - core::mem::uninitialized::h745f3c80cf82d8bc
[INFO] [stderr]                                  at /rustc/c8dfcfe046a7680554bf4eb612bad840e7631c4b/library/core/src/mem/mod.rs:663:9
[INFO] [stderr]     17:     0x56466a7482e3 - <crossbeam_epoch::internal::Local as crossbeam_epoch::sync::list::IsElement<crossbeam_epoch::internal::Local>>::entry_of::hc955b1ba3b83a40b
[INFO] [stderr]                                  at /opt/rustwide/cargo-home/registry/src/github.com-1ecc6299db9ec823/crossbeam-epoch-0.7.1/src/internal.rs:493:59
[INFO] [stderr]     18:     0x56466a749da0 - crossbeam_epoch::sync::list::List<T,C>::insert::he5c4b239d9647f95
[INFO] [stderr]                                  at /opt/rustwide/cargo-home/registry/src/github.com-1ecc6299db9ec823/crossbeam-epoch-0.7.1/src/sync/list.rs:176:29
[INFO] [stderr]     19:     0x56466a747745 - crossbeam_epoch::internal::Local::register::ha95ba8c4eb1ab305
[INFO] [stderr]                                  at /opt/rustwide/cargo-home/registry/src/github.com-1ecc6299db9ec823/crossbeam-epoch-0.7.1/src/internal.rs:291:13
[INFO] [stderr]     20:     0x56466a74cabe - crossbeam_epoch::collector::Collector::register::h7d14f6fca0d0212f
[INFO] [stderr]                                  at /opt/rustwide/cargo-home/registry/src/github.com-1ecc6299db9ec823/crossbeam-epoch-0.7.1/src/collector.rs:39:9
[INFO] [stderr]     21:     0x56466a751781 - crossbeam_epoch::default::HANDLE::__init::h58299d61028abdc8
[INFO] [stderr]                                  at /opt/rustwide/cargo-home/registry/src/github.com-1ecc6299db9ec823/crossbeam-epoch-0.7.1/src/default.rs:17:34
[INFO] [stderr]     22:     0x56466a74e5d9 - core::ops::function::FnOnce::call_once::he4c1d09fd2d47d31
[INFO] [stderr]                                  at /rustc/c8dfcfe046a7680554bf4eb612bad840e7631c4b/library/core/src/ops/function.rs:227:5
[INFO] [stderr]     23:     0x56466a74c29c - std::thread::local::lazy::LazyKeyInner<T>::initialize::hf6cefb4b75e6167a
[INFO] [stderr]                                  at /rustc/c8dfcfe046a7680554bf4eb612bad840e7631c4b/library/std/src/thread/local.rs:431:25
[INFO] [stderr]     24:     0x56466a74a340 - std::thread::local::fast::Key<T>::try_initialize::h51cbbec4363e42de
[INFO] [stderr]                                  at /rustc/c8dfcfe046a7680554bf4eb612bad840e7631c4b/library/std/src/thread/local.rs:609:31
[INFO] [stderr]     25:     0x56466a74a487 - std::thread::local::fast::Key<T>::get::h563aa1bdd6e82079
[INFO] [stderr]                                  at /rustc/c8dfcfe046a7680554bf4eb612bad840e7631c4b/library/std/src/thread/local.rs:592:29
[INFO] [stderr]     26:     0x56466a7340fd - crossbeam_epoch::default::HANDLE::__getit::h973aa5b4b08bc5ea
[INFO] [stderr]                                  at /rustc/c8dfcfe046a7680554bf4eb612bad840e7631c4b/library/std/src/thread/local.rs:311:26
[INFO] [stderr]     27:     0x56466a734505 - std::thread::local::LocalKey<T>::try_with::haf911a56a9b0d3f1
[INFO] [stderr]                                  at /rustc/c8dfcfe046a7680554bf4eb612bad840e7631c4b/library/std/src/thread/local.rs:398:32
[INFO] [stderr]     28:     0x56466a733e03 - crossbeam_epoch::default::with_handle::h11c85e35af9c0d68
[INFO] [stderr]                                  at /opt/rustwide/cargo-home/registry/src/github.com-1ecc6299db9ec823/crossbeam-epoch-0.7.1/src/default.rs:42:5
[INFO] [stderr]     29:     0x56466a734117 - crossbeam_epoch::default::is_pinned::ha5e06cd96d734056
[INFO] [stderr]                                  at /opt/rustwide/cargo-home/registry/src/github.com-1ecc6299db9ec823/crossbeam-epoch-0.7.1/src/default.rs:29:5
[INFO] [stderr]     30:     0x56466a732140 - crossbeam_deque::Stealer<T>::steal::hb2fd21e1c7ada6a0
[INFO] [stderr]                                  at /opt/rustwide/cargo-home/registry/src/github.com-1ecc6299db9ec823/crossbeam-deque-0.6.3/src/lib.rs:660:12
[INFO] [stderr]     31:     0x56466a72da4d - rayon_core::registry::WorkerThread::steal::{{closure}}::h0dc67280580d49b4
[INFO] [stderr]                                  at /opt/rustwide/cargo-home/registry/src/github.com-1ecc6299db9ec823/rayon-core-1.5.0/src/registry.rs:764:27
[INFO] [stderr]     32:     0x56466a72a88b - core::ops::function::impls::<impl core::ops::function::FnMut<A> for &mut F>::call_mut::hf0aadae3ecc4f8c4
[INFO] [stderr]                                  at /rustc/c8dfcfe046a7680554bf4eb612bad840e7631c4b/library/core/src/ops/function.rs:269:13
[INFO] [stderr]     33:     0x56466a7285a1 - core::iter::traits::iterator::Iterator::find_map::check::{{closure}}::hf52ef8db9e1b1ee0
[INFO] [stderr]                                  at /rustc/c8dfcfe046a7680554bf4eb612bad840e7631c4b/library/core/src/iter/traits/iterator.rs:2411:32
[INFO] [stderr]     34:     0x56466a7173c1 - core::iter::adapters::filter::filter_try_fold::{{closure}}::had0c4d1c9c89278a
[INFO] [stderr]                                  at /rustc/c8dfcfe046a7680554bf4eb612bad840e7631c4b/library/core/src/iter/adapters/filter.rs:44:44
[INFO] [stderr]     35:     0x56466a716b7c - core::ops::function::impls::<impl core::ops::function::FnMut<A> for &mut F>::call_mut::hf98835b0c61e87f1
[INFO] [stderr]                                  at /rustc/c8dfcfe046a7680554bf4eb612bad840e7631c4b/library/core/src/ops/function.rs:269:13
[INFO] [stderr]     36:     0x56466a728743 - core::iter::traits::iterator::Iterator::try_fold::h25d304abcf7e2c42
[INFO] [stderr]                                  at /rustc/c8dfcfe046a7680554bf4eb612bad840e7631c4b/library/core/src/iter/traits/iterator.rs:1998:21
[INFO] [stderr]     37:     0x56466a717f8e - <core::iter::adapters::chain::Chain<A,B> as core::iter::traits::iterator::Iterator>::try_fold::hc9cb8778716c17bd
[INFO] [stderr]                                  at /rustc/c8dfcfe046a7680554bf4eb612bad840e7631c4b/library/core/src/iter/adapters/chain.rs:104:19
[INFO] [stderr]     38:     0x56466a71577c - <core::iter::adapters::filter::Filter<I,P> as core::iter::traits::iterator::Iterator>::try_fold::h427f0e59e5d82cb7
[INFO] [stderr]                                  at /rustc/c8dfcfe046a7680554bf4eb612bad840e7631c4b/library/core/src/iter/adapters/filter.rs:93:9
[INFO] [stderr]     39:     0x56466a71729b - core::iter::traits::iterator::Iterator::find_map::hdbe37e45b2d6582a
[INFO] [stderr]                                  at /rustc/c8dfcfe046a7680554bf4eb612bad840e7631c4b/library/core/src/iter/traits/iterator.rs:2417:9
[INFO] [stderr]     40:     0x56466a71ec89 - <core::iter::adapters::filter_map::FilterMap<I,F> as core::iter::traits::iterator::Iterator>::next::hac663ac7cee6eade
[INFO] [stderr]                                  at /rustc/c8dfcfe046a7680554bf4eb612bad840e7631c4b/library/core/src/iter/adapters/filter_map.rs:61:9
[INFO] [stderr]     41:     0x56466a72d982 - rayon_core::registry::WorkerThread::steal::h65d372c044162749
[INFO] [stderr]                                  at /opt/rustwide/cargo-home/registry/src/github.com-1ecc6299db9ec823/rayon-core-1.5.0/src/registry.rs:758:9
[INFO] [stderr]     42:     0x56466a72d692 - rayon_core::registry::WorkerThread::wait_until_cold::{{closure}}::h38bb0ca3962e0cc3
[INFO] [stderr]                                  at /opt/rustwide/cargo-home/registry/src/github.com-1ecc6299db9ec823/rayon-core-1.5.0/src/registry.rs:714:29
[INFO] [stderr]     43:     0x56466a722141 - core::option::Option<T>::or_else::h66b3109c83dfa547
[INFO] [stderr]                                  at /rustc/c8dfcfe046a7680554bf4eb612bad840e7631c4b/library/core/src/option.rs:1124:21
[INFO] [stderr]     44:     0x56466a72cfba - rayon_core::registry::WorkerThread::wait_until_cold::h443f748515e50929
[INFO] [stderr]                                  at /opt/rustwide/cargo-home/registry/src/github.com-1ecc6299db9ec823/rayon-core-1.5.0/src/registry.rs:712:32
[INFO] [stderr]     45:     0x56466a72ceaf - rayon_core::registry::WorkerThread::wait_until::h8165da6ba0a499a5
[INFO] [stderr]                                  at /opt/rustwide/cargo-home/registry/src/github.com-1ecc6299db9ec823/rayon-core-1.5.0/src/registry.rs:692:13
[INFO] [stderr]     46:     0x56466a72e0a0 - rayon_core::registry::main_loop::hc76889ba3148afcf
[INFO] [stderr]                                  at /opt/rustwide/cargo-home/registry/src/github.com-1ecc6299db9ec823/rayon-core-1.5.0/src/registry.rs:812:5
[INFO] [stderr]     47:     0x56466a72ab2d - rayon_core::registry::ThreadBuilder::run::h850b5427b40eb868
[INFO] [stderr]                                  at /opt/rustwide/cargo-home/registry/src/github.com-1ecc6299db9ec823/rayon-core-1.5.0/src/registry.rs:58:18
[INFO] [stderr]     48:     0x56466a72b05d - <rayon_core::registry::DefaultSpawn as rayon_core::registry::ThreadSpawn>::spawn::{{closure}}::h1d9074bfdfa31077
[INFO] [stderr]                                  at /opt/rustwide/cargo-home/registry/src/github.com-1ecc6299db9ec823/rayon-core-1.5.0/src/registry.rs:103:20
[INFO] [stderr]     49:     0x56466a7159f0 - std::sys_common::backtrace::__rust_begin_short_backtrace::h40dd0f78ae131761
[INFO] [stderr]                                  at /rustc/c8dfcfe046a7680554bf4eb612bad840e7631c4b/library/std/src/sys_common/backtrace.rs:125:18
[INFO] [stderr]     50:     0x56466a71a9ed - std::thread::Builder::spawn_unchecked::{{closure}}::{{closure}}::had81212d58cc54f0
[INFO] [stderr]                                  at /rustc/c8dfcfe046a7680554bf4eb612bad840e7631c4b/library/std/src/thread/mod.rs:476:17
[INFO] [stderr]     51:     0x56466a71aff1 - <std::panic::AssertUnwindSafe<F> as core::ops::function::FnOnce<()>>::call_once::h4ee9e71206b8214d
[INFO] [stderr]                                  at /rustc/c8dfcfe046a7680554bf4eb612bad840e7631c4b/library/std/src/panic.rs:347:9
[INFO] [stderr]     52:     0x56466a72f0fc - std::panicking::try::do_call::h6c47594b503145cd
[INFO] [stderr]                                  at /rustc/c8dfcfe046a7680554bf4eb612bad840e7631c4b/library/std/src/panicking.rs:401:40
[INFO] [stderr]     53:     0x56466a73068d - __rust_try
[INFO] [stderr]     54:     0x56466a72efe7 - std::panicking::try::hed49fb199ca0ba75
[INFO] [stderr]                                  at /rustc/c8dfcfe046a7680554bf4eb612bad840e7631c4b/library/std/src/panicking.rs:365:19
[INFO] [stderr]     55:     0x56466a71b411 - std::panic::catch_unwind::had8192a6da54fda5
[INFO] [stderr]                                  at /rustc/c8dfcfe046a7680554bf4eb612bad840e7631c4b/library/std/src/panic.rs:434:14
[INFO] [stderr]     56:     0x56466a71a7fc - std::thread::Builder::spawn_unchecked::{{closure}}::h358bb252869bbe46
[INFO] [stderr]                                  at /rustc/c8dfcfe046a7680554bf4eb612bad840e7631c4b/library/std/src/thread/mod.rs:475:30
[INFO] [stderr]     57:     0x56466a72009f - core::ops::function::FnOnce::call_once{{vtable.shim}}::h4d521287c6f861e4
[INFO] [stderr]                                  at /rustc/c8dfcfe046a7680554bf4eb612bad840e7631c4b/library/core/src/ops/function.rs:227:5
[INFO] [stderr]     58:     0x56466a774e27 - <alloc::boxed::Box<F,A> as core::ops::function::FnOnce<Args>>::call_once::h6bff7798948b1075
[INFO] [stderr]                                  at /rustc/c8dfcfe046a7680554bf4eb612bad840e7631c4b/library/alloc/src/boxed.rs:1572:9
[INFO] [stderr]     59:     0x56466a774e27 - <alloc::boxed::Box<F,A> as core::ops::function::FnOnce<Args>>::call_once::hc2d25ac38f6b2342
[INFO] [stderr]                                  at /rustc/c8dfcfe046a7680554bf4eb612bad840e7631c4b/library/alloc/src/boxed.rs:1572:9
[INFO] [stderr]     60:     0x56466a774e27 - std::sys::unix::thread::Thread::new::thread_start::hbba5bc368baac205
[INFO] [stderr]                                  at /rustc/c8dfcfe046a7680554bf4eb612bad840e7631c4b/library/std/src/sys/unix/thread.rs:74:17
[INFO] [stderr]     61:     0x7fb032aa4609 - start_thread
[INFO] [stderr]     62:     0x7fb032876293 - clone
[INFO] [stderr]     63:                0x0 - <unknown>
[INFO] [stderr]   Rayon: detected unexpected panic; aborting
[INFO] [stderr] warning: build failed, waiting for other jobs to finish...
[INFO] [stderr] error: build failed
[INFO] running `Command { std: "docker" "inspect" "f9684ff185e2d4dc9e8dae778c015f292eacc5d4c74347ec875246953ad0fa23", kill_on_drop: false }`
[INFO] running `Command { std: "docker" "rm" "-f" "f9684ff185e2d4dc9e8dae778c015f292eacc5d4c74347ec875246953ad0fa23", kill_on_drop: false }`
[INFO] [stdout] f9684ff185e2d4dc9e8dae778c015f292eacc5d4c74347ec875246953ad0fa23
