[INFO] cloning repository https://github.com/yatima-inc/sp-multihash
[INFO] running `Command { std: "git" "-c" "credential.helper=" "-c" "credential.helper=/workspace/cargo-home/bin/git-credential-null" "clone" "--bare" "https://github.com/yatima-inc/sp-multihash" "/workspace/cache/git-repos/https%3A%2F%2Fgithub.com%2Fyatima-inc%2Fsp-multihash", kill_on_drop: false }`
[INFO] [stderr] Cloning into bare repository '/workspace/cache/git-repos/https%3A%2F%2Fgithub.com%2Fyatima-inc%2Fsp-multihash'...
[INFO] running `Command { std: "git" "rev-parse" "HEAD", kill_on_drop: false }`
[INFO] [stdout] ca3f4766b9aa654b3adf5abe9ccfa0bd6a296a90
[INFO] checking yatima-inc/sp-multihash against 1.55.0 for beta-1.56-3
[INFO] running `Command { std: "git" "clone" "/workspace/cache/git-repos/https%3A%2F%2Fgithub.com%2Fyatima-inc%2Fsp-multihash" "/workspace/builds/worker-0/source", kill_on_drop: false }`
[INFO] [stderr] Cloning into '/workspace/builds/worker-0/source'...
[INFO] [stderr] done.
[INFO] validating manifest of git repo https://github.com/yatima-inc/sp-multihash on toolchain 1.55.0
[INFO] running `Command { std: "/workspace/cargo-home/bin/cargo" "+1.55.0" "metadata" "--manifest-path" "Cargo.toml" "--no-deps", kill_on_drop: false }`
[INFO] started tweaking git repo https://github.com/yatima-inc/sp-multihash
[INFO] finished tweaking git repo https://github.com/yatima-inc/sp-multihash
[INFO] tweaked toml for git repo https://github.com/yatima-inc/sp-multihash written to /workspace/builds/worker-0/source/Cargo.toml
[INFO] crate git repo https://github.com/yatima-inc/sp-multihash already has a lockfile, it will not be regenerated
[INFO] running `Command { std: "/workspace/cargo-home/bin/cargo" "+1.55.0" "fetch" "--manifest-path" "Cargo.toml", kill_on_drop: false }`
[INFO] [stderr]     Blocking waiting for file lock on package cache
[INFO] [stderr]  Downloading crates ...
[INFO] [stderr]   Downloaded serde-big-array v0.3.2
[INFO] [stderr]   Downloaded bytecursor v0.1.2
[INFO] [stderr]   Downloaded serde_cbor v0.11.2
[INFO] [stderr]   Downloaded strobe-rs v0.6.2
[INFO] running `Command { std: "docker" "create" "-v" "/var/lib/crater-agent-workspace/builds/worker-0/target:/opt/rustwide/target:rw,Z" "-v" "/var/lib/crater-agent-workspace/builds/worker-0/source:/opt/rustwide/workdir:ro,Z" "-v" "/var/lib/crater-agent-workspace/cargo-home:/opt/rustwide/cargo-home:ro,Z" "-v" "/var/lib/crater-agent-workspace/rustup-home:/opt/rustwide/rustup-home:ro,Z" "-e" "SOURCE_DIR=/opt/rustwide/workdir" "-e" "CARGO_TARGET_DIR=/opt/rustwide/target" "-e" "CARGO_HOME=/opt/rustwide/cargo-home" "-e" "RUSTUP_HOME=/opt/rustwide/rustup-home" "-w" "/opt/rustwide/workdir" "-m" "1610612736" "--user" "0:0" "--network" "none" "ghcr.io/rust-lang/crates-build-env/linux@sha256:a89201d6b5b9fd45c15d5952ece0a0129e7e80cb26ec023fd59cf09bc26f1604" "/opt/rustwide/cargo-home/bin/cargo" "+1.55.0" "metadata" "--no-deps" "--format-version=1", kill_on_drop: false }`
[INFO] [stdout] a0cec10314c48abb2384e35839398d65522c773ffb867c3ef006183ac11f5aa2
[INFO] [stderr] WARNING: Your kernel does not support swap limit capabilities or the cgroup is not mounted. Memory limited without swap.
[INFO] running `Command { std: "docker" "start" "-a" "a0cec10314c48abb2384e35839398d65522c773ffb867c3ef006183ac11f5aa2", kill_on_drop: false }`
[INFO] running `Command { std: "docker" "inspect" "a0cec10314c48abb2384e35839398d65522c773ffb867c3ef006183ac11f5aa2", kill_on_drop: false }`
[INFO] running `Command { std: "docker" "rm" "-f" "a0cec10314c48abb2384e35839398d65522c773ffb867c3ef006183ac11f5aa2", kill_on_drop: false }`
[INFO] [stdout] a0cec10314c48abb2384e35839398d65522c773ffb867c3ef006183ac11f5aa2
[INFO] running `Command { std: "docker" "create" "-v" "/var/lib/crater-agent-workspace/builds/worker-0/target:/opt/rustwide/target:rw,Z" "-v" "/var/lib/crater-agent-workspace/builds/worker-0/source:/opt/rustwide/workdir:ro,Z" "-v" "/var/lib/crater-agent-workspace/cargo-home:/opt/rustwide/cargo-home:ro,Z" "-v" "/var/lib/crater-agent-workspace/rustup-home:/opt/rustwide/rustup-home:ro,Z" "-e" "SOURCE_DIR=/opt/rustwide/workdir" "-e" "CARGO_TARGET_DIR=/opt/rustwide/target" "-e" "CARGO_INCREMENTAL=0" "-e" "RUST_BACKTRACE=full" "-e" "RUSTFLAGS=--cap-lints=warn" "-e" "CARGO_HOME=/opt/rustwide/cargo-home" "-e" "RUSTUP_HOME=/opt/rustwide/rustup-home" "-w" "/opt/rustwide/workdir" "-m" "1610612736" "--user" "0:0" "--network" "none" "ghcr.io/rust-lang/crates-build-env/linux@sha256:a89201d6b5b9fd45c15d5952ece0a0129e7e80cb26ec023fd59cf09bc26f1604" "/opt/rustwide/cargo-home/bin/cargo" "+1.55.0" "check" "--frozen" "--all" "--all-targets" "--message-format=json", kill_on_drop: false }`
[INFO] [stderr] WARNING: Your kernel does not support swap limit capabilities or the cgroup is not mounted. Memory limited without swap.
[INFO] [stdout] a98dfe45ad84a3bd9246b57f2b776700e0db0d2f5cff0d6d025e9911a2c3a227
[INFO] running `Command { std: "docker" "start" "-a" "a98dfe45ad84a3bd9246b57f2b776700e0db0d2f5cff0d6d025e9911a2c3a227", kill_on_drop: false }`
[INFO] [stderr]    Compiling proc-macro2 v1.0.29
[INFO] [stderr]    Compiling serde v1.0.130
[INFO] [stderr]    Compiling semver v1.0.4
[INFO] [stderr]    Compiling memchr v2.4.1
[INFO] [stderr]     Checking itoa v0.4.8
[INFO] [stderr]     Checking unicode-xid v0.2.2
[INFO] [stderr]     Checking subtle v2.4.1
[INFO] [stderr]    Compiling serde_json v1.0.67
[INFO] [stderr]     Checking cpufeatures v0.2.1
[INFO] [stderr]     Checking sp-std v3.0.0
[INFO] [stderr]     Checking regex-automata v0.1.10
[INFO] [stderr]     Checking plotters-backend v0.3.2
[INFO] [stderr]     Checking half v1.7.1
[INFO] [stderr]     Checking unsigned-varint v0.7.0
[INFO] [stderr]     Checking regex-syntax v0.6.25
[INFO] [stderr]     Checking oorandom v11.1.3
[INFO] [stderr]     Checking diff v0.1.12
[INFO] [stderr]    Compiling blake3 v0.3.8
[INFO] [stderr]     Checking blake2b_simd v0.5.11
[INFO] [stderr]     Checking blake2s_simd v0.5.11
[INFO] [stderr]     Checking itertools v0.10.1
[INFO] [stderr]     Checking bytecursor v0.1.2
[INFO] [stderr]     Checking clap v2.33.3
[INFO] [stderr]     Checking generic-array v0.14.4
[INFO] [stderr]     Checking pretty_assertions v0.7.2
[INFO] [stderr]     Checking plotters-svg v0.3.1
[INFO] [stderr]     Checking plotters v0.3.1
[INFO] [stderr]     Checking digest v0.9.0
[INFO] [stderr]     Checking block-buffer v0.9.0
[INFO] [stderr]     Checking crypto-mac v0.8.0
[INFO] [stderr]     Checking sha2 v0.9.8
[INFO] [stderr]     Checking sha3 v0.9.1
[INFO] [stderr]    Compiling rustc_version v0.4.0
[INFO] [stderr]     Checking quote v1.0.9
[INFO] [stderr]     Checking csv-core v0.1.10
[INFO] [stderr]     Checking syn v1.0.76
[INFO] [stderr]    Compiling cast v0.2.7
[INFO] [stderr]     Checking regex v1.5.4
[INFO] [stderr]    Compiling proc-macro-error-attr v1.0.4
[INFO] [stderr]     Checking criterion-plot v0.4.4
[INFO] [stderr]     Checking bstr v0.2.16
[INFO] [stderr]     Checking serde_cbor v0.11.2
[INFO] [stderr]     Checking toml v0.5.8
[INFO] [stderr]     Checking csv v1.1.6
[INFO] [stderr]     Checking tinytemplate v1.2.1
[INFO] [stderr]     Checking proc-macro-error v1.0.4
[INFO] [stderr]     Checking synstructure v0.12.5
[INFO] [stderr]    Compiling thiserror-impl v1.0.29
[INFO] [stderr]    Compiling serde_derive v1.0.130
[INFO] [stderr]    Compiling thiserror v1.0.29
[INFO] [stderr]    Compiling proc-macro-crate v1.0.0
[INFO] [stderr]     Checking sp-multihash-derive v0.2.0 (/opt/rustwide/workdir/derive)
[INFO] [stderr]     Checking criterion v0.3.5
[INFO] [stderr]     Checking sp-multihash v0.2.0 (/opt/rustwide/workdir)
[INFO] [stdout] error[E0432]: unresolved import `rand`
[INFO] [stdout]  --> benches/multihash.rs:2:5
[INFO] [stdout]   |
[INFO] [stdout] 2 | use rand::Rng;
[INFO] [stdout]   |     ^^^^ use of undeclared crate or module `rand`
[INFO] [stdout] 
[INFO] [stdout] 
[INFO] [stdout] error[E0432]: unresolved import `multihash`
[INFO] [stdout]  --> benches/multihash.rs:4:5
[INFO] [stdout]   |
[INFO] [stdout] 4 | use multihash::{
[INFO] [stdout]   |     ^^^^^^^^^ use of undeclared crate or module `multihash`
[INFO] [stdout] 
[INFO] [stdout] 
[INFO] [stdout] error[E0432]: unresolved imports `sp_multihash::Sha1`, `sp_multihash::Sha1Digest`, `sp_multihash::Strobe256`, `sp_multihash::Strobe512`, `sp_multihash::StrobeDigest`
[INFO] [stdout]   --> tests/lib.rs:26:3
[INFO] [stdout]    |
[INFO] [stdout] 26 |   Sha1,
[INFO] [stdout]    |   ^^^^ no `Sha1` in the root
[INFO] [stdout] 27 |   Sha1Digest,
[INFO] [stdout]    |   ^^^^^^^^^^
[INFO] [stdout]    |   |
[INFO] [stdout]    |   no `Sha1Digest` in the root
[INFO] [stdout]    |   help: a similar name exists in the module: `Sha2Digest`
[INFO] [stdout] ...
[INFO] [stdout] 37 |   Strobe256,
[INFO] [stdout]    |   ^^^^^^^^^ no `Strobe256` in the root
[INFO] [stdout] 38 |   Strobe512,
[INFO] [stdout]    |   ^^^^^^^^^ no `Strobe512` in the root
[INFO] [stdout] 39 |   StrobeDigest,
[INFO] [stdout]    |   ^^^^^^^^^^^^ no `StrobeDigest` in the root
[INFO] [stdout] 
[INFO] [stdout] 
[INFO] [stdout] error[E0433]: failed to resolve: use of undeclared crate or module `rand`
[INFO] [stdout]   --> benches/multihash.rs:46:17
[INFO] [stdout]    |
[INFO] [stdout] 46 |   let mut rng = rand::thread_rng();
[INFO] [stdout]    |                 ^^^^ use of undeclared crate or module `rand`
[INFO] [stdout] 
[INFO] [stdout] 
[INFO] [stdout] error[E0433]: failed to resolve: use of undeclared crate or module `rand`
[INFO] [stdout]   --> benches/multihash.rs:72:17
[INFO] [stdout]    |
[INFO] [stdout] 72 |   let mut rng = rand::thread_rng();
[INFO] [stdout]    |                 ^^^^ use of undeclared crate or module `rand`
[INFO] [stdout] 
[INFO] [stdout] 
[INFO] [stdout] error[E0433]: failed to resolve: use of undeclared crate or module `rand`
[INFO] [stdout]  --> src/arb.rs:5:5
[INFO] [stdout]   |
[INFO] [stdout] 5 | use rand::{
[INFO] [stdout]   |     ^^^^ use of undeclared crate or module `rand`
[INFO] [stdout] 
[INFO] [stdout] 
[INFO] [stdout] error[E0432]: unresolved import `quickcheck`
[INFO] [stdout]  --> src/arb.rs:1:5
[INFO] [stdout]   |
[INFO] [stdout] 1 | use quickcheck::{
[INFO] [stdout]   |     ^^^^^^^^^^ use of undeclared crate or module `quickcheck`
[INFO] [stdout] 
[INFO] [stdout] 
[INFO] [stdout] error[E0432]: unresolved import `rand`
[INFO] [stdout]  --> src/arb.rs:5:5
[INFO] [stdout]   |
[INFO] [stdout] 5 | use rand::{
[INFO] [stdout]   |     ^^^^ use of undeclared crate or module `rand`
[INFO] [stdout] 
[INFO] [stdout] 
[INFO] [stdout] error[E0433]: failed to resolve: use of undeclared type `WeightedIndex`
[INFO] [stdout]   --> src/arb.rs:21:16
[INFO] [stdout]    |
[INFO] [stdout] 21 |     let dist = WeightedIndex::new(weights.iter()).unwrap();
[INFO] [stdout]    |                ^^^^^^^^^^^^^ use of undeclared type `WeightedIndex`
[INFO] [stdout] 
[INFO] [stdout] 
[INFO] [stdout] error: aborting due to 4 previous errors
[INFO] [stdout] 
[INFO] [stdout] 
[INFO] [stdout] Some errors have detailed explanations: E0432, E0433.
[INFO] [stdout] 
[INFO] [stdout] For more information about an error, try `rustc --explain E0432`.
[INFO] [stdout] 
[INFO] [stderr] error: could not compile `sp-multihash` due to 5 previous errors
[INFO] [stderr] warning: build failed, waiting for other jobs to finish...
[INFO] [stdout] error[E0599]: no method named `write_all` found for struct `IdentityHasher` in the current scope
[INFO] [stdout]    --> tests/lib.rs:203:24
[INFO] [stdout]     |
[INFO] [stdout] 203 |                   hasher.write_all(b"helloworld").unwrap();
[INFO] [stdout]     |                          ^^^^^^^^^ method not found in `IdentityHasher<32_usize>`
[INFO] [stdout] ...
[INFO] [stdout] 217 | /   assert_roundtrip!(
[INFO] [stdout] 218 | |       Code::Identity, Identity256;
[INFO] [stdout] 219 | |       Code::Sha1, Sha1;
[INFO] [stdout] 220 | |       Code::Sha2_256, Sha2_256;
[INFO] [stdout] ...   |
[INFO] [stdout] 232 | |       Code::Blake3_256, Blake3_256;
[INFO] [stdout] 233 | |   );
[INFO] [stdout]     | |____- in this macro invocation
[INFO] [stdout]     |
[INFO] [stdout]     = note: this error originates in the macro `assert_roundtrip` (in Nightly builds, run with -Z macro-backtrace for more info)
[INFO] [stdout] 
[INFO] [stdout] 
[INFO] [stdout] error[E0599]: no method named `write_all` found for struct `sp_multihash::Sha2_256` in the current scope
[INFO] [stdout]    --> tests/lib.rs:203:24
[INFO] [stdout]     |
[INFO] [stdout] 203 |                   hasher.write_all(b"helloworld").unwrap();
[INFO] [stdout]     |                          ^^^^^^^^^ method not found in `sp_multihash::Sha2_256`
[INFO] [stdout] ...
[INFO] [stdout] 217 | /   assert_roundtrip!(
[INFO] [stdout] 218 | |       Code::Identity, Identity256;
[INFO] [stdout] 219 | |       Code::Sha1, Sha1;
[INFO] [stdout] 220 | |       Code::Sha2_256, Sha2_256;
[INFO] [stdout] ...   |
[INFO] [stdout] 232 | |       Code::Blake3_256, Blake3_256;
[INFO] [stdout] 233 | |   );
[INFO] [stdout]     | |____- in this macro invocation
[INFO] [stdout]     |
[INFO] [stdout]     = note: this error originates in the macro `assert_roundtrip` (in Nightly builds, run with -Z macro-backtrace for more info)
[INFO] [stdout] 
[INFO] [stdout] 
[INFO] [stdout] error[E0599]: no method named `write_all` found for struct `sp_multihash::Sha2_512` in the current scope
[INFO] [stdout]    --> tests/lib.rs:203:24
[INFO] [stdout]     |
[INFO] [stdout] 203 |                   hasher.write_all(b"helloworld").unwrap();
[INFO] [stdout]     |                          ^^^^^^^^^ method not found in `sp_multihash::Sha2_512`
[INFO] [stdout] ...
[INFO] [stdout] 217 | /   assert_roundtrip!(
[INFO] [stdout] 218 | |       Code::Identity, Identity256;
[INFO] [stdout] 219 | |       Code::Sha1, Sha1;
[INFO] [stdout] 220 | |       Code::Sha2_256, Sha2_256;
[INFO] [stdout] ...   |
[INFO] [stdout] 232 | |       Code::Blake3_256, Blake3_256;
[INFO] [stdout] 233 | |   );
[INFO] [stdout]     | |____- in this macro invocation
[INFO] [stdout]     |
[INFO] [stdout]     = note: this error originates in the macro `assert_roundtrip` (in Nightly builds, run with -Z macro-backtrace for more info)
[INFO] [stdout] 
[INFO] [stdout] 
[INFO] [stdout] error: aborting due to 4 previous errors
[INFO] [stdout] 
[INFO] [stdout] 
[INFO] [stdout] Some errors have detailed explanations: E0432, E0433.
[INFO] [stdout] 
[INFO] [stdout] For more information about an error, try `rustc --explain E0432`.
[INFO] [stdout] 
[INFO] [stdout] error[E0599]: no method named `write_all` found for struct `sp_multihash::Sha3_224` in the current scope
[INFO] [stdout]    --> tests/lib.rs:203:24
[INFO] [stdout]     |
[INFO] [stdout] 203 |                   hasher.write_all(b"helloworld").unwrap();
[INFO] [stdout]     |                          ^^^^^^^^^ method not found in `sp_multihash::Sha3_224`
[INFO] [stdout] ...
[INFO] [stdout] 217 | /   assert_roundtrip!(
[INFO] [stdout] 218 | |       Code::Identity, Identity256;
[INFO] [stdout] 219 | |       Code::Sha1, Sha1;
[INFO] [stdout] 220 | |       Code::Sha2_256, Sha2_256;
[INFO] [stdout] ...   |
[INFO] [stdout] 232 | |       Code::Blake3_256, Blake3_256;
[INFO] [stdout] 233 | |   );
[INFO] [stdout]     | |____- in this macro invocation
[INFO] [stdout]     |
[INFO] [stdout]     = note: this error originates in the macro `assert_roundtrip` (in Nightly builds, run with -Z macro-backtrace for more info)
[INFO] [stdout] 
[INFO] [stdout] 
[INFO] [stdout] error[E0599]: no method named `write_all` found for struct `sp_multihash::Sha3_256` in the current scope
[INFO] [stdout]    --> tests/lib.rs:203:24
[INFO] [stdout]     |
[INFO] [stdout] 203 |                   hasher.write_all(b"helloworld").unwrap();
[INFO] [stdout]     |                          ^^^^^^^^^ method not found in `sp_multihash::Sha3_256`
[INFO] [stdout] ...
[INFO] [stdout] 217 | /   assert_roundtrip!(
[INFO] [stdout] 218 | |       Code::Identity, Identity256;
[INFO] [stdout] 219 | |       Code::Sha1, Sha1;
[INFO] [stdout] 220 | |       Code::Sha2_256, Sha2_256;
[INFO] [stdout] ...   |
[INFO] [stdout] 232 | |       Code::Blake3_256, Blake3_256;
[INFO] [stdout] 233 | |   );
[INFO] [stdout]     | |____- in this macro invocation
[INFO] [stdout]     |
[INFO] [stdout]     = note: this error originates in the macro `assert_roundtrip` (in Nightly builds, run with -Z macro-backtrace for more info)
[INFO] [stdout] 
[INFO] [stdout] 
[INFO] [stdout] error[E0599]: no method named `write_all` found for struct `sp_multihash::Sha3_384` in the current scope
[INFO] [stdout]    --> tests/lib.rs:203:24
[INFO] [stdout]     |
[INFO] [stdout] 203 |                   hasher.write_all(b"helloworld").unwrap();
[INFO] [stdout]     |                          ^^^^^^^^^ method not found in `sp_multihash::Sha3_384`
[INFO] [stdout] ...
[INFO] [stdout] 217 | /   assert_roundtrip!(
[INFO] [stdout] 218 | |       Code::Identity, Identity256;
[INFO] [stdout] 219 | |       Code::Sha1, Sha1;
[INFO] [stdout] 220 | |       Code::Sha2_256, Sha2_256;
[INFO] [stdout] ...   |
[INFO] [stdout] 232 | |       Code::Blake3_256, Blake3_256;
[INFO] [stdout] 233 | |   );
[INFO] [stdout]     | |____- in this macro invocation
[INFO] [stdout]     |
[INFO] [stdout]     = note: this error originates in the macro `assert_roundtrip` (in Nightly builds, run with -Z macro-backtrace for more info)
[INFO] [stdout] 
[INFO] [stdout] 
[INFO] [stdout] error[E0599]: no method named `write_all` found for struct `sp_multihash::Sha3_512` in the current scope
[INFO] [stdout]    --> tests/lib.rs:203:24
[INFO] [stdout]     |
[INFO] [stdout] 203 |                   hasher.write_all(b"helloworld").unwrap();
[INFO] [stdout]     |                          ^^^^^^^^^ method not found in `sp_multihash::Sha3_512`
[INFO] [stdout] ...
[INFO] [stdout] 217 | /   assert_roundtrip!(
[INFO] [stdout] 218 | |       Code::Identity, Identity256;
[INFO] [stdout] 219 | |       Code::Sha1, Sha1;
[INFO] [stdout] 220 | |       Code::Sha2_256, Sha2_256;
[INFO] [stdout] ...   |
[INFO] [stdout] 232 | |       Code::Blake3_256, Blake3_256;
[INFO] [stdout] 233 | |   );
[INFO] [stdout]     | |____- in this macro invocation
[INFO] [stdout]     |
[INFO] [stdout]     = note: this error originates in the macro `assert_roundtrip` (in Nightly builds, run with -Z macro-backtrace for more info)
[INFO] [stdout] 
[INFO] [stdout] 
[INFO] [stdout] error[E0599]: no method named `write_all` found for struct `sp_multihash::Keccak224` in the current scope
[INFO] [stdout]    --> tests/lib.rs:203:24
[INFO] [stdout]     |
[INFO] [stdout] 203 |                   hasher.write_all(b"helloworld").unwrap();
[INFO] [stdout]     |                          ^^^^^^^^^ method not found in `sp_multihash::Keccak224`
[INFO] [stdout] ...
[INFO] [stdout] 217 | /   assert_roundtrip!(
[INFO] [stdout] 218 | |       Code::Identity, Identity256;
[INFO] [stdout] 219 | |       Code::Sha1, Sha1;
[INFO] [stdout] 220 | |       Code::Sha2_256, Sha2_256;
[INFO] [stdout] ...   |
[INFO] [stdout] 232 | |       Code::Blake3_256, Blake3_256;
[INFO] [stdout] 233 | |   );
[INFO] [stdout]     | |____- in this macro invocation
[INFO] [stdout]     |
[INFO] [stdout]     = note: this error originates in the macro `assert_roundtrip` (in Nightly builds, run with -Z macro-backtrace for more info)
[INFO] [stdout] 
[INFO] [stdout] 
[INFO] [stdout] error[E0599]: no method named `write_all` found for struct `sp_multihash::Keccak256` in the current scope
[INFO] [stdout]    --> tests/lib.rs:203:24
[INFO] [stdout]     |
[INFO] [stdout] 203 |                   hasher.write_all(b"helloworld").unwrap();
[INFO] [stdout]     |                          ^^^^^^^^^ method not found in `sp_multihash::Keccak256`
[INFO] [stdout] ...
[INFO] [stdout] 217 | /   assert_roundtrip!(
[INFO] [stdout] 218 | |       Code::Identity, Identity256;
[INFO] [stdout] 219 | |       Code::Sha1, Sha1;
[INFO] [stdout] 220 | |       Code::Sha2_256, Sha2_256;
[INFO] [stdout] ...   |
[INFO] [stdout] 232 | |       Code::Blake3_256, Blake3_256;
[INFO] [stdout] 233 | |   );
[INFO] [stdout]     | |____- in this macro invocation
[INFO] [stdout]     |
[INFO] [stdout]     = note: this error originates in the macro `assert_roundtrip` (in Nightly builds, run with -Z macro-backtrace for more info)
[INFO] [stdout] 
[INFO] [stdout] 
[INFO] [stdout] error[E0599]: no method named `write_all` found for struct `sp_multihash::Keccak384` in the current scope
[INFO] [stdout]    --> tests/lib.rs:203:24
[INFO] [stdout]     |
[INFO] [stdout] 203 |                   hasher.write_all(b"helloworld").unwrap();
[INFO] [stdout]     |                          ^^^^^^^^^ method not found in `sp_multihash::Keccak384`
[INFO] [stdout] ...
[INFO] [stdout] 217 | /   assert_roundtrip!(
[INFO] [stdout] 218 | |       Code::Identity, Identity256;
[INFO] [stdout] 219 | |       Code::Sha1, Sha1;
[INFO] [stdout] 220 | |       Code::Sha2_256, Sha2_256;
[INFO] [stdout] ...   |
[INFO] [stdout] 232 | |       Code::Blake3_256, Blake3_256;
[INFO] [stdout] 233 | |   );
[INFO] [stdout]     | |____- in this macro invocation
[INFO] [stdout]     |
[INFO] [stdout]     = note: this error originates in the macro `assert_roundtrip` (in Nightly builds, run with -Z macro-backtrace for more info)
[INFO] [stdout] 
[INFO] [stdout] 
[INFO] [stdout] error[E0599]: no method named `write_all` found for struct `sp_multihash::Keccak512` in the current scope
[INFO] [stdout]    --> tests/lib.rs:203:24
[INFO] [stdout]     |
[INFO] [stdout] 203 |                   hasher.write_all(b"helloworld").unwrap();
[INFO] [stdout]     |                          ^^^^^^^^^ method not found in `sp_multihash::Keccak512`
[INFO] [stdout] ...
[INFO] [stdout] 217 | /   assert_roundtrip!(
[INFO] [stdout] 218 | |       Code::Identity, Identity256;
[INFO] [stdout] 219 | |       Code::Sha1, Sha1;
[INFO] [stdout] 220 | |       Code::Sha2_256, Sha2_256;
[INFO] [stdout] ...   |
[INFO] [stdout] 232 | |       Code::Blake3_256, Blake3_256;
[INFO] [stdout] 233 | |   );
[INFO] [stdout]     | |____- in this macro invocation
[INFO] [stdout]     |
[INFO] [stdout]     = note: this error originates in the macro `assert_roundtrip` (in Nightly builds, run with -Z macro-backtrace for more info)
[INFO] [stdout] 
[INFO] [stdout] 
[INFO] [stdout] error[E0599]: no method named `write_all` found for struct `Blake2bHasher` in the current scope
[INFO] [stdout]    --> tests/lib.rs:203:24
[INFO] [stdout]     |
[INFO] [stdout] 203 |                   hasher.write_all(b"helloworld").unwrap();
[INFO] [stdout]     |                          ^^^^^^^^^ method not found in `Blake2bHasher<64_usize>`
[INFO] [stdout] ...
[INFO] [stdout] 217 | /   assert_roundtrip!(
[INFO] [stdout] 218 | |       Code::Identity, Identity256;
[INFO] [stdout] 219 | |       Code::Sha1, Sha1;
[INFO] [stdout] 220 | |       Code::Sha2_256, Sha2_256;
[INFO] [stdout] ...   |
[INFO] [stdout] 232 | |       Code::Blake3_256, Blake3_256;
[INFO] [stdout] 233 | |   );
[INFO] [stdout]     | |____- in this macro invocation
[INFO] [stdout]     |
[INFO] [stdout]     = note: this error originates in the macro `assert_roundtrip` (in Nightly builds, run with -Z macro-backtrace for more info)
[INFO] [stdout] 
[INFO] [stdout] 
[INFO] [stdout] error[E0599]: no method named `write_all` found for struct `Blake2sHasher` in the current scope
[INFO] [stdout]    --> tests/lib.rs:203:24
[INFO] [stdout]     |
[INFO] [stdout] 203 |                   hasher.write_all(b"helloworld").unwrap();
[INFO] [stdout]     |                          ^^^^^^^^^ method not found in `Blake2sHasher<32_usize>`
[INFO] [stdout] ...
[INFO] [stdout] 217 | /   assert_roundtrip!(
[INFO] [stdout] 218 | |       Code::Identity, Identity256;
[INFO] [stdout] 219 | |       Code::Sha1, Sha1;
[INFO] [stdout] 220 | |       Code::Sha2_256, Sha2_256;
[INFO] [stdout] ...   |
[INFO] [stdout] 232 | |       Code::Blake3_256, Blake3_256;
[INFO] [stdout] 233 | |   );
[INFO] [stdout]     | |____- in this macro invocation
[INFO] [stdout]     |
[INFO] [stdout]     = note: this error originates in the macro `assert_roundtrip` (in Nightly builds, run with -Z macro-backtrace for more info)
[INFO] [stdout] 
[INFO] [stdout] 
[INFO] [stdout] error[E0599]: no method named `write_all` found for struct `Blake3Hasher` in the current scope
[INFO] [stdout]    --> tests/lib.rs:203:24
[INFO] [stdout]     |
[INFO] [stdout] 203 |                   hasher.write_all(b"helloworld").unwrap();
[INFO] [stdout]     |                          ^^^^^^^^^ method not found in `Blake3Hasher<32_usize>`
[INFO] [stdout] ...
[INFO] [stdout] 217 | /   assert_roundtrip!(
[INFO] [stdout] 218 | |       Code::Identity, Identity256;
[INFO] [stdout] 219 | |       Code::Sha1, Sha1;
[INFO] [stdout] 220 | |       Code::Sha2_256, Sha2_256;
[INFO] [stdout] ...   |
[INFO] [stdout] 232 | |       Code::Blake3_256, Blake3_256;
[INFO] [stdout] 233 | |   );
[INFO] [stdout]     | |____- in this macro invocation
[INFO] [stdout]     |
[INFO] [stdout]     = note: this error originates in the macro `assert_roundtrip` (in Nightly builds, run with -Z macro-backtrace for more info)
[INFO] [stdout] 
[INFO] [stdout] 
[INFO] [stdout] warning: unused import: `std::io::Write`
[INFO] [stdout]  --> tests/lib.rs:2:5
[INFO] [stdout]   |
[INFO] [stdout] 2 | use std::io::Write;
[INFO] [stdout]   |     ^^^^^^^^^^^^^^
[INFO] [stdout]   |
[INFO] [stdout]   = note: `#[warn(unused_imports)]` on by default
[INFO] [stdout] 
[INFO] [stdout] 
[INFO] [stdout] error: aborting due to 15 previous errors; 1 warning emitted
[INFO] [stdout] 
[INFO] [stdout] 
[INFO] [stdout] Some errors have detailed explanations: E0432, E0599.
[INFO] [stdout] 
[INFO] [stdout] For more information about an error, try `rustc --explain E0432`.
[INFO] [stdout] 
[INFO] [stderr] error: build failed
[INFO] running `Command { std: "docker" "inspect" "a98dfe45ad84a3bd9246b57f2b776700e0db0d2f5cff0d6d025e9911a2c3a227", kill_on_drop: false }`
[INFO] running `Command { std: "docker" "rm" "-f" "a98dfe45ad84a3bd9246b57f2b776700e0db0d2f5cff0d6d025e9911a2c3a227", kill_on_drop: false }`
[INFO] [stdout] a98dfe45ad84a3bd9246b57f2b776700e0db0d2f5cff0d6d025e9911a2c3a227
