[INFO] cloning repository https://github.com/yangby-cryptape/ckb-transactions-simulator
[INFO] running `Command { std: "git" "-c" "credential.helper=" "-c" "credential.helper=/workspace/cargo-home/bin/git-credential-null" "clone" "--bare" "https://github.com/yangby-cryptape/ckb-transactions-simulator" "/workspace/cache/git-repos/https%3A%2F%2Fgithub.com%2Fyangby-cryptape%2Fckb-transactions-simulator", kill_on_drop: false }`
[INFO] [stderr] Cloning into bare repository '/workspace/cache/git-repos/https%3A%2F%2Fgithub.com%2Fyangby-cryptape%2Fckb-transactions-simulator'...
[INFO] running `Command { std: "git" "rev-parse" "HEAD", kill_on_drop: false }`
[INFO] [stdout] ba167b61dd5779cffacd8e2502e594b863426a33
[INFO] checking yangby-cryptape/ckb-transactions-simulator against 1.55.0 for beta-1.56-3
[INFO] running `Command { std: "git" "clone" "/workspace/cache/git-repos/https%3A%2F%2Fgithub.com%2Fyangby-cryptape%2Fckb-transactions-simulator" "/workspace/builds/worker-3/source", kill_on_drop: false }`
[INFO] [stderr] Cloning into '/workspace/builds/worker-3/source'...
[INFO] [stderr] done.
[INFO] validating manifest of git repo https://github.com/yangby-cryptape/ckb-transactions-simulator on toolchain 1.55.0
[INFO] running `Command { std: "/workspace/cargo-home/bin/cargo" "+1.55.0" "metadata" "--manifest-path" "Cargo.toml" "--no-deps", kill_on_drop: false }`
[INFO] started tweaking git repo https://github.com/yangby-cryptape/ckb-transactions-simulator
[INFO] finished tweaking git repo https://github.com/yangby-cryptape/ckb-transactions-simulator
[INFO] tweaked toml for git repo https://github.com/yangby-cryptape/ckb-transactions-simulator written to /workspace/builds/worker-3/source/Cargo.toml
[INFO] crate git repo https://github.com/yangby-cryptape/ckb-transactions-simulator already has a lockfile, it will not be regenerated
[INFO] running `Command { std: "/workspace/cargo-home/bin/cargo" "+1.55.0" "fetch" "--manifest-path" "Cargo.toml", kill_on_drop: false }`
[INFO] [stderr]  Downloading crates ...
[INFO] [stderr]   Downloaded blake2b-rs v0.1.5
[INFO] [stderr]   Downloaded ckb-hash v0.40.0
[INFO] [stderr]   Downloaded ckb-occupied-capacity v0.40.0
[INFO] [stderr]   Downloaded ckb-channel v0.40.0
[INFO] [stderr]   Downloaded ckb-fixed-hash-core v0.40.0
[INFO] [stderr]   Downloaded ckb-jsonrpc-types v0.40.0
[INFO] [stderr]   Downloaded ckb-crypto v0.40.0
[INFO] [stderr]   Downloaded ckb-occupied-capacity-macros v0.40.0
[INFO] [stderr]   Downloaded ckb-occupied-capacity-core v0.40.0
[INFO] [stderr]   Downloaded ckb-rational v0.40.0
[INFO] [stderr]   Downloaded molecule v0.6.0
[INFO] [stderr]   Downloaded secp256k1-sys v0.3.0
[INFO] [stderr]   Downloaded secp256k1 v0.19.0
[INFO] [stderr]   Downloaded numext-fixed-uint-hack v0.1.6
[INFO] [stderr]   Downloaded merkle-cbt v0.3.0
[INFO] [stderr]   Downloaded numext-constructor v0.1.6
[INFO] [stderr]   Downloaded numext-fixed-uint-core v0.1.6
[INFO] [stderr]   Downloaded ckb-types v0.40.0
[INFO] [stderr]   Downloaded numext-fixed-uint v0.1.6
[INFO] [stderr]   Downloaded ckb-error v0.40.0
[INFO] [stderr]   Downloaded ckb-fixed-hash-macros v0.40.0
[INFO] [stderr]   Downloaded blake2b-ref v0.2.1
[INFO] [stderr]   Downloaded ckb-fixed-hash v0.40.0
[INFO] [stderr]   Downloaded tokio-macros v0.3.2
[INFO] running `Command { std: "docker" "create" "-v" "/var/lib/crater-agent-workspace/builds/worker-3/target:/opt/rustwide/target:rw,Z" "-v" "/var/lib/crater-agent-workspace/builds/worker-3/source:/opt/rustwide/workdir:ro,Z" "-v" "/var/lib/crater-agent-workspace/cargo-home:/opt/rustwide/cargo-home:ro,Z" "-v" "/var/lib/crater-agent-workspace/rustup-home:/opt/rustwide/rustup-home:ro,Z" "-e" "SOURCE_DIR=/opt/rustwide/workdir" "-e" "CARGO_TARGET_DIR=/opt/rustwide/target" "-e" "CARGO_HOME=/opt/rustwide/cargo-home" "-e" "RUSTUP_HOME=/opt/rustwide/rustup-home" "-w" "/opt/rustwide/workdir" "-m" "1610612736" "--user" "0:0" "--network" "none" "ghcr.io/rust-lang/crates-build-env/linux@sha256:a89201d6b5b9fd45c15d5952ece0a0129e7e80cb26ec023fd59cf09bc26f1604" "/opt/rustwide/cargo-home/bin/cargo" "+1.55.0" "metadata" "--no-deps" "--format-version=1", kill_on_drop: false }`
[INFO] [stdout] 547e962aef250f4360e80757077b422476d18011c17e1b21a9166c89ce46d6b2
[INFO] [stderr] WARNING: Your kernel does not support swap limit capabilities or the cgroup is not mounted. Memory limited without swap.
[INFO] running `Command { std: "docker" "start" "-a" "547e962aef250f4360e80757077b422476d18011c17e1b21a9166c89ce46d6b2", kill_on_drop: false }`
[INFO] running `Command { std: "docker" "inspect" "547e962aef250f4360e80757077b422476d18011c17e1b21a9166c89ce46d6b2", kill_on_drop: false }`
[INFO] running `Command { std: "docker" "rm" "-f" "547e962aef250f4360e80757077b422476d18011c17e1b21a9166c89ce46d6b2", kill_on_drop: false }`
[INFO] [stdout] 547e962aef250f4360e80757077b422476d18011c17e1b21a9166c89ce46d6b2
[INFO] running `Command { std: "docker" "create" "-v" "/var/lib/crater-agent-workspace/builds/worker-3/target:/opt/rustwide/target:rw,Z" "-v" "/var/lib/crater-agent-workspace/builds/worker-3/source:/opt/rustwide/workdir:ro,Z" "-v" "/var/lib/crater-agent-workspace/cargo-home:/opt/rustwide/cargo-home:ro,Z" "-v" "/var/lib/crater-agent-workspace/rustup-home:/opt/rustwide/rustup-home:ro,Z" "-e" "SOURCE_DIR=/opt/rustwide/workdir" "-e" "CARGO_TARGET_DIR=/opt/rustwide/target" "-e" "CARGO_INCREMENTAL=0" "-e" "RUST_BACKTRACE=full" "-e" "RUSTFLAGS=--cap-lints=warn" "-e" "CARGO_HOME=/opt/rustwide/cargo-home" "-e" "RUSTUP_HOME=/opt/rustwide/rustup-home" "-w" "/opt/rustwide/workdir" "-m" "1610612736" "--user" "0:0" "--network" "none" "ghcr.io/rust-lang/crates-build-env/linux@sha256:a89201d6b5b9fd45c15d5952ece0a0129e7e80cb26ec023fd59cf09bc26f1604" "/opt/rustwide/cargo-home/bin/cargo" "+1.55.0" "check" "--frozen" "--all" "--all-targets" "--message-format=json", kill_on_drop: false }`
[INFO] [stderr] WARNING: Your kernel does not support swap limit capabilities or the cgroup is not mounted. Memory limited without swap.
[INFO] [stdout] f00a9fd2070f6ef91e5c53c6b56dc9b81536e5f43d81846e87d718aa81816900
[INFO] running `Command { std: "docker" "start" "-a" "f00a9fd2070f6ef91e5c53c6b56dc9b81536e5f43d81846e87d718aa81816900", kill_on_drop: false }`
[INFO] [stderr]     Blocking waiting for file lock on package cache
[INFO] [stderr]    Compiling libc v0.2.86
[INFO] [stderr]    Compiling syn v1.0.60
[INFO] [stderr]    Compiling serde_derive v1.0.123
[INFO] [stderr]    Compiling serde v1.0.123
[INFO] [stderr]    Compiling heapsize v0.4.2
[INFO] [stderr]    Compiling once_cell v1.7.0
[INFO] [stderr]    Compiling regex-syntax v0.6.22
[INFO] [stderr]    Compiling yaml-rust v0.3.5
[INFO] [stderr]    Compiling termcolor v1.1.2
[INFO] [stderr]     Checking faster-hex v0.4.1
[INFO] [stderr]    Compiling anyhow v1.0.38
[INFO] [stderr]    Compiling crunchy v0.2.2
[INFO] [stderr]     Checking bit-vec v0.5.1
[INFO] [stderr]    Compiling num-traits v0.2.14
[INFO] [stderr]    Compiling tokio v0.3.7
[INFO] [stderr]     Checking merkle-cbt v0.3.0
[INFO] [stderr]     Checking tinyvec v1.1.1
[INFO] [stderr]     Checking futures-channel v0.3.13
[INFO] [stderr]     Checking yaml-rust v0.4.5
[INFO] [stderr]     Checking thread_local v1.1.3
[INFO] [stderr]    Compiling log v0.4.14
[INFO] [stderr]    Compiling memchr v2.3.4
[INFO] [stderr]     Checking want v0.2.0
[INFO] [stderr]     Checking ckb-channel v0.40.0
[INFO] [stderr]     Checking tokio-timer v0.2.13
[INFO] [stderr]     Checking regex v1.4.3
[INFO] [stderr]     Checking tiny-keccak v2.0.2
[INFO] [stderr]    Compiling aho-corasick v0.7.15
[INFO] [stderr]    Compiling nom v5.1.2
[INFO] [stderr]     Checking unicode-normalization v0.1.17
[INFO] [stderr]    Compiling jobserver v0.1.21
[INFO] [stderr]    Compiling getrandom v0.1.16
[INFO] [stderr]    Compiling atty v0.2.14
[INFO] [stderr]    Compiling which v3.1.1
[INFO] [stderr]     Checking iovec v0.1.4
[INFO] [stderr]     Checking num_cpus v1.13.0
[INFO] [stderr]     Checking net2 v0.2.37
[INFO] [stderr]     Checking parking_lot_core v0.6.2
[INFO] [stderr]     Checking parking_lot_core v0.7.2
[INFO] [stderr]     Checking backtrace v0.3.56
[INFO] [stderr]     Checking time v0.1.44
[INFO] [stderr]     Checking parking_lot_core v0.8.3
[INFO] [stderr]     Checking mio v0.7.9
[INFO] [stderr]     Checking signal-hook-registry v1.3.0
[INFO] [stderr]    Compiling clap v2.33.3
[INFO] [stderr]    Compiling rand_core v0.5.1
[INFO] [stderr]     Checking tokio-threadpool v0.1.18
[INFO] [stderr]     Checking futures-cpupool v0.1.8
[INFO] [stderr]    Compiling cc v1.0.67
[INFO] [stderr]     Checking bytes v0.4.12
[INFO] [stderr]     Checking mio v0.6.23
[INFO] [stderr]     Checking parking_lot v0.9.0
[INFO] [stderr]     Checking parking_lot v0.10.2
[INFO] [stderr]     Checking env_logger v0.8.3
[INFO] [stderr]     Checking parking_lot v0.11.1
[INFO] [stderr]    Compiling rand_chacha v0.2.2
[INFO] [stderr]    Compiling rand_pcg v0.2.1
[INFO] [stderr]     Checking idna v0.1.5
[INFO] [stderr]     Checking idna v0.2.2
[INFO] [stderr]     Checking tokio-io v0.1.13
[INFO] [stderr]     Checking http v0.1.21
[INFO] [stderr]     Checking tokio-buf v0.1.1
[INFO] [stderr]     Checking string v0.2.1
[INFO] [stderr]    Compiling rand v0.7.3
[INFO] [stderr]     Checking mio-uds v0.6.8
[INFO] [stderr]     Checking tokio-reactor v0.1.12
[INFO] [stderr]     Checking tokio-codec v0.1.2
[INFO] [stderr]     Checking tokio-fs v0.1.7
[INFO] [stderr]     Checking url v2.2.1
[INFO] [stderr]     Checking url v1.7.2
[INFO] [stderr]    Compiling cexpr v0.4.0
[INFO] [stderr]     Checking tokio-uds v0.2.7
[INFO] [stderr]     Checking tokio-tcp v0.1.4
[INFO] [stderr]     Checking tokio-udp v0.1.6
[INFO] [stderr]     Checking tokio v0.1.22
[INFO] [stderr]     Checking rand_distr v0.3.0
[INFO] [stderr]    Compiling libloading v0.5.2
[INFO] [stderr]    Compiling blake2b-rs v0.1.5
[INFO] [stderr]    Compiling secp256k1-sys v0.3.0
[INFO] [stderr]    Compiling env_logger v0.7.1
[INFO] [stderr]     Checking http-body v0.1.0
[INFO] [stderr]     Checking h2 v0.1.26
[INFO] [stderr]    Compiling clang-sys v0.29.3
[INFO] [stderr]     Checking ckb-hash v0.40.0
[INFO] [stderr]     Checking secp256k1 v0.19.0
[INFO] [stderr]    Compiling synstructure v0.12.4
[INFO] [stderr]     Checking hyper v0.12.36
[INFO] [stderr]    Compiling bindgen v0.54.0
[INFO] [stderr]    Compiling thiserror-impl v1.0.24
[INFO] [stderr]    Compiling numext-constructor v0.1.6
[INFO] [stderr]    Compiling failure_derive v0.1.8
[INFO] [stderr]    Compiling derive_more v0.99.11
[INFO] [stderr]    Compiling futures-macro v0.3.13
[INFO] [stderr]    Compiling tokio-macros v0.3.2
[INFO] [stderr]     Checking failure v0.1.8
[INFO] [stderr]     Checking futures-util v0.3.13
[INFO] [stderr]    Compiling thiserror v1.0.24
[INFO] [stderr]     Checking futures-executor v0.3.13
[INFO] [stderr]    Compiling librocksdb-sys v6.11.4
[INFO] [stderr]     Checking futures v0.3.13
[INFO] [stderr]     Checking serde_json v1.0.64
[INFO] [stderr]     Checking ckb-occupied-capacity-core v0.40.0
[INFO] [stderr]     Checking ckb-fixed-hash-core v0.40.0
[INFO] [stderr]     Checking numext-fixed-uint-core v0.1.6
[INFO] [stderr]     Checking bytes v0.5.6
[INFO] [stderr]     Checking serde_yaml v0.8.17
[INFO] [stderr]    Compiling toml v0.5.8
[INFO] [stderr]    Compiling ckb-occupied-capacity-macros v0.40.0
[INFO] [stderr]     Checking molecule v0.6.0
[INFO] [stderr]    Compiling ckb-fixed-hash-macros v0.40.0
[INFO] [stderr]     Checking jsonrpc-core v15.1.0
[INFO] [stderr]     Checking jsonrpc-core v14.2.0
[INFO] [stderr]    Compiling proc-macro-crate v0.1.5
[INFO] [stderr]     Checking ckb-occupied-capacity v0.40.0
[INFO] [stderr]     Checking ckb-fixed-hash v0.40.0
[INFO] [stderr]     Checking jsonrpc-pubsub v15.1.0
[INFO] [stderr]     Checking ckb-error v0.40.0
[INFO] [stderr]     Checking ckb-crypto v0.40.0
[INFO] [stderr]    Compiling jsonrpc-derive v15.1.0
[INFO] [stderr]     Checking jsonrpc-client-transports v15.1.0
[INFO] [stderr]     Checking jsonrpc-core-client v15.1.0
[INFO] [stderr] error: could not compile `numext-fixed-uint-core`
[INFO] [stderr] 
[INFO] [stderr] Caused by:
[INFO] [stderr]   process didn't exit successfully: `rustc --crate-name numext_fixed_uint_core --edition=2018 /opt/rustwide/cargo-home/registry/src/github.com-1ecc6299db9ec823/numext-fixed-uint-core-0.1.6/src/lib.rs --error-format=json --json=diagnostic-rendered-ansi --crate-type lib --emit=dep-info,metadata,link -C embed-bitcode=no -C debuginfo=2 --cfg 'feature="bits_1024"' --cfg 'feature="bits_128"' --cfg 'feature="bits_160"' --cfg 'feature="bits_2048"' --cfg 'feature="bits_224"' --cfg 'feature="bits_256"' --cfg 'feature="bits_384"' --cfg 'feature="bits_4096"' --cfg 'feature="bits_512"' --cfg 'feature="bits_520"' --cfg 'feature="bits_all"' --cfg 'feature="default"' --cfg 'feature="heapsize"' --cfg 'feature="rand"' --cfg 'feature="serde"' --cfg 'feature="support_heapsize"' --cfg 'feature="support_rand"' --cfg 'feature="support_serde"' -C metadata=8fe1c67acf1f22da -C extra-filename=-8fe1c67acf1f22da --out-dir /opt/rustwide/target/debug/deps -L dependency=/opt/rustwide/target/debug/deps --extern heapsize=/opt/rustwide/target/debug/deps/libheapsize-5367b6504a11c030.rmeta --extern constructor=/opt/rustwide/target/debug/deps/libnumext_constructor-900245b71f270f1c.so --extern rand=/opt/rustwide/target/debug/deps/librand-d6b93edc3131c34b.rmeta --extern serde=/opt/rustwide/target/debug/deps/libserde-6979670f9c871160.rmeta --extern thiserror=/opt/rustwide/target/debug/deps/libthiserror-c91485ceae0966cc.rmeta --cap-lints allow --cap-lints=warn` (signal: 9, SIGKILL: kill)
[INFO] [stderr] warning: build failed, waiting for other jobs to finish...
[INFO] [stderr] The following warnings were emitted during compilation:
[INFO] [stderr] 
[INFO] [stderr] warning: c++: fatal error: Killed signal terminated program cc1plus
[INFO] [stderr] warning: compilation terminated.
[INFO] [stderr] warning: c++: fatal error: Killed signal terminated program cc1plus
[INFO] [stderr] warning: compilation terminated.
[INFO] [stderr] warning: c++: fatal error: Killed signal terminated program cc1plus
[INFO] [stderr] warning: compilation terminated.
[INFO] [stderr] warning: c++: fatal error: Killed signal terminated program cc1plus
[INFO] [stderr] warning: compilation terminated.
[INFO] [stderr] warning: c++: fatal error: Killed signal terminated program cc1plus
[INFO] [stderr] warning: compilation terminated.
[INFO] [stderr] warning: c++: fatal error: Killed signal terminated program cc1plus
[INFO] [stderr] warning: compilation terminated.
[INFO] [stderr] warning: c++: fatal error: Killed signal terminated program cc1plus
[INFO] [stderr] warning: compilation terminated.
[INFO] [stderr] warning: c++: fatal error: Killed signal terminated program cc1plus
[INFO] [stderr] warning: compilation terminated.
[INFO] [stderr] warning: c++: fatal error: Killed signal terminated program cc1plus
[INFO] [stderr] warning: compilation terminated.
[INFO] [stderr] warning: c++: fatal error: Killed signal terminated program cc1plus
[INFO] [stderr] warning: compilation terminated.
[INFO] [stderr] warning: c++: fatal error: Killed signal terminated program cc1plus
[INFO] [stderr] warning: compilation terminated.
[INFO] [stderr] warning: c++: fatal error: Killed signal terminated program cc1plus
[INFO] [stderr] warning: compilation terminated.
[INFO] [stderr] 
[INFO] [stderr] error: build failed
[INFO] running `Command { std: "docker" "inspect" "f00a9fd2070f6ef91e5c53c6b56dc9b81536e5f43d81846e87d718aa81816900", kill_on_drop: false }`
[INFO] running `Command { std: "docker" "rm" "-f" "f00a9fd2070f6ef91e5c53c6b56dc9b81536e5f43d81846e87d718aa81816900", kill_on_drop: false }`
[INFO] [stdout] f00a9fd2070f6ef91e5c53c6b56dc9b81536e5f43d81846e87d718aa81816900
